-- Table structure for table `supsystic_tbl_tables`
--

CREATE TABLE `supsystic_tbl_tables` (
  `id` int(11) UNSIGNED NOT NULL,
  `title` varchar(255) NOT NULL,
  `created_at` timestamp NOT NULL DEFAULT CURRENT_TIMESTAMP,
  `meta` text,
  `settings` text NOT NULL
) ENGINE=MyISAM DEFAULT CHARSET=utf8;

--
-- Dumping data for table `supsystic_tbl_tables`
--

INSERT INTO `supsystic_tbl_tables` (`id`, `title`, `created_at`, `meta`, `settings`) VALUES
(3, 'Tratament Boala Parodontală', '2019-10-11 09:54:34', 'a:7:{s:14:&quot;requiredAssets&quot;;a:0:{}s:11:&quot;mergedCells&quot;;a:0:{}s:12:&quot;columnsWidth&quot;;a:2:{i:0;i:549;i:1;i:126;}s:17:&quot;columnsFixedWidth&quot;;a:0:{}s:16:&quot;columnsSortOrder&quot;;a:0:{}s:21:&quot;columnsDisableSorting&quot;;a:0:{}s:3:&quot;css&quot;;s:340:&quot;/* Here you can add custom CSS for the current table */\n/* Lean more about CSS: https://en.wikipedia.org/wiki/Cascading_Style_Sheets */\n/*\nTo prevent the use of styles to other tables use &quot;#supsystic-table-3&quot; as a base selector\nfor example:\n#supsystic-table-3 { ... }\n#supsystic-table-3 tbody { ... }\n#supsystic-table-3 tbody tr { ... }\n*/\n&quot;;}', 'a:27:{s:8:&quot;elements&quot;;a:2:{s:15:&quot;descriptionText&quot;;s:0:&quot;&quot;;s:13:&quot;signatureText&quot;;s:0:&quot;&quot;;}s:15:&quot;headerRowsCount&quot;;s:1:&quot;1&quot;;s:15:&quot;footerRowsCount&quot;;s:1:&quot;1&quot;;s:11:&quot;fixedHeight&quot;;s:3:&quot;400&quot;;s:21:&quot;fixedLeftColumnsCount&quot;;s:1:&quot;1&quot;;s:22:&quot;fixedRightColumnsCount&quot;;s:1:&quot;0&quot;;s:9:&quot;autoIndex&quot;;s:3:&quot;off&quot;;s:12:&quot;numberFormat&quot;;s:8:&quot;1,000.00&quot;;s:14:&quot;currencyFormat&quot;;s:9:&quot;$1,000.00&quot;;s:13:&quot;percentFormat&quot;;s:6:&quot;10.00%&quot;;s:10:&quot;dateFormat&quot;;s:10:&quot;DD.MM.YYYY&quot;;s:18:&quot;timeDurationFormat&quot;;s:5:&quot;HH:mm&quot;;s:14:&quot;responsiveMode&quot;;s:1:&quot;0&quot;;s:12:&quot;sortingOrder&quot;;s:3:&quot;asc&quot;;s:18:&quot;sortingOrderColumn&quot;;s:1:&quot;1&quot;;s:20:&quot;paginationMenuLength&quot;;s:10:&quot;50,100,All&quot;;s:14:&quot;paginationSize&quot;;s:16:&quot;pagination-large&quot;;s:9:&quot;searching&quot;;a:2:{s:20:&quot;columnSearchPosition&quot;;s:6:&quot;bottom&quot;;s:8:&quot;minChars&quot;;s:1:&quot;0&quot;;}s:8:&quot;features&quot;;a:1:{s:25:&quot;after_table_loaded_script&quot;;s:0:&quot;&quot;;}s:10:&quot;tableWidth&quot;;s:3:&quot;100&quot;;s:14:&quot;tableWidthType&quot;;s:1:&quot;%&quot;;s:16:&quot;tableWidthMobile&quot;;s:3:&quot;100&quot;;s:20:&quot;tableWidthMobileType&quot;;s:1:&quot;%&quot;;s:7:&quot;styling&quot;;a:3:{s:6:&quot;border&quot;;s:10:&quot;row-border&quot;;s:6:&quot;stripe&quot;;s:2:&quot;on&quot;;s:5:&quot;hover&quot;;s:2:&quot;on&quot;;}s:11:&quot;tableLoader&quot;;a:3:{s:8:&quot;iconName&quot;;s:4:&quot;fire&quot;;s:9:&quot;iconItems&quot;;s:1:&quot;3&quot;;s:5:&quot;color&quot;;s:7:&quot;#0eb1e7&quot;;}s:6:&quot;styles&quot;;a:21:{s:9:&quot;customCss&quot;;s:0:&quot;&quot;;s:19:&quot;externalBorderColor&quot;;s:0:&quot;&quot;;s:19:&quot;externalBorderWidth&quot;;s:0:&quot;&quot;;s:17:&quot;headerBorderColor&quot;;s:0:&quot;&quot;;s:17:&quot;headerBorderWidth&quot;;s:0:&quot;&quot;;s:14:&quot;rowBorderColor&quot;;s:0:&quot;&quot;;s:14:&quot;rowBorderWidth&quot;;s:0:&quot;&quot;;s:17:&quot;columnBorderColor&quot;;s:0:&quot;&quot;;s:17:&quot;columnBorderWidth&quot;;s:0:&quot;&quot;;s:21:&quot;headerBackgroundColor&quot;;s:0:&quot;&quot;;s:15:&quot;headerFontColor&quot;;s:0:&quot;&quot;;s:14:&quot;headerFontSize&quot;;s:0:&quot;&quot;;s:19:&quot;cellBackgroundColor&quot;;s:0:&quot;&quot;;s:13:&quot;cellFontColor&quot;;s:0:&quot;&quot;;s:12:&quot;cellFontSize&quot;;s:0:&quot;&quot;;s:21:&quot;searchBackgroundColor&quot;;s:0:&quot;&quot;;s:15:&quot;searchFontColor&quot;;s:0:&quot;&quot;;s:17:&quot;searchBorderColor&quot;;s:0:&quot;&quot;;s:17:&quot;verticalAlignment&quot;;s:0:&quot;&quot;;s:19:&quot;horizontalAlignment&quot;;s:0:&quot;&quot;;s:18:&quot;paginationPosition&quot;;s:0:&quot;&quot;;}s:8:&quot;language&quot;;a:9:{s:10:&quot;emptyTable&quot;;s:0:&quot;&quot;;s:4:&quot;info&quot;;s:0:&quot;&quot;;s:9:&quot;infoEmpty&quot;;s:0:&quot;&quot;;s:12:&quot;infoFiltered&quot;;s:0:&quot;&quot;;s:10:&quot;lengthMenu&quot;;s:0:&quot;&quot;;s:6:&quot;search&quot;;s:0:&quot;&quot;;s:11:&quot;zeroRecords&quot;;s:0:&quot;&quot;;s:11:&quot;exportLabel&quot;;s:0:&quot;&quot;;s:4:&quot;file&quot;;s:7:&quot;default&quot;;}}'),
(6, 'Chirurgie', '2019-10-11 10:21:18', 'a:7:{s:14:&quot;requiredAssets&quot;;a:0:{}s:11:&quot;mergedCells&quot;;a:0:{}s:12:&quot;columnsWidth&quot;;a:2:{i:0;i:549;i:1;i:126;}s:17:&quot;columnsFixedWidth&quot;;a:0:{}s:16:&quot;columnsSortOrder&quot;;a:0:{}s:21:&quot;columnsDisableSorting&quot;;a:0:{}s:3:&quot;css&quot;;s:340:&quot;/* Here you can add custom CSS for the current table */\n/* Lean more about CSS: https://en.wikipedia.org/wiki/Cascading_Style_Sheets */\n/*\nTo prevent the use of styles to other tables use &quot;#supsystic-table-6&quot; as a base selector\nfor example:\n#supsystic-table-6 { ... }\n#supsystic-table-6 tbody { ... }\n#supsystic-table-6 tbody tr { ... }\n*/\n&quot;;}', 'a:27:{s:8:&quot;elements&quot;;a:2:{s:15:&quot;descriptionText&quot;;s:0:&quot;&quot;;s:13:&quot;signatureText&quot;;s:0:&quot;&quot;;}s:15:&quot;headerRowsCount&quot;;s:1:&quot;1&quot;;s:15:&quot;footerRowsCount&quot;;s:1:&quot;1&quot;;s:11:&quot;fixedHeight&quot;;s:3:&quot;400&quot;;s:21:&quot;fixedLeftColumnsCount&quot;;s:1:&quot;1&quot;;s:22:&quot;fixedRightColumnsCount&quot;;s:1:&quot;0&quot;;s:9:&quot;autoIndex&quot;;s:3:&quot;off&quot;;s:12:&quot;numberFormat&quot;;s:8:&quot;1,000.00&quot;;s:14:&quot;currencyFormat&quot;;s:9:&quot;$1,000.00&quot;;s:13:&quot;percentFormat&quot;;s:6:&quot;10.00%&quot;;s:10:&quot;dateFormat&quot;;s:10:&quot;DD.MM.YYYY&quot;;s:18:&quot;timeDurationFormat&quot;;s:5:&quot;HH:mm&quot;;s:14:&quot;responsiveMode&quot;;s:1:&quot;0&quot;;s:12:&quot;sortingOrder&quot;;s:3:&quot;asc&quot;;s:18:&quot;sortingOrderColumn&quot;;s:1:&quot;1&quot;;s:20:&quot;paginationMenuLength&quot;;s:10:&quot;50,100,All&quot;;s:14:&quot;paginationSize&quot;;s:16:&quot;pagination-large&quot;;s:9:&quot;searching&quot;;a:2:{s:20:&quot;columnSearchPosition&quot;;s:6:&quot;bottom&quot;;s:8:&quot;minChars&quot;;s:1:&quot;0&quot;;}s:8:&quot;features&quot;;a:1:{s:25:&quot;after_table_loaded_script&quot;;s:0:&quot;&quot;;}s:10:&quot;tableWidth&quot;;s:3:&quot;100&quot;;s:14:&quot;tableWidthType&quot;;s:1:&quot;%&quot;;s:16:&quot;tableWidthMobile&quot;;s:3:&quot;100&quot;;s:20:&quot;tableWidthMobileType&quot;;s:1:&quot;%&quot;;s:7:&quot;styling&quot;;a:3:{s:6:&quot;border&quot;;s:10:&quot;row-border&quot;;s:6:&quot;stripe&quot;;s:2:&quot;on&quot;;s:5:&quot;hover&quot;;s:2:&quot;on&quot;;}s:11:&quot;tableLoader&quot;;a:3:{s:8:&quot;iconName&quot;;s:4:&quot;fire&quot;;s:9:&quot;iconItems&quot;;s:1:&quot;3&quot;;s:5:&quot;color&quot;;s:7:&quot;#0eb1e7&quot;;}s:6:&quot;styles&quot;;a:21:{s:9:&quot;customCss&quot;;s:0:&quot;&quot;;s:19:&quot;externalBorderColor&quot;;s:0:&quot;&quot;;s:19:&quot;externalBorderWidth&quot;;s:0:&quot;&quot;;s:17:&quot;headerBorderColor&quot;;s:0:&quot;&quot;;s:17:&quot;headerBorderWidth&quot;;s:0:&quot;&quot;;s:14:&quot;rowBorderColor&quot;;s:0:&quot;&quot;;s:14:&quot;rowBorderWidth&quot;;s:0:&quot;&quot;;s:17:&quot;columnBorderColor&quot;;s:0:&quot;&quot;;s:17:&quot;columnBorderWidth&quot;;s:0:&quot;&quot;;s:21:&quot;headerBackgroundColor&quot;;s:0:&quot;&quot;;s:15:&quot;headerFontColor&quot;;s:0:&quot;&quot;;s:14:&quot;headerFontSize&quot;;s:0:&quot;&quot;;s:19:&quot;cellBackgroundColor&quot;;s:0:&quot;&quot;;s:13:&quot;cellFontColor&quot;;s:0:&quot;&quot;;s:12:&quot;cellFontSize&quot;;s:0:&quot;&quot;;s:21:&quot;searchBackgroundColor&quot;;s:0:&quot;&quot;;s:15:&quot;searchFontColor&quot;;s:0:&quot;&quot;;s:17:&quot;searchBorderColor&quot;;s:0:&quot;&quot;;s:17:&quot;verticalAlignment&quot;;s:0:&quot;&quot;;s:19:&quot;horizontalAlignment&quot;;s:0:&quot;&quot;;s:18:&quot;paginationPosition&quot;;s:0:&quot;&quot;;}s:8:&quot;language&quot;;a:9:{s:10:&quot;emptyTable&quot;;s:0:&quot;&quot;;s:4:&quot;info&quot;;s:0:&quot;&quot;;s:9:&quot;infoEmpty&quot;;s:0:&quot;&quot;;s:12:&quot;infoFiltered&quot;;s:0:&quot;&quot;;s:10:&quot;lengthMenu&quot;;s:0:&quot;&quot;;s:6:&quot;search&quot;;s:0:&quot;&quot;;s:11:&quot;zeroRecords&quot;;s:0:&quot;&quot;;s:11:&quot;exportLabel&quot;;s:0:&quot;&quot;;s:4:&quot;file&quot;;s:7:&quot;default&quot;;}}'),
(5, 'Implanturi', '2019-10-11 10:12:59', 'a:7:{s:14:&quot;requiredAssets&quot;;a:0:{}s:11:&quot;mergedCells&quot;;a:0:{}s:12:&quot;columnsWidth&quot;;a:2:{i:0;i:549;i:1;i:126;}s:17:&quot;columnsFixedWidth&quot;;a:0:{}s:16:&quot;columnsSortOrder&quot;;a:0:{}s:21:&quot;columnsDisableSorting&quot;;a:0:{}s:3:&quot;css&quot;;s:340:&quot;/* Here you can add custom CSS for the current table */\n/* Lean more about CSS: https://en.wikipedia.org/wiki/Cascading_Style_Sheets */\n/*\nTo prevent the use of styles to other tables use &quot;#supsystic-table-5&quot; as a base selector\nfor example:\n#supsystic-table-5 { ... }\n#supsystic-table-5 tbody { ... }\n#supsystic-table-5 tbody tr { ... }\n*/\n&quot;;}', 'a:27:{s:8:&quot;elements&quot;;a:2:{s:15:&quot;descriptionText&quot;;s:0:&quot;&quot;;s:13:&quot;signatureText&quot;;s:0:&quot;&quot;;}s:15:&quot;headerRowsCount&quot;;s:1:&quot;1&quot;;s:15:&quot;footerRowsCount&quot;;s:1:&quot;1&quot;;s:11:&quot;fixedHeight&quot;;s:3:&quot;400&quot;;s:21:&quot;fixedLeftColumnsCount&quot;;s:1:&quot;1&quot;;s:22:&quot;fixedRightColumnsCount&quot;;s:1:&quot;0&quot;;s:9:&quot;autoIndex&quot;;s:3:&quot;off&quot;;s:12:&quot;numberFormat&quot;;s:8:&quot;1,000.00&quot;;s:14:&quot;currencyFormat&quot;;s:9:&quot;$1,000.00&quot;;s:13:&quot;percentFormat&quot;;s:6:&quot;10.00%&quot;;s:10:&quot;dateFormat&quot;;s:10:&quot;DD.MM.YYYY&quot;;s:18:&quot;timeDurationFormat&quot;;s:5:&quot;HH:mm&quot;;s:14:&quot;responsiveMode&quot;;s:1:&quot;0&quot;;s:12:&quot;sortingOrder&quot;;s:3:&quot;asc&quot;;s:18:&quot;sortingOrderColumn&quot;;s:1:&quot;1&quot;;s:20:&quot;paginationMenuLength&quot;;s:10:&quot;50,100,All&quot;;s:14:&quot;paginationSize&quot;;s:16:&quot;pagination-large&quot;;s:9:&quot;searching&quot;;a:2:{s:20:&quot;columnSearchPosition&quot;;s:6:&quot;bottom&quot;;s:8:&quot;minChars&quot;;s:1:&quot;0&quot;;}s:8:&quot;features&quot;;a:1:{s:25:&quot;after_table_loaded_script&quot;;s:0:&quot;&quot;;}s:10:&quot;tableWidth&quot;;s:3:&quot;100&quot;;s:14:&quot;tableWidthType&quot;;s:1:&quot;%&quot;;s:16:&quot;tableWidthMobile&quot;;s:3:&quot;100&quot;;s:20:&quot;tableWidthMobileType&quot;;s:1:&quot;%&quot;;s:7:&quot;styling&quot;;a:3:{s:6:&quot;border&quot;;s:10:&quot;row-border&quot;;s:6:&quot;stripe&quot;;s:2:&quot;on&quot;;s:5:&quot;hover&quot;;s:2:&quot;on&quot;;}s:11:&quot;tableLoader&quot;;a:3:{s:8:&quot;iconName&quot;;s:4:&quot;fire&quot;;s:9:&quot;iconItems&quot;;s:1:&quot;3&quot;;s:5:&quot;color&quot;;s:7:&quot;#0eb1e7&quot;;}s:6:&quot;styles&quot;;a:21:{s:9:&quot;customCss&quot;;s:0:&quot;&quot;;s:19:&quot;externalBorderColor&quot;;s:0:&quot;&quot;;s:19:&quot;externalBorderWidth&quot;;s:0:&quot;&quot;;s:17:&quot;headerBorderColor&quot;;s:0:&quot;&quot;;s:17:&quot;headerBorderWidth&quot;;s:0:&quot;&quot;;s:14:&quot;rowBorderColor&quot;;s:0:&quot;&quot;;s:14:&quot;rowBorderWidth&quot;;s:0:&quot;&quot;;s:17:&quot;columnBorderColor&quot;;s:0:&quot;&quot;;s:17:&quot;columnBorderWidth&quot;;s:0:&quot;&quot;;s:21:&quot;headerBackgroundColor&quot;;s:0:&quot;&quot;;s:15:&quot;headerFontColor&quot;;s:0:&quot;&quot;;s:14:&quot;headerFontSize&quot;;s:0:&quot;&quot;;s:19:&quot;cellBackgroundColor&quot;;s:0:&quot;&quot;;s:13:&quot;cellFontColor&quot;;s:0:&quot;&quot;;s:12:&quot;cellFontSize&quot;;s:0:&quot;&quot;;s:21:&quot;searchBackgroundColor&quot;;s:0:&quot;&quot;;s:15:&quot;searchFontColor&quot;;s:0:&quot;&quot;;s:17:&quot;searchBorderColor&quot;;s:0:&quot;&quot;;s:17:&quot;verticalAlignment&quot;;s:0:&quot;&quot;;s:19:&quot;horizontalAlignment&quot;;s:0:&quot;&quot;;s:18:&quot;paginationPosition&quot;;s:0:&quot;&quot;;}s:8:&quot;language&quot;;a:9:{s:10:&quot;emptyTable&quot;;s:0:&quot;&quot;;s:4:&quot;info&quot;;s:0:&quot;&quot;;s:9:&quot;infoEmpty&quot;;s:0:&quot;&quot;;s:12:&quot;infoFiltered&quot;;s:0:&quot;&quot;;s:10:&quot;lengthMenu&quot;;s:0:&quot;&quot;;s:6:&quot;search&quot;;s:0:&quot;&quot;;s:11:&quot;zeroRecords&quot;;s:0:&quot;&quot;;s:11:&quot;exportLabel&quot;;s:0:&quot;&quot;;s:4:&quot;file&quot;;s:7:&quot;default&quot;;}}'),
(7, 'Consultaţii', '2019-10-11 10:42:05', 'a:7:{s:14:&quot;requiredAssets&quot;;a:0:{}s:11:&quot;mergedCells&quot;;a:0:{}s:12:&quot;columnsWidth&quot;;a:2:{i:0;i:549;i:1;i:126;}s:17:&quot;columnsFixedWidth&quot;;a:0:{}s:16:&quot;columnsSortOrder&quot;;a:0:{}s:21:&quot;columnsDisableSorting&quot;;a:0:{}s:3:&quot;css&quot;;s:340:&quot;/* Here you can add custom CSS for the current table */\n/* Lean more about CSS: https://en.wikipedia.org/wiki/Cascading_Style_Sheets */\n/*\nTo prevent the use of styles to other tables use &quot;#supsystic-table-7&quot; as a base selector\nfor example:\n#supsystic-table-7 { ... }\n#supsystic-table-7 tbody { ... }\n#supsystic-table-7 tbody tr { ... }\n*/\n&quot;;}', 'a:27:{s:8:&quot;elements&quot;;a:2:{s:15:&quot;descriptionText&quot;;s:0:&quot;&quot;;s:13:&quot;signatureText&quot;;s:0:&quot;&quot;;}s:15:&quot;headerRowsCount&quot;;s:1:&quot;1&quot;;s:15:&quot;footerRowsCount&quot;;s:1:&quot;1&quot;;s:11:&quot;fixedHeight&quot;;s:3:&quot;400&quot;;s:21:&quot;fixedLeftColumnsCount&quot;;s:1:&quot;1&quot;;s:22:&quot;fixedRightColumnsCount&quot;;s:1:&quot;0&quot;;s:9:&quot;autoIndex&quot;;s:3:&quot;off&quot;;s:12:&quot;numberFormat&quot;;s:8:&quot;1,000.00&quot;;s:14:&quot;currencyFormat&quot;;s:9:&quot;$1,000.00&quot;;s:13:&quot;percentFormat&quot;;s:6:&quot;10.00%&quot;;s:10:&quot;dateFormat&quot;;s:10:&quot;DD.MM.YYYY&quot;;s:18:&quot;timeDurationFormat&quot;;s:5:&quot;HH:mm&quot;;s:14:&quot;responsiveMode&quot;;s:1:&quot;0&quot;;s:12:&quot;sortingOrder&quot;;s:3:&quot;asc&quot;;s:18:&quot;sortingOrderColumn&quot;;s:1:&quot;1&quot;;s:20:&quot;paginationMenuLength&quot;;s:10:&quot;50,100,All&quot;;s:14:&quot;paginationSize&quot;;s:16:&quot;pagination-large&quot;;s:9:&quot;searching&quot;;a:2:{s:20:&quot;columnSearchPosition&quot;;s:6:&quot;bottom&quot;;s:8:&quot;minChars&quot;;s:1:&quot;0&quot;;}s:8:&quot;features&quot;;a:1:{s:25:&quot;after_table_loaded_script&quot;;s:0:&quot;&quot;;}s:10:&quot;tableWidth&quot;;s:3:&quot;100&quot;;s:14:&quot;tableWidthType&quot;;s:1:&quot;%&quot;;s:16:&quot;tableWidthMobile&quot;;s:3:&quot;100&quot;;s:20:&quot;tableWidthMobileType&quot;;s:1:&quot;%&quot;;s:7:&quot;styling&quot;;a:3:{s:6:&quot;border&quot;;s:10:&quot;row-border&quot;;s:6:&quot;stripe&quot;;s:2:&quot;on&quot;;s:5:&quot;hover&quot;;s:2:&quot;on&quot;;}s:11:&quot;tableLoader&quot;;a:3:{s:8:&quot;iconName&quot;;s:4:&quot;fire&quot;;s:9:&quot;iconItems&quot;;s:1:&quot;3&quot;;s:5:&quot;color&quot;;s:7:&quot;#0eb1e7&quot;;}s:6:&quot;styles&quot;;a:21:{s:9:&quot;customCss&quot;;s:0:&quot;&quot;;s:19:&quot;externalBorderColor&quot;;s:0:&quot;&quot;;s:19:&quot;externalBorderWidth&quot;;s:0:&quot;&quot;;s:17:&quot;headerBorderColor&quot;;s:0:&quot;&quot;;s:17:&quot;headerBorderWidth&quot;;s:0:&quot;&quot;;s:14:&quot;rowBorderColor&quot;;s:0:&quot;&quot;;s:14:&quot;rowBorderWidth&quot;;s:0:&quot;&quot;;s:17:&quot;columnBorderColor&quot;;s:0:&quot;&quot;;s:17:&quot;columnBorderWidth&quot;;s:0:&quot;&quot;;s:21:&quot;headerBackgroundColor&quot;;s:0:&quot;&quot;;s:15:&quot;headerFontColor&quot;;s:0:&quot;&quot;;s:14:&quot;headerFontSize&quot;;s:0:&quot;&quot;;s:19:&quot;cellBackgroundColor&quot;;s:0:&quot;&quot;;s:13:&quot;cellFontColor&quot;;s:0:&quot;&quot;;s:12:&quot;cellFontSize&quot;;s:0:&quot;&quot;;s:21:&quot;searchBackgroundColor&quot;;s:0:&quot;&quot;;s:15:&quot;searchFontColor&quot;;s:0:&quot;&quot;;s:17:&quot;searchBorderColor&quot;;s:0:&quot;&quot;;s:17:&quot;verticalAlignment&quot;;s:0:&quot;&quot;;s:19:&quot;horizontalAlignment&quot;;s:0:&quot;&quot;;s:18:&quot;paginationPosition&quot;;s:0:&quot;&quot;;}s:8:&quot;language&quot;;a:9:{s:10:&quot;emptyTable&quot;;s:0:&quot;&quot;;s:4:&quot;info&quot;;s:0:&quot;&quot;;s:9:&quot;infoEmpty&quot;;s:0:&quot;&quot;;s:12:&quot;infoFiltered&quot;;s:0:&quot;&quot;;s:10:&quot;lengthMenu&quot;;s:0:&quot;&quot;;s:6:&quot;search&quot;;s:0:&quot;&quot;;s:11:&quot;zeroRecords&quot;;s:0:&quot;&quot;;s:11:&quot;exportLabel&quot;;s:0:&quot;&quot;;s:4:&quot;file&quot;;s:7:&quot;default&quot;;}}'),
(8, 'Cosmetică - Profilaxie', '2019-10-11 10:47:41', 'a:7:{s:14:&quot;requiredAssets&quot;;a:0:{}s:11:&quot;mergedCells&quot;;a:0:{}s:12:&quot;columnsWidth&quot;;a:2:{i:0;i:549;i:1;i:126;}s:17:&quot;columnsFixedWidth&quot;;a:0:{}s:16:&quot;columnsSortOrder&quot;;a:0:{}s:21:&quot;columnsDisableSorting&quot;;a:0:{}s:3:&quot;css&quot;;s:340:&quot;/* Here you can add custom CSS for the current table */\n/* Lean more about CSS: https://en.wikipedia.org/wiki/Cascading_Style_Sheets */\n/*\nTo prevent the use of styles to other tables use &quot;#supsystic-table-8&quot; as a base selector\nfor example:\n#supsystic-table-8 { ... }\n#supsystic-table-8 tbody { ... }\n#supsystic-table-8 tbody tr { ... }\n*/\n&quot;;}', 'a:27:{s:8:&quot;elements&quot;;a:2:{s:15:&quot;descriptionText&quot;;s:0:&quot;&quot;;s:13:&quot;signatureText&quot;;s:0:&quot;&quot;;}s:15:&quot;headerRowsCount&quot;;s:1:&quot;1&quot;;s:15:&quot;footerRowsCount&quot;;s:1:&quot;1&quot;;s:11:&quot;fixedHeight&quot;;s:3:&quot;400&quot;;s:21:&quot;fixedLeftColumnsCount&quot;;s:1:&quot;1&quot;;s:22:&quot;fixedRightColumnsCount&quot;;s:1:&quot;0&quot;;s:9:&quot;autoIndex&quot;;s:3:&quot;off&quot;;s:12:&quot;numberFormat&quot;;s:8:&quot;1,000.00&quot;;s:14:&quot;currencyFormat&quot;;s:9:&quot;$1,000.00&quot;;s:13:&quot;percentFormat&quot;;s:6:&quot;10.00%&quot;;s:10:&quot;dateFormat&quot;;s:10:&quot;DD.MM.YYYY&quot;;s:18:&quot;timeDurationFormat&quot;;s:5:&quot;HH:mm&quot;;s:14:&quot;responsiveMode&quot;;s:1:&quot;0&quot;;s:12:&quot;sortingOrder&quot;;s:3:&quot;asc&quot;;s:18:&quot;sortingOrderColumn&quot;;s:1:&quot;1&quot;;s:20:&quot;paginationMenuLength&quot;;s:10:&quot;50,100,All&quot;;s:14:&quot;paginationSize&quot;;s:16:&quot;pagination-large&quot;;s:9:&quot;searching&quot;;a:2:{s:20:&quot;columnSearchPosition&quot;;s:6:&quot;bottom&quot;;s:8:&quot;minChars&quot;;s:1:&quot;0&quot;;}s:8:&quot;features&quot;;a:1:{s:25:&quot;after_table_loaded_script&quot;;s:0:&quot;&quot;;}s:10:&quot;tableWidth&quot;;s:3:&quot;100&quot;;s:14:&quot;tableWidthType&quot;;s:1:&quot;%&quot;;s:16:&quot;tableWidthMobile&quot;;s:3:&quot;100&quot;;s:20:&quot;tableWidthMobileType&quot;;s:1:&quot;%&quot;;s:7:&quot;styling&quot;;a:3:{s:6:&quot;border&quot;;s:10:&quot;row-border&quot;;s:6:&quot;stripe&quot;;s:2:&quot;on&quot;;s:5:&quot;hover&quot;;s:2:&quot;on&quot;;}s:11:&quot;tableLoader&quot;;a:3:{s:8:&quot;iconName&quot;;s:4:&quot;fire&quot;;s:9:&quot;iconItems&quot;;s:1:&quot;3&quot;;s:5:&quot;color&quot;;s:7:&quot;#0eb1e7&quot;;}s:6:&quot;styles&quot;;a:21:{s:9:&quot;customCss&quot;;s:0:&quot;&quot;;s:19:&quot;externalBorderColor&quot;;s:0:&quot;&quot;;s:19:&quot;externalBorderWidth&quot;;s:0:&quot;&quot;;s:17:&quot;headerBorderColor&quot;;s:0:&quot;&quot;;s:17:&quot;headerBorderWidth&quot;;s:0:&quot;&quot;;s:14:&quot;rowBorderColor&quot;;s:0:&quot;&quot;;s:14:&quot;rowBorderWidth&quot;;s:0:&quot;&quot;;s:17:&quot;columnBorderColor&quot;;s:0:&quot;&quot;;s:17:&quot;columnBorderWidth&quot;;s:0:&quot;&quot;;s:21:&quot;headerBackgroundColor&quot;;s:0:&quot;&quot;;s:15:&quot;headerFontColor&quot;;s:0:&quot;&quot;;s:14:&quot;headerFontSize&quot;;s:0:&quot;&quot;;s:19:&quot;cellBackgroundColor&quot;;s:0:&quot;&quot;;s:13:&quot;cellFontColor&quot;;s:0:&quot;&quot;;s:12:&quot;cellFontSize&quot;;s:0:&quot;&quot;;s:21:&quot;searchBackgroundColor&quot;;s:0:&quot;&quot;;s:15:&quot;searchFontColor&quot;;s:0:&quot;&quot;;s:17:&quot;searchBorderColor&quot;;s:0:&quot;&quot;;s:17:&quot;verticalAlignment&quot;;s:0:&quot;&quot;;s:19:&quot;horizontalAlignment&quot;;s:0:&quot;&quot;;s:18:&quot;paginationPosition&quot;;s:0:&quot;&quot;;}s:8:&quot;language&quot;;a:9:{s:10:&quot;emptyTable&quot;;s:0:&quot;&quot;;s:4:&quot;info&quot;;s:0:&quot;&quot;;s:9:&quot;infoEmpty&quot;;s:0:&quot;&quot;;s:12:&quot;infoFiltered&quot;;s:0:&quot;&quot;;s:10:&quot;lengthMenu&quot;;s:0:&quot;&quot;;s:6:&quot;search&quot;;s:0:&quot;&quot;;s:11:&quot;zeroRecords&quot;;s:0:&quot;&quot;;s:11:&quot;exportLabel&quot;;s:0:&quot;&quot;;s:4:&quot;file&quot;;s:7:&quot;default&quot;;}}'),
(9, 'Terapia Cariilor', '2019-10-11 11:38:23', 'a:7:{s:14:&quot;requiredAssets&quot;;a:0:{}s:11:&quot;mergedCells&quot;;a:0:{}s:12:&quot;columnsWidth&quot;;a:2:{i:0;i:549;i:1;i:126;}s:17:&quot;columnsFixedWidth&quot;;a:0:{}s:16:&quot;columnsSortOrder&quot;;a:0:{}s:21:&quot;columnsDisableSorting&quot;;a:0:{}s:3:&quot;css&quot;;s:340:&quot;/* Here you can add custom CSS for the current table */\n/* Lean more about CSS: https://en.wikipedia.org/wiki/Cascading_Style_Sheets */\n/*\nTo prevent the use of styles to other tables use &quot;#supsystic-table-9&quot; as a base selector\nfor example:\n#supsystic-table-9 { ... }\n#supsystic-table-9 tbody { ... }\n#supsystic-table-9 tbody tr { ... }\n*/\n&quot;;}', 'a:27:{s:8:&quot;elements&quot;;a:2:{s:15:&quot;descriptionText&quot;;s:0:&quot;&quot;;s:13:&quot;signatureText&quot;;s:0:&quot;&quot;;}s:15:&quot;headerRowsCount&quot;;s:1:&quot;1&quot;;s:15:&quot;footerRowsCount&quot;;s:1:&quot;1&quot;;s:11:&quot;fixedHeight&quot;;s:3:&quot;400&quot;;s:21:&quot;fixedLeftColumnsCount&quot;;s:1:&quot;1&quot;;s:22:&quot;fixedRightColumnsCount&quot;;s:1:&quot;0&quot;;s:9:&quot;autoIndex&quot;;s:3:&quot;off&quot;;s:12:&quot;numberFormat&quot;;s:8:&quot;1,000.00&quot;;s:14:&quot;currencyFormat&quot;;s:9:&quot;$1,000.00&quot;;s:13:&quot;percentFormat&quot;;s:6:&quot;10.00%&quot;;s:10:&quot;dateFormat&quot;;s:10:&quot;DD.MM.YYYY&quot;;s:18:&quot;timeDurationFormat&quot;;s:5:&quot;HH:mm&quot;;s:14:&quot;responsiveMode&quot;;s:1:&quot;0&quot;;s:12:&quot;sortingOrder&quot;;s:3:&quot;asc&quot;;s:18:&quot;sortingOrderColumn&quot;;s:1:&quot;1&quot;;s:20:&quot;paginationMenuLength&quot;;s:10:&quot;50,100,All&quot;;s:14:&quot;paginationSize&quot;;s:16:&quot;pagination-large&quot;;s:9:&quot;searching&quot;;a:2:{s:20:&quot;columnSearchPosition&quot;;s:6:&quot;bottom&quot;;s:8:&quot;minChars&quot;;s:1:&quot;0&quot;;}s:8:&quot;features&quot;;a:1:{s:25:&quot;after_table_loaded_script&quot;;s:0:&quot;&quot;;}s:10:&quot;tableWidth&quot;;s:3:&quot;100&quot;;s:14:&quot;tableWidthType&quot;;s:1:&quot;%&quot;;s:16:&quot;tableWidthMobile&quot;;s:3:&quot;100&quot;;s:20:&quot;tableWidthMobileType&quot;;s:1:&quot;%&quot;;s:7:&quot;styling&quot;;a:3:{s:6:&quot;border&quot;;s:10:&quot;row-border&quot;;s:6:&quot;stripe&quot;;s:2:&quot;on&quot;;s:5:&quot;hover&quot;;s:2:&quot;on&quot;;}s:11:&quot;tableLoader&quot;;a:3:{s:8:&quot;iconName&quot;;s:4:&quot;fire&quot;;s:9:&quot;iconItems&quot;;s:1:&quot;3&quot;;s:5:&quot;color&quot;;s:7:&quot;#0eb1e7&quot;;}s:6:&quot;styles&quot;;a:21:{s:9:&quot;customCss&quot;;s:0:&quot;&quot;;s:19:&quot;externalBorderColor&quot;;s:0:&quot;&quot;;s:19:&quot;externalBorderWidth&quot;;s:0:&quot;&quot;;s:17:&quot;headerBorderColor&quot;;s:0:&quot;&quot;;s:17:&quot;headerBorderWidth&quot;;s:0:&quot;&quot;;s:14:&quot;rowBorderColor&quot;;s:0:&quot;&quot;;s:14:&quot;rowBorderWidth&quot;;s:0:&quot;&quot;;s:17:&quot;columnBorderColor&quot;;s:0:&quot;&quot;;s:17:&quot;columnBorderWidth&quot;;s:0:&quot;&quot;;s:21:&quot;headerBackgroundColor&quot;;s:0:&quot;&quot;;s:15:&quot;headerFontColor&quot;;s:0:&quot;&quot;;s:14:&quot;headerFontSize&quot;;s:0:&quot;&quot;;s:19:&quot;cellBackgroundColor&quot;;s:0:&quot;&quot;;s:13:&quot;cellFontColor&quot;;s:0:&quot;&quot;;s:12:&quot;cellFontSize&quot;;s:0:&quot;&quot;;s:21:&quot;searchBackgroundColor&quot;;s:0:&quot;&quot;;s:15:&quot;searchFontColor&quot;;s:0:&quot;&quot;;s:17:&quot;searchBorderColor&quot;;s:0:&quot;&quot;;s:17:&quot;verticalAlignment&quot;;s:0:&quot;&quot;;s:19:&quot;horizontalAlignment&quot;;s:0:&quot;&quot;;s:18:&quot;paginationPosition&quot;;s:0:&quot;&quot;;}s:8:&quot;language&quot;;a:9:{s:10:&quot;emptyTable&quot;;s:0:&quot;&quot;;s:4:&quot;info&quot;;s:0:&quot;&quot;;s:9:&quot;infoEmpty&quot;;s:0:&quot;&quot;;s:12:&quot;infoFiltered&quot;;s:0:&quot;&quot;;s:10:&quot;lengthMenu&quot;;s:0:&quot;&quot;;s:6:&quot;search&quot;;s:0:&quot;&quot;;s:11:&quot;zeroRecords&quot;;s:0:&quot;&quot;;s:11:&quot;exportLabel&quot;;s:0:&quot;&quot;;s:4:&quot;file&quot;;s:7:&quot;default&quot;;}}'),
(10, 'Protetică Fixă şi Estetică Dentară', '2019-10-11 12:06:17', 'a:7:{s:14:&quot;requiredAssets&quot;;a:0:{}s:11:&quot;mergedCells&quot;;a:0:{}s:12:&quot;columnsWidth&quot;;a:2:{i:0;i:549;i:1;i:126;}s:17:&quot;columnsFixedWidth&quot;;a:0:{}s:16:&quot;columnsSortOrder&quot;;a:0:{}s:21:&quot;columnsDisableSorting&quot;;a:0:{}s:3:&quot;css&quot;;s:344:&quot;/* Here you can add custom CSS for the current table */\n/* Lean more about CSS: https://en.wikipedia.org/wiki/Cascading_Style_Sheets */\n/*\nTo prevent the use of styles to other tables use &quot;#supsystic-table-10&quot; as a base selector\nfor example:\n#supsystic-table-10 { ... }\n#supsystic-table-10 tbody { ... }\n#supsystic-table-10 tbody tr { ... }\n*/\n&quot;;}', 'a:27:{s:8:&quot;elements&quot;;a:2:{s:15:&quot;descriptionText&quot;;s:0:&quot;&quot;;s:13:&quot;signatureText&quot;;s:0:&quot;&quot;;}s:15:&quot;headerRowsCount&quot;;s:1:&quot;1&quot;;s:15:&quot;footerRowsCount&quot;;s:1:&quot;1&quot;;s:11:&quot;fixedHeight&quot;;s:3:&quot;400&quot;;s:21:&quot;fixedLeftColumnsCount&quot;;s:1:&quot;1&quot;;s:22:&quot;fixedRightColumnsCount&quot;;s:1:&quot;0&quot;;s:9:&quot;autoIndex&quot;;s:3:&quot;off&quot;;s:12:&quot;numberFormat&quot;;s:8:&quot;1,000.00&quot;;s:14:&quot;currencyFormat&quot;;s:9:&quot;$1,000.00&quot;;s:13:&quot;percentFormat&quot;;s:6:&quot;10.00%&quot;;s:10:&quot;dateFormat&quot;;s:10:&quot;DD.MM.YYYY&quot;;s:18:&quot;timeDurationFormat&quot;;s:5:&quot;HH:mm&quot;;s:14:&quot;responsiveMode&quot;;s:1:&quot;0&quot;;s:12:&quot;sortingOrder&quot;;s:3:&quot;asc&quot;;s:18:&quot;sortingOrderColumn&quot;;s:1:&quot;1&quot;;s:20:&quot;paginationMenuLength&quot;;s:10:&quot;50,100,All&quot;;s:14:&quot;paginationSize&quot;;s:16:&quot;pagination-large&quot;;s:9:&quot;searching&quot;;a:2:{s:20:&quot;columnSearchPosition&quot;;s:6:&quot;bottom&quot;;s:8:&quot;minChars&quot;;s:1:&quot;0&quot;;}s:8:&quot;features&quot;;a:1:{s:25:&quot;after_table_loaded_script&quot;;s:0:&quot;&quot;;}s:10:&quot;tableWidth&quot;;s:3:&quot;100&quot;;s:14:&quot;tableWidthType&quot;;s:1:&quot;%&quot;;s:16:&quot;tableWidthMobile&quot;;s:3:&quot;100&quot;;s:20:&quot;tableWidthMobileType&quot;;s:1:&quot;%&quot;;s:7:&quot;styling&quot;;a:3:{s:6:&quot;border&quot;;s:10:&quot;row-border&quot;;s:6:&quot;stripe&quot;;s:2:&quot;on&quot;;s:5:&quot;hover&quot;;s:2:&quot;on&quot;;}s:11:&quot;tableLoader&quot;;a:3:{s:8:&quot;iconName&quot;;s:4:&quot;fire&quot;;s:9:&quot;iconItems&quot;;s:1:&quot;3&quot;;s:5:&quot;color&quot;;s:7:&quot;#0eb1e7&quot;;}s:6:&quot;styles&quot;;a:21:{s:9:&quot;customCss&quot;;s:0:&quot;&quot;;s:19:&quot;externalBorderColor&quot;;s:0:&quot;&quot;;s:19:&quot;externalBorderWidth&quot;;s:0:&quot;&quot;;s:17:&quot;headerBorderColor&quot;;s:0:&quot;&quot;;s:17:&quot;headerBorderWidth&quot;;s:0:&quot;&quot;;s:14:&quot;rowBorderColor&quot;;s:0:&quot;&quot;;s:14:&quot;rowBorderWidth&quot;;s:0:&quot;&quot;;s:17:&quot;columnBorderColor&quot;;s:0:&quot;&quot;;s:17:&quot;columnBorderWidth&quot;;s:0:&quot;&quot;;s:21:&quot;headerBackgroundColor&quot;;s:0:&quot;&quot;;s:15:&quot;headerFontColor&quot;;s:0:&quot;&quot;;s:14:&quot;headerFontSize&quot;;s:0:&quot;&quot;;s:19:&quot;cellBackgroundColor&quot;;s:0:&quot;&quot;;s:13:&quot;cellFontColor&quot;;s:0:&quot;&quot;;s:12:&quot;cellFontSize&quot;;s:0:&quot;&quot;;s:21:&quot;searchBackgroundColor&quot;;s:0:&quot;&quot;;s:15:&quot;searchFontColor&quot;;s:0:&quot;&quot;;s:17:&quot;searchBorderColor&quot;;s:0:&quot;&quot;;s:17:&quot;verticalAlignment&quot;;s:0:&quot;&quot;;s:19:&quot;horizontalAlignment&quot;;s:0:&quot;&quot;;s:18:&quot;paginationPosition&quot;;s:0:&quot;&quot;;}s:8:&quot;language&quot;;a:9:{s:10:&quot;emptyTable&quot;;s:0:&quot;&quot;;s:4:&quot;info&quot;;s:0:&quot;&quot;;s:9:&quot;infoEmpty&quot;;s:0:&quot;&quot;;s:12:&quot;infoFiltered&quot;;s:0:&quot;&quot;;s:10:&quot;lengthMenu&quot;;s:0:&quot;&quot;;s:6:&quot;search&quot;;s:0:&quot;&quot;;s:11:&quot;zeroRecords&quot;;s:0:&quot;&quot;;s:11:&quot;exportLabel&quot;;s:0:&quot;&quot;;s:4:&quot;file&quot;;s:7:&quot;default&quot;;}}'),
(11, 'Protetică Mobilă', '2019-10-11 12:18:39', 'a:7:{s:14:&quot;requiredAssets&quot;;a:0:{}s:11:&quot;mergedCells&quot;;a:0:{}s:12:&quot;columnsWidth&quot;;a:2:{i:0;i:549;i:1;i:126;}s:17:&quot;columnsFixedWidth&quot;;a:0:{}s:16:&quot;columnsSortOrder&quot;;a:0:{}s:21:&quot;columnsDisableSorting&quot;;a:0:{}s:3:&quot;css&quot;;s:344:&quot;/* Here you can add custom CSS for the current table */\n/* Lean more about CSS: https://en.wikipedia.org/wiki/Cascading_Style_Sheets */\n/*\nTo prevent the use of styles to other tables use &quot;#supsystic-table-11&quot; as a base selector\nfor example:\n#supsystic-table-11 { ... }\n#supsystic-table-11 tbody { ... }\n#supsystic-table-11 tbody tr { ... }\n*/\n&quot;;}', 'a:27:{s:8:&quot;elements&quot;;a:2:{s:15:&quot;descriptionText&quot;;s:0:&quot;&quot;;s:13:&quot;signatureText&quot;;s:0:&quot;&quot;;}s:15:&quot;headerRowsCount&quot;;s:1:&quot;1&quot;;s:15:&quot;footerRowsCount&quot;;s:1:&quot;1&quot;;s:11:&quot;fixedHeight&quot;;s:3:&quot;400&quot;;s:21:&quot;fixedLeftColumnsCount&quot;;s:1:&quot;1&quot;;s:22:&quot;fixedRightColumnsCount&quot;;s:1:&quot;0&quot;;s:9:&quot;autoIndex&quot;;s:3:&quot;off&quot;;s:12:&quot;numberFormat&quot;;s:8:&quot;1,000.00&quot;;s:14:&quot;currencyFormat&quot;;s:9:&quot;$1,000.00&quot;;s:13:&quot;percentFormat&quot;;s:6:&quot;10.00%&quot;;s:10:&quot;dateFormat&quot;;s:10:&quot;DD.MM.YYYY&quot;;s:18:&quot;timeDurationFormat&quot;;s:5:&quot;HH:mm&quot;;s:14:&quot;responsiveMode&quot;;s:1:&quot;0&quot;;s:12:&quot;sortingOrder&quot;;s:3:&quot;asc&quot;;s:18:&quot;sortingOrderColumn&quot;;s:1:&quot;1&quot;;s:20:&quot;paginationMenuLength&quot;;s:10:&quot;50,100,All&quot;;s:14:&quot;paginationSize&quot;;s:16:&quot;pagination-large&quot;;s:9:&quot;searching&quot;;a:2:{s:20:&quot;columnSearchPosition&quot;;s:6:&quot;bottom&quot;;s:8:&quot;minChars&quot;;s:1:&quot;0&quot;;}s:8:&quot;features&quot;;a:1:{s:25:&quot;after_table_loaded_script&quot;;s:0:&quot;&quot;;}s:10:&quot;tableWidth&quot;;s:3:&quot;100&quot;;s:14:&quot;tableWidthType&quot;;s:1:&quot;%&quot;;s:16:&quot;tableWidthMobile&quot;;s:3:&quot;100&quot;;s:20:&quot;tableWidthMobileType&quot;;s:1:&quot;%&quot;;s:7:&quot;styling&quot;;a:3:{s:6:&quot;border&quot;;s:10:&quot;row-border&quot;;s:6:&quot;stripe&quot;;s:2:&quot;on&quot;;s:5:&quot;hover&quot;;s:2:&quot;on&quot;;}s:11:&quot;tableLoader&quot;;a:3:{s:8:&quot;iconName&quot;;s:4:&quot;fire&quot;;s:9:&quot;iconItems&quot;;s:1:&quot;3&quot;;s:5:&quot;color&quot;;s:7:&quot;#0eb1e7&quot;;}s:6:&quot;styles&quot;;a:21:{s:9:&quot;customCss&quot;;s:0:&quot;&quot;;s:19:&quot;externalBorderColor&quot;;s:0:&quot;&quot;;s:19:&quot;externalBorderWidth&quot;;s:0:&quot;&quot;;s:17:&quot;headerBorderColor&quot;;s:0:&quot;&quot;;s:17:&quot;headerBorderWidth&quot;;s:0:&quot;&quot;;s:14:&quot;rowBorderColor&quot;;s:0:&quot;&quot;;s:14:&quot;rowBorderWidth&quot;;s:0:&quot;&quot;;s:17:&quot;columnBorderColor&quot;;s:0:&quot;&quot;;s:17:&quot;columnBorderWidth&quot;;s:0:&quot;&quot;;s:21:&quot;headerBackgroundColor&quot;;s:0:&quot;&quot;;s:15:&quot;headerFontColor&quot;;s:0:&quot;&quot;;s:14:&quot;headerFontSize&quot;;s:0:&quot;&quot;;s:19:&quot;cellBackgroundColor&quot;;s:0:&quot;&quot;;s:13:&quot;cellFontColor&quot;;s:0:&quot;&quot;;s:12:&quot;cellFontSize&quot;;s:0:&quot;&quot;;s:21:&quot;searchBackgroundColor&quot;;s:0:&quot;&quot;;s:15:&quot;searchFontColor&quot;;s:0:&quot;&quot;;s:17:&quot;searchBorderColor&quot;;s:0:&quot;&quot;;s:17:&quot;verticalAlignment&quot;;s:0:&quot;&quot;;s:19:&quot;horizontalAlignment&quot;;s:0:&quot;&quot;;s:18:&quot;paginationPosition&quot;;s:0:&quot;&quot;;}s:8:&quot;language&quot;;a:9:{s:10:&quot;emptyTable&quot;;s:0:&quot;&quot;;s:4:&quot;info&quot;;s:0:&quot;&quot;;s:9:&quot;infoEmpty&quot;;s:0:&quot;&quot;;s:12:&quot;infoFiltered&quot;;s:0:&quot;&quot;;s:10:&quot;lengthMenu&quot;;s:0:&quot;&quot;;s:6:&quot;search&quot;;s:0:&quot;&quot;;s:11:&quot;zeroRecords&quot;;s:0:&quot;&quot;;s:11:&quot;exportLabel&quot;;s:0:&quot;&quot;;s:4:&quot;file&quot;;s:7:&quot;default&quot;;}}'),
(12, 'Ortodonţie', '2019-10-11 12:33:41', 'a:7:{s:14:&quot;requiredAssets&quot;;a:0:{}s:11:&quot;mergedCells&quot;;a:0:{}s:12:&quot;columnsWidth&quot;;a:2:{i:0;i:549;i:1;i:126;}s:17:&quot;columnsFixedWidth&quot;;a:0:{}s:16:&quot;columnsSortOrder&quot;;a:0:{}s:21:&quot;columnsDisableSorting&quot;;a:0:{}s:3:&quot;css&quot;;s:344:&quot;/* Here you can add custom CSS for the current table */\n/* Lean more about CSS: https://en.wikipedia.org/wiki/Cascading_Style_Sheets */\n/*\nTo prevent the use of styles to other tables use &quot;#supsystic-table-12&quot; as a base selector\nfor example:\n#supsystic-table-12 { ... }\n#supsystic-table-12 tbody { ... }\n#supsystic-table-12 tbody tr { ... }\n*/\n&quot;;}', 'a:27:{s:8:&quot;elements&quot;;a:2:{s:15:&quot;descriptionText&quot;;s:0:&quot;&quot;;s:13:&quot;signatureText&quot;;s:0:&quot;&quot;;}s:15:&quot;headerRowsCount&quot;;s:1:&quot;1&quot;;s:15:&quot;footerRowsCount&quot;;s:1:&quot;1&quot;;s:11:&quot;fixedHeight&quot;;s:3:&quot;400&quot;;s:21:&quot;fixedLeftColumnsCount&quot;;s:1:&quot;1&quot;;s:22:&quot;fixedRightColumnsCount&quot;;s:1:&quot;0&quot;;s:9:&quot;autoIndex&quot;;s:3:&quot;off&quot;;s:12:&quot;numberFormat&quot;;s:8:&quot;1,000.00&quot;;s:14:&quot;currencyFormat&quot;;s:9:&quot;$1,000.00&quot;;s:13:&quot;percentFormat&quot;;s:6:&quot;10.00%&quot;;s:10:&quot;dateFormat&quot;;s:10:&quot;DD.MM.YYYY&quot;;s:18:&quot;timeDurationFormat&quot;;s:5:&quot;HH:mm&quot;;s:14:&quot;responsiveMode&quot;;s:1:&quot;0&quot;;s:12:&quot;sortingOrder&quot;;s:3:&quot;asc&quot;;s:18:&quot;sortingOrderColumn&quot;;s:1:&quot;1&quot;;s:20:&quot;paginationMenuLength&quot;;s:10:&quot;50,100,All&quot;;s:14:&quot;paginationSize&quot;;s:16:&quot;pagination-large&quot;;s:9:&quot;searching&quot;;a:2:{s:20:&quot;columnSearchPosition&quot;;s:6:&quot;bottom&quot;;s:8:&quot;minChars&quot;;s:1:&quot;0&quot;;}s:8:&quot;features&quot;;a:1:{s:25:&quot;after_table_loaded_script&quot;;s:0:&quot;&quot;;}s:10:&quot;tableWidth&quot;;s:3:&quot;100&quot;;s:14:&quot;tableWidthType&quot;;s:1:&quot;%&quot;;s:16:&quot;tableWidthMobile&quot;;s:3:&quot;100&quot;;s:20:&quot;tableWidthMobileType&quot;;s:1:&quot;%&quot;;s:7:&quot;styling&quot;;a:3:{s:6:&quot;border&quot;;s:10:&quot;row-border&quot;;s:6:&quot;stripe&quot;;s:2:&quot;on&quot;;s:5:&quot;hover&quot;;s:2:&quot;on&quot;;}s:11:&quot;tableLoader&quot;;a:3:{s:8:&quot;iconName&quot;;s:4:&quot;fire&quot;;s:9:&quot;iconItems&quot;;s:1:&quot;3&quot;;s:5:&quot;color&quot;;s:7:&quot;#0eb1e7&quot;;}s:6:&quot;styles&quot;;a:21:{s:9:&quot;customCss&quot;;s:0:&quot;&quot;;s:19:&quot;externalBorderColor&quot;;s:0:&quot;&quot;;s:19:&quot;externalBorderWidth&quot;;s:0:&quot;&quot;;s:17:&quot;headerBorderColor&quot;;s:0:&quot;&quot;;s:17:&quot;headerBorderWidth&quot;;s:0:&quot;&quot;;s:14:&quot;rowBorderColor&quot;;s:0:&quot;&quot;;s:14:&quot;rowBorderWidth&quot;;s:0:&quot;&quot;;s:17:&quot;columnBorderColor&quot;;s:0:&quot;&quot;;s:17:&quot;columnBorderWidth&quot;;s:0:&quot;&quot;;s:21:&quot;headerBackgroundColor&quot;;s:0:&quot;&quot;;s:15:&quot;headerFontColor&quot;;s:0:&quot;&quot;;s:14:&quot;headerFontSize&quot;;s:0:&quot;&quot;;s:19:&quot;cellBackgroundColor&quot;;s:0:&quot;&quot;;s:13:&quot;cellFontColor&quot;;s:0:&quot;&quot;;s:12:&quot;cellFontSize&quot;;s:0:&quot;&quot;;s:21:&quot;searchBackgroundColor&quot;;s:0:&quot;&quot;;s:15:&quot;searchFontColor&quot;;s:0:&quot;&quot;;s:17:&quot;searchBorderColor&quot;;s:0:&quot;&quot;;s:17:&quot;verticalAlignment&quot;;s:0:&quot;&quot;;s:19:&quot;horizontalAlignment&quot;;s:0:&quot;&quot;;s:18:&quot;paginationPosition&quot;;s:0:&quot;&quot;;}s:8:&quot;language&quot;;a:9:{s:10:&quot;emptyTable&quot;;s:0:&quot;&quot;;s:4:&quot;info&quot;;s:0:&quot;&quot;;s:9:&quot;infoEmpty&quot;;s:0:&quot;&quot;;s:12:&quot;infoFiltered&quot;;s:0:&quot;&quot;;s:10:&quot;lengthMenu&quot;;s:0:&quot;&quot;;s:6:&quot;search&quot;;s:0:&quot;&quot;;s:11:&quot;zeroRecords&quot;;s:0:&quot;&quot;;s:11:&quot;exportLabel&quot;;s:0:&quot;&quot;;s:4:&quot;file&quot;;s:7:&quot;default&quot;;}}'),
(13, 'Pedodonţie - Stomatologie Copii', '2019-10-11 12:59:41', 'a:7:{s:14:&quot;requiredAssets&quot;;a:0:{}s:11:&quot;mergedCells&quot;;a:0:{}s:12:&quot;columnsWidth&quot;;a:2:{i:0;i:549;i:1;i:126;}s:17:&quot;columnsFixedWidth&quot;;a:0:{}s:16:&quot;columnsSortOrder&quot;;a:0:{}s:21:&quot;columnsDisableSorting&quot;;a:0:{}s:3:&quot;css&quot;;s:344:&quot;/* Here you can add custom CSS for the current table */\n/* Lean more about CSS: https://en.wikipedia.org/wiki/Cascading_Style_Sheets */\n/*\nTo prevent the use of styles to other tables use &quot;#supsystic-table-13&quot; as a base selector\nfor example:\n#supsystic-table-13 { ... }\n#supsystic-table-13 tbody { ... }\n#supsystic-table-13 tbody tr { ... }\n*/\n&quot;;}', 'a:27:{s:8:&quot;elements&quot;;a:2:{s:15:&quot;descriptionText&quot;;s:0:&quot;&quot;;s:13:&quot;signatureText&quot;;s:0:&quot;&quot;;}s:15:&quot;headerRowsCount&quot;;s:1:&quot;1&quot;;s:15:&quot;footerRowsCount&quot;;s:1:&quot;1&quot;;s:11:&quot;fixedHeight&quot;;s:3:&quot;400&quot;;s:21:&quot;fixedLeftColumnsCount&quot;;s:1:&quot;1&quot;;s:22:&quot;fixedRightColumnsCount&quot;;s:1:&quot;0&quot;;s:9:&quot;autoIndex&quot;;s:3:&quot;off&quot;;s:12:&quot;numberFormat&quot;;s:8:&quot;1,000.00&quot;;s:14:&quot;currencyFormat&quot;;s:9:&quot;$1,000.00&quot;;s:13:&quot;percentFormat&quot;;s:6:&quot;10.00%&quot;;s:10:&quot;dateFormat&quot;;s:10:&quot;DD.MM.YYYY&quot;;s:18:&quot;timeDurationFormat&quot;;s:5:&quot;HH:mm&quot;;s:14:&quot;responsiveMode&quot;;s:1:&quot;0&quot;;s:12:&quot;sortingOrder&quot;;s:3:&quot;asc&quot;;s:18:&quot;sortingOrderColumn&quot;;s:1:&quot;1&quot;;s:20:&quot;paginationMenuLength&quot;;s:10:&quot;50,100,All&quot;;s:14:&quot;paginationSize&quot;;s:16:&quot;pagination-large&quot;;s:9:&quot;searching&quot;;a:2:{s:20:&quot;columnSearchPosition&quot;;s:6:&quot;bottom&quot;;s:8:&quot;minChars&quot;;s:1:&quot;0&quot;;}s:8:&quot;features&quot;;a:1:{s:25:&quot;after_table_loaded_script&quot;;s:0:&quot;&quot;;}s:10:&quot;tableWidth&quot;;s:3:&quot;100&quot;;s:14:&quot;tableWidthType&quot;;s:1:&quot;%&quot;;s:16:&quot;tableWidthMobile&quot;;s:3:&quot;100&quot;;s:20:&quot;tableWidthMobileType&quot;;s:1:&quot;%&quot;;s:7:&quot;styling&quot;;a:3:{s:6:&quot;border&quot;;s:10:&quot;row-border&quot;;s:6:&quot;stripe&quot;;s:2:&quot;on&quot;;s:5:&quot;hover&quot;;s:2:&quot;on&quot;;}s:11:&quot;tableLoader&quot;;a:3:{s:8:&quot;iconName&quot;;s:4:&quot;fire&quot;;s:9:&quot;iconItems&quot;;s:1:&quot;3&quot;;s:5:&quot;color&quot;;s:7:&quot;#0eb1e7&quot;;}s:6:&quot;styles&quot;;a:21:{s:9:&quot;customCss&quot;;s:0:&quot;&quot;;s:19:&quot;externalBorderColor&quot;;s:0:&quot;&quot;;s:19:&quot;externalBorderWidth&quot;;s:0:&quot;&quot;;s:17:&quot;headerBorderColor&quot;;s:0:&quot;&quot;;s:17:&quot;headerBorderWidth&quot;;s:0:&quot;&quot;;s:14:&quot;rowBorderColor&quot;;s:0:&quot;&quot;;s:14:&quot;rowBorderWidth&quot;;s:0:&quot;&quot;;s:17:&quot;columnBorderColor&quot;;s:0:&quot;&quot;;s:17:&quot;columnBorderWidth&quot;;s:0:&quot;&quot;;s:21:&quot;headerBackgroundColor&quot;;s:0:&quot;&quot;;s:15:&quot;headerFontColor&quot;;s:0:&quot;&quot;;s:14:&quot;headerFontSize&quot;;s:0:&quot;&quot;;s:19:&quot;cellBackgroundColor&quot;;s:0:&quot;&quot;;s:13:&quot;cellFontColor&quot;;s:0:&quot;&quot;;s:12:&quot;cellFontSize&quot;;s:0:&quot;&quot;;s:21:&quot;searchBackgroundColor&quot;;s:0:&quot;&quot;;s:15:&quot;searchFontColor&quot;;s:0:&quot;&quot;;s:17:&quot;searchBorderColor&quot;;s:0:&quot;&quot;;s:17:&quot;verticalAlignment&quot;;s:0:&quot;&quot;;s:19:&quot;horizontalAlignment&quot;;s:0:&quot;&quot;;s:18:&quot;paginationPosition&quot;;s:0:&quot;&quot;;}s:8:&quot;language&quot;;a:9:{s:10:&quot;emptyTable&quot;;s:0:&quot;&quot;;s:4:&quot;info&quot;;s:0:&quot;&quot;;s:9:&quot;infoEmpty&quot;;s:0:&quot;&quot;;s:12:&quot;infoFiltered&quot;;s:0:&quot;&quot;;s:10:&quot;lengthMenu&quot;;s:0:&quot;&quot;;s:6:&quot;search&quot;;s:0:&quot;&quot;;s:11:&quot;zeroRecords&quot;;s:0:&quot;&quot;;s:11:&quot;exportLabel&quot;;s:0:&quot;&quot;;s:4:&quot;file&quot;;s:7:&quot;default&quot;;}}'),
(14, 'Inhalosedare', '2019-10-11 13:08:25', 'a:7:{s:14:&quot;requiredAssets&quot;;a:0:{}s:11:&quot;mergedCells&quot;;a:0:{}s:12:&quot;columnsWidth&quot;;a:2:{i:0;i:549;i:1;i:126;}s:17:&quot;columnsFixedWidth&quot;;a:0:{}s:16:&quot;columnsSortOrder&quot;;a:0:{}s:21:&quot;columnsDisableSorting&quot;;a:0:{}s:3:&quot;css&quot;;s:344:&quot;/* Here you can add custom CSS for the current table */\n/* Lean more about CSS: https://en.wikipedia.org/wiki/Cascading_Style_Sheets */\n/*\nTo prevent the use of styles to other tables use &quot;#supsystic-table-14&quot; as a base selector\nfor example:\n#supsystic-table-14 { ... }\n#supsystic-table-14 tbody { ... }\n#supsystic-table-14 tbody tr { ... }\n*/\n&quot;;}', 'a:27:{s:8:&quot;elements&quot;;a:2:{s:15:&quot;descriptionText&quot;;s:0:&quot;&quot;;s:13:&quot;signatureText&quot;;s:0:&quot;&quot;;}s:15:&quot;headerRowsCount&quot;;s:1:&quot;1&quot;;s:15:&quot;footerRowsCount&quot;;s:1:&quot;1&quot;;s:11:&quot;fixedHeight&quot;;s:3:&quot;400&quot;;s:21:&quot;fixedLeftColumnsCount&quot;;s:1:&quot;1&quot;;s:22:&quot;fixedRightColumnsCount&quot;;s:1:&quot;0&quot;;s:9:&quot;autoIndex&quot;;s:3:&quot;off&quot;;s:12:&quot;numberFormat&quot;;s:8:&quot;1,000.00&quot;;s:14:&quot;currencyFormat&quot;;s:9:&quot;$1,000.00&quot;;s:13:&quot;percentFormat&quot;;s:6:&quot;10.00%&quot;;s:10:&quot;dateFormat&quot;;s:10:&quot;DD.MM.YYYY&quot;;s:18:&quot;timeDurationFormat&quot;;s:5:&quot;HH:mm&quot;;s:14:&quot;responsiveMode&quot;;s:1:&quot;0&quot;;s:12:&quot;sortingOrder&quot;;s:3:&quot;asc&quot;;s:18:&quot;sortingOrderColumn&quot;;s:1:&quot;1&quot;;s:20:&quot;paginationMenuLength&quot;;s:10:&quot;50,100,All&quot;;s:14:&quot;paginationSize&quot;;s:16:&quot;pagination-large&quot;;s:9:&quot;searching&quot;;a:2:{s:20:&quot;columnSearchPosition&quot;;s:6:&quot;bottom&quot;;s:8:&quot;minChars&quot;;s:1:&quot;0&quot;;}s:8:&quot;features&quot;;a:1:{s:25:&quot;after_table_loaded_script&quot;;s:0:&quot;&quot;;}s:10:&quot;tableWidth&quot;;s:3:&quot;100&quot;;s:14:&quot;tableWidthType&quot;;s:1:&quot;%&quot;;s:16:&quot;tableWidthMobile&quot;;s:3:&quot;100&quot;;s:20:&quot;tableWidthMobileType&quot;;s:1:&quot;%&quot;;s:7:&quot;styling&quot;;a:3:{s:6:&quot;border&quot;;s:10:&quot;row-border&quot;;s:6:&quot;stripe&quot;;s:2:&quot;on&quot;;s:5:&quot;hover&quot;;s:2:&quot;on&quot;;}s:11:&quot;tableLoader&quot;;a:3:{s:8:&quot;iconName&quot;;s:4:&quot;fire&quot;;s:9:&quot;iconItems&quot;;s:1:&quot;3&quot;;s:5:&quot;color&quot;;s:7:&quot;#0eb1e7&quot;;}s:6:&quot;styles&quot;;a:21:{s:9:&quot;customCss&quot;;s:0:&quot;&quot;;s:19:&quot;externalBorderColor&quot;;s:0:&quot;&quot;;s:19:&quot;externalBorderWidth&quot;;s:0:&quot;&quot;;s:17:&quot;headerBorderColor&quot;;s:0:&quot;&quot;;s:17:&quot;headerBorderWidth&quot;;s:0:&quot;&quot;;s:14:&quot;rowBorderColor&quot;;s:0:&quot;&quot;;s:14:&quot;rowBorderWidth&quot;;s:0:&quot;&quot;;s:17:&quot;columnBorderColor&quot;;s:0:&quot;&quot;;s:17:&quot;columnBorderWidth&quot;;s:0:&quot;&quot;;s:21:&quot;headerBackgroundColor&quot;;s:0:&quot;&quot;;s:15:&quot;headerFontColor&quot;;s:0:&quot;&quot;;s:14:&quot;headerFontSize&quot;;s:0:&quot;&quot;;s:19:&quot;cellBackgroundColor&quot;;s:0:&quot;&quot;;s:13:&quot;cellFontColor&quot;;s:0:&quot;&quot;;s:12:&quot;cellFontSize&quot;;s:0:&quot;&quot;;s:21:&quot;searchBackgroundColor&quot;;s:0:&quot;&quot;;s:15:&quot;searchFontColor&quot;;s:0:&quot;&quot;;s:17:&quot;searchBorderColor&quot;;s:0:&quot;&quot;;s:17:&quot;verticalAlignment&quot;;s:0:&quot;&quot;;s:19:&quot;horizontalAlignment&quot;;s:0:&quot;&quot;;s:18:&quot;paginationPosition&quot;;s:0:&quot;&quot;;}s:8:&quot;language&quot;;a:9:{s:10:&quot;emptyTable&quot;;s:0:&quot;&quot;;s:4:&quot;info&quot;;s:0:&quot;&quot;;s:9:&quot;infoEmpty&quot;;s:0:&quot;&quot;;s:12:&quot;infoFiltered&quot;;s:0:&quot;&quot;;s:10:&quot;lengthMenu&quot;;s:0:&quot;&quot;;s:6:&quot;search&quot;;s:0:&quot;&quot;;s:11:&quot;zeroRecords&quot;;s:0:&quot;&quot;;s:11:&quot;exportLabel&quot;;s:0:&quot;&quot;;s:4:&quot;file&quot;;s:7:&quot;default&quot;;}}'),
(15, 'Endodonţie', '2019-11-16 17:10:10', 'a:7:{s:14:&quot;requiredAssets&quot;;a:0:{}s:11:&quot;mergedCells&quot;;a:0:{}s:12:&quot;columnsWidth&quot;;a:2:{i:0;i:549;i:1;i:126;}s:17:&quot;columnsFixedWidth&quot;;a:0:{}s:16:&quot;columnsSortOrder&quot;;a:0:{}s:21:&quot;columnsDisableSorting&quot;;a:0:{}s:3:&quot;css&quot;;s:344:&quot;/* Here you can add custom CSS for the current table */\n/* Lean more about CSS: https://en.wikipedia.org/wiki/Cascading_Style_Sheets */\n/*\nTo prevent the use of styles to other tables use &quot;#supsystic-table-15&quot; as a base selector\nfor example:\n#supsystic-table-15 { ... }\n#supsystic-table-15 tbody { ... }\n#supsystic-table-15 tbody tr { ... }\n*/\n&quot;;}', 'a:27:{s:8:&quot;elements&quot;;a:2:{s:15:&quot;descriptionText&quot;;s:0:&quot;&quot;;s:13:&quot;signatureText&quot;;s:0:&quot;&quot;;}s:15:&quot;headerRowsCount&quot;;s:1:&quot;1&quot;;s:15:&quot;footerRowsCount&quot;;s:1:&quot;1&quot;;s:11:&quot;fixedHeight&quot;;s:3:&quot;400&quot;;s:21:&quot;fixedLeftColumnsCount&quot;;s:1:&quot;1&quot;;s:22:&quot;fixedRightColumnsCount&quot;;s:1:&quot;0&quot;;s:9:&quot;autoIndex&quot;;s:3:&quot;off&quot;;s:12:&quot;numberFormat&quot;;s:8:&quot;1,000.00&quot;;s:14:&quot;currencyFormat&quot;;s:9:&quot;$1,000.00&quot;;s:13:&quot;percentFormat&quot;;s:6:&quot;10.00%&quot;;s:10:&quot;dateFormat&quot;;s:10:&quot;DD.MM.YYYY&quot;;s:18:&quot;timeDurationFormat&quot;;s:5:&quot;HH:mm&quot;;s:14:&quot;responsiveMode&quot;;s:1:&quot;0&quot;;s:12:&quot;sortingOrder&quot;;s:3:&quot;asc&quot;;s:18:&quot;sortingOrderColumn&quot;;s:1:&quot;1&quot;;s:20:&quot;paginationMenuLength&quot;;s:10:&quot;50,100,All&quot;;s:14:&quot;paginationSize&quot;;s:16:&quot;pagination-large&quot;;s:9:&quot;searching&quot;;a:2:{s:20:&quot;columnSearchPosition&quot;;s:6:&quot;bottom&quot;;s:8:&quot;minChars&quot;;s:1:&quot;0&quot;;}s:8:&quot;features&quot;;a:1:{s:25:&quot;after_table_loaded_script&quot;;s:0:&quot;&quot;;}s:10:&quot;tableWidth&quot;;s:3:&quot;100&quot;;s:14:&quot;tableWidthType&quot;;s:1:&quot;%&quot;;s:16:&quot;tableWidthMobile&quot;;s:3:&quot;100&quot;;s:20:&quot;tableWidthMobileType&quot;;s:1:&quot;%&quot;;s:7:&quot;styling&quot;;a:3:{s:6:&quot;border&quot;;s:10:&quot;row-border&quot;;s:6:&quot;stripe&quot;;s:2:&quot;on&quot;;s:5:&quot;hover&quot;;s:2:&quot;on&quot;;}s:11:&quot;tableLoader&quot;;a:3:{s:8:&quot;iconName&quot;;s:4:&quot;fire&quot;;s:9:&quot;iconItems&quot;;s:1:&quot;3&quot;;s:5:&quot;color&quot;;s:7:&quot;#0eb1e7&quot;;}s:6:&quot;styles&quot;;a:21:{s:9:&quot;customCss&quot;;s:0:&quot;&quot;;s:19:&quot;externalBorderColor&quot;;s:0:&quot;&quot;;s:19:&quot;externalBorderWidth&quot;;s:0:&quot;&quot;;s:17:&quot;headerBorderColor&quot;;s:0:&quot;&quot;;s:17:&quot;headerBorderWidth&quot;;s:0:&quot;&quot;;s:14:&quot;rowBorderColor&quot;;s:0:&quot;&quot;;s:14:&quot;rowBorderWidth&quot;;s:0:&quot;&quot;;s:17:&quot;columnBorderColor&quot;;s:0:&quot;&quot;;s:17:&quot;columnBorderWidth&quot;;s:0:&quot;&quot;;s:21:&quot;headerBackgroundColor&quot;;s:0:&quot;&quot;;s:15:&quot;headerFontColor&quot;;s:0:&quot;&quot;;s:14:&quot;headerFontSize&quot;;s:0:&quot;&quot;;s:19:&quot;cellBackgroundColor&quot;;s:0:&quot;&quot;;s:13:&quot;cellFontColor&quot;;s:0:&quot;&quot;;s:12:&quot;cellFontSize&quot;;s:0:&quot;&quot;;s:21:&quot;searchBackgroundColor&quot;;s:0:&quot;&quot;;s:15:&quot;searchFontColor&quot;;s:0:&quot;&quot;;s:17:&quot;searchBorderColor&quot;;s:0:&quot;&quot;;s:17:&quot;verticalAlignment&quot;;s:0:&quot;&quot;;s:19:&quot;horizontalAlignment&quot;;s:0:&quot;&quot;;s:18:&quot;paginationPosition&quot;;s:0:&quot;&quot;;}s:8:&quot;language&quot;;a:9:{s:10:&quot;emptyTable&quot;;s:0:&quot;&quot;;s:4:&quot;info&quot;;s:0:&quot;&quot;;s:9:&quot;infoEmpty&quot;;s:0:&quot;&quot;;s:12:&quot;infoFiltered&quot;;s:0:&quot;&quot;;s:10:&quot;lengthMenu&quot;;s:0:&quot;&quot;;s:6:&quot;search&quot;;s:0:&quot;&quot;;s:11:&quot;zeroRecords&quot;;s:0:&quot;&quot;;s:11:&quot;exportLabel&quot;;s:0:&quot;&quot;;s:4:&quot;file&quot;;s:7:&quot;default&quot;;}}');

-- --------------------------------------------------------

--
-- Table structure for table `termmeta`
--

CREATE TABLE `termmeta` (
  `meta_id` bigint(20) UNSIGNED NOT NULL,
  `term_id` bigint(20) UNSIGNED NOT NULL DEFAULT '0',
  `meta_key` varchar(255) COLLATE utf8_unicode_ci DEFAULT NULL,
  `meta_value` longtext COLLATE utf8_unicode_ci
) ENGINE=InnoDB DEFAULT CHARSET=utf8 COLLATE=utf8_unicode_ci ROW_FORMAT=DYNAMIC;

--
-- Dumping data for table `termmeta`
--

INSERT INTO `termmeta` (`meta_id`, `term_id`, `meta_key`, `meta_value`) VALUES
(1, 56, 'order', '0'),
(2, 58, 'order', '0'),
(3, 60, 'order', '0'),
(4, 62, 'order', '0'),
(5, 56, 'product_count_product_cat', '0'),
(6, 58, 'product_count_product_cat', '0'),
(7, 60, 'product_count_product_cat', '0'),
(8, 62, 'product_count_product_cat', '0'),
(9, 57, 'product_count_product_tag', '0'),
(10, 59, 'product_count_product_tag', '0'),
(11, 61, 'product_count_product_tag', '0'),
(12, 63, 'product_count_product_tag', '0'),
(13, 76, 'order', '0'),
(14, 77, 'order', '0'),
(15, 78, 'order', '0'),
(16, 79, 'order', '0'),
(17, 80, 'order', '0'),
(18, 81, 'order', '0'),
(19, 82, 'order', '0'),
(20, 83, 'order', '0'),
(21, 120, 'product_count_product_cat', '0');

-- --------------------------------------------------------

--
-- Table structure for table `terms`
--

CREATE TABLE `terms` (
  `term_id` bigint(20) UNSIGNED NOT NULL,
  `name` varchar(200) COLLATE utf8_unicode_ci NOT NULL DEFAULT '',
  `slug` varchar(200) COLLATE utf8_unicode_ci NOT NULL DEFAULT '',
  `term_group` bigint(10) NOT NULL DEFAULT '0'
) ENGINE=InnoDB DEFAULT CHARSET=utf8 COLLATE=utf8_unicode_ci ROW_FORMAT=DYNAMIC;

--
-- Dumping data for table `terms`
--

INSERT INTO `terms` (`term_id`, `name`, `slug`, `term_group`) VALUES
(1, 'Uncategorized', 'uncategorized', 0),
(2, 'simple', 'simple', 0),
(3, 'grouped', 'grouped', 0),
(4, 'variable', 'variable', 0),
(5, 'external', 'external', 0),
(6, 'Uncategorized', 'uncategorized', 0),
(8, 'Footer Menu', 'footer-menu', 0),
(9, 'Business', 'business', 0),
(10, 'post-format-status', 'post-format-status', 0),
(11, 'post-format-quote', 'post-format-quote', 0),
(12, 'post-format-gallery', 'post-format-gallery', 0),
(13, 'post-format-image', 'post-format-image', 0),
(14, 'post-format-link', 'post-format-link', 0),
(15, 'post-format-aside', 'post-format-aside', 0),
(16, 'post-format-chat', 'post-format-chat', 0),
(17, 'News', 'news', 0),
(18, 'Technical', 'technical', 0),
(19, 'post-format-video', 'post-format-video', 0),
(20, 'video', 'video', 0),
(21, 'blog', 'blog', 0),
(22, 'photoshop', 'photoshop', 0),
(23, 'youtube', 'youtube', 0),
(24, 'video', 'video', 0),
(25, 'Creative', 'creative', 0),
(26, 'design', 'design', 0),
(27, 'magazine', 'magazine', 0),
(28, 'post-format-audio', 'post-format-audio', 0),
(29, 'news', 'news', 0),
(30, 'audio', 'audio', 0),
(31, 'audio', 'audio', 0),
(51, 'Cosmetic', 'web-design', 0),
(52, 'Braces', 'photography', 0),
(53, 'Invisalign', 'development', 0),
(54, 'Implants', 'logo-design', 0),
(55, 'Veneers', 'animation', 0),
(56, 'Clothing', 'clothing', 0),
(57, 'Covering', 'covering', 0),
(58, 'T-shirts', 't-shirts', 0),
(59, 'Teez', 'teez', 0),
(60, 'Hoodies', 'hoodies', 0),
(61, 'Jackets', 'jackets', 0),
(62, 'Posters', 'posters', 0),
(63, 'Prints', 'prints', 0),
(64, 'Service', 'service', 0),
(65, 'Analyze', 'analyze', 0),
(66, 'Discussion', 'discussion', 0),
(67, 'Fashion', 'fashion', 0),
(68, 'Sustain', 'sustain', 0),
(69, 'Expertize', 'expertize', 0),
(70, 'Trend', 'trend', 0),
(71, 'Education', 'education', 0),
(72, 'Express', 'express', 0),
(73, 'Get Together', 'get-together', 0),
(74, 'Share', 'share', 0),
(75, 'Experiment', 'experiment', 0),
(76, 'Black', 'black', 0),
(77, 'Blue', 'blue', 0),
(78, 'Green', 'green', 0),
(79, 'Red', 'red', 0),
(80, 'Large', 'large', 0),
(81, 'Medium', 'medium', 0),
(82, 'Small', 'small', 0),
(83, 'XLarge', 'xlarge', 0),
(84, 'jkj', 'jkj', 0),
(85, 'veda', 'veda', 0),
(86, 'activity-comment', 'activity-comment', 0),
(87, 'activity-comment-author', 'activity-comment-author', 0),
(88, 'activity-at-message', 'activity-at-message', 0),
(89, 'groups-at-message', 'groups-at-message', 0),
(90, 'core-user-registration', 'core-user-registration', 0),
(91, 'core-user-registration-with-blog', 'core-user-registration-with-blog', 0),
(92, 'friends-request', 'friends-request', 0),
(93, 'friends-request-accepted', 'friends-request-accepted', 0),
(94, 'groups-details-updated', 'groups-details-updated', 0),
(95, 'groups-invitation', 'groups-invitation', 0),
(96, 'groups-member-promoted', 'groups-member-promoted', 0),
(97, 'groups-membership-request', 'groups-membership-request', 0),
(98, 'messages-unread', 'messages-unread', 0),
(99, 'settings-verify-email-change', 'settings-verify-email-change', 0),
(100, 'groups-membership-request-accepted', 'groups-membership-request-accepted', 0),
(101, 'groups-membership-request-rejected', 'groups-membership-request-rejected', 0),
(102, 'Header Menu', 'header-menu', 0),
(103, 'Secondary Menu', 'secondary-menu', 0),
(104, 'Orthodontist', 'orthodontist', 0),
(105, 'Pharmacy', 'pharmacy', 0),
(106, 'Cosmetic Surgery', 'cosmetic-surgery', 0),
(107, 'Dental Surgery', 'dental-surgery', 0),
(108, 'Maxillofacial Surgery', 'maxillofacial-surgery', 0),
(109, 'Laboratory', 'laboratory', 0),
(110, 'General', 'general', 0),
(111, 'exclude-from-search', 'exclude-from-search', 0),
(112, 'exclude-from-catalog', 'exclude-from-catalog', 0),
(113, 'featured', 'featured', 0),
(114, 'outofstock', 'outofstock', 0),
(115, 'rated-1', 'rated-1', 0),
(116, 'rated-2', 'rated-2', 0),
(117, 'rated-3', 'rated-3', 0),
(118, 'rated-4', 'rated-4', 0),
(119, 'rated-5', 'rated-5', 0),
(120, 'Uncategorized', 'uncategorized', 0),
(121, 'ActivDent Menu', 'activdent-menu', 0),
(122, 'Chirurgie Parodontală', 'chirurgie-parodontala', 0),
(123, 'Implantologie', 'implantologie', 0),
(124, 'Chirurgie Orală', 'chirurgie-orala', 0),
(125, 'Stomatologie Generală', 'stomatologie-generala', 0),
(126, 'Specialist Endodonţie', 'specialist-endodontie', 0),
(127, 'Chirurgie Plastică Gingivală', 'chirurgie-plastica-gingivala', 0),
(128, 'Plaster Lasertherapy And Surgery', 'plaster-lasertherapy', 0),
(129, 'Specialist Pedodonţie', 'specialist-pedodontie', 0),
(130, 'Specialist Ortodonţie', 'specialist-ortodontie', 0),
(131, 'Asistent', 'asistent', 0),
(132, 'woocommerce-db-updates', 'woocommerce-db-updates', 0),
(133, 'wc_update_product_lookup_tables', 'wc_update_product_lookup_tables', 0);

-- --------------------------------------------------------

--
-- Table structure for table `term_relationships`
--

CREATE TABLE `term_relationships` (
  `object_id` bigint(20) UNSIGNED NOT NULL DEFAULT '0',
  `term_taxonomy_id` bigint(20) UNSIGNED NOT NULL DEFAULT '0',
  `term_order` int(11) NOT NULL DEFAULT '0'
) ENGINE=InnoDB DEFAULT CHARSET=utf8 COLLATE=utf8_unicode_ci ROW_FORMAT=DYNAMIC;

--
-- Dumping data for table `term_relationships`
--

INSERT INTO `term_relationships` (`object_id`, `term_taxonomy_id`, `term_order`) VALUES
(1, 6, 0),
(1, 17, 0),
(1, 18, 0),
(1, 21, 0),
(2, 6, 0),
(13, 6, 0),
(14, 6, 0),
(15, 6, 0),
(16, 6, 0),
(18, 6, 0),
(19, 6, 0),
(20, 6, 0),
(21, 6, 0),
(22, 4, 0),
(22, 56, 0),
(22, 57, 0),
(22, 58, 0),
(22, 59, 0),
(23, 6, 0),
(24, 6, 0),
(27, 6, 0),
(28, 6, 0),
(30, 6, 0),
(31, 2, 0),
(31, 6, 0),
(31, 56, 0),
(31, 57, 0),
(31, 58, 0),
(31, 59, 0),
(32, 6, 0),
(33, 6, 0),
(34, 2, 0),
(34, 6, 0),
(34, 56, 0),
(34, 57, 0),
(34, 58, 0),
(34, 59, 0),
(35, 6, 0),
(36, 6, 0),
(37, 2, 0),
(37, 6, 0),
(37, 56, 0),
(37, 57, 0),
(37, 58, 0),
(37, 59, 0),
(38, 6, 0),
(39, 6, 0),
(40, 4, 0),
(40, 56, 0),
(40, 57, 0),
(40, 60, 0),
(40, 61, 0),
(47, 2, 0),
(47, 56, 0),
(47, 57, 0),
(47, 60, 0),
(47, 61, 0),
(49, 6, 0),
(50, 2, 0),
(50, 6, 0),
(50, 56, 0),
(50, 57, 0),
(50, 60, 0),
(50, 61, 0),
(51, 6, 0),
(52, 6, 0),
(53, 2, 0),
(53, 6, 0),
(53, 56, 0),
(53, 57, 0),
(53, 60, 0),
(53, 61, 0),
(54, 6, 0),
(55, 6, 0),
(56, 2, 0),
(56, 6, 0),
(56, 56, 0),
(56, 57, 0),
(56, 60, 0),
(56, 61, 0),
(56, 113, 0),
(57, 6, 0),
(58, 6, 0),
(61, 6, 0),
(62, 6, 0),
(67, 2, 0),
(67, 62, 0),
(67, 63, 0),
(70, 6, 0),
(71, 6, 0),
(75, 6, 0),
(76, 2, 0),
(76, 62, 0),
(76, 63, 0),
(87, 1, 0),
(87, 6, 0),
(87, 9, 0),
(87, 12, 0),
(88, 6, 0),
(89, 6, 0),
(89, 11, 0),
(89, 17, 0),
(89, 25, 0),
(89, 27, 0),
(90, 6, 0),
(95, 6, 0),
(96, 6, 0),
(96, 13, 0),
(96, 18, 0),
(96, 29, 0),
(101, 6, 0),
(102, 6, 0),
(102, 14, 0),
(102, 17, 0),
(102, 18, 0),
(102, 29, 0),
(103, 6, 0),
(104, 6, 0),
(104, 9, 0),
(104, 15, 0),
(104, 17, 0),
(104, 21, 0),
(104, 27, 0),
(105, 6, 0),
(106, 6, 0),
(106, 16, 0),
(106, 17, 0),
(106, 18, 0),
(106, 25, 0),
(107, 6, 0),
(108, 6, 0),
(108, 17, 0),
(108, 19, 0),
(108, 20, 0),
(108, 21, 0),
(109, 6, 0),
(110, 6, 0),
(110, 18, 0),
(110, 19, 0),
(110, 22, 0),
(110, 23, 0),
(111, 6, 0),
(112, 6, 0),
(112, 18, 0),
(112, 19, 0),
(112, 24, 0),
(112, 25, 0),
(112, 26, 0),
(113, 6, 0),
(114, 6, 0),
(114, 17, 0),
(114, 26, 0),
(114, 27, 0),
(114, 28, 0),
(114, 29, 0),
(115, 6, 0),
(116, 6, 0),
(116, 17, 0),
(116, 26, 0),
(116, 28, 0),
(116, 30, 0),
(116, 31, 0),
(117, 6, 0),
(119, 6, 0),
(121, 6, 0),
(123, 6, 0),
(125, 6, 0),
(127, 6, 0),
(129, 6, 0),
(131, 6, 0),
(139, 53, 0),
(141, 54, 0),
(142, 51, 0),
(143, 55, 0),
(144, 53, 0),
(145, 54, 0),
(146, 52, 0),
(147, 51, 0),
(148, 52, 0),
(153, 53, 0),
(154, 51, 0),
(155, 55, 0),
(164, 6, 0),
(191, 6, 0),
(238, 6, 0),
(238, 65, 0),
(238, 66, 0),
(246, 6, 0),
(246, 67, 0),
(246, 68, 0),
(250, 6, 0),
(250, 69, 0),
(250, 70, 0),
(253, 71, 0),
(253, 72, 0),
(256, 6, 0),
(256, 73, 0),
(256, 74, 0),
(259, 6, 0),
(259, 65, 0),
(259, 66, 0),
(259, 69, 0),
(259, 73, 0),
(268, 6, 0),
(268, 66, 0),
(268, 75, 0),
(271, 6, 0),
(274, 6, 0),
(278, 6, 0),
(280, 6, 0),
(282, 6, 0),
(284, 6, 0),
(286, 6, 0),
(288, 6, 0),
(290, 6, 0),
(292, 6, 0),
(294, 6, 0),
(296, 6, 0),
(298, 6, 0),
(300, 6, 0),
(302, 6, 0),
(304, 6, 0),
(306, 6, 0),
(308, 6, 0),
(310, 6, 0),
(312, 6, 0),
(314, 6, 0),
(376, 6, 0),
(377, 6, 0),
(378, 6, 0),
(379, 6, 0),
(380, 6, 0),
(381, 6, 0),
(384, 6, 0),
(387, 6, 0),
(388, 6, 0),
(389, 6, 0),
(390, 6, 0),
(391, 6, 0),
(398, 6, 0),
(399, 6, 0),
(400, 6, 0),
(492, 6, 0),
(507, 6, 0),
(509, 6, 0),
(511, 6, 0),
(513, 6, 0),
(515, 6, 0),
(519, 6, 0),
(521, 6, 0),
(523, 6, 0),
(4241, 6, 0),
(4242, 6, 0),
(4244, 6, 0),
(4245, 6, 0),
(4246, 6, 0),
(4247, 6, 0),
(4248, 6, 0),
(4249, 6, 0),
(4250, 6, 0),
(4251, 6, 0),
(4252, 6, 0),
(4253, 6, 0),
(4254, 6, 0),
(4255, 6, 0),
(4301, 6, 0),
(4302, 6, 0),
(4303, 6, 0),
(4304, 6, 0),
(4305, 6, 0),
(4306, 6, 0),
(4307, 6, 0),
(4308, 6, 0),
(4309, 6, 0),
(4310, 6, 0),
(4311, 6, 0),
(4312, 6, 0),
(4313, 6, 0),
(4317, 6, 0),
(4318, 6, 0),
(4319, 6, 0),
(4320, 6, 0),
(4322, 6, 0),
(4323, 6, 0),
(4324, 6, 0),
(4326, 6, 0),
(4327, 6, 0),
(4328, 6, 0),
(4371, 6, 0),
(4372, 6, 0),
(4373, 6, 0),
(4374, 6, 0),
(4375, 6, 0),
(4376, 6, 0),
(4377, 6, 0),
(4378, 6, 0),
(4379, 6, 0),
(4380, 6, 0),
(4381, 6, 0),
(4382, 6, 0),
(4383, 6, 0),
(4384, 6, 0),
(4385, 6, 0),
(4386, 6, 0),
(4387, 6, 0),
(4388, 6, 0),
(4389, 6, 0),
(4390, 6, 0),
(4391, 6, 0),
(4392, 6, 0),
(4393, 6, 0),
(4394, 6, 0),
(4395, 6, 0),
(4396, 6, 0),
(4397, 6, 0),
(4398, 6, 0),
(4399, 6, 0),
(4400, 6, 0),
(4401, 6, 0),
(4402, 6, 0),
(4403, 6, 0),
(4404, 6, 0),
(4405, 6, 0),
(4406, 6, 0),
(4409, 6, 0),
(4410, 6, 0),
(4411, 6, 0),
(4412, 6, 0),
(4414, 6, 0),
(4415, 6, 0),
(4418, 6, 0),
(4419, 6, 0),
(4420, 6, 0),
(4421, 6, 0),
(4422, 6, 0),
(4423, 6, 0),
(4425, 6, 0),
(4426, 6, 0),
(4427, 6, 0),
(4429, 6, 0),
(4430, 6, 0),
(4431, 6, 0),
(4432, 6, 0),
(4435, 6, 0),
(4436, 6, 0),
(4437, 6, 0),
(4438, 6, 0),
(4439, 6, 0),
(4440, 6, 0),
(4441, 6, 0),
(4442, 6, 0),
(4443, 6, 0),
(4444, 6, 0),
(4447, 6, 0),
(4448, 6, 0),
(4450, 6, 0),
(4451, 6, 0),
(4452, 6, 0),
(4453, 6, 0),
(4454, 6, 0),
(4455, 6, 0),
(4456, 6, 0),
(4457, 6, 0),
(4458, 6, 0),
(4459, 6, 0),
(4460, 6, 0),
(4461, 6, 0),
(4462, 6, 0),
(4463, 6, 0),
(4464, 6, 0),
(4465, 6, 0),
(4466, 6, 0),
(4467, 6, 0),
(4468, 6, 0),
(4469, 6, 0),
(4470, 6, 0),
(4471, 6, 0),
(4472, 6, 0),
(4473, 6, 0),
(4478, 6, 0),
(4479, 6, 0),
(4480, 6, 0),
(4481, 6, 0),
(4482, 6, 0),
(4483, 6, 0),
(4484, 6, 0),
(4485, 6, 0),
(4487, 6, 0),
(4488, 6, 0),
(4489, 6, 0),
(4490, 6, 0),
(4491, 6, 0),
(4492, 6, 0),
(4493, 6, 0),
(4494, 6, 0),
(4495, 6, 0),
(4496, 6, 0),
(4497, 6, 0),
(4498, 6, 0),
(4499, 6, 0),
(4500, 6, 0),
(4501, 6, 0),
(4502, 6, 0),
(4503, 6, 0),
(4504, 6, 0),
(4510, 6, 0),
(4511, 6, 0),
(4512, 6, 0),
(4513, 6, 0),
(4514, 6, 0),
(4515, 6, 0),
(4516, 6, 0),
(4517, 6, 0),
(4518, 6, 0),
(4519, 6, 0),
(4520, 6, 0),
(4521, 6, 0),
(4522, 6, 0),
(4523, 6, 0),
(4525, 6, 0),
(4526, 6, 0),
(4527, 6, 0),
(4528, 6, 0),
(4529, 6, 0),
(4530, 6, 0),
(4531, 6, 0),
(4532, 6, 0),
(4533, 6, 0),
(4534, 6, 0),
(4535, 6, 0),
(4536, 6, 0),
(4537, 6, 0),
(4538, 6, 0),
(4539, 6, 0),
(4540, 6, 0),
(4541, 6, 0),
(4542, 6, 0),
(4543, 6, 0),
(4544, 6, 0),
(4545, 6, 0),
(4546, 6, 0),
(4547, 6, 0),
(4548, 6, 0),
(4549, 6, 0),
(4550, 6, 0),
(4551, 6, 0),
(4552, 6, 0),
(4553, 6, 0),
(4554, 6, 0),
(4555, 6, 0),
(4556, 6, 0),
(4557, 6, 0),
(4558, 6, 0),
(4644, 6, 0),
(4645, 6, 0),
(4649, 6, 0),
(4650, 6, 0),
(4651, 6, 0),
(4652, 6, 0),
(4658, 6, 0),
(4659, 6, 0),
(4660, 6, 0),
(4661, 6, 0),
(4662, 6, 0),
(4663, 6, 0),
(4664, 6, 0),
(4665, 6, 0),
(4666, 6, 0),
(4667, 6, 0),
(4668, 6, 0),
(4669, 6, 0),
(4670, 6, 0),
(4671, 6, 0),
(4673, 6, 0),
(4674, 6, 0),
(4675, 6, 0),
(4676, 6, 0),
(4677, 6, 0),
(4678, 6, 0),
(4679, 6, 0),
(4680, 6, 0),
(4681, 6, 0),
(4682, 6, 0),
(4683, 6, 0),
(4684, 6, 0),
(4685, 6, 0),
(4686, 6, 0),
(4687, 6, 0),
(4688, 6, 0),
(4689, 6, 0),
(4690, 6, 0),
(4691, 6, 0),
(4692, 6, 0),
(4693, 6, 0),
(4694, 6, 0),
(4695, 6, 0),
(4696, 6, 0),
(4697, 6, 0),
(4698, 6, 0),
(4699, 6, 0),
(4700, 6, 0),
(4701, 6, 0),
(4702, 6, 0),
(4703, 6, 0),
(4704, 6, 0),
(4705, 6, 0),
(4706, 6, 0),
(4707, 6, 0),
(4708, 6, 0),
(4709, 6, 0),
(4710, 6, 0),
(4711, 6, 0),
(4712, 6, 0),
(4714, 6, 0),
(4715, 6, 0),
(4716, 6, 0),
(4717, 6, 0),
(4718, 6, 0),
(4719, 6, 0),
(4720, 6, 0),
(4721, 6, 0),
(4722, 6, 0),
(4723, 6, 0),
(4725, 6, 0),
(4726, 6, 0),
(4727, 6, 0),
(4728, 6, 0),
(4729, 6, 0),
(4730, 6, 0),
(4731, 6, 0),
(4732, 6, 0),
(4748, 2, 0),
(4748, 56, 0),
(4748, 57, 0),
(4748, 58, 0),
(4748, 59, 0),
(4749, 2, 0),
(4749, 56, 0),
(4749, 57, 0),
(4749, 58, 0),
(4749, 59, 0),
(4750, 2, 0),
(4750, 56, 0),
(4750, 57, 0),
(4750, 60, 0),
(4750, 61, 0),
(4750, 114, 0),
(4751, 2, 0),
(4751, 62, 0),
(4751, 63, 0),
(4752, 2, 0),
(4752, 62, 0),
(4752, 63, 0),
(4809, 6, 0),
(4810, 6, 0),
(4813, 6, 0),
(4814, 6, 0),
(4816, 6, 0),
(4816, 64, 0),
(4816, 71, 0),
(4821, 6, 0),
(4822, 6, 0),
(4823, 6, 0),
(4824, 6, 0),
(4825, 6, 0),
(4826, 6, 0),
(4827, 6, 0),
(4828, 6, 0),
(4829, 6, 0),
(4830, 6, 0),
(4831, 6, 0),
(4832, 6, 0),
(4833, 6, 0),
(4834, 6, 0),
(4836, 6, 0),
(4837, 6, 0),
(4838, 6, 0),
(4839, 6, 0),
(4840, 6, 0),
(4841, 6, 0),
(4842, 6, 0),
(4843, 6, 0),
(4844, 6, 0),
(4845, 6, 0),
(4846, 6, 0),
(4847, 6, 0),
(4848, 6, 0),
(4849, 6, 0),
(4850, 6, 0),
(4851, 6, 0),
(4852, 6, 0),
(4853, 6, 0),
(4854, 6, 0),
(4855, 6, 0),
(4856, 6, 0),
(4857, 6, 0),
(4858, 6, 0),
(4859, 6, 0),
(4860, 6, 0),
(4861, 6, 0),
(4862, 6, 0),
(4863, 6, 0),
(4864, 6, 0),
(4865, 6, 0),
(4866, 6, 0),
(4867, 6, 0),
(4868, 6, 0),
(4869, 6, 0),
(4870, 6, 0),
(4871, 6, 0),
(4872, 6, 0),
(4873, 6, 0),
(4876, 6, 0),
(4877, 6, 0),
(4878, 6, 0),
(4879, 6, 0),
(4880, 6, 0),
(4881, 6, 0),
(4882, 6, 0),
(4883, 6, 0),
(4884, 6, 0),
(4885, 6, 0),
(4886, 6, 0),
(4887, 6, 0),
(4888, 6, 0),
(4889, 6, 0),
(4890, 6, 0),
(4891, 6, 0),
(4892, 6, 0),
(4893, 6, 0),
(4894, 6, 0),
(4895, 6, 0),
(4896, 6, 0),
(4897, 6, 0),
(4898, 6, 0),
(4899, 6, 0),
(4900, 6, 0),
(4901, 6, 0),
(4902, 6, 0),
(4903, 6, 0),
(4904, 6, 0),
(4905, 6, 0),
(4906, 6, 0),
(4907, 6, 0),
(4908, 6, 0),
(4909, 6, 0),
(4910, 6, 0),
(4911, 6, 0),
(4912, 6, 0),
(4913, 6, 0),
(4914, 6, 0),
(4915, 6, 0),
(4916, 6, 0),
(4917, 6, 0),
(4918, 6, 0),
(4919, 6, 0),
(4920, 6, 0),
(4921, 6, 0),
(4922, 6, 0),
(4923, 6, 0),
(4924, 6, 0),
(4925, 6, 0),
(4926, 6, 0),
(4927, 6, 0),
(4928, 6, 0),
(4929, 6, 0),
(4930, 6, 0),
(4931, 6, 0),
(4932, 6, 0),
(4933, 6, 0),
(4934, 6, 0),
(4935, 6, 0),
(4936, 6, 0),
(4937, 6, 0),
(4938, 6, 0),
(4939, 6, 0),
(4940, 6, 0),
(4941, 6, 0),
(4942, 6, 0),
(4943, 6, 0),
(4944, 6, 0),
(4945, 6, 0),
(4946, 6, 0),
(4947, 6, 0),
(4948, 6, 0),
(4950, 6, 0),
(4951, 6, 0),
(4952, 6, 0),
(4953, 6, 0),
(4954, 6, 0),
(4955, 6, 0),
(4956, 6, 0),
(4957, 6, 0),
(4958, 6, 0),
(4959, 6, 0),
(4960, 6, 0),
(4961, 6, 0),
(4962, 6, 0),
(4963, 6, 0),
(4964, 6, 0),
(4965, 6, 0),
(4966, 6, 0),
(4967, 6, 0),
(4968, 6, 0),
(4969, 6, 0),
(4970, 6, 0),
(4971, 6, 0),
(4972, 6, 0),
(4973, 6, 0),
(4974, 6, 0),
(4975, 6, 0),
(4976, 6, 0),
(4977, 6, 0),
(4978, 6, 0),
(4979, 6, 0),
(4980, 6, 0),
(4981, 6, 0),
(4982, 6, 0),
(4983, 6, 0),
(4984, 6, 0),
(4985, 6, 0),
(4986, 6, 0),
(4987, 6, 0),
(4989, 6, 0),
(4990, 6, 0),
(4991, 6, 0),
(4992, 6, 0),
(4993, 6, 0),
(4994, 6, 0),
(4994, 104, 0),
(4994, 105, 0),
(4995, 6, 0),
(4996, 6, 0),
(4997, 6, 0),
(4998, 6, 0),
(4998, 105, 0),
(4998, 106, 0),
(4999, 6, 0),
(4999, 104, 0),
(4999, 107, 0),
(5000, 6, 0),
(5000, 105, 0),
(5000, 107, 0),
(5001, 6, 0),
(5001, 105, 0),
(5001, 108, 0),
(5002, 6, 0),
(5002, 105, 0),
(5002, 107, 0),
(5003, 6, 0),
(5003, 105, 0),
(5003, 106, 0),
(5004, 6, 0),
(5004, 108, 0),
(5004, 109, 0),
(5005, 6, 0),
(5005, 104, 0),
(5005, 109, 0),
(5006, 6, 0),
(5006, 105, 0),
(5006, 106, 0),
(5007, 6, 0),
(5007, 104, 0),
(5007, 105, 0),
(5008, 6, 0),
(5008, 104, 0),
(5008, 109, 0),
(5009, 6, 0),
(5009, 107, 0),
(5009, 109, 0),
(5010, 6, 0),
(5010, 105, 0),
(5010, 109, 0),
(5011, 6, 0),
(5011, 105, 0),
(5011, 108, 0),
(5012, 6, 0),
(5012, 104, 0),
(5013, 6, 0),
(5014, 108, 0),
(5014, 109, 0),
(5015, 6, 0),
(5015, 107, 0),
(5015, 108, 0),
(5016, 6, 0),
(5016, 105, 0),
(5016, 108, 0),
(5017, 6, 0),
(5017, 104, 0),
(5017, 106, 0),
(5018, 6, 0),
(5018, 104, 0),
(5018, 109, 0),
(5019, 6, 0),
(5019, 107, 0),
(5019, 109, 0),
(5020, 6, 0),
(5020, 104, 0),
(5020, 105, 0),
(5021, 6, 0),
(5021, 105, 0),
(5021, 107, 0),
(5022, 6, 0),
(5022, 107, 0),
(5022, 108, 0),
(5023, 6, 0),
(5023, 108, 0),
(5024, 106, 0),
(5025, 106, 0),
(5025, 109, 0),
(5027, 6, 0),
(5027, 107, 0),
(5027, 109, 0),
(5028, 6, 0),
(5028, 109, 0),
(5028, 110, 0),
(5029, 6, 0),
(5029, 104, 0),
(5029, 110, 0),
(5030, 6, 0),
(5030, 106, 0),
(5030, 110, 0),
(5031, 107, 0),
(5031, 110, 0),
(5032, 108, 0),
(5032, 109, 0),
(5033, 104, 0),
(5033, 105, 0),
(5034, 108, 0),
(5034, 110, 0),
(5035, 107, 0),
(5035, 108, 0),
(5036, 107, 0),
(5036, 108, 0),
(5037, 109, 0),
(5037, 110, 0),
(5038, 107, 0),
(5039, 106, 0),
(5039, 108, 0),
(5040, 104, 0),
(5040, 107, 0),
(5043, 6, 0),
(5044, 6, 0),
(5083, 6, 0),
(5084, 6, 0),
(5095, 6, 0),
(5096, 6, 0),
(5148, 6, 0),
(5149, 6, 0),
(5159, 6, 0),
(5160, 6, 0),
(5176, 6, 0),
(5177, 6, 0),
(5188, 6, 0),
(5189, 6, 0),
(5300, 6, 0),
(5301, 6, 0),
(5302, 6, 0),
(5303, 6, 0),
(5304, 6, 0),
(5305, 6, 0),
(5307, 6, 0),
(5308, 6, 0),
(5309, 6, 0),
(5310, 6, 0),
(5311, 6, 0),
(5312, 6, 0),
(5313, 6, 0),
(5314, 6, 0),
(5315, 6, 0),
(5316, 6, 0),
(5317, 6, 0),
(5318, 6, 0),
(5320, 6, 0),
(5321, 6, 0),
(5322, 6, 0),
(5323, 6, 0),
(5324, 6, 0),
(5325, 6, 0),
(5326, 6, 0),
(5327, 6, 0),
(5328, 6, 0),
(5329, 6, 0),
(5330, 6, 0),
(5331, 6, 0),
(5332, 6, 0),
(5333, 6, 0),
(5334, 6, 0),
(5335, 6, 0),
(5336, 6, 0),
(5337, 6, 0),
(5338, 6, 0),
(5339, 6, 0),
(5340, 6, 0),
(5341, 6, 0),
(5342, 6, 0),
(5343, 6, 0),
(5344, 6, 0),
(5345, 6, 0),
(5346, 6, 0),
(5347, 6, 0),
(5348, 6, 0),
(5349, 6, 0),
(5350, 6, 0),
(5351, 6, 0),
(5352, 6, 0),
(5353, 6, 0),
(5354, 6, 0),
(5355, 6, 0),
(5360, 6, 0),
(5361, 6, 0),
(5363, 6, 0),
(5364, 6, 0),
(5365, 6, 0),
(5366, 6, 0),
(5367, 6, 0),
(5368, 6, 0),
(5369, 6, 0),
(5370, 6, 0),
(5371, 6, 0),
(5372, 6, 0),
(5373, 6, 0),
(5374, 6, 0),
(5375, 6, 0),
(5376, 6, 0),
(5377, 6, 0),
(5378, 6, 0),
(5380, 6, 0),
(5381, 6, 0),
(5382, 6, 0),
(5383, 6, 0),
(5384, 6, 0),
(5385, 6, 0),
(5386, 6, 0),
(5387, 6, 0),
(5388, 6, 0),
(5389, 6, 0),
(5390, 6, 0),
(5391, 6, 0),
(5393, 6, 0),
(5394, 6, 0),
(5395, 6, 0),
(5396, 6, 0),
(5397, 6, 0),
(5398, 6, 0),
(5399, 6, 0),
(5400, 6, 0),
(5402, 6, 0),
(5403, 6, 0),
(5404, 6, 0),
(5405, 6, 0),
(5406, 6, 0),
(5407, 6, 0),
(5408, 6, 0),
(5409, 6, 0),
(5410, 6, 0),
(5411, 6, 0),
(5412, 6, 0),
(5413, 6, 0),
(5414, 6, 0),
(5415, 6, 0),
(5416, 6, 0),
(5417, 6, 0),
(5418, 6, 0),
(5419, 6, 0),
(5420, 6, 0),
(5421, 6, 0),
(5424, 6, 0),
(5425, 6, 0),
(5426, 6, 0),
(5427, 6, 0),
(5428, 6, 0),
(5429, 6, 0),
(5430, 6, 0),
(5431, 6, 0),
(5432, 6, 0),
(5433, 6, 0),
(5434, 6, 0),
(5435, 6, 0),
(5436, 6, 0),
(5437, 6, 0),
(5438, 6, 0),
(5439, 6, 0),
(5440, 6, 0),
(5441, 6, 0),
(5442, 6, 0),
(5443, 6, 0),
(5444, 6, 0),
(5445, 6, 0),
(5446, 6, 0),
(5447, 6, 0),
(5448, 6, 0),
(5449, 6, 0),
(5450, 6, 0),
(5451, 6, 0),
(5452, 6, 0),
(5453, 6, 0),
(5454, 6, 0),
(5455, 6, 0),
(5456, 6, 0),
(5457, 6, 0),
(5458, 6, 0),
(5459, 6, 0),
(5460, 6, 0),
(5461, 6, 0),
(5462, 6, 0),
(5463, 6, 0),
(5464, 6, 0),
(5465, 6, 0),
(5466, 6, 0),
(5467, 6, 0),
(5469, 6, 0),
(5470, 6, 0),
(5472, 6, 0),
(5473, 6, 0),
(5474, 6, 0),
(5475, 6, 0),
(5476, 6, 0),
(5477, 6, 0),
(5478, 6, 0),
(5479, 6, 0),
(5480, 6, 0),
(5481, 6, 0),
(5482, 6, 0),
(5483, 6, 0),
(5484, 6, 0),
(5485, 6, 0),
(5486, 6, 0),
(5487, 6, 0),
(5488, 6, 0),
(5489, 6, 0),
(5490, 6, 0),
(5491, 6, 0),
(5492, 6, 0),
(5493, 6, 0),
(5494, 6, 0),
(5495, 6, 0),
(5496, 6, 0),
(5497, 6, 0),
(5498, 6, 0),
(5499, 6, 0),
(5500, 6, 0),
(5501, 6, 0),
(5502, 6, 0),
(5503, 6, 0),
(5504, 6, 0),
(5505, 6, 0),
(5506, 6, 0),
(5507, 6, 0),
(5508, 6, 0),
(5509, 6, 0),
(5510, 6, 0),
(5511, 6, 0),
(5512, 6, 0),
(5513, 6, 0),
(5514, 6, 0),
(5515, 6, 0),
(5516, 6, 0),
(5517, 6, 0),
(5518, 6, 0),
(5519, 6, 0),
(5525, 6, 0),
(5526, 6, 0),
(5527, 6, 0),
(5528, 6, 0),
(5529, 6, 0),
(5530, 6, 0),
(5533, 6, 0),
(5534, 6, 0),
(5536, 6, 0),
(5537, 6, 0),
(5538, 6, 0),
(5539, 6, 0),
(5540, 6, 0),
(5541, 6, 0),
(5542, 6, 0),
(5543, 6, 0),
(5544, 6, 0),
(5545, 6, 0),
(5546, 6, 0),
(5547, 6, 0),
(5548, 6, 0),
(5549, 6, 0),
(5550, 6, 0),
(5551, 6, 0),
(5552, 6, 0),
(5553, 6, 0),
(5554, 6, 0),
(5555, 6, 0),
(5556, 6, 0),
(5557, 6, 0),
(5558, 6, 0),
(5559, 6, 0),
(5560, 6, 0),
(5561, 6, 0),
(5562, 6, 0),
(5563, 6, 0),
(5564, 6, 0),
(5565, 6, 0),
(5566, 6, 0),
(5567, 6, 0),
(5568, 6, 0),
(5569, 6, 0),
(5570, 6, 0),
(5571, 6, 0),
(5572, 6, 0),
(5573, 6, 0),
(5574, 6, 0),
(5575, 6, 0),
(5576, 6, 0),
(5577, 6, 0),
(5578, 6, 0),
(5579, 6, 0),
(5580, 6, 0),
(5581, 6, 0),
(5582, 6, 0),
(5583, 6, 0),
(5584, 6, 0),
(5585, 6, 0),
(5586, 6, 0),
(5587, 6, 0),
(5588, 6, 0),
(5589, 6, 0),
(5590, 6, 0),
(5591, 6, 0),
(5592, 6, 0),
(5593, 6, 0),
(5594, 6, 0),
(5595, 6, 0),
(5596, 6, 0),
(5597, 6, 0),
(5598, 6, 0),
(5599, 6, 0),
(5600, 6, 0),
(5601, 6, 0),
(5602, 6, 0),
(5603, 6, 0),
(5604, 6, 0),
(5605, 6, 0),
(5606, 6, 0),
(5607, 6, 0),
(5608, 6, 0),
(5609, 6, 0),
(5610, 6, 0),
(5611, 6, 0),
(5612, 6, 0),
(5613, 6, 0),
(5614, 6, 0),
(5615, 6, 0),
(5616, 6, 0),
(5617, 6, 0),
(5618, 6, 0),
(5619, 6, 0),
(5620, 6, 0),
(5621, 6, 0),
(5622, 6, 0),
(5623, 6, 0),
(5624, 6, 0),
(5625, 6, 0),
(5626, 6, 0),
(5627, 6, 0),
(5628, 6, 0),
(5629, 6, 0),
(5630, 6, 0),
(5631, 6, 0),
(5632, 6, 0),
(5633, 6, 0),
(5634, 6, 0),
(5635, 6, 0),
(5636, 6, 0),
(5637, 6, 0),
(5638, 6, 0),
(5639, 6, 0),
(5640, 6, 0),
(5641, 6, 0),
(5642, 6, 0),
(5643, 6, 0),
(5644, 6, 0),
(5645, 6, 0),
(5646, 6, 0),
(5647, 6, 0),
(5648, 6, 0),
(5649, 6, 0),
(5650, 6, 0),
(5651, 6, 0),
(5652, 6, 0),
(5653, 6, 0),
(5654, 6, 0),
(5655, 6, 0),
(5656, 6, 0),
(5657, 6, 0),
(5658, 6, 0),
(5659, 6, 0),
(5660, 6, 0),
(5661, 6, 0),
(5662, 6, 0),
(5663, 6, 0),
(5664, 6, 0),
(5665, 6, 0),
(5666, 6, 0),
(5667, 6, 0),
(5668, 6, 0),
(5669, 6, 0),
(5670, 6, 0),
(5671, 6, 0),
(5672, 6, 0),
(5675, 6, 0),
(5676, 6, 0),
(5677, 6, 0),
(5678, 6, 0),
(5679, 6, 0),
(5680, 6, 0),
(5681, 6, 0),
(5682, 6, 0),
(5683, 6, 0),
(5684, 6, 0),
(5685, 6, 0),
(5686, 6, 0),
(5687, 6, 0),
(5688, 6, 0),
(5689, 6, 0),
(5690, 6, 0),
(5691, 6, 0),
(5692, 6, 0),
(5693, 6, 0),
(5694, 6, 0),
(5695, 6, 0),
(5696, 6, 0),
(5697, 6, 0),
(5698, 6, 0),
(5699, 6, 0),
(5700, 6, 0),
(5701, 6, 0),
(5702, 6, 0),
(5703, 6, 0),
(5704, 6, 0),
(5705, 6, 0),
(5706, 6, 0),
(5707, 6, 0),
(5708, 6, 0),
(5709, 6, 0),
(5710, 6, 0),
(5711, 6, 0),
(5712, 6, 0),
(5713, 6, 0),
(5714, 6, 0),
(5715, 6, 0),
(5716, 6, 0),
(5717, 6, 0),
(5718, 6, 0),
(5719, 6, 0),
(5720, 6, 0),
(5721, 6, 0),
(5722, 6, 0),
(5723, 6, 0),
(5724, 6, 0),
(5725, 6, 0),
(5726, 6, 0),
(5727, 6, 0),
(5728, 6, 0),
(5729, 6, 0),
(5730, 6, 0),
(5731, 6, 0),
(5732, 6, 0),
(5733, 6, 0),
(5734, 6, 0),
(5735, 6, 0),
(5736, 6, 0),
(5737, 6, 0),
(5738, 6, 0),
(5739, 6, 0),
(5740, 6, 0),
(5741, 6, 0),
(5742, 6, 0),
(5743, 6, 0),
(5744, 6, 0),
(5745, 6, 0),
(5746, 6, 0),
(5747, 6, 0),
(5748, 6, 0),
(5749, 6, 0),
(5750, 6, 0),
(5755, 6, 0),
(5760, 6, 0),
(5762, 6, 0),
(5763, 6, 0),
(5769, 6, 0),
(5770, 6, 0),
(5771, 6, 0),
(5772, 6, 0),
(5773, 6, 0),
(5774, 6, 0),
(5775, 6, 0),
(5776, 6, 0),
(5777, 6, 0),
(5778, 6, 0),
(5779, 6, 0),
(5780, 6, 0),
(5781, 6, 0),
(5782, 6, 0),
(5784, 6, 0),
(5785, 6, 0),
(5786, 6, 0),
(5787, 6, 0),
(5788, 6, 0),
(5789, 6, 0),
(5790, 6, 0),
(5791, 6, 0),
(5792, 6, 0),
(5793, 6, 0),
(5794, 6, 0),
(5795, 6, 0),
(5796, 6, 0),
(5797, 6, 0),
(5798, 6, 0),
(5799, 6, 0),
(5800, 6, 0),
(5801, 6, 0),
(5802, 6, 0),
(5803, 6, 0),
(5804, 6, 0),
(5805, 6, 0),
(5806, 6, 0),
(5807, 6, 0),
(5808, 6, 0),
(5809, 6, 0),
(5810, 6, 0),
(5811, 6, 0),
(5812, 6, 0),
(5813, 6, 0),
(5814, 6, 0),
(5815, 6, 0),
(5816, 6, 0),
(5817, 6, 0),
(5818, 6, 0),
(5819, 6, 0),
(5820, 6, 0),
(5821, 6, 0),
(5822, 6, 0),
(5823, 6, 0),
(5824, 6, 0),
(5825, 6, 0),
(5826, 6, 0),
(5827, 6, 0),
(5828, 6, 0),
(5829, 6, 0),
(5830, 6, 0),
(5831, 6, 0),
(5836, 6, 0),
(5837, 6, 0),
(5838, 6, 0),
(5839, 6, 0),
(5840, 6, 0),
(5841, 6, 0),
(5842, 6, 0),
(5843, 6, 0),
(5844, 6, 0),
(5845, 6, 0),
(5854, 6, 0),
(5855, 6, 0),
(5858, 6, 0),
(5859, 6, 0),
(5860, 6, 0),
(5861, 6, 0),
(5862, 6, 0),
(5863, 6, 0),
(5864, 6, 0),
(5865, 6, 0),
(5867, 6, 0),
(5875, 6, 0),
(5876, 6, 0),
(5877, 6, 0),
(5878, 6, 0),
(5884, 6, 0),
(5885, 6, 0),
(5886, 6, 0),
(5887, 6, 0),
(5893, 6, 0),
(5894, 6, 0),
(5895, 6, 0),
(5896, 6, 0),
(5897, 6, 0),
(5899, 6, 0),
(5900, 6, 0),
(5902, 6, 0),
(5903, 6, 0),
(5904, 6, 0),
(5905, 6, 0),
(5907, 6, 0),
(5908, 6, 0),
(5909, 6, 0),
(5910, 6, 0),
(5911, 6, 0),
(5912, 6, 0),
(5913, 6, 0),
(5914, 6, 0),
(5916, 6, 0),
(5917, 6, 0),
(5918, 6, 0),
(5919, 6, 0),
(5920, 6, 0),
(5921, 6, 0),
(5922, 6, 0),
(5923, 6, 0),
(5924, 6, 0),
(5925, 6, 0),
(5926, 6, 0),
(5927, 6, 0),
(5929, 6, 0),
(5930, 6, 0),
(5931, 6, 0),
(5932, 6, 0),
(5933, 6, 0),
(5935, 6, 0),
(5936, 6, 0),
(5938, 6, 0),
(5939, 6, 0),
(5940, 6, 0),
(5941, 6, 0),
(5943, 6, 0),
(5945, 6, 0),
(5946, 6, 0),
(5947, 6, 0),
(5948, 6, 0),
(5949, 6, 0),
(5950, 6, 0),
(5951, 6, 0),
(5952, 6, 0),
(5953, 6, 0),
(5954, 6, 0),
(5955, 6, 0),
(5956, 6, 0),
(5957, 6, 0),
(5958, 6, 0),
(5961, 6, 0),
(5962, 6, 0),
(5964, 6, 0),
(5965, 6, 0),
(5967, 6, 0),
(5968, 6, 0),
(5970, 6, 0),
(5971, 6, 0),
(5973, 6, 0),
(5974, 6, 0),
(5980, 6, 0),
(5981, 6, 0),
(5990, 6, 0),
(5991, 6, 0),
(5998, 6, 0),
(5999, 6, 0),
(6000, 6, 0),
(6001, 6, 0),
(6002, 6, 0),
(6003, 6, 0),
(6004, 6, 0),
(6005, 6, 0),
(6006, 6, 0),
(6007, 6, 0),
(6008, 6, 0),
(6009, 6, 0),
(6010, 6, 0),
(6011, 6, 0),
(6022, 6, 0),
(6023, 6, 0),
(6024, 6, 0),
(6025, 6, 0),
(6027, 6, 0),
(6028, 6, 0),
(6033, 6, 0),
(6034, 6, 0),
(6039, 6, 0),
(6040, 6, 0),
(6044, 6, 0),
(6045, 6, 0),
(6046, 6, 0),
(6047, 6, 0),
(6048, 6, 0),
(6049, 6, 0),
(6053, 6, 0),
(6054, 6, 0),
(6055, 6, 0),
(6056, 6, 0),
(6057, 6, 0),
(6058, 6, 0),
(6059, 6, 0),
(6060, 6, 0),
(6061, 6, 0),
(6062, 6, 0),
(6063, 6, 0),
(6064, 6, 0),
(6065, 6, 0),
(6066, 6, 0),
(6067, 6, 0),
(6068, 6, 0),
(6070, 6, 0),
(6071, 6, 0),
(6072, 6, 0),
(6073, 6, 0),
(6074, 6, 0),
(6075, 6, 0),
(6076, 6, 0),
(6077, 6, 0),
(6078, 6, 0),
(6079, 6, 0),
(6080, 6, 0),
(6081, 6, 0),
(6082, 6, 0),
(6083, 6, 0),
(6085, 6, 0),
(6086, 6, 0),
(6087, 6, 0),
(6088, 6, 0),
(6091, 6, 0),
(6092, 6, 0),
(6093, 6, 0),
(6094, 6, 0),
(6098, 6, 0),
(6099, 6, 0),
(6101, 6, 0),
(6102, 6, 0),
(6103, 6, 0),
(6104, 6, 0),
(6105, 6, 0),
(6106, 6, 0),
(6107, 6, 0),
(6111, 6, 0),
(6112, 6, 0),
(6113, 6, 0),
(6114, 6, 0),
(6115, 6, 0),
(6116, 6, 0),
(6117, 6, 0),
(6118, 6, 0),
(6119, 6, 0),
(6120, 6, 0),
(6121, 6, 0),
(6122, 6, 0),
(6123, 6, 0),
(6124, 6, 0),
(6125, 6, 0),
(6126, 6, 0),
(6128, 6, 0),
(6131, 6, 0),
(6132, 6, 0),
(6133, 6, 0),
(6134, 6, 0),
(6135, 6, 0),
(6136, 6, 0),
(6137, 6, 0),
(6138, 6, 0),
(6139, 6, 0),
(6140, 6, 0),
(6141, 6, 0),
(6142, 6, 0),
(6143, 6, 0),
(6144, 6, 0),
(6145, 6, 0),
(6146, 6, 0),
(6148, 6, 0),
(6153, 6, 0),
(6154, 6, 0),
(6155, 6, 0),
(6156, 6, 0),
(6157, 6, 0),
(6158, 6, 0),
(6159, 6, 0),
(6160, 6, 0),
(6161, 6, 0),
(6162, 6, 0),
(6163, 6, 0),
(6164, 6, 0),
(6165, 6, 0),
(6166, 6, 0),
(6167, 6, 0),
(6168, 6, 0),
(6169, 6, 0),
(6170, 6, 0),
(6171, 6, 0),
(6172, 6, 0),
(6173, 6, 0),
(6174, 6, 0),
(6175, 6, 0),
(6176, 6, 0),
(6177, 6, 0),
(6178, 6, 0),
(6179, 6, 0),
(6180, 6, 0),
(6181, 6, 0),
(6182, 6, 0),
(6183, 6, 0),
(6184, 6, 0),
(6185, 6, 0),
(6186, 6, 0),
(6187, 6, 0),
(6188, 6, 0),
(6189, 6, 0),
(6190, 6, 0),
(6191, 6, 0),
(6192, 6, 0),
(6193, 6, 0),
(6194, 6, 0),
(6195, 6, 0),
(6196, 6, 0),
(6197, 6, 0),
(6198, 6, 0),
(6199, 6, 0),
(6200, 6, 0),
(6201, 6, 0),
(6202, 6, 0),
(6203, 6, 0),
(6204, 6, 0),
(6205, 6, 0),
(6206, 6, 0),
(6207, 6, 0),
(6208, 6, 0),
(6209, 6, 0),
(6210, 6, 0),
(6211, 6, 0),
(6212, 6, 0),
(6213, 6, 0),
(6214, 6, 0),
(6215, 6, 0),
(6216, 6, 0),
(6217, 6, 0),
(6218, 6, 0),
(6219, 6, 0),
(6220, 6, 0),
(6221, 6, 0),
(6222, 6, 0),
(6223, 6, 0),
(6224, 6, 0),
(6225, 6, 0),
(6226, 6, 0),
(6228, 6, 0),
(6229, 6, 0),
(6230, 6, 0),
(6231, 6, 0),
(6236, 6, 0),
(6237, 6, 0),
(6238, 6, 0),
(6239, 6, 0),
(6240, 6, 0),
(6241, 6, 0),
(6242, 6, 0),
(6243, 6, 0),
(6244, 6, 0),
(6245, 6, 0),
(6246, 6, 0),
(6247, 6, 0),
(6248, 6, 0),
(6249, 6, 0),
(6250, 6, 0),
(6251, 6, 0),
(6252, 6, 0),
(6253, 6, 0),
(6254, 6, 0),
(6255, 6, 0),
(6256, 6, 0),
(6257, 6, 0),
(6258, 6, 0),
(6259, 6, 0),
(6260, 6, 0),
(6261, 6, 0),
(6262, 6, 0),
(6263, 6, 0),
(6264, 6, 0),
(6265, 6, 0),
(6269, 6, 0),
(6270, 6, 0),
(6271, 6, 0),
(6272, 6, 0),
(6273, 6, 0),
(6274, 6, 0),
(6275, 6, 0),
(6276, 6, 0),
(6277, 6, 0),
(6278, 6, 0),
(6279, 6, 0),
(6280, 6, 0),
(6281, 6, 0),
(6282, 6, 0),
(6283, 6, 0),
(6284, 6, 0),
(6285, 6, 0),
(6286, 6, 0),
(6287, 6, 0),
(6288, 6, 0),
(6289, 6, 0),
(6290, 6, 0),
(6292, 6, 0),
(6293, 6, 0),
(6294, 6, 0),
(6295, 6, 0),
(6296, 6, 0),
(6297, 6, 0),
(6298, 6, 0),
(6299, 6, 0),
(6300, 6, 0),
(6301, 6, 0),
(6302, 6, 0),
(6303, 6, 0),
(6304, 6, 0),
(6305, 6, 0),
(6306, 6, 0),
(6307, 6, 0),
(6308, 6, 0),
(6309, 6, 0),
(6310, 6, 0),
(6311, 6, 0),
(6312, 6, 0),
(6313, 6, 0),
(6314, 6, 0),
(6315, 6, 0),
(6316, 6, 0),
(6317, 6, 0),
(6318, 6, 0),
(6319, 6, 0),
(6320, 6, 0),
(6321, 6, 0),
(6322, 6, 0),
(6323, 6, 0),
(6324, 6, 0),
(6325, 6, 0),
(6326, 6, 0),
(6327, 6, 0),
(6328, 6, 0),
(6329, 6, 0),
(6330, 6, 0),
(6331, 6, 0),
(6332, 6, 0),
(6334, 6, 0),
(6335, 6, 0),
(6336, 6, 0),
(6337, 6, 0),
(6338, 6, 0),
(6339, 6, 0),
(6340, 6, 0),
(6341, 6, 0),
(6342, 6, 0),
(6343, 6, 0),
(6344, 6, 0),
(6345, 6, 0),
(6346, 6, 0),
(6347, 6, 0),
(6349, 6, 0),
(6350, 6, 0),
(6351, 6, 0),
(6352, 6, 0),
(6353, 6, 0),
(6354, 6, 0),
(6355, 6, 0),
(6356, 6, 0),
(6357, 6, 0),
(6358, 6, 0),
(6359, 6, 0),
(6360, 6, 0),
(6362, 6, 0),
(6363, 6, 0),
(6365, 6, 0),
(6366, 6, 0),
(6367, 6, 0),
(6368, 6, 0),
(6369, 6, 0),
(6370, 6, 0),
(6371, 6, 0),
(6372, 6, 0),
(6373, 6, 0),
(6374, 6, 0),
(6375, 6, 0),
(6376, 6, 0),
(6377, 6, 0),
(6378, 6, 0),
(6379, 6, 0),
(6380, 6, 0),
(6381, 6, 0),
(6382, 6, 0),
(6384, 6, 0),
(6385, 6, 0),
(6386, 6, 0),
(6387, 6, 0),
(6389, 6, 0),
(6390, 6, 0),
(6391, 6, 0),
(6392, 6, 0),
(6393, 6, 0),
(6394, 6, 0),
(6395, 6, 0),
(6396, 6, 0),
(6397, 6, 0),
(6398, 6, 0),
(6399, 6, 0),
(6400, 6, 0),
(6401, 6, 0),
(6402, 6, 0),
(6403, 6, 0),
(6404, 6, 0),
(6405, 6, 0),
(6406, 6, 0),
(6407, 6, 0),
(6409, 6, 0),
(6410, 6, 0),
(6411, 6, 0),
(6414, 6, 0),
(6415, 6, 0),
(6416, 6, 0),
(6417, 6, 0),
(6428, 6, 0),
(6429, 6, 0),
(6430, 6, 0),
(6432, 6, 0),
(6433, 6, 0),
(6434, 6, 0),
(6435, 6, 0),
(6436, 6, 0),
(6437, 6, 0),
(6438, 6, 0),
(6439, 6, 0),
(6440, 6, 0),
(6443, 6, 0),
(6444, 6, 0),
(6445, 6, 0),
(6446, 6, 0),
(6447, 6, 0),
(6448, 6, 0),
(6449, 6, 0),
(6450, 6, 0),
(6451, 6, 0),
(6452, 6, 0),
(6453, 6, 0),
(6454, 6, 0),
(6455, 6, 0),
(6456, 6, 0),
(6457, 6, 0),
(6459, 6, 0),
(6460, 6, 0),
(6860, 86, 0),
(6861, 87, 0),
(6862, 88, 0),
(6863, 89, 0),
(6864, 90, 0),
(6865, 91, 0),
(6866, 92, 0),
(6867, 93, 0),
(6868, 94, 0),
(6869, 95, 0),
(6870, 96, 0),
(6871, 97, 0),
(6872, 98, 0),
(6873, 99, 0),
(6874, 100, 0),
(6875, 101, 0),
(6921, 6, 0),
(6922, 6, 0),
(7093, 102, 0),
(7094, 102, 0),
(7095, 102, 0),
(7096, 102, 0),
(7097, 102, 0),
(7098, 102, 0),
(7099, 102, 0),
(7100, 102, 0),
(7101, 102, 0),
(7102, 102, 0),
(7103, 102, 0),
(7104, 102, 0),
(7105, 102, 0),
(7106, 102, 0),
(7107, 102, 0),
(7108, 102, 0),
(7109, 102, 0),
(7110, 102, 0),
(7111, 102, 0),
(7112, 102, 0),
(7113, 102, 0),
(7114, 102, 0),
(7115, 102, 0),
(7116, 102, 0),
(7118, 102, 0),
(7119, 102, 0),
(7120, 102, 0),
(7121, 102, 0),
(7122, 102, 0),
(7123, 102, 0),
(7124, 102, 0),
(7125, 102, 0),
(7126, 102, 0),
(7127, 102, 0),
(7128, 102, 0),
(7129, 102, 0),
(7250, 102, 0),
(7286, 103, 0),
(7287, 103, 0),
(7288, 103, 0),
(7474, 102, 0),
(8239, 102, 0),
(8240, 102, 0),
(8241, 102, 0),
(8242, 102, 0),
(8243, 102, 0),
(8287, 102, 0),
(8295, 102, 0),
(8447, 107, 0),
(8447, 109, 0),
(8986, 102, 0),
(8987, 102, 0),
(8988, 102, 0),
(8989, 102, 0),
(8990, 102, 0),
(9342, 102, 0),
(10208, 102, 0),
(10209, 102, 0),
(10451, 102, 0),
(10452, 102, 0),
(10453, 102, 0),
(10455, 102, 0),
(10457, 102, 0),
(10458, 102, 0),
(10459, 102, 0),
(10460, 102, 0),
(10464, 102, 0),
(10467, 102, 0),
(10533, 102, 0),
(10622, 102, 0),
(10623, 102, 0),
(11025, 121, 0),
(11046, 122, 0),
(11046, 123, 0),
(11046, 124, 0),
(11048, 110, 0),
(11066, 122, 0),
(11066, 123, 0),
(11066, 125, 0),
(11066, 128, 0),
(11071, 17, 0),
(11085, 110, 0),
(11129, 121, 0),
(11222, 121, 0),
(11367, 125, 0),
(11367, 126, 0),
(11408, 123, 0),
(11408, 125, 0),
(11410, 123, 0),
(11410, 125, 0),
(11412, 125, 0),
(11412, 129, 0),
(11414, 125, 0),
(11414, 130, 0),
(11666, 121, 0),
(11692, 131, 0),
(11694, 131, 0),
(11708, 121, 0),
(11817, 8, 0),
(11818, 8, 0),
(12082, 121, 0),
(12416, 132, 0),
(12417, 132, 0),
(12418, 132, 0),
(12419, 132, 0),
(12420, 132, 0),
(12421, 132, 0),
(12422, 132, 0),
(12423, 132, 0),
(12424, 132, 0);

-- --------------------------------------------------------

--
-- Table structure for table `term_taxonomy`
--

CREATE TABLE `term_taxonomy` (
  `term_taxonomy_id` bigint(20) UNSIGNED NOT NULL,
  `term_id` bigint(20) UNSIGNED NOT NULL DEFAULT '0',
  `taxonomy` varchar(32) COLLATE utf8_unicode_ci NOT NULL DEFAULT '',
  `description` longtext COLLATE utf8_unicode_ci NOT NULL,
  `parent` bigint(20) UNSIGNED NOT NULL DEFAULT '0',
  `count` bigint(20) NOT NULL DEFAULT '0'
) ENGINE=InnoDB DEFAULT CHARSET=utf8 COLLATE=utf8_unicode_ci ROW_FORMAT=DYNAMIC;

--
-- Dumping data for table `term_taxonomy`
--

INSERT INTO `term_taxonomy` (`term_taxonomy_id`, `term_id`, `taxonomy`, `description`, `parent`, `count`) VALUES
(1, 1, 'category', '', 0, 0),
(2, 2, 'product_type', '', 0, 0),
(3, 3, 'product_type', '', 0, 0),
(4, 4, 'product_type', '', 0, 0),
(5, 5, 'product_type', '', 0, 0),
(6, 6, 'portfolio_entries', '', 0, 0),
(8, 8, 'nav_menu', '', 0, 2),
(9, 9, 'post_tag', '', 0, 0),
(10, 10, 'post_format', '', 0, 0),
(11, 11, 'post_format', '', 0, 0),
(12, 12, 'post_format', '', 0, 0),
(13, 13, 'post_format', '', 0, 0),
(14, 14, 'post_format', '', 0, 0),
(15, 15, 'post_format', '', 0, 0),
(16, 16, 'post_format', '', 0, 0),
(17, 17, 'category', '', 0, 0),
(18, 18, 'category', '', 0, 0),
(19, 19, 'post_format', '', 0, 0),
(20, 20, 'post_tag', '', 0, 0),
(21, 21, 'post_tag', '', 0, 0),
(22, 22, 'category', '', 0, 0),
(23, 23, 'post_tag', '', 0, 0),
(24, 24, 'category', '', 0, 0),
(25, 25, 'post_tag', '', 0, 0),
(26, 26, 'post_tag', '', 0, 0),
(27, 27, 'category', '', 0, 0),
(28, 28, 'post_format', '', 0, 0),
(29, 29, 'post_tag', '', 0, 0),
(30, 30, 'category', '', 0, 0),
(31, 31, 'post_tag', '', 0, 0),
(51, 51, 'portfolio_entries', '', 0, 0),
(52, 52, 'portfolio_entries', '', 0, 0),
(53, 53, 'portfolio_entries', '', 0, 0),
(54, 54, 'portfolio_entries', '', 0, 0),
(55, 55, 'portfolio_entries', '', 0, 0),
(56, 56, 'product_cat', '', 0, 0),
(57, 57, 'product_tag', '', 0, 0),
(58, 58, 'product_cat', '', 0, 0),
(59, 59, 'product_tag', '', 0, 0),
(60, 60, 'product_cat', '', 0, 0),
(61, 61, 'product_tag', '', 0, 0),
(62, 62, 'product_cat', '', 0, 0),
(63, 63, 'product_tag', '', 0, 0),
(64, 64, 'tribe_events_cat', '', 0, 0),
(65, 65, 'post_tag', '', 0, 0),
(66, 66, 'tribe_events_cat', '', 0, 0),
(67, 67, 'tribe_events_cat', '', 0, 0),
(68, 68, 'post_tag', '', 0, 0),
(69, 69, 'post_tag', '', 0, 0),
(70, 70, 'tribe_events_cat', '', 0, 0),
(71, 71, 'tribe_events_cat', '', 0, 0),
(72, 72, 'post_tag', '', 0, 0),
(73, 73, 'tribe_events_cat', '', 0, 0),
(74, 74, 'post_tag', '', 0, 0),
(75, 75, 'post_tag', '', 0, 0),
(76, 76, 'pa_color', '', 0, 0),
(77, 77, 'pa_color', '', 0, 0),
(78, 78, 'pa_color', '', 0, 0),
(79, 79, 'pa_color', '', 0, 0),
(80, 80, 'pa_size', '', 0, 0),
(81, 81, 'pa_size', '', 0, 0),
(82, 82, 'pa_size', '', 0, 0),
(83, 83, 'pa_size', '', 0, 0),
(84, 84, 'topic-tag', '', 0, 0),
(85, 85, 'topic-tag', '', 0, 0),
(86, 86, 'bp-email-type', 'A member has replied to an activity update that the recipient posted.', 0, 1),
(87, 87, 'bp-email-type', 'A member has replied to a comment on an activity update that the recipient posted.', 0, 1),
(88, 88, 'bp-email-type', 'Recipient was mentioned in an activity update.', 0, 1),
(89, 89, 'bp-email-type', 'Recipient was mentioned in a group activity update.', 0, 1),
(90, 90, 'bp-email-type', 'Recipient has registered for an account.', 0, 1),
(91, 91, 'bp-email-type', 'Recipient has registered for an account and site.', 0, 1),
(92, 92, 'bp-email-type', 'A member has sent a friend request to the recipient.', 0, 1),
(93, 93, 'bp-email-type', 'Recipient has had a friend request accepted by a member.', 0, 1),
(94, 94, 'bp-email-type', 'A group\'s details were updated.', 0, 1),
(95, 95, 'bp-email-type', 'A member has sent a group invitation to the recipient.', 0, 1),
(96, 96, 'bp-email-type', 'Recipient\'s status within a group has changed.', 0, 1),
(97, 97, 'bp-email-type', 'A member has requested permission to join a group.', 0, 1),
(98, 98, 'bp-email-type', 'Recipient has received a private message.', 0, 1),
(99, 99, 'bp-email-type', 'Recipient has changed their email address.', 0, 1),
(100, 100, 'bp-email-type', 'Recipient had requested to join a group, which was accepted.', 0, 1),
(101, 101, 'bp-email-type', 'Recipient had requested to join a group, which was rejected.', 0, 1),
(102, 102, 'nav_menu', '', 0, 66),
(103, 103, 'nav_menu', '', 0, 3),
(104, 104, 'doctor_departments', '', 0, 0),
(105, 105, 'doctor_departments', '', 0, 0),
(106, 106, 'doctor_departments', '', 0, 0),
(107, 107, 'doctor_departments', '', 0, 0),
(108, 108, 'doctor_departments', '', 0, 0),
(109, 109, 'doctor_departments', '', 0, 0),
(110, 110, 'doctor_departments', '', 0, 0),
(111, 111, 'product_visibility', '', 0, 0),
(112, 112, 'product_visibility', '', 0, 0),
(113, 113, 'product_visibility', '', 0, 0),
(114, 114, 'product_visibility', '', 0, 0),
(115, 115, 'product_visibility', '', 0, 0),
(116, 116, 'product_visibility', '', 0, 0),
(117, 117, 'product_visibility', '', 0, 0),
(118, 118, 'product_visibility', '', 0, 0),
(119, 119, 'product_visibility', '', 0, 0),
(120, 120, 'product_cat', '', 0, 0),
(121, 121, 'nav_menu', '', 0, 6),
(122, 122, 'doctor_departments', '', 0, 2),
(123, 123, 'doctor_departments', '', 0, 4),
(124, 124, 'doctor_departments', '', 0, 1),
(125, 125, 'doctor_departments', '', 0, 6),
(126, 126, 'doctor_departments', '', 0, 1),
(127, 127, 'doctor_departments', '', 0, 0),
(128, 128, 'doctor_departments', '', 0, 1),
(129, 129, 'doctor_departments', '', 0, 1),
(130, 130, 'doctor_departments', '', 0, 1),
(131, 131, 'doctor_departments', '', 0, 2),
(132, 132, 'action-group', '', 0, 9),
(133, 133, 'action-group', '', 0, 0);

-- --------------------------------------------------------

--
-- Table structure for table `usermeta`
--

CREATE TABLE `usermeta` (
  `umeta_id` bigint(20) UNSIGNED NOT NULL,
  `user_id` bigint(20) UNSIGNED NOT NULL DEFAULT '0',
  `meta_key` varchar(255) COLLATE utf8mb4_unicode_ci DEFAULT NULL,
  `meta_value` longtext COLLATE utf8mb4_unicode_ci
) ENGINE=MyISAM DEFAULT CHARSET=utf8mb4 COLLATE=utf8mb4_unicode_ci;

--
-- Dumping data for table `usermeta`
--

INSERT INTO `usermeta` (`umeta_id`, `user_id`, `meta_key`, `meta_value`) VALUES
(1, 1, 'nickname', 'ActivDent'),
(2, 1, 'first_name', ''),
(3, 1, 'last_name', ''),
(4, 1, 'description', ''),
(5, 1, 'rich_editing', 'true'),
(6, 1, 'syntax_highlighting', 'true'),
(7, 1, 'comment_shortcuts', 'false'),
(8, 1, 'admin_color', 'sunrise'),
(9, 1, 'use_ssl', '0'),
(10, 1, 'show_admin_bar_front', 'true'),
(11, 1, 'locale', ''),
(12, 1, 'capabilities', 'a:2:{s:13:\"administrator\";b:1;s:13:\"bbp_keymaster\";b:1;}'),
(13, 1, 'user_level', '10'),
(14, 1, 'dismissed_wp_pointers', 'wp496_privacy,vc_pointers_backend_editor,vc_pointers_frontend_editor,text_widget_paste_html,text_widget_custom_html,theme_editor_notice'),
(15, 1, 'show_welcome_panel', '1'),
(16, 1, 'session_tokens', 'a:3:{s:64:\"7bf51fe276d7741085f41ab3d6249e1600112903a5aa8a99b473e3653312cc0d\";a:4:{s:10:\"expiration\";i:1580413297;s:2:\"ip\";s:13:\"78.96.243.138\";s:2:\"ua\";s:115:\"Mozilla/5.0 (Windows NT 10.0; Win64; x64) AppleWebKit/537.36 (KHTML, like Gecko) Chrome/79.0.3945.130 Safari/537.36\";s:5:\"login\";i:1580240497;}s:64:\"3af8a09ac64191b8038e818a0ecd171c5ca5c22878b8f5179738c61dec465178\";a:4:{s:10:\"expiration\";i:1580482749;s:2:\"ip\";s:13:\"78.96.243.138\";s:2:\"ua\";s:115:\"Mozilla/5.0 (Windows NT 10.0; Win64; x64) AppleWebKit/537.36 (KHTML, like Gecko) Chrome/79.0.3945.130 Safari/537.36\";s:5:\"login\";i:1580309949;}s:64:\"41bd247aff3b56b268480b8480f67426c38629fedc77affdc2a075230b895fbb\";a:4:{s:10:\"expiration\";i:1580566255;s:2:\"ip\";s:12:\"141.85.223.4\";s:2:\"ua\";s:115:\"Mozilla/5.0 (Windows NT 10.0; Win64; x64) AppleWebKit/537.36 (KHTML, like Gecko) Chrome/79.0.3945.117 Safari/537.36\";s:5:\"login\";i:1580393455;}}'),
(17, 1, 'dashboard_quick_press_last_post_id', '12464'),
(18, 1, 'community-events-location', 'a:1:{s:2:\"ip\";s:12:\"141.85.223.0\";}'),
(19, 1, '_woocommerce_persistent_cart_1', 'a:1:{s:4:\"cart\";a:6:{s:32:\"ebad33b3c9fa1d10327bb55f9e79e2f3\";a:9:{s:10:\"product_id\";i:4751;s:12:\"variation_id\";i:0;s:9:\"variation\";a:0:{}s:8:\"quantity\";i:2;s:10:\"line_total\";d:24;s:8:\"line_tax\";i:0;s:13:\"line_subtotal\";d:24;s:17:\"line_subtotal_tax\";i:0;s:13:\"line_tax_data\";a:2:{s:8:\"subtotal\";a:0:{}s:5:\"total\";a:0:{}}}s:32:\"a5bfc9e07964f8dddeb95fc584cd965d\";a:9:{s:10:\"product_id\";i:37;s:12:\"variation_id\";i:0;s:9:\"variation\";a:0:{}s:8:\"quantity\";i:2;s:10:\"line_total\";d:36;s:8:\"line_tax\";i:0;s:13:\"line_subtotal\";d:36;s:17:\"line_subtotal_tax\";i:0;s:13:\"line_tax_data\";a:2:{s:8:\"subtotal\";a:0:{}s:5:\"total\";a:0:{}}}s:32:\"d82c8d1619ad8176d665453cfb2e55f0\";a:9:{s:10:\"product_id\";i:53;s:12:\"variation_id\";i:0;s:9:\"variation\";a:0:{}s:8:\"quantity\";i:1;s:10:\"line_total\";d:35;s:8:\"line_tax\";i:0;s:13:\"line_subtotal\";d:35;s:17:\"line_subtotal_tax\";i:0;s:13:\"line_tax_data\";a:2:{s:8:\"subtotal\";a:0:{}s:5:\"total\";a:0:{}}}s:32:\"c16a5320fa475530d9583c34fd356ef5\";a:9:{s:10:\"product_id\";i:31;s:12:\"variation_id\";i:0;s:9:\"variation\";a:0:{}s:8:\"quantity\";i:1;s:10:\"line_total\";d:20;s:8:\"line_tax\";i:0;s:13:\"line_subtotal\";d:20;s:17:\"line_subtotal_tax\";i:0;s:13:\"line_tax_data\";a:2:{s:8:\"subtotal\";a:0:{}s:5:\"total\";a:0:{}}}s:32:\"c0c7c76d30bd3dcaefc96f40275bdc0a\";a:9:{s:10:\"product_id\";i:50;s:12:\"variation_id\";i:0;s:9:\"variation\";a:0:{}s:8:\"quantity\";i:1;s:10:\"line_total\";d:35;s:8:\"line_tax\";i:0;s:13:\"line_subtotal\";d:35;s:17:\"line_subtotal_tax\";i:0;s:13:\"line_tax_data\";a:2:{s:8:\"subtotal\";a:0:{}s:5:\"total\";a:0:{}}}s:32:\"91299a41773c667d2ee8cddc3f6eeb64\";a:9:{s:10:\"product_id\";i:4752;s:12:\"variation_id\";i:0;s:9:\"variation\";a:0:{}s:8:\"quantity\";i:1;s:10:\"line_total\";d:12;s:8:\"line_tax\";i:0;s:13:\"line_subtotal\";d:12;s:17:\"line_subtotal_tax\";i:0;s:13:\"line_tax_data\";a:2:{s:8:\"subtotal\";a:0:{}s:5:\"total\";a:0:{}}}}}'),
(20, 1, 'billing_first_name', ''),
(21, 1, 'billing_last_name', ''),
(22, 1, 'billing_company', ''),
(23, 1, 'billing_address_1', ''),
(24, 1, 'billing_address_2', ''),
(25, 1, 'billing_city', ''),
(26, 1, 'billing_postcode', ''),
(27, 1, 'billing_country', ''),
(28, 1, 'billing_state', ''),
(29, 1, 'billing_phone', ''),
(30, 1, 'billing_email', 'mib@mib.ro'),
(31, 1, 'shipping_first_name', ''),
(32, 1, 'shipping_last_name', ''),
(33, 1, 'shipping_company', ''),
(34, 1, 'shipping_address_1', ''),
(35, 1, 'shipping_address_2', ''),
(36, 1, 'shipping_city', ''),
(37, 1, 'shipping_postcode', ''),
(38, 1, 'shipping_country', ''),
(39, 1, 'shipping_state', ''),
(40, 1, 'last_update', '1580153633'),
(41, 1, 'wc_last_active', '1580428800'),
(42, 1, 'last_activity', '2020-01-31 10:36:21'),
(43, 1, 'dismissed_wootenberg_notice', '1'),
(44, 1, 'dismissed_update_notice', '1'),
(45, 1, 'dismissed_no_secure_connection_notice', '1'),
(48, 1, 'tgmpa_dismissed_notice_dental', '1'),
(49, 1, 'user-settings', 'edit_element_vcUIPanelWidth=1050&edit_element_vcUIPanelLeft=70px&edit_element_vcUIPanelTop=79px&editor=tinymce&libraryContent=browse&hidetb=1&post_dfw=off&panel_vcUIPanelWidth=650&panel_vcUIPanelLeft=933px&panel_vcUIPanelTop=74px'),
(50, 1, 'user-settings-time', '1580159513'),
(51, 1, '_yoast_wpseo_profile_updated', '1580153633'),
(81, 1, '_woocommerce_tracks_anon_id', 'woo:kGG6x+skP8FsKwMtiTS2eriH'),
(54, 1, 'nav_menu_recently_edited', '121'),
(55, 1, 'managenav-menuscolumnshidden', 'a:5:{i:0;s:11:\"link-target\";i:1;s:11:\"css-classes\";i:2;s:3:\"xfn\";i:3;s:11:\"description\";i:4;s:15:\"title-attribute\";}'),
(56, 1, 'metaboxhidden_nav-menus', 'a:16:{i:0;s:23:\"add-buddypress-nav-menu\";i:1;s:19:\"add-post-type-forum\";i:2;s:21:\"add-post-type-product\";i:3;s:27:\"add-post-type-dt_portfolios\";i:4;s:24:\"add-post-type-dt_doctors\";i:5;s:26:\"add-post-type-dt_procedure\";i:6;s:23:\"add-post-type-dt_staffs\";i:7;s:25:\"add-post-type-dt_services\";i:8;s:26:\"add-post-type-dt_customers\";i:9;s:26:\"add-post-type-tribe_events\";i:10;s:12:\"add-post_tag\";i:11;s:15:\"add-post_format\";i:12;s:15:\"add-product_cat\";i:13;s:15:\"add-product_tag\";i:14;s:21:\"add-portfolio_entries\";i:15;s:22:\"add-doctor_departments\";}'),
(57, 1, 'tribe_setDefaultNavMenuBoxes', '1'),
(61, 1, 'closedpostboxes_page', 'a:0:{}'),
(62, 1, 'metaboxhidden_page', 'a:5:{i:0;s:12:\"revisionsdiv\";i:1;s:10:\"postcustom\";i:2;s:16:\"commentstatusdiv\";i:3;s:11:\"commentsdiv\";i:4;s:7:\"slugdiv\";}'),
(65, 1, 'tribe-dismiss-notice', 'events-utc-timezone-2019-02-24'),
(88, 1, 'wfls-last-login', '1580393458'),
(86, 1, 'wfls-last-captcha-score', ''),
(145, 1, 'dismissed_template_files_notice', '1'),
(146, 1, 'dismissed_wc_admin_notice', '1'),
(147, 1, 'supsystic-tables-tutorial_was_showed', '1'),
(461, 2, 'yoast_notifications', 'a:1:{i:0;a:2:{s:7:\"message\";s:432:\"Yoast SEO and WooCommerce can work together a lot better by adding a helper plugin. Please install Yoast WooCommerce SEO to make your life better. <a href=\"https://yoa.st/1o0?php_version=7.1&platform=wordpress&platform_version=5.3.2&software=free&software_version=12.9.1&days_active=30plus&user_language=en_US\" aria-label=\"More information about Yoast WooCommerce SEO\" target=\"_blank\" rel=\"noopener noreferrer\">More information</a>.\";s:7:\"options\";a:10:{s:4:\"type\";s:7:\"warning\";s:2:\"id\";s:44:\"wpseo-suggested-plugin-yoast-woocommerce-seo\";s:4:\"user\";O:7:\"WP_User\":8:{s:4:\"data\";O:8:\"stdClass\":10:{s:2:\"ID\";s:1:\"2\";s:10:\"user_login\";s:15:\"KeymasterDTTeam\";s:9:\"user_pass\";s:34:\"$P$B4WoQbM6FIcp03uYrzJbsPodfvSIEh.\";s:13:\"user_nicename\";s:15:\"keymasterdtteam\";s:10:\"user_email\";s:24:\"mihai_bocioaca@yahoo.com\";s:8:\"user_url\";s:0:\"\";s:15:\"user_registered\";s:19:\"2020-01-29 15:03:54\";s:19:\"user_activation_key\";s:0:\"\";s:11:\"user_status\";s:1:\"0\";s:12:\"display_name\";s:15:\"KeymasterDTTeam\";}s:2:\"ID\";i:2;s:4:\"caps\";a:2:{s:13:\"administrator\";b:1;s:15:\"bbp_participant\";b:1;}s:7:\"cap_key\";s:12:\"capabilities\";s:5:\"roles\";a:2:{i:0;s:13:\"administrator\";i:1;s:15:\"bbp_participant\";}s:7:\"allcaps\";a:169:{s:13:\"switch_themes\";b:1;s:11:\"edit_themes\";b:1;s:16:\"activate_plugins\";b:1;s:12:\"edit_plugins\";b:1;s:10:\"edit_users\";b:1;s:10:\"edit_files\";b:1;s:14:\"manage_options\";b:1;s:17:\"moderate_comments\";b:1;s:17:\"manage_categories\";b:1;s:12:\"manage_links\";b:1;s:12:\"upload_files\";b:1;s:6:\"import\";b:1;s:15:\"unfiltered_html\";b:1;s:10:\"edit_posts\";b:1;s:17:\"edit_others_posts\";b:1;s:20:\"edit_published_posts\";b:1;s:13:\"publish_posts\";b:1;s:10:\"edit_pages\";b:1;s:4:\"read\";b:1;s:8:\"level_10\";b:1;s:7:\"level_9\";b:1;s:7:\"level_8\";b:1;s:7:\"level_7\";b:1;s:7:\"level_6\";b:1;s:7:\"level_5\";b:1;s:7:\"level_4\";b:1;s:7:\"level_3\";b:1;s:7:\"level_2\";b:1;s:7:\"level_1\";b:1;s:7:\"level_0\";b:1;s:17:\"edit_others_pages\";b:1;s:20:\"edit_published_pages\";b:1;s:13:\"publish_pages\";b:1;s:12:\"delete_pages\";b:1;s:19:\"delete_others_pages\";b:1;s:22:\"delete_published_pages\";b:1;s:12:\"delete_posts\";b:1;s:19:\"delete_others_posts\";b:1;s:22:\"delete_published_posts\";b:1;s:20:\"delete_private_posts\";b:1;s:18:\"edit_private_posts\";b:1;s:18:\"read_private_posts\";b:1;s:20:\"delete_private_pages\";b:1;s:18:\"edit_private_pages\";b:1;s:18:\"read_private_pages\";b:1;s:12:\"delete_users\";b:1;s:12:\"create_users\";b:1;s:17:\"unfiltered_upload\";b:1;s:14:\"edit_dashboard\";b:1;s:14:\"update_plugins\";b:1;s:14:\"delete_plugins\";b:1;s:15:\"install_plugins\";b:1;s:13:\"update_themes\";b:1;s:14:\"install_themes\";b:1;s:11:\"update_core\";b:1;s:10:\"list_users\";b:1;s:12:\"remove_users\";b:1;s:13:\"promote_users\";b:1;s:18:\"edit_theme_options\";b:1;s:13:\"delete_themes\";b:1;s:6:\"export\";b:1;s:25:\"read_private_tribe_events\";b:1;s:17:\"edit_tribe_events\";b:1;s:24:\"edit_others_tribe_events\";b:1;s:25:\"edit_private_tribe_events\";b:1;s:27:\"edit_published_tribe_events\";b:1;s:19:\"delete_tribe_events\";b:1;s:26:\"delete_others_tribe_events\";b:1;s:27:\"delete_private_tribe_events\";b:1;s:29:\"delete_published_tribe_events\";b:1;s:20:\"publish_tribe_events\";b:1;s:25:\"read_private_tribe_venues\";b:1;s:17:\"edit_tribe_venues\";b:1;s:24:\"edit_others_tribe_venues\";b:1;s:25:\"edit_private_tribe_venues\";b:1;s:27:\"edit_published_tribe_venues\";b:1;s:19:\"delete_tribe_venues\";b:1;s:26:\"delete_others_tribe_venues\";b:1;s:27:\"delete_private_tribe_venues\";b:1;s:29:\"delete_published_tribe_venues\";b:1;s:20:\"publish_tribe_venues\";b:1;s:29:\"read_private_tribe_organizers\";b:1;s:21:\"edit_tribe_organizers\";b:1;s:28:\"edit_others_tribe_organizers\";b:1;s:29:\"edit_private_tribe_organizers\";b:1;s:31:\"edit_published_tribe_organizers\";b:1;s:23:\"delete_tribe_organizers\";b:1;s:30:\"delete_others_tribe_organizers\";b:1;s:31:\"delete_private_tribe_organizers\";b:1;s:33:\"delete_published_tribe_organizers\";b:1;s:24:\"publish_tribe_organizers\";b:1;s:31:\"read_private_aggregator-records\";b:1;s:23:\"edit_aggregator-records\";b:1;s:30:\"edit_others_aggregator-records\";b:1;s:31:\"edit_private_aggregator-records\";b:1;s:33:\"edit_published_aggregator-records\";b:1;s:25:\"delete_aggregator-records\";b:1;s:32:\"delete_others_aggregator-records\";b:1;s:33:\"delete_private_aggregator-records\";b:1;s:35:\"delete_published_aggregator-records\";b:1;s:26:\"publish_aggregator-records\";b:1;s:18:\"manage_woocommerce\";b:1;s:24:\"view_woocommerce_reports\";b:1;s:12:\"edit_product\";b:1;s:12:\"read_product\";b:1;s:14:\"delete_product\";b:1;s:13:\"edit_products\";b:1;s:20:\"edit_others_products\";b:1;s:16:\"publish_products\";b:1;s:21:\"read_private_products\";b:1;s:15:\"delete_products\";b:1;s:23:\"delete_private_products\";b:1;s:25:\"delete_published_products\";b:1;s:22:\"delete_others_products\";b:1;s:21:\"edit_private_products\";b:1;s:23:\"edit_published_products\";b:1;s:20:\"manage_product_terms\";b:1;s:18:\"edit_product_terms\";b:1;s:20:\"delete_product_terms\";b:1;s:20:\"assign_product_terms\";b:1;s:15:\"edit_shop_order\";b:1;s:15:\"read_shop_order\";b:1;s:17:\"delete_shop_order\";b:1;s:16:\"edit_shop_orders\";b:1;s:23:\"edit_others_shop_orders\";b:1;s:19:\"publish_shop_orders\";b:1;s:24:\"read_private_shop_orders\";b:1;s:18:\"delete_shop_orders\";b:1;s:26:\"delete_private_shop_orders\";b:1;s:28:\"delete_published_shop_orders\";b:1;s:25:\"delete_others_shop_orders\";b:1;s:24:\"edit_private_shop_orders\";b:1;s:26:\"edit_published_shop_orders\";b:1;s:23:\"manage_shop_order_terms\";b:1;s:21:\"edit_shop_order_terms\";b:1;s:23:\"delete_shop_order_terms\";b:1;s:23:\"assign_shop_order_terms\";b:1;s:16:\"edit_shop_coupon\";b:1;s:16:\"read_shop_coupon\";b:1;s:18:\"delete_shop_coupon\";b:1;s:17:\"edit_shop_coupons\";b:1;s:24:\"edit_others_shop_coupons\";b:1;s:20:\"publish_shop_coupons\";b:1;s:25:\"read_private_shop_coupons\";b:1;s:19:\"delete_shop_coupons\";b:1;s:27:\"delete_private_shop_coupons\";b:1;s:29:\"delete_published_shop_coupons\";b:1;s:26:\"delete_others_shop_coupons\";b:1;s:25:\"edit_private_shop_coupons\";b:1;s:27:\"edit_published_shop_coupons\";b:1;s:24:\"manage_shop_coupon_terms\";b:1;s:22:\"edit_shop_coupon_terms\";b:1;s:24:\"delete_shop_coupon_terms\";b:1;s:24:\"assign_shop_coupon_terms\";b:1;s:20:\"wpseo_manage_options\";b:1;s:10:\"copy_posts\";b:1;s:23:\"wf2fa_activate_2fa_self\";b:1;s:25:\"wf2fa_activate_2fa_others\";b:1;s:21:\"wf2fa_manage_settings\";b:1;s:8:\"spectate\";b:1;s:11:\"participate\";b:1;s:19:\"read_private_forums\";b:1;s:14:\"publish_topics\";b:1;s:11:\"edit_topics\";b:1;s:15:\"publish_replies\";b:1;s:12:\"edit_replies\";b:1;s:17:\"assign_topic_tags\";b:1;s:13:\"administrator\";b:1;s:15:\"bbp_participant\";b:1;}s:6:\"filter\";N;s:16:\"\0WP_User\0site_id\";i:1;}s:5:\"nonce\";N;s:8:\"priority\";d:0.5;s:9:\"data_json\";a:0:{}s:13:\"dismissal_key\";N;s:12:\"capabilities\";a:1:{i:0;s:15:\"install_plugins\";}s:16:\"capability_check\";s:3:\"all\";s:14:\"yoast_branding\";b:0;}}}'),
(369, 1, 'wpseo_title', ''),
(370, 1, 'wpseo_metadesc', ''),
(371, 1, 'wpseo_noindex_author', ''),
(372, 1, 'wpseo_content_analysis_disable', ''),
(373, 1, 'wpseo_keyword_analysis_disable', ''),
(384, 1, 'dismissed_maxmind_license_key_notice', '1'),
(374, 1, 'facebook', ''),
(375, 1, 'instagram', ''),
(376, 1, 'linkedin', ''),
(377, 1, 'myspace', ''),
(378, 1, 'pinterest', ''),
(379, 1, 'soundcloud', ''),
(380, 1, 'tumblr', ''),
(381, 1, 'twitter', ''),
(382, 1, 'youtube', ''),
(383, 1, 'wikipedia', ''),
(419, 2, 'nickname', 'KeymasterDTTeam'),
(420, 2, 'first_name', 'KeymasterDTTeam'),
(421, 2, 'last_name', ''),
(422, 2, 'description', ''),
(423, 2, 'rich_editing', 'true'),
(424, 2, 'syntax_highlighting', 'true'),
(425, 2, 'comment_shortcuts', 'false'),
(426, 2, 'admin_color', 'fresh'),
(427, 2, 'use_ssl', '0'),
(428, 2, 'show_admin_bar_front', 'true'),
(429, 2, 'locale', ''),
(430, 2, 'capabilities', 'a:2:{s:13:\"administrator\";b:1;s:15:\"bbp_participant\";b:1;}'),
(431, 2, 'user_level', '10'),
(432, 2, 'last_update', '1580310234'),
(433, 2, 'facebook', ''),
(434, 2, 'instagram', ''),
(435, 2, 'linkedin', ''),
(436, 2, 'myspace', ''),
(437, 2, 'pinterest', ''),
(438, 2, 'soundcloud', ''),
(439, 2, 'tumblr', ''),
(440, 2, 'twitter', ''),
(441, 2, 'youtube', ''),
(442, 2, 'wikipedia', ''),
(443, 2, '_yoast_wpseo_profile_updated', '1580310234'),
(444, 2, 'dismissed_wp_pointers', 'theme_editor_notice'),
(447, 2, 'wc_last_active', '1580428800'),
(449, 2, 'wfls-last-login', '1580457892'),
(446, 2, 'session_tokens', 'a:2:{s:64:\"9e240301b18334a81a2d906f971940024dc28e82ec64830ba2ac36632c50a2ea\";a:4:{s:10:\"expiration\";i:1581597957;s:2:\"ip\";s:13:\"103.81.34.237\";s:2:\"ua\";s:115:\"Mozilla/5.0 (Windows NT 10.0; Win64; x64) AppleWebKit/537.36 (KHTML, like Gecko) Chrome/79.0.3945.130 Safari/537.36\";s:5:\"login\";i:1580388357;}s:64:\"a84dec83d86fc4ef325d8a0e4df71efe678548b52f77d438a0c42a0d36ba932f\";a:4:{s:10:\"expiration\";i:1580630690;s:2:\"ip\";s:12:\"49.205.49.98\";s:2:\"ua\";s:115:\"Mozilla/5.0 (Windows NT 10.0; Win64; x64) AppleWebKit/537.36 (KHTML, like Gecko) Chrome/79.0.3945.130 Safari/537.36\";s:5:\"login\";i:1580457890;}}'),
(450, 2, '_woocommerce_tracks_anon_id', 'woo:lYUlEn/EHLiBI29NiHN4ukEn'),
(451, 2, 'dashboard_quick_press_last_post_id', '12462'),
(454, 2, 'supsystic-tables-tutorial_was_showed', '1'),
(455, 2, 'last_activity', '2020-01-31 08:19:46'),
(415, 1, 'tribe-dismiss-notice', 'events-utc-timezone'),
(418, 1, 'yoast_notifications', 'a:1:{i:0;a:2:{s:7:\"message\";s:432:\"Yoast SEO and WooCommerce can work together a lot better by adding a helper plugin. Please install Yoast WooCommerce SEO to make your life better. <a href=\"https://yoa.st/1o0?php_version=7.1&platform=wordpress&platform_version=5.3.2&software=free&software_version=12.9.1&days_active=30plus&user_language=en_US\" aria-label=\"More information about Yoast WooCommerce SEO\" target=\"_blank\" rel=\"noopener noreferrer\">More information</a>.\";s:7:\"options\";a:10:{s:4:\"type\";s:7:\"warning\";s:2:\"id\";s:44:\"wpseo-suggested-plugin-yoast-woocommerce-seo\";s:4:\"user\";O:7:\"WP_User\":8:{s:4:\"data\";O:8:\"stdClass\":10:{s:2:\"ID\";s:1:\"1\";s:10:\"user_login\";s:14:\"ActivDentAdmin\";s:9:\"user_pass\";s:34:\"$P$BOHpKk5bf66TJab06HD7VOp.yVz6Kd1\";s:13:\"user_nicename\";s:14:\"activdentadmin\";s:10:\"user_email\";s:10:\"mib@mib.ro\";s:8:\"user_url\";s:0:\"\";s:15:\"user_registered\";s:19:\"2019-04-09 19:19:39\";s:19:\"user_activation_key\";s:0:\"\";s:11:\"user_status\";s:1:\"0\";s:12:\"display_name\";s:9:\"ActivDent\";}s:2:\"ID\";i:1;s:4:\"caps\";a:2:{s:13:\"administrator\";b:1;s:13:\"bbp_keymaster\";b:1;}s:7:\"cap_key\";s:12:\"capabilities\";s:5:\"roles\";a:2:{i:0;s:13:\"administrator\";i:1;s:13:\"bbp_keymaster\";}s:7:\"allcaps\";a:191:{s:13:\"switch_themes\";b:1;s:11:\"edit_themes\";b:1;s:16:\"activate_plugins\";b:1;s:12:\"edit_plugins\";b:1;s:10:\"edit_users\";b:1;s:10:\"edit_files\";b:1;s:14:\"manage_options\";b:1;s:17:\"moderate_comments\";b:1;s:17:\"manage_categories\";b:1;s:12:\"manage_links\";b:1;s:12:\"upload_files\";b:1;s:6:\"import\";b:1;s:15:\"unfiltered_html\";b:1;s:10:\"edit_posts\";b:1;s:17:\"edit_others_posts\";b:1;s:20:\"edit_published_posts\";b:1;s:13:\"publish_posts\";b:1;s:10:\"edit_pages\";b:1;s:4:\"read\";b:1;s:8:\"level_10\";b:1;s:7:\"level_9\";b:1;s:7:\"level_8\";b:1;s:7:\"level_7\";b:1;s:7:\"level_6\";b:1;s:7:\"level_5\";b:1;s:7:\"level_4\";b:1;s:7:\"level_3\";b:1;s:7:\"level_2\";b:1;s:7:\"level_1\";b:1;s:7:\"level_0\";b:1;s:17:\"edit_others_pages\";b:1;s:20:\"edit_published_pages\";b:1;s:13:\"publish_pages\";b:1;s:12:\"delete_pages\";b:1;s:19:\"delete_others_pages\";b:1;s:22:\"delete_published_pages\";b:1;s:12:\"delete_posts\";b:1;s:19:\"delete_others_posts\";b:1;s:22:\"delete_published_posts\";b:1;s:20:\"delete_private_posts\";b:1;s:18:\"edit_private_posts\";b:1;s:18:\"read_private_posts\";b:1;s:20:\"delete_private_pages\";b:1;s:18:\"edit_private_pages\";b:1;s:18:\"read_private_pages\";b:1;s:12:\"delete_users\";b:1;s:12:\"create_users\";b:1;s:17:\"unfiltered_upload\";b:1;s:14:\"edit_dashboard\";b:1;s:14:\"update_plugins\";b:1;s:14:\"delete_plugins\";b:1;s:15:\"install_plugins\";b:1;s:13:\"update_themes\";b:1;s:14:\"install_themes\";b:1;s:11:\"update_core\";b:1;s:10:\"list_users\";b:1;s:12:\"remove_users\";b:1;s:13:\"promote_users\";b:1;s:18:\"edit_theme_options\";b:1;s:13:\"delete_themes\";b:1;s:6:\"export\";b:1;s:25:\"read_private_tribe_events\";b:1;s:17:\"edit_tribe_events\";b:1;s:24:\"edit_others_tribe_events\";b:1;s:25:\"edit_private_tribe_events\";b:1;s:27:\"edit_published_tribe_events\";b:1;s:19:\"delete_tribe_events\";b:1;s:26:\"delete_others_tribe_events\";b:1;s:27:\"delete_private_tribe_events\";b:1;s:29:\"delete_published_tribe_events\";b:1;s:20:\"publish_tribe_events\";b:1;s:25:\"read_private_tribe_venues\";b:1;s:17:\"edit_tribe_venues\";b:1;s:24:\"edit_others_tribe_venues\";b:1;s:25:\"edit_private_tribe_venues\";b:1;s:27:\"edit_published_tribe_venues\";b:1;s:19:\"delete_tribe_venues\";b:1;s:26:\"delete_others_tribe_venues\";b:1;s:27:\"delete_private_tribe_venues\";b:1;s:29:\"delete_published_tribe_venues\";b:1;s:20:\"publish_tribe_venues\";b:1;s:29:\"read_private_tribe_organizers\";b:1;s:21:\"edit_tribe_organizers\";b:1;s:28:\"edit_others_tribe_organizers\";b:1;s:29:\"edit_private_tribe_organizers\";b:1;s:31:\"edit_published_tribe_organizers\";b:1;s:23:\"delete_tribe_organizers\";b:1;s:30:\"delete_others_tribe_organizers\";b:1;s:31:\"delete_private_tribe_organizers\";b:1;s:33:\"delete_published_tribe_organizers\";b:1;s:24:\"publish_tribe_organizers\";b:1;s:31:\"read_private_aggregator-records\";b:1;s:23:\"edit_aggregator-records\";b:1;s:30:\"edit_others_aggregator-records\";b:1;s:31:\"edit_private_aggregator-records\";b:1;s:33:\"edit_published_aggregator-records\";b:1;s:25:\"delete_aggregator-records\";b:1;s:32:\"delete_others_aggregator-records\";b:1;s:33:\"delete_private_aggregator-records\";b:1;s:35:\"delete_published_aggregator-records\";b:1;s:26:\"publish_aggregator-records\";b:1;s:18:\"manage_woocommerce\";b:1;s:24:\"view_woocommerce_reports\";b:1;s:12:\"edit_product\";b:1;s:12:\"read_product\";b:1;s:14:\"delete_product\";b:1;s:13:\"edit_products\";b:1;s:20:\"edit_others_products\";b:1;s:16:\"publish_products\";b:1;s:21:\"read_private_products\";b:1;s:15:\"delete_products\";b:1;s:23:\"delete_private_products\";b:1;s:25:\"delete_published_products\";b:1;s:22:\"delete_others_products\";b:1;s:21:\"edit_private_products\";b:1;s:23:\"edit_published_products\";b:1;s:20:\"manage_product_terms\";b:1;s:18:\"edit_product_terms\";b:1;s:20:\"delete_product_terms\";b:1;s:20:\"assign_product_terms\";b:1;s:15:\"edit_shop_order\";b:1;s:15:\"read_shop_order\";b:1;s:17:\"delete_shop_order\";b:1;s:16:\"edit_shop_orders\";b:1;s:23:\"edit_others_shop_orders\";b:1;s:19:\"publish_shop_orders\";b:1;s:24:\"read_private_shop_orders\";b:1;s:18:\"delete_shop_orders\";b:1;s:26:\"delete_private_shop_orders\";b:1;s:28:\"delete_published_shop_orders\";b:1;s:25:\"delete_others_shop_orders\";b:1;s:24:\"edit_private_shop_orders\";b:1;s:26:\"edit_published_shop_orders\";b:1;s:23:\"manage_shop_order_terms\";b:1;s:21:\"edit_shop_order_terms\";b:1;s:23:\"delete_shop_order_terms\";b:1;s:23:\"assign_shop_order_terms\";b:1;s:16:\"edit_shop_coupon\";b:1;s:16:\"read_shop_coupon\";b:1;s:18:\"delete_shop_coupon\";b:1;s:17:\"edit_shop_coupons\";b:1;s:24:\"edit_others_shop_coupons\";b:1;s:20:\"publish_shop_coupons\";b:1;s:25:\"read_private_shop_coupons\";b:1;s:19:\"delete_shop_coupons\";b:1;s:27:\"delete_private_shop_coupons\";b:1;s:29:\"delete_published_shop_coupons\";b:1;s:26:\"delete_others_shop_coupons\";b:1;s:25:\"edit_private_shop_coupons\";b:1;s:27:\"edit_published_shop_coupons\";b:1;s:24:\"manage_shop_coupon_terms\";b:1;s:22:\"edit_shop_coupon_terms\";b:1;s:24:\"delete_shop_coupon_terms\";b:1;s:24:\"assign_shop_coupon_terms\";b:1;s:20:\"wpseo_manage_options\";b:1;s:10:\"copy_posts\";b:1;s:23:\"wf2fa_activate_2fa_self\";b:1;s:25:\"wf2fa_activate_2fa_others\";b:1;s:21:\"wf2fa_manage_settings\";b:1;s:9:\"keep_gate\";b:1;s:8:\"spectate\";b:1;s:11:\"participate\";b:1;s:8:\"moderate\";b:1;s:8:\"throttle\";b:1;s:10:\"view_trash\";b:1;s:17:\"assign_moderators\";b:1;s:14:\"publish_forums\";b:1;s:11:\"edit_forums\";b:1;s:18:\"edit_others_forums\";b:1;s:13:\"delete_forums\";b:1;s:20:\"delete_others_forums\";b:1;s:19:\"read_private_forums\";b:1;s:18:\"read_hidden_forums\";b:1;s:14:\"publish_topics\";b:1;s:11:\"edit_topics\";b:1;s:18:\"edit_others_topics\";b:1;s:13:\"delete_topics\";b:1;s:20:\"delete_others_topics\";b:1;s:19:\"read_private_topics\";b:1;s:15:\"publish_replies\";b:1;s:12:\"edit_replies\";b:1;s:19:\"edit_others_replies\";b:1;s:14:\"delete_replies\";b:1;s:21:\"delete_others_replies\";b:1;s:20:\"read_private_replies\";b:1;s:17:\"manage_topic_tags\";b:1;s:15:\"edit_topic_tags\";b:1;s:17:\"delete_topic_tags\";b:1;s:17:\"assign_topic_tags\";b:1;s:13:\"administrator\";b:1;s:13:\"bbp_keymaster\";b:1;}s:6:\"filter\";N;s:16:\"\0WP_User\0site_id\";i:1;}s:5:\"nonce\";N;s:8:\"priority\";d:0.5;s:9:\"data_json\";a:0:{}s:13:\"dismissal_key\";N;s:12:\"capabilities\";a:1:{i:0;s:15:\"install_plugins\";}s:16:\"capability_check\";s:3:\"all\";s:14:\"yoast_branding\";b:0;}}}');

-- --------------------------------------------------------

--
-- Table structure for table `users`
--

CREATE TABLE `users` (
  `ID` bigint(20) UNSIGNED NOT NULL,
  `user_login` varchar(60) COLLATE utf8mb4_unicode_ci NOT NULL DEFAULT '',
  `user_pass` varchar(255) COLLATE utf8mb4_unicode_ci NOT NULL DEFAULT '',
  `user_nicename` varchar(50) COLLATE utf8mb4_unicode_ci NOT NULL DEFAULT '',
  `user_email` varchar(100) COLLATE utf8mb4_unicode_ci NOT NULL DEFAULT '',
  `user_url` varchar(100) COLLATE utf8mb4_unicode_ci NOT NULL DEFAULT '',
  `user_registered` datetime NOT NULL DEFAULT '0000-00-00 00:00:00',
  `user_activation_key` varchar(255) COLLATE utf8mb4_unicode_ci NOT NULL DEFAULT '',
  `user_status` int(11) NOT NULL DEFAULT '0',
  `display_name` varchar(250) COLLATE utf8mb4_unicode_ci NOT NULL DEFAULT ''
) ENGINE=MyISAM DEFAULT CHARSET=utf8mb4 COLLATE=utf8mb4_unicode_ci;

--
-- Dumping data for table `users`
--

INSERT INTO `users` (`ID`, `user_login`, `user_pass`, `user_nicename`, `user_email`, `user_url`, `user_registered`, `user_activation_key`, `user_status`, `display_name`) VALUES
(1, 'ActivDentAdmin', '$P$BOHpKk5bf66TJab06HD7VOp.yVz6Kd1', 'activdentadmin', 'mib@mib.ro', '', '2019-04-09 19:19:39', '', 0, 'ActivDent'),
(2, 'KeymasterDTTeam', '$P$B4WoQbM6FIcp03uYrzJbsPodfvSIEh.', 'keymasterdtteam', 'mihai_bocioaca@yahoo.com', '', '2020-01-29 15:03:54', '', 0, 'KeymasterDTTeam');

-- --------------------------------------------------------

--
-- Table structure for table `w3tc_cdn_pathmap`
--

CREATE TABLE `w3tc_cdn_pathmap` (
  `path` text COLLATE utf8mb4_unicode_520_ci NOT NULL,
  `path_hash` varchar(32) CHARACTER SET ascii NOT NULL,
  `type` tinyint(1) NOT NULL DEFAULT '0',
  `remote_id` varchar(200) CHARACTER SET ascii DEFAULT NULL
) ENGINE=MyISAM DEFAULT CHARSET=utf8mb4 COLLATE=utf8mb4_unicode_520_ci;

-- --------------------------------------------------------

--
-- Table structure for table `w3tc_cdn_queue`
--

CREATE TABLE `w3tc_cdn_queue` (
  `id` int(11) UNSIGNED NOT NULL,
  `local_path` varchar(500) COLLATE utf8mb4_unicode_520_ci NOT NULL DEFAULT '',
  `remote_path` varchar(500) COLLATE utf8mb4_unicode_520_ci NOT NULL DEFAULT '',
  `command` tinyint(1) UNSIGNED NOT NULL DEFAULT '0' COMMENT '1 - Upload, 2 - Delete, 3 - Purge',
  `last_error` varchar(150) COLLATE utf8mb4_unicode_520_ci NOT NULL DEFAULT '',
  `date` datetime NOT NULL DEFAULT '0000-00-00 00:00:00'
) ENGINE=MyISAM DEFAULT CHARSET=utf8mb4 COLLATE=utf8mb4_unicode_520_ci;

--
-- Dumping data for table `w3tc_cdn_queue`
--

INSERT INTO `w3tc_cdn_queue` (`id`, `local_path`, `remote_path`, `command`, `last_error`, `date`) VALUES
(1, '/home3/smardazm/public_html/activdent/wp-content/uploads/2019/11/Implanto-After-300x169.jpg', 'wp-content/uploads/2019/11/Implanto-After-300x169.jpg', 3, 'Empty Authorization Key.', '2019-11-28 09:55:17'),
(2, '/home3/smardazm/public_html/activdent/wp-content/uploads/2019/11/Implanto-After-1024x576.jpg', 'wp-content/uploads/2019/11/Implanto-After-1024x576.jpg', 3, 'Empty Authorization Key.', '2019-11-28 09:55:17'),
(3, '/home3/smardazm/public_html/activdent/wp-content/uploads/2019/11/Implanto-After-150x150.jpg', 'wp-content/uploads/2019/11/Implanto-After-150x150.jpg', 3, 'Empty Authorization Key.', '2019-11-28 09:55:17'),
(4, '/home3/smardazm/public_html/activdent/wp-content/uploads/2019/11/Implanto-After-150x120.jpg', 'wp-content/uploads/2019/11/Implanto-After-150x120.jpg', 3, 'Empty Authorization Key.', '2019-11-28 09:55:17'),
(5, '/home3/smardazm/public_html/activdent/wp-content/uploads/2019/11/Implanto-After-420x336.jpg', 'wp-content/uploads/2019/11/Implanto-After-420x336.jpg', 3, 'Empty Authorization Key.', '2019-11-28 09:55:17'),
(6, '/home3/smardazm/public_html/activdent/wp-content/uploads/2019/11/Implanto-After-773x520.jpg', 'wp-content/uploads/2019/11/Implanto-After-773x520.jpg', 3, 'Empty Authorization Key.', '2019-11-28 09:55:17'),
(7, '/home3/smardazm/public_html/activdent/wp-content/uploads/2019/11/Implanto-After-570x460.jpg', 'wp-content/uploads/2019/11/Implanto-After-570x460.jpg', 3, 'Empty Authorization Key.', '2019-11-28 09:55:17'),
(8, '/home3/smardazm/public_html/activdent/wp-content/uploads/2019/11/Implanto-After-746x720.jpg', 'wp-content/uploads/2019/11/Implanto-After-746x720.jpg', 3, 'Empty Authorization Key.', '2019-11-28 09:55:17'),
(9, '/home3/smardazm/public_html/activdent/wp-content/uploads/2019/11/Implanto-After-420x275.jpg', 'wp-content/uploads/2019/11/Implanto-After-420x275.jpg', 3, 'Empty Authorization Key.', '2019-11-28 09:55:17'),
(10, '/home3/smardazm/public_html/activdent/wp-content/uploads/2019/11/Implanto-After-500x500.jpg', 'wp-content/uploads/2019/11/Implanto-After-500x500.jpg', 3, 'Empty Authorization Key.', '2019-11-28 09:55:17'),
(11, '/home3/smardazm/public_html/activdent/wp-content/uploads/2019/11/Implanto-After-500x281.jpg', 'wp-content/uploads/2019/11/Implanto-After-500x281.jpg', 3, 'Empty Authorization Key.', '2019-11-28 09:55:18'),
(12, '/home3/smardazm/public_html/activdent/wp-content/uploads/2019/11/Implanto-After-100x100.jpg', 'wp-content/uploads/2019/11/Implanto-After-100x100.jpg', 3, 'Empty Authorization Key.', '2019-11-28 09:55:18'),
(13, '/home3/smardazm/public_html/activdent/wp-content/uploads/2019/11/Implanto-Before-300x169.jpg', 'wp-content/uploads/2019/11/Implanto-Before-300x169.jpg', 3, 'Empty Authorization Key.', '2019-11-28 09:55:20'),
(14, '/home3/smardazm/public_html/activdent/wp-content/uploads/2019/11/Implanto-Before-1024x576.jpg', 'wp-content/uploads/2019/11/Implanto-Before-1024x576.jpg', 3, 'Empty Authorization Key.', '2019-11-28 09:55:21'),
(15, '/home3/smardazm/public_html/activdent/wp-content/uploads/2019/11/Implanto-Before-150x150.jpg', 'wp-content/uploads/2019/11/Implanto-Before-150x150.jpg', 3, 'Empty Authorization Key.', '2019-11-28 09:55:21'),
(16, '/home3/smardazm/public_html/activdent/wp-content/uploads/2019/11/Implanto-Before-150x120.jpg', 'wp-content/uploads/2019/11/Implanto-Before-150x120.jpg', 3, 'Empty Authorization Key.', '2019-11-28 09:55:21'),
(17, '/home3/smardazm/public_html/activdent/wp-content/uploads/2019/11/Implanto-Before-420x336.jpg', 'wp-content/uploads/2019/11/Implanto-Before-420x336.jpg', 3, 'Empty Authorization Key.', '2019-11-28 09:55:21'),
(18, '/home3/smardazm/public_html/activdent/wp-content/uploads/2019/11/Implanto-Before-773x520.jpg', 'wp-content/uploads/2019/11/Implanto-Before-773x520.jpg', 3, 'Empty Authorization Key.', '2019-11-28 09:55:21'),
(19, '/home3/smardazm/public_html/activdent/wp-content/uploads/2019/11/Implanto-Before-570x460.jpg', 'wp-content/uploads/2019/11/Implanto-Before-570x460.jpg', 3, 'Empty Authorization Key.', '2019-11-28 09:55:21'),
(20, '/home3/smardazm/public_html/activdent/wp-content/uploads/2019/11/Implanto-Before-746x720.jpg', 'wp-content/uploads/2019/11/Implanto-Before-746x720.jpg', 3, 'Empty Authorization Key.', '2019-11-28 09:55:21'),
(21, '/home3/smardazm/public_html/activdent/wp-content/uploads/2019/11/Implanto-Before-420x275.jpg', 'wp-content/uploads/2019/11/Implanto-Before-420x275.jpg', 3, 'Empty Authorization Key.', '2019-11-28 09:55:21'),
(22, '/home3/smardazm/public_html/activdent/wp-content/uploads/2019/11/Implanto-Before-500x500.jpg', 'wp-content/uploads/2019/11/Implanto-Before-500x500.jpg', 3, 'Empty Authorization Key.', '2019-11-28 09:55:21'),
(23, '/home3/smardazm/public_html/activdent/wp-content/uploads/2019/11/Implanto-Before-500x281.jpg', 'wp-content/uploads/2019/11/Implanto-Before-500x281.jpg', 3, 'Empty Authorization Key.', '2019-11-28 09:55:21'),
(24, '/home3/smardazm/public_html/activdent/wp-content/uploads/2019/11/Implanto-Before-100x100.jpg', 'wp-content/uploads/2019/11/Implanto-Before-100x100.jpg', 3, 'Empty Authorization Key.', '2019-11-28 09:55:21'),
(25, '/home3/smardazm/public_html/activdent/wp-content/uploads/2019/11/MBA_4981-35_1920-300x199.jpg', 'wp-content/uploads/2019/11/MBA_4981-35_1920-300x199.jpg', 3, 'Empty Authorization Key.', '2019-11-28 14:25:16'),
(26, '/home3/smardazm/public_html/activdent/wp-content/uploads/2019/11/MBA_4981-35_1920-1024x679.jpg', 'wp-content/uploads/2019/11/MBA_4981-35_1920-1024x679.jpg', 3, 'Empty Authorization Key.', '2019-11-28 14:25:16'),
(27, '/home3/smardazm/public_html/activdent/wp-content/uploads/2019/11/MBA_4981-35_1920-150x150.jpg', 'wp-content/uploads/2019/11/MBA_4981-35_1920-150x150.jpg', 3, 'Empty Authorization Key.', '2019-11-28 14:25:16'),
(28, '/home3/smardazm/public_html/activdent/wp-content/uploads/2019/11/MBA_4981-35_1920-1536x1018.jpg', 'wp-content/uploads/2019/11/MBA_4981-35_1920-1536x1018.jpg', 3, 'Empty Authorization Key.', '2019-11-28 14:25:17'),
(29, '/home3/smardazm/public_html/activdent/wp-content/uploads/2019/11/MBA_4981-35_1920-150x120.jpg', 'wp-content/uploads/2019/11/MBA_4981-35_1920-150x120.jpg', 3, 'Empty Authorization Key.', '2019-11-28 14:25:17'),
(30, '/home3/smardazm/public_html/activdent/wp-content/uploads/2019/11/MBA_4981-35_1920-420x336.jpg', 'wp-content/uploads/2019/11/MBA_4981-35_1920-420x336.jpg', 3, 'Empty Authorization Key.', '2019-11-28 14:25:17'),
(31, '/home3/smardazm/public_html/activdent/wp-content/uploads/2019/11/MBA_4981-35_1920-773x520.jpg', 'wp-content/uploads/2019/11/MBA_4981-35_1920-773x520.jpg', 3, 'Empty Authorization Key.', '2019-11-28 14:25:17'),
(32, '/home3/smardazm/public_html/activdent/wp-content/uploads/2019/11/MBA_4981-35_1920-570x460.jpg', 'wp-content/uploads/2019/11/MBA_4981-35_1920-570x460.jpg', 3, 'Empty Authorization Key.', '2019-11-28 14:25:17'),
(33, '/home3/smardazm/public_html/activdent/wp-content/uploads/2019/11/MBA_4981-35_1920-746x770.jpg', 'wp-content/uploads/2019/11/MBA_4981-35_1920-746x770.jpg', 3, 'Empty Authorization Key.', '2019-11-28 14:25:17'),
(34, '/home3/smardazm/public_html/activdent/wp-content/uploads/2019/11/MBA_4981-35_1920-420x275.jpg', 'wp-content/uploads/2019/11/MBA_4981-35_1920-420x275.jpg', 3, 'Empty Authorization Key.', '2019-11-28 14:25:17'),
(35, '/home3/smardazm/public_html/activdent/wp-content/uploads/2019/11/MBA_4981-35_1920-500x500.jpg', 'wp-content/uploads/2019/11/MBA_4981-35_1920-500x500.jpg', 3, 'Empty Authorization Key.', '2019-11-28 14:25:17'),
(36, '/home3/smardazm/public_html/activdent/wp-content/uploads/2019/11/MBA_4981-35_1920-500x332.jpg', 'wp-content/uploads/2019/11/MBA_4981-35_1920-500x332.jpg', 3, 'Empty Authorization Key.', '2019-11-28 14:25:17'),
(37, '/home3/smardazm/public_html/activdent/wp-content/uploads/2019/11/MBA_4981-35_1920-100x100.jpg', 'wp-content/uploads/2019/11/MBA_4981-35_1920-100x100.jpg', 3, 'Empty Authorization Key.', '2019-11-28 14:25:17'),
(38, '/home3/smardazm/public_html/activdent/wp-content/uploads/2019/11/MBA_4982-36_1920-300x115.jpg', 'wp-content/uploads/2019/11/MBA_4982-36_1920-300x115.jpg', 3, 'Empty Authorization Key.', '2019-11-28 14:35:21'),
(39, '/home3/smardazm/public_html/activdent/wp-content/uploads/2019/11/MBA_4982-36_1920-1024x392.jpg', 'wp-content/uploads/2019/11/MBA_4982-36_1920-1024x392.jpg', 3, 'Empty Authorization Key.', '2019-11-28 14:35:21'),
(40, '/home3/smardazm/public_html/activdent/wp-content/uploads/2019/11/MBA_4982-36_1920-150x150.jpg', 'wp-content/uploads/2019/11/MBA_4982-36_1920-150x150.jpg', 3, 'Empty Authorization Key.', '2019-11-28 14:35:21'),
(41, '/home3/smardazm/public_html/activdent/wp-content/uploads/2019/11/MBA_4982-36_1920-1536x588.jpg', 'wp-content/uploads/2019/11/MBA_4982-36_1920-1536x588.jpg', 3, 'Empty Authorization Key.', '2019-11-28 14:35:21'),
(42, '/home3/smardazm/public_html/activdent/wp-content/uploads/2019/11/MBA_4982-36_1920-150x120.jpg', 'wp-content/uploads/2019/11/MBA_4982-36_1920-150x120.jpg', 3, 'Empty Authorization Key.', '2019-11-28 14:35:21'),
(43, '/home3/smardazm/public_html/activdent/wp-content/uploads/2019/11/MBA_4982-36_1920-420x336.jpg', 'wp-content/uploads/2019/11/MBA_4982-36_1920-420x336.jpg', 3, 'Empty Authorization Key.', '2019-11-28 14:35:21'),
(44, '/home3/smardazm/public_html/activdent/wp-content/uploads/2019/11/MBA_4982-36_1920-773x520.jpg', 'wp-content/uploads/2019/11/MBA_4982-36_1920-773x520.jpg', 3, 'Empty Authorization Key.', '2019-11-28 14:35:21'),
(45, '/home3/smardazm/public_html/activdent/wp-content/uploads/2019/11/MBA_4982-36_1920-570x460.jpg', 'wp-content/uploads/2019/11/MBA_4982-36_1920-570x460.jpg', 3, 'Empty Authorization Key.', '2019-11-28 14:35:21'),
(46, '/home3/smardazm/public_html/activdent/wp-content/uploads/2019/11/MBA_4982-36_1920-746x735.jpg', 'wp-content/uploads/2019/11/MBA_4982-36_1920-746x735.jpg', 3, 'Empty Authorization Key.', '2019-11-28 14:35:21'),
(47, '/home3/smardazm/public_html/activdent/wp-content/uploads/2019/11/MBA_4982-36_1920-420x275.jpg', 'wp-content/uploads/2019/11/MBA_4982-36_1920-420x275.jpg', 3, 'Empty Authorization Key.', '2019-11-28 14:35:21'),
(48, '/home3/smardazm/public_html/activdent/wp-content/uploads/2019/11/MBA_4982-36_1920-500x500.jpg', 'wp-content/uploads/2019/11/MBA_4982-36_1920-500x500.jpg', 3, 'Empty Authorization Key.', '2019-11-28 14:35:21'),
(49, '/home3/smardazm/public_html/activdent/wp-content/uploads/2019/11/MBA_4982-36_1920-500x191.jpg', 'wp-content/uploads/2019/11/MBA_4982-36_1920-500x191.jpg', 3, 'Empty Authorization Key.', '2019-11-28 14:35:21'),
(50, '/home3/smardazm/public_html/activdent/wp-content/uploads/2019/11/MBA_4982-36_1920-100x100.jpg', 'wp-content/uploads/2019/11/MBA_4982-36_1920-100x100.jpg', 3, 'Empty Authorization Key.', '2019-11-28 14:35:21'),
(51, '/home3/smardazm/public_html/activdent/wp-content/uploads/2019/12/2019-12-10-ActivDent.mp4', 'wp-content/uploads/2019/12/2019-12-10-ActivDent.mp4', 3, 'Empty Authorization Key.', '2019-12-10 13:05:51'),
(52, '/home3/smardazm/public_html/activdent/wp-content/uploads/2020/01/head-300x48.jpg', 'wp-content/uploads/2020/01/head-300x48.jpg', 3, 'Empty Authorization Key.', '2020-01-24 15:08:25'),
(53, '/home3/smardazm/public_html/activdent/wp-content/uploads/2020/01/head-150x150.jpg', 'wp-content/uploads/2020/01/head-150x150.jpg', 3, 'Empty Authorization Key.', '2020-01-24 15:08:25'),
(54, '/home3/smardazm/public_html/activdent/wp-content/uploads/2020/01/head-150x120.jpg', 'wp-content/uploads/2020/01/head-150x120.jpg', 3, 'Empty Authorization Key.', '2020-01-24 15:08:25'),
(55, '/home3/smardazm/public_html/activdent/wp-content/uploads/2020/01/head-420x151.jpg', 'wp-content/uploads/2020/01/head-420x151.jpg', 3, 'Empty Authorization Key.', '2020-01-24 15:08:25'),
(56, '/home3/smardazm/public_html/activdent/wp-content/uploads/2020/01/head-773x151.jpg', 'wp-content/uploads/2020/01/head-773x151.jpg', 3, 'Empty Authorization Key.', '2020-01-24 15:08:25'),
(57, '/home3/smardazm/public_html/activdent/wp-content/uploads/2020/01/head-570x151.jpg', 'wp-content/uploads/2020/01/head-570x151.jpg', 3, 'Empty Authorization Key.', '2020-01-24 15:08:25'),
(58, '/home3/smardazm/public_html/activdent/wp-content/uploads/2020/01/head-746x151.jpg', 'wp-content/uploads/2020/01/head-746x151.jpg', 3, 'Empty Authorization Key.', '2020-01-24 15:08:25'),
(59, '/home3/smardazm/public_html/activdent/wp-content/uploads/2020/01/head-500x151.jpg', 'wp-content/uploads/2020/01/head-500x151.jpg', 3, 'Empty Authorization Key.', '2020-01-24 15:08:25'),
(60, '/home3/smardazm/public_html/activdent/wp-content/uploads/2020/01/head-500x80.jpg', 'wp-content/uploads/2020/01/head-500x80.jpg', 3, 'Empty Authorization Key.', '2020-01-24 15:08:25'),
(61, '/home3/smardazm/public_html/activdent/wp-content/uploads/2020/01/head-100x100.jpg', 'wp-content/uploads/2020/01/head-100x100.jpg', 3, 'Empty Authorization Key.', '2020-01-24 15:08:25'),
(62, '/home3/smardazm/public_html/activdent/wp-content/uploads/2020/01/GTC_before-scaled.jpg', 'wp-content/uploads/2020/01/GTC_before-scaled.jpg', 3, 'Empty Authorization Key.', '2020-01-27 16:26:52'),
(63, '/home3/smardazm/public_html/activdent/wp-content/uploads/2020/01/GTC_before-300x157.jpg', 'wp-content/uploads/2020/01/GTC_before-300x157.jpg', 3, 'Empty Authorization Key.', '2020-01-27 16:26:52'),
(64, '/home3/smardazm/public_html/activdent/wp-content/uploads/2020/01/GTC_before-1024x536.jpg', 'wp-content/uploads/2020/01/GTC_before-1024x536.jpg', 3, 'Empty Authorization Key.', '2020-01-27 16:26:52'),
(65, '/home3/smardazm/public_html/activdent/wp-content/uploads/2020/01/GTC_before-150x150.jpg', 'wp-content/uploads/2020/01/GTC_before-150x150.jpg', 3, 'Empty Authorization Key.', '2020-01-27 16:26:52'),
(66, '/home3/smardazm/public_html/activdent/wp-content/uploads/2020/01/GTC_before-1536x805.jpg', 'wp-content/uploads/2020/01/GTC_before-1536x805.jpg', 3, 'Empty Authorization Key.', '2020-01-27 16:26:53'),
(67, '/home3/smardazm/public_html/activdent/wp-content/uploads/2020/01/GTC_before-2048x1073.jpg', 'wp-content/uploads/2020/01/GTC_before-2048x1073.jpg', 3, 'Empty Authorization Key.', '2020-01-27 16:26:53'),
(68, '/home3/smardazm/public_html/activdent/wp-content/uploads/2020/01/GTC_before-150x120.jpg', 'wp-content/uploads/2020/01/GTC_before-150x120.jpg', 3, 'Empty Authorization Key.', '2020-01-27 16:26:54'),
(69, '/home3/smardazm/public_html/activdent/wp-content/uploads/2020/01/GTC_before-420x336.jpg', 'wp-content/uploads/2020/01/GTC_before-420x336.jpg', 3, 'Empty Authorization Key.', '2020-01-27 16:26:54'),
(70, '/home3/smardazm/public_html/activdent/wp-content/uploads/2020/01/GTC_before-773x520.jpg', 'wp-content/uploads/2020/01/GTC_before-773x520.jpg', 3, 'Empty Authorization Key.', '2020-01-27 16:26:54'),
(71, '/home3/smardazm/public_html/activdent/wp-content/uploads/2020/01/GTC_before-570x460.jpg', 'wp-content/uploads/2020/01/GTC_before-570x460.jpg', 3, 'Empty Authorization Key.', '2020-01-27 16:26:55'),
(72, '/home3/smardazm/public_html/activdent/wp-content/uploads/2020/01/GTC_before-746x770.jpg', 'wp-content/uploads/2020/01/GTC_before-746x770.jpg', 3, 'Empty Authorization Key.', '2020-01-27 16:26:55'),
(73, '/home3/smardazm/public_html/activdent/wp-content/uploads/2020/01/GTC_before-420x275.jpg', 'wp-content/uploads/2020/01/GTC_before-420x275.jpg', 3, 'Empty Authorization Key.', '2020-01-27 16:26:56'),
(74, '/home3/smardazm/public_html/activdent/wp-content/uploads/2020/01/GTC_before-500x500.jpg', 'wp-content/uploads/2020/01/GTC_before-500x500.jpg', 3, 'Empty Authorization Key.', '2020-01-27 16:26:56'),
(75, '/home3/smardazm/public_html/activdent/wp-content/uploads/2020/01/GTC_before-500x262.jpg', 'wp-content/uploads/2020/01/GTC_before-500x262.jpg', 3, 'Empty Authorization Key.', '2020-01-27 16:26:56'),
(76, '/home3/smardazm/public_html/activdent/wp-content/uploads/2020/01/GTC_before-100x100.jpg', 'wp-content/uploads/2020/01/GTC_before-100x100.jpg', 3, 'Empty Authorization Key.', '2020-01-27 16:26:56'),
(77, '/home3/smardazm/public_html/activdent/wp-content/uploads/2020/01/GTC_after-scaled.jpg', 'wp-content/uploads/2020/01/GTC_after-scaled.jpg', 3, 'Empty Authorization Key.', '2020-01-27 16:27:06'),
(78, '/home3/smardazm/public_html/activdent/wp-content/uploads/2020/01/GTC_after-300x157.jpg', 'wp-content/uploads/2020/01/GTC_after-300x157.jpg', 3, 'Empty Authorization Key.', '2020-01-27 16:27:06'),
(79, '/home3/smardazm/public_html/activdent/wp-content/uploads/2020/01/GTC_after-1024x536.jpg', 'wp-content/uploads/2020/01/GTC_after-1024x536.jpg', 3, 'Empty Authorization Key.', '2020-01-27 16:27:06'),
(80, '/home3/smardazm/public_html/activdent/wp-content/uploads/2020/01/GTC_after-150x150.jpg', 'wp-content/uploads/2020/01/GTC_after-150x150.jpg', 3, 'Empty Authorization Key.', '2020-01-27 16:27:06'),
(81, '/home3/smardazm/public_html/activdent/wp-content/uploads/2020/01/GTC_after-1536x805.jpg', 'wp-content/uploads/2020/01/GTC_after-1536x805.jpg', 3, 'Empty Authorization Key.', '2020-01-27 16:27:07'),
(82, '/home3/smardazm/public_html/activdent/wp-content/uploads/2020/01/GTC_after-2048x1073.jpg', 'wp-content/uploads/2020/01/GTC_after-2048x1073.jpg', 3, 'Empty Authorization Key.', '2020-01-27 16:27:07'),
(83, '/home3/smardazm/public_html/activdent/wp-content/uploads/2020/01/GTC_after-150x120.jpg', 'wp-content/uploads/2020/01/GTC_after-150x120.jpg', 3, 'Empty Authorization Key.', '2020-01-27 16:27:07'),
(84, '/home3/smardazm/public_html/activdent/wp-content/uploads/2020/01/GTC_after-420x336.jpg', 'wp-content/uploads/2020/01/GTC_after-420x336.jpg', 3, 'Empty Authorization Key.', '2020-01-27 16:27:07'),
(85, '/home3/smardazm/public_html/activdent/wp-content/uploads/2020/01/GTC_after-773x520.jpg', 'wp-content/uploads/2020/01/GTC_after-773x520.jpg', 3, 'Empty Authorization Key.', '2020-01-27 16:27:07'),
(86, '/home3/smardazm/public_html/activdent/wp-content/uploads/2020/01/GTC_after-570x460.jpg', 'wp-content/uploads/2020/01/GTC_after-570x460.jpg', 3, 'Empty Authorization Key.', '2020-01-27 16:27:08'),
(87, '/home3/smardazm/public_html/activdent/wp-content/uploads/2020/01/GTC_after-746x770.jpg', 'wp-content/uploads/2020/01/GTC_after-746x770.jpg', 3, 'Empty Authorization Key.', '2020-01-27 16:27:08'),
(88, '/home3/smardazm/public_html/activdent/wp-content/uploads/2020/01/GTC_after-420x275.jpg', 'wp-content/uploads/2020/01/GTC_after-420x275.jpg', 3, 'Empty Authorization Key.', '2020-01-27 16:27:08'),
(89, '/home3/smardazm/public_html/activdent/wp-content/uploads/2020/01/GTC_after-500x500.jpg', 'wp-content/uploads/2020/01/GTC_after-500x500.jpg', 3, 'Empty Authorization Key.', '2020-01-27 16:27:08'),
(90, '/home3/smardazm/public_html/activdent/wp-content/uploads/2020/01/GTC_after-500x262.jpg', 'wp-content/uploads/2020/01/GTC_after-500x262.jpg', 3, 'Empty Authorization Key.', '2020-01-27 16:27:08'),
(91, '/home3/smardazm/public_html/activdent/wp-content/uploads/2020/01/GTC_after-100x100.jpg', 'wp-content/uploads/2020/01/GTC_after-100x100.jpg', 3, 'Empty Authorization Key.', '2020-01-27 16:27:08'),
(92, '/home2/mihneadent/public_html/wp-content/uploads/2020/01/Multipurpose-Before-After-Slider.zip', 'wp-content/uploads/2020/01/Multipurpose-Before-After-Slider.zip', 3, 'Empty Authorization Key.', '2020-01-27 22:14:56');

-- --------------------------------------------------------

--
-- Table structure for table `wc_download_log`
--

CREATE TABLE `wc_download_log` (
  `download_log_id` bigint(20) UNSIGNED NOT NULL,
  `timestamp` datetime NOT NULL,
  `permission_id` bigint(20) UNSIGNED NOT NULL,
  `user_id` bigint(20) UNSIGNED DEFAULT NULL,
  `user_ip_address` varchar(100) COLLATE utf8mb4_unicode_520_ci DEFAULT ''
) ENGINE=MyISAM DEFAULT CHARSET=utf8mb4 COLLATE=utf8mb4_unicode_520_ci;

-- --------------------------------------------------------

--
-- Table structure for table `wc_product_meta_lookup`
--

CREATE TABLE `wc_product_meta_lookup` (
  `product_id` bigint(20) NOT NULL,
  `sku` varchar(100) COLLATE utf8mb4_unicode_520_ci DEFAULT '',
  `virtual` tinyint(1) DEFAULT '0',
  `downloadable` tinyint(1) DEFAULT '0',
  `min_price` decimal(10,2) DEFAULT NULL,
  `max_price` decimal(10,2) DEFAULT NULL,
  `onsale` tinyint(1) DEFAULT '0',
  `stock_quantity` double DEFAULT NULL,
  `stock_status` varchar(100) COLLATE utf8mb4_unicode_520_ci DEFAULT 'instock',
  `rating_count` bigint(20) DEFAULT '0',
  `average_rating` decimal(3,2) DEFAULT '0.00',
  `total_sales` bigint(20) DEFAULT '0'
) ENGINE=MyISAM DEFAULT CHARSET=utf8mb4 COLLATE=utf8mb4_unicode_520_ci;

--
-- Dumping data for table `wc_product_meta_lookup`
--

INSERT INTO `wc_product_meta_lookup` (`product_id`, `sku`, `virtual`, `downloadable`, `min_price`, `max_price`, `onsale`, `stock_quantity`, `stock_status`, `rating_count`, `average_rating`, `total_sales`) VALUES
(4748, '', 0, 0, 18.00, 18.00, 1, 4, 'instock', 0, 0.00, 1),
(4749, '', 0, 0, 20.00, 20.00, 0, NULL, 'instock', 0, 0.00, 0),
(22, '', 0, 0, 14.00, 15.00, 0, NULL, 'instock', 0, 0.00, 0),
(31, '', 0, 0, 20.00, 20.00, 0, NULL, 'instock', 0, 0.00, 0),
(34, '', 0, 0, 20.00, 20.00, 0, NULL, 'instock', 0, 0.00, 0),
(37, '', 0, 0, 18.00, 18.00, 0, NULL, 'instock', 0, 0.00, 1),
(40, '', 0, 0, 14.00, 15.00, 0, NULL, 'instock', 0, 0.00, 0),
(47, '', 0, 0, 35.00, 35.00, 0, NULL, 'instock', 0, 0.00, 0),
(50, '', 0, 0, 35.00, 35.00, 0, NULL, 'instock', 0, 0.00, 0),
(53, '', 0, 0, 35.00, 35.00, 0, NULL, 'instock', 0, 0.00, 0),
(56, '', 0, 0, 35.00, 35.00, 0, NULL, 'instock', 0, 0.00, 0),
(4750, '', 0, 0, 35.00, 35.00, 0, NULL, 'outofstock', 0, 0.00, 0),
(67, '', 0, 0, 15.00, 15.00, 0, NULL, 'instock', 0, 0.00, 0),
(4751, '', 0, 0, 12.00, 12.00, 1, NULL, 'instock', 0, 0.00, 2),
(4752, '', 0, 0, 12.00, 12.00, 1, NULL, 'instock', 0, 0.00, 0),
(76, '', 0, 0, 0.00, 0.00, 0, NULL, 'instock', 0, 0.00, 0),
(133, '', 0, 0, 15.00, 15.00, 0, NULL, 'instock', 0, NULL, NULL),
(134, '', 0, 0, 14.00, 14.00, 0, NULL, 'instock', 0, NULL, NULL),
(135, '', 0, 0, 15.00, 15.00, 0, NULL, 'instock', 0, NULL, NULL),
(136, '', 0, 0, 14.00, 14.00, 0, NULL, 'instock', 0, NULL, NULL),
(5356, '', 0, 0, 15.00, 15.00, 0, NULL, 'instock', 0, 0.00, 0),
(5357, '', 0, 0, 14.00, 14.00, 0, NULL, 'instock', 0, 0.00, 0),
(5358, '', 0, 0, 15.00, 15.00, 0, NULL, 'instock', 0, 0.00, 0),
(5359, '', 0, 0, 14.00, 14.00, 0, NULL, 'instock', 0, 0.00, 0);

-- --------------------------------------------------------

--
-- Table structure for table `wc_tax_rate_classes`
--

CREATE TABLE `wc_tax_rate_classes` (
  `tax_rate_class_id` bigint(20) UNSIGNED NOT NULL,
  `name` varchar(200) COLLATE utf8mb4_unicode_520_ci NOT NULL DEFAULT '',
  `slug` varchar(200) COLLATE utf8mb4_unicode_520_ci NOT NULL DEFAULT ''
) ENGINE=MyISAM DEFAULT CHARSET=utf8mb4 COLLATE=utf8mb4_unicode_520_ci;

--
-- Dumping data for table `wc_tax_rate_classes`
--

INSERT INTO `wc_tax_rate_classes` (`tax_rate_class_id`, `name`, `slug`) VALUES
(1, 'Reduced rate', 'reduced-rate'),
(2, 'Zero rate', 'zero-rate');

-- --------------------------------------------------------

--
-- Table structure for table `wc_webhooks`
--

CREATE TABLE `wc_webhooks` (
  `webhook_id` bigint(20) UNSIGNED NOT NULL,
  `status` varchar(200) COLLATE utf8mb4_unicode_520_ci NOT NULL,
  `name` text COLLATE utf8mb4_unicode_520_ci NOT NULL,
  `user_id` bigint(20) UNSIGNED NOT NULL,
  `delivery_url` text COLLATE utf8mb4_unicode_520_ci NOT NULL,
  `secret` text COLLATE utf8mb4_unicode_520_ci NOT NULL,
  `topic` varchar(200) COLLATE utf8mb4_unicode_520_ci NOT NULL,
  `date_created` datetime NOT NULL DEFAULT '0000-00-00 00:00:00',
  `date_created_gmt` datetime NOT NULL DEFAULT '0000-00-00 00:00:00',
  `date_modified` datetime NOT NULL DEFAULT '0000-00-00 00:00:00',
  `date_modified_gmt` datetime NOT NULL DEFAULT '0000-00-00 00:00:00',
  `api_version` smallint(4) NOT NULL,
  `failure_count` smallint(10) NOT NULL DEFAULT '0',
  `pending_delivery` tinyint(1) NOT NULL DEFAULT '0'
) ENGINE=MyISAM DEFAULT CHARSET=utf8mb4 COLLATE=utf8mb4_unicode_520_ci;

-- --------------------------------------------------------

--
-- Table structure for table `wfblockediplog`
--

CREATE TABLE `wfblockediplog` (
  `IP` binary(16) NOT NULL DEFAULT '\0\0\0\0\0\0\0\0\0\0\0\0\0\0\0\0',
  `countryCode` varchar(2) NOT NULL,
  `blockCount` int(10) UNSIGNED NOT NULL DEFAULT '0',
  `unixday` int(10) UNSIGNED NOT NULL,
  `blockType` varchar(50) NOT NULL DEFAULT 'generic'
) ENGINE=MyISAM DEFAULT CHARSET=utf8;

--
-- Dumping data for table `wfblockediplog`
--

INSERT INTO `wfblockediplog` (`IP`, `countryCode`, `blockCount`, `unixday`, `blockType`) VALUES
(0x00000000000000000000ffff8d55df04, 'RO', 2, 18289, 'waf'),
(0x00000000000000000000ffffb2895293, 'UA', 1, 18291, 'brute');

-- --------------------------------------------------------

--
-- Table structure for table `wfblocks7`
--

CREATE TABLE `wfblocks7` (
  `id` bigint(20) UNSIGNED NOT NULL,
  `type` int(10) UNSIGNED NOT NULL DEFAULT '0',
  `IP` binary(16) NOT NULL DEFAULT '\0\0\0\0\0\0\0\0\0\0\0\0\0\0\0\0',
  `blockedTime` bigint(20) NOT NULL,
  `reason` varchar(255) NOT NULL,
  `lastAttempt` int(10) UNSIGNED DEFAULT '0',
  `blockedHits` int(10) UNSIGNED DEFAULT '0',
  `expiration` bigint(20) UNSIGNED NOT NULL DEFAULT '0',
  `parameters` text
) ENGINE=MyISAM DEFAULT CHARSET=utf8;

-- --------------------------------------------------------

--
-- Table structure for table `wfconfig`
--

CREATE TABLE `wfconfig` (
  `name` varchar(100) NOT NULL,
  `val` longblob,
  `autoload` enum('no','yes') NOT NULL DEFAULT 'yes'
) ENGINE=MyISAM DEFAULT CHARSET=utf8;

--
-- Dumping data for table `wfconfig`
--

INSERT INTO `wfconfig` (`name`, `val`, `autoload`) VALUES
('alertOn_update', 0x30, 'yes'),
('alertOn_scanIssues', 0x31, 'yes'),
('alertOn_throttle', 0x30, 'yes'),
('alertOn_block', 0x31, 'yes'),
('alertOn_loginLockout', 0x31, 'yes'),
('alertOn_breachLogin', 0x31, 'yes'),
('alertOn_lostPasswdForm', 0x31, 'yes'),
('alertOn_adminLogin', 0x31, 'yes'),
('alertOn_firstAdminLoginOnly', 0x30, 'yes'),
('alertOn_nonAdminLogin', 0x31, 'yes'),
('alertOn_firstNonAdminLoginOnly', 0x30, 'yes'),
('alertOn_wordfenceDeactivated', 0x31, 'yes'),
('alertOn_wafDeactivated', 0x31, 'yes'),
('liveTrafficEnabled', 0x30, 'yes'),
('advancedCommentScanning', 0x31, 'yes'),
('checkSpamIP', 0x31, 'yes'),
('spamvertizeCheck', 0x31, 'yes'),
('liveTraf_ignorePublishers', 0x31, 'yes'),
('liveTraf_displayExpandedRecords', 0x30, 'no'),
('scheduledScansEnabled', 0x31, 'yes'),
('lowResourceScansEnabled', 0x30, 'yes'),
('scansEnabled_checkGSB', 0x31, 'yes'),
('scansEnabled_checkHowGetIPs', 0x31, 'yes'),
('scansEnabled_core', 0x31, 'yes'),
('scansEnabled_themes', 0x31, 'yes'),
('scansEnabled_plugins', 0x31, 'yes'),
('scansEnabled_coreUnknown', 0x31, 'yes'),
('scansEnabled_malware', 0x31, 'yes'),
('scansEnabled_fileContents', 0x31, 'yes'),
('scansEnabled_fileContentsGSB', 0x31, 'yes'),
('scansEnabled_checkReadableConfig', 0x31, 'yes'),
('scansEnabled_suspectedFiles', 0x31, 'yes'),
('scansEnabled_posts', 0x31, 'yes'),
('scansEnabled_comments', 0x31, 'yes'),
('scansEnabled_suspiciousOptions', 0x31, 'yes'),
('scansEnabled_passwds', 0x31, 'yes'),
('scansEnabled_diskSpace', 0x31, 'yes'),
('scansEnabled_wafStatus', 0x31, 'yes'),
('scansEnabled_options', 0x31, 'yes'),
('scansEnabled_wpscan_fullPathDisclosure', 0x31, 'yes'),
('scansEnabled_wpscan_directoryListingEnabled', 0x31, 'yes'),
('scansEnabled_dns', 0x31, 'yes'),
('scansEnabled_scanImages', 0x31, 'yes'),
('scansEnabled_highSense', 0x30, 'yes'),
('scansEnabled_oldVersions', 0x31, 'yes'),
('scansEnabled_suspiciousAdminUsers', 0x31, 'yes'),
('liveActivityPauseEnabled', 0x31, 'yes'),
('firewallEnabled', 0x31, 'yes'),
('blockFakeBots', 0x31, 'yes'),
('autoBlockScanners', 0x31, 'yes'),
('loginSecurityEnabled', 0x31, 'yes'),
('loginSec_strongPasswds_enabled', 0x31, 'yes'),
('loginSec_breachPasswds_enabled', 0x31, 'yes'),
('loginSec_lockInvalidUsers', 0x30, 'yes'),
('loginSec_maskLoginErrors', 0x31, 'yes'),
('loginSec_blockAdminReg', 0x31, 'yes'),
('loginSec_disableAuthorScan', 0x31, 'yes'),
('loginSec_disableOEmbedAuthor', 0x30, 'yes'),
('loginSec_requireAdminTwoFactor', 0x30, 'yes'),
('notification_updatesNeeded', 0x31, 'yes'),
('notification_securityAlerts', 0x31, 'yes'),
('notification_promotions', 0x31, 'yes'),
('notification_blogHighlights', 0x31, 'yes'),
('notification_productUpdates', 0x31, 'yes'),
('notification_scanStatus', 0x31, 'yes'),
('other_hideWPVersion', 0x31, 'yes'),
('other_blockBadPOST', 0x30, 'yes'),
('other_scanComments', 0x31, 'yes'),
('other_pwStrengthOnUpdate', 0x31, 'yes'),
('other_WFNet', 0x31, 'yes'),
('other_scanOutside', 0x31, 'yes'),
('other_bypassLitespeedNoabort', 0x30, 'yes'),
('deleteTablesOnDeact', 0x30, 'yes'),
('autoUpdate', 0x31, 'yes'),
('startScansRemotely', 0x30, 'yes'),
('disableConfigCaching', 0x30, 'yes'),
('addCacheComment', 0x30, 'yes'),
('disableCodeExecutionUploads', 0x31, 'yes'),
('allowHTTPSCaching', 0x30, 'yes'),
('debugOn', 0x30, 'yes'),
('email_summary_enabled', 0x31, 'yes'),
('email_summary_dashboard_widget_enabled', 0x31, 'yes'),
('ssl_verify', 0x31, 'yes'),
('ajaxWatcherDisabled_front', 0x30, 'yes'),
('ajaxWatcherDisabled_admin', 0x30, 'yes'),
('wafAlertOnAttacks', 0x31, 'yes'),
('disableWAFIPBlocking', 0x30, 'yes'),
('showAdminBarMenu', 0x31, 'yes'),
('displayTopLevelOptions', 0x31, 'yes'),
('displayTopLevelBlocking', 0x30, 'yes'),
('displayTopLevelLiveTraffic', 0x30, 'yes'),
('displayAutomaticBlocks', 0x31, 'yes'),
('scan_include_extra', '', 'yes'),
('alertEmails', 0x6d6962406d69622e726f, 'yes'),
('liveTraf_ignoreUsers', '', 'yes'),
('liveTraf_ignoreIPs', '', 'yes'),
('liveTraf_ignoreUA', '', 'yes'),
('maxMem', 0x323536, 'yes'),
('scan_exclude', 0x77702d636f6e74656e742f7468656d65732f7477656e74796e696e657465656e2f7374796c652d656469746f722e6373730a77702d636f6e74656e742f706c7567696e732f6a735f636f6d706f7365722f696e636c7564652f6175746f6c6f61642f76656e646f72732f677261766974795f666f726d732e7068700a77702d636f6e74656e742f706c7567696e732f776f726470726573732d73656f2f6a732f646973742f77702d73656f2d616e616c797369732d776f726b65722d313134302e6d696e2e6a730a77702d636f6e74656e742f706c7567696e732f776f726466656e63652f6a732f6a71756572792e646174615461626c65732e6d696e2e313535333631373339312e6a730a77702d636f6e74656e742f706c7567696e732f556c74696d6174655f56435f4164646f6e732f61646d696e2f6a732f6a71756572795f63726561746976655f6c696e6b2e6a730a77702d636f6e74656e742f706c7567696e732f776f726470726573732d73656f2f61646d696e2f636f6e6669672d75692f636f6d706f6e656e74732f636c6173732d636f6d706f6e656e742d73756767657374696f6e732e7068700a77702d636f6e74656e742f706c7567696e732f6a735f636f6d706f7365722f696e636c7564652f74656d706c617465732f656469746f72732f7061727469616c732f73657474696e67735f707265736574735f706f7075702e74706c2e7068700a77702d636f6e74656e742f706c7567696e732f776f726470726573732d73656f2f6a732f646973742f77702d646174612d313132302e6d696e2e6a730a77702d636f6e74656e742f706c7567696e732f726576736c696465722f696e636c756465732f6f7065726174696f6e732e636c6173732e7068700a77702d636f6e74656e742f706c7567696e732f64657369676e7468656d65732d636f72652d66656174757265732f76697375616c2d636f6d706f7365722f6d6f64756c65732f766964656f5f6d616e616765722e7068700a77702d636f6e74656e742f706c7567696e732f776f726470726573732d73656f2f6a732f646973742f77702d73656f2d616e616c797369732d776f726b65722d313132302e6d696e2e6a730a77702d636f6e74656e742f706c7567696e732f6a735f636f6d706f7365722f696e636c7564652f6175746f6c6f61642f76632d70616765732f706167652d637573746f6d2d6373732e7068700a77702d636f6e74656e742f706c7567696e732f64657369676e7468656d65732d646f63746f722d6164646f6e2f637573746f6d2d706f73742d74797065732f64742d70726f6365647572652d706f73742d747970652e7068700a77702d636f6e74656e742f706c7567696e732f556c74696d6174655f56435f4164646f6e732f6d6f64756c65732f756c74696d6174655f6a7573745f69636f6e2e706870, 'yes'),
('scan_maxIssues', 0x31303030, 'yes'),
('scan_maxDuration', '', 'yes'),
('whitelisted', '', 'yes'),
('whitelistedServices', 0x7b7d, 'yes'),
('bannedURLs', '', 'yes'),
('maxExecutionTime', 0x30, 'yes'),
('howGetIPs', '', 'yes'),
('actUpdateInterval', 0x32, 'yes'),
('alert_maxHourly', 0x3230, 'yes'),
('loginSec_userBlacklist', 0x61646d696e0a746573740a616374697664656e74, 'yes'),
('liveTraf_maxRows', 0x32303030, 'yes'),
('liveTraf_maxAge', 0x3330, 'yes'),
('neverBlockBG', 0x6e65766572426c6f636b5665726966696564, 'yes'),
('loginSec_countFailMins', 0x323430, 'yes'),
('loginSec_lockoutMins', 0x3134343030, 'yes'),
('loginSec_strongPasswds', 0x70756273, 'yes'),
('loginSec_breachPasswds', 0x61646d696e73, 'yes'),
('loginSec_maxFailures', 0x33, 'yes'),
('loginSec_maxForgotPasswd', 0x32, 'yes'),
('maxGlobalRequests', 0x44495341424c4544, 'yes'),
('maxGlobalRequests_action', 0x7468726f74746c65, 'yes'),
('maxRequestsCrawlers', 0x44495341424c4544, 'yes'),
('maxRequestsCrawlers_action', 0x7468726f74746c65, 'yes'),
('maxRequestsHumans', 0x44495341424c4544, 'yes'),
('maxRequestsHumans_action', 0x7468726f74746c65, 'yes'),
('max404Crawlers', 0x44495341424c4544, 'yes'),
('max404Crawlers_action', 0x7468726f74746c65, 'yes'),
('max404Humans', 0x44495341424c4544, 'yes'),
('max404Humans_action', 0x7468726f74746c65, 'yes'),
('blockedTime', 0x333030, 'yes'),
('email_summary_interval', 0x7765656b6c79, 'yes'),
('email_summary_excluded_directories', 0x77702d636f6e74656e742f63616368652c77702d636f6e74656e742f77666c6f6773, 'yes'),
('allowed404s', 0x2f66617669636f6e2e69636f0a2f6170706c652d746f7563682d69636f6e2a2e706e670a2f2a4032782e706e670a2f62726f77736572636f6e6669672e786d6c, 'yes'),
('wafAlertWhitelist', '', 'yes'),
('wafAlertInterval', 0x363030, 'yes'),
('wafAlertThreshold', 0x313030, 'yes'),
('howGetIPs_trusted_proxies', '', 'yes'),
('scanType', 0x7374616e64617264, 'yes'),
('manualScanType', 0x6f6e63654461696c79, 'yes'),
('schedStartHour', 0x37, 'yes'),
('schedMode', 0x6175746f, 'yes'),
('cbl_loggedInBlocked', '', 'yes'),
('cbl_action', 0x626c6f636b, 'yes'),
('cbl_redirURL', '', 'yes'),
('cbl_bypassRedirURL', '', 'yes'),
('cbl_bypassRedirDest', '', 'yes'),
('cbl_bypassViewURL', '', 'yes'),
('loginSec_enableSeparateTwoFactor', '', 'yes'),
('blockCustomText', '', 'yes'),
('alertOn_severityLevel', 0x3235, 'yes'),
('apiKey', 0x31336130383332646164316564666164383264376238303636623464336237666332393139306138653533373730343637663339326536653531343162383364643564373865306538663239653938356233336665663337376161343866396130633535333235653131306139633631666330656635303434363337613533386436353562653731643330316535306130353435396465316538613566613865, 'yes'),
('keyType', 0x66726565, 'yes'),
('isPaid', 0x30, 'yes'),
('betaThreatDefenseFeed', 0x30, 'yes'),
('timeoffset_wf_updated', 0x31353830343636373635, 'yes'),
('cacheType', 0x64697361626c6564, 'yes'),
('detectProxyRecommendation', 0x52454d4f54455f41444452, 'no'),
('dismissAutoPrependNotice', 0x30, 'yes'),
('onboardingAttempt1', 0x6c6963656e7365, 'yes'),
('onboardingAttempt2', '', 'no'),
('onboardingAttempt3', '', 'no'),
('onboardingAttempt3Initial', 0x30, 'yes'),
('needsNewTour_dashboard', 0x30, 'yes'),
('needsNewTour_firewall', 0x30, 'yes'),
('needsNewTour_scan', 0x31, 'yes'),
('needsNewTour_blocking', 0x30, 'yes'),
('needsNewTour_livetraffic', 0x31, 'yes'),
('needsUpgradeTour_dashboard', 0x30, 'yes'),
('needsUpgradeTour_firewall', 0x30, 'yes'),
('needsUpgradeTour_scan', 0x30, 'yes'),
('needsUpgradeTour_blocking', 0x30, 'yes'),
('needsUpgradeTour_livetraffic', 0x30, 'yes'),
('supportContent', 0x[encoded data, 18918 characters], 'yes'),
('supportHash', 0x31323731626236303339326531323965363566333934623236663331616131623439346635643032643766333733323965633061323566313732303436346236, 'yes');
INSERT INTO `wfconfig` (`name`, `val`, `autoload`) VALUES
('whitelistPresets', 0x[encoded data, 22158 characters], 'yes'),
('whitelistHash', 0x62663364373664633035636166383632336362336665303163316663396533303865326632656133376238323639333764383530666465333631636465666434, 'yes'),
('touppPromptNeeded', '', 'yes'),
('touppBypassNextCheck', 0x30, 'yes'),
('autoUpdateAttempts', 0x30, 'yes'),
('previousWflogsFileList', 0x5b22636f6e6669672d73796e6365642e706870222c22636f6e6669672e706870222c2272756c65732e706870222c22636f6e6669672d7472616e7369656e742e706870222c226970732e706870222c22636f6e6669672d6c6976657761662e706870222c2261747461636b2d646174612e706870222c2274656d706c6174652e706870222c2247656f4c697465322d436f756e7472792e6d6d6462222c222e6874616363657373225d, 'yes'),
('diagnosticsWflogsRemovalHistory', 0x5b5d, 'no'),
('encKey', 0x37313663373764313364303530373966, 'yes'),
('longEncKey', 0x65363235653231356266333262616561343532383630613838666632353662356465393466643764646639393232363063653932653837343961643265376533, 'yes'),
('cbl_restOfSiteBlocked', 0x31, 'yes'),
('timeoffset_wf', 0x32, 'yes'),
('lastBlockAggregation', 0x31353830333733353132, 'yes'),
('allowed404s6116Migration', 0x31, 'yes'),
('migration636_email_summary_excluded_directories', 0x31, 'no'),
('fileContentsGSB6315Migration', 0x31, 'yes'),
('config701Migration', 0x31, 'yes'),
('blocks702Migration', 0x31, 'yes'),
('geoIPVersionHash', 0x36313832376263643838356233663864306266313838356536663666396233376464343637363936626436363465623932383335303035326436363137306534, 'yes'),
('scansEnabled_geoipSupport', 0x31, 'yes'),
('config720Migration', 0x31, 'yes'),
('waf_status', 0x656e61626c6564, 'yes'),
('detectProxyNextCheck', 0x31353830333638383338, 'no'),
('detectProxyNonce', '', 'no'),
('allScansScheduled', 0x613a333a7b693a303b613a323a7b733a393a2274696d657374616d70223b693a313538303534313539393b733a343a2261726773223b613a313a7b693a303b693a313538303534313539393b7d7d693a313b613a323a7b733a393a2274696d657374616d70223b693a313538303830303739393b733a343a2261726773223b613a313a7b693a303b693a313538303830303739393b7d7d693a323b613a323a7b733a393a2274696d657374616d70223b693a313538313035393939393b733a343a2261726773223b613a313a7b693a303b693a313538313035393939393b7d7d7d, 'yes'),
('activatingIP', 0x36322e3132312e39392e323135, 'yes'),
('adminNoticeQueue', 0x613a303a7b7d, 'yes'),
('serverDNS', 0x313538303431393634323b3539393b3138382e3231352e36342e3431, 'yes'),
('wp_home_url', 0x687474703a2f2f616374697664656e742e726f, 'yes'),
('wp_site_url', 0x687474703a2f2f616374697664656e742e726f, 'yes'),
('dbVersion', 0x352e362e34372d636c6c2d6c7665, 'yes'),
('lastDashboardCheck', 0x31353830343538393535, 'yes'),
('dashboardData', 0x[encoded data, 7584 characters], 'yes'),
('noc1ScanSchedule', 0x613a333a7b693a303b693a313538303534313630303b693a313b693a313538303830303830303b693a323b693a313538313036303030303b7d, 'yes'),
('showWfCentralUI', 0x31, 'yes'),
('allowMySQLi', 0x31, 'yes'),
('dbTest', 0x613a313a7b733a353a226e6f6e6365223b733a36343a2233373364383638343531333832366634333065343930646463636466373165396332616465373332396663623332636239306166323061393835616161656533223b7d, 'no'),
('vulnerabilities_plugin', 0x[encoded data, 6246 characters], 'yes'),
('lastNotificationID', 0x393938, 'no'),
('totalScansRun', 0x333937, 'yes'),
('wfKillRequested', 0x30, 'no'),
('currentCronKey', '', 'yes'),
('wf_scanLastStatusTime', 0x30, 'yes'),
('wf_scanRunning', '', 'yes'),
('wfPeakMemory', 0x313231363334383136, 'no'),
('wfScanStartVersion', 0x352e332e32, 'yes'),
('lowResourceScanWaitStep', '', 'yes'),
('wfStatusStartMsgs', 0x613a323a7b693a303b733a303a22223b693a313b733a303a22223b7d, 'yes'),
('wf_summaryItems', 0x613a383a7b733a31323a227363616e6e6564506f737473223b693a303b733a31353a227363616e6e6564436f6d6d656e7473223b693a303b733a31323a227363616e6e656446696c6573223b693a303b733a31343a227363616e6e6564506c7567696e73223b693a303b733a31333a227363616e6e65645468656d6573223b693a303b733a31323a227363616e6e65645573657273223b693a303b733a31313a227363616e6e656455524c73223b693a303b733a31303a226c617374557064617465223b693a313538303435383936373b7d, 'yes'),
('scanStageStatuses', 0x613a31313a7b733a31333a227370616d766572746973696e67223b613a343a7b733a363a22737461747573223b733a373a227072656d69756d223b733a373a2273746172746564223b693a303b733a383a2266696e6973686564223b693a303b733a383a226578706563746564223b693a303b7d733a343a227370616d223b613a343a7b733a363a22737461747573223b733a373a227072656d69756d223b733a373a2273746172746564223b693a303b733a383a2266696e6973686564223b693a303b733a383a226578706563746564223b693a303b7d733a393a22626c61636b6c697374223b613a343a7b733a363a22737461747573223b733a373a227072656d69756d223b733a373a2273746172746564223b693a303b733a383a2266696e6973686564223b693a303b733a383a226578706563746564223b693a303b7d733a363a22736572766572223b613a343a7b733a363a22737461747573223b733a31363a22636f6d706c6574652d73756363657373223b733a373a2273746172746564223b693a343b733a383a2266696e6973686564223b693a343b733a383a226578706563746564223b693a343b7d733a373a226368616e676573223b613a343a7b733a363a22737461747573223b733a31363a22636f6d706c6574652d73756363657373223b733a373a2273746172746564223b693a323b733a383a2266696e6973686564223b693a323b733a383a226578706563746564223b693a323b7d733a363a227075626c6963223b613a343a7b733a363a22737461747573223b733a31363a22636f6d706c6574652d73756363657373223b733a373a2273746172746564223b693a323b733a383a2266696e6973686564223b693a323b733a383a226578706563746564223b693a323b7d733a373a226d616c77617265223b613a343a7b733a363a22737461747573223b733a31363a22636f6d706c6574652d73756363657373223b733a373a2273746172746564223b693a333b733a383a2266696e6973686564223b693a333b733a383a226578706563746564223b693a333b7d733a373a22636f6e74656e74223b613a343a7b733a363a22737461747573223b733a31363a22636f6d706c6574652d73756363657373223b733a373a2273746172746564223b693a333b733a383a2266696e6973686564223b693a333b733a383a226578706563746564223b693a333b7d733a383a2270617373776f7264223b613a343a7b733a363a22737461747573223b733a31363a22636f6d706c6574652d73756363657373223b733a373a2273746172746564223b693a313b733a383a2266696e6973686564223b693a313b733a383a226578706563746564223b693a313b7d733a31333a2276756c6e65726162696c697479223b613a343a7b733a363a22737461747573223b733a31363a22636f6d706c6574652d7761726e696e67223b733a373a2273746172746564223b693a313b733a383a2266696e6973686564223b693a313b733a383a226578706563746564223b693a313b7d733a373a226f7074696f6e73223b613a343a7b733a363a22737461747573223b733a31363a22636f6d706c6574652d73756363657373223b733a373a2273746172746564223b693a323b733a383a2266696e6973686564223b693a323b733a383a226578706563746564223b693a323b7d7d, 'no'),
('lastScanCompleted', 0x6f6b, 'yes'),
('lastScanFailureType', '', 'yes'),
('scanTime', 0x313538303435383936382e30303138, 'yes');
INSERT INTO `wfconfig` (`name`, `val`, `autoload`) VALUES
('emailedIssuesList', 0x[encoded data, 19748 characters], 'yes'),
('autoUpdateChoice', 0x31, 'yes'),
('disclosureStates', 0x613a31393a7b733a33333a2277662d756e69666965642d676c6f62616c2d6f7074696f6e732d67656e6572616c223b623a313b733a33353a2277662d756e69666965642d676c6f62616c2d6f7074696f6e732d64617368626f617264223b623a313b733a32383a2277662d756e69666965642d7761662d6f7074696f6e732d6261736963223b623a313b733a33313a2277662d756e69666965642d7761662d6f7074696f6e732d616476616e636564223b623a313b733a33333a2277662d756e69666965642d7761662d6f7074696f6e732d6272757465666f726365223b623a313b733a33353a2277662d756e69666965642d626c6f636b696e672d6f7074696f6e732d636f756e747279223b623a313b733a32323a2277662d756e69666965642d3266612d6f7074696f6e73223b623a313b733a33333a2277662d756e69666965642d676c6f62616c2d6f7074696f6e732d6c6963656e7365223b623a313b733a34343a2277662d756e69666965642d676c6f62616c2d6f7074696f6e732d766965772d637573746f6d697a6174696f6e223b623a313b733a33313a2277662d756e69666965642d676c6f62616c2d6f7074696f6e732d616c657274223b623a313b733a33393a2277662d756e69666965642d676c6f62616c2d6f7074696f6e732d656d61696c2d73756d6d617279223b623a313b733a33353a2277662d756e69666965642d7761662d6f7074696f6e732d726174656c696d6974696e67223b623a313b733a33343a2277662d756e69666965642d7761662d6f7074696f6e732d77686974656c6973746564223b623a313b733a33353a2277662d756e69666965642d7363616e6e65722d6f7074696f6e732d7363686564756c65223b623a313b733a33323a2277662d756e69666965642d7363616e6e65722d6f7074696f6e732d6261736963223b623a313b733a33343a2277662d756e69666965642d7363616e6e65722d6f7074696f6e732d67656e6572616c223b623a313b733a33383a2277662d756e69666965642d7363616e6e65722d6f7074696f6e732d706572666f726d616e6365223b623a313b733a33333a2277662d756e69666965642d7363616e6e65722d6f7074696f6e732d637573746f6d223b623a313b733a33313a2277662d756e69666965642d6c6976652d747261666669632d6f7074696f6e73223b623a313b7d, 'yes'),
('disableCodeExecutionUploadsPHP7Migrated', 0x31, 'yes'),
('totalLoginHits', 0x333530, 'yes'),
('totalLogins', 0x3735, 'yes'),
('lastAdminLogin', 0x613a363a7b733a363a22757365724944223b693a323b733a383a22757365726e616d65223b733a31353a224b65796d617374657244545465616d223b733a393a2266697273744e616d65223b733a31353a224b65796d617374657244545465616d223b733a383a226c6173744e616d65223b733a303a22223b733a343a2274696d65223b733a32393a224672692033317374204a616e7561727920402030383a30343a3530414d223b733a323a224950223b733a31323a2234392e3230352e34392e3938223b7d, 'yes'),
('totalAlertsSent', 0x3735, 'yes'),
('lastEmailHash', 0x313538303435373839313a3264326631353361666461306435323232343531373534653864663663663262, 'yes'),
('originalScheduledScanStart', 0x31353830323832333938, 'yes'),
('lastScheduledScanStart', 0x31353830323832383839, 'yes'),
('wf_dnsCNAME', '', 'yes'),
('wf_dnsA', 0x616374697664656e742e6d69622e726f20706f696e747320746f203138382e3231352e36342e3531, 'yes'),
('wf_dnsMX', '', 'yes'),
('wf_dnsLogged', 0x31, 'yes');
INSERT INTO `wfconfig` (`name`, `val`, `autoload`) VALUES
('malwarePrefixes', 0x[encoded data, 287460 characters]