-- Table structure for table `bp_invitations`
--

CREATE TABLE `bp_invitations` (
  `id` bigint(20) NOT NULL,
  `user_id` bigint(20) NOT NULL,
  `inviter_id` bigint(20) NOT NULL,
  `invitee_email` varchar(100) COLLATE utf8mb4_unicode_520_ci DEFAULT NULL,
  `class` varchar(120) COLLATE utf8mb4_unicode_520_ci NOT NULL,
  `item_id` bigint(20) NOT NULL,
  `secondary_item_id` bigint(20) DEFAULT NULL,
  `type` varchar(12) COLLATE utf8mb4_unicode_520_ci NOT NULL DEFAULT 'invite',
  `content` longtext COLLATE utf8mb4_unicode_520_ci,
  `date_modified` datetime NOT NULL,
  `invite_sent` tinyint(1) NOT NULL DEFAULT '0',
  `accepted` tinyint(1) NOT NULL DEFAULT '0'
) ENGINE=MyISAM DEFAULT CHARSET=utf8mb4 COLLATE=utf8mb4_unicode_520_ci;

-- --------------------------------------------------------

--
-- Table structure for table `bp_messages_messages`
--

CREATE TABLE `bp_messages_messages` (
  `id` bigint(20) NOT NULL,
  `thread_id` bigint(20) NOT NULL,
  `sender_id` bigint(20) NOT NULL,
  `subject` varchar(200) COLLATE utf8_unicode_ci NOT NULL,
  `message` longtext COLLATE utf8_unicode_ci NOT NULL,
  `date_sent` datetime NOT NULL
) ENGINE=InnoDB DEFAULT CHARSET=utf8 COLLATE=utf8_unicode_ci ROW_FORMAT=DYNAMIC;

--
-- Dumping data for table `bp_messages_messages`
--

INSERT INTO `bp_messages_messages` (`id`, `thread_id`, `sender_id`, `subject`, `message`, `date_sent`) VALUES
(1, 1, 2, 'Donec gravida', 'Aliquam et tellus. Nullam sed nisl. Nullam lobortis dui at odio. Nulla facilisi. Praesent elementum eleifend lectus. Phasellus cursus, diam non consectetur tempus, orci eros tristique sem, at pretium diam enim sed lectus. Mauris in tellus sed dolor pulvinar iaculis. Cum sociis natoque penatibus et magnis dis parturient montes, nascetur ridiculus mus. Nunc nec augue. ', '2016-12-13 20:45:22'),
(2, 2, 24, 'Aliquam quis lectus', ' ', '2016-12-17 20:35:01'),
(3, 3, 6, 'Vivamus sagittis tellus luctus felis', 'Duis ultrices pretium augue. Donec iaculis erat et dui. Pellentesque vel odio. Etiam bibendum, enim ut auctor molestie, metus ante feugiat tortor, at molestie enim nisi id ligula. Aenean in lectus. Sed in turpis. Mauris suscipit dui sed urna. Sed gravida, tellus id suscipit consectetur, ipsum enim tempus lectus, vitae facilisis libero pede id sapien. ', '2016-12-16 14:39:38'),
(4, 4, 8, 'Aliquam erat volutpat', 'Duis ultrices pretium augue. Donec iaculis erat et dui. Pellentesque vel odio. Etiam bibendum, enim ut auctor molestie, metus ante feugiat tortor, at molestie enim nisi id ligula. Aenean in lectus. Sed in turpis. Mauris suscipit dui sed urna. Sed gravida, tellus id suscipit consectetur, ipsum enim tempus lectus, vitae facilisis libero pede id sapien. ', '2016-12-14 04:40:25'),
(5, 5, 8, 'Pellentesque egestas', 'Nulla a nulla ac leo interdum mollis. Nulla a nulla ac leo interdum mollis', '2016-12-15 13:00:48'),
(6, 6, 20, 'Nam gravida tempus nibh', 'Etiam scelerisque, dui eu viverra malesuada, dolor enim sagittis purus, ac varius libero magna ac purus. Sed porta fringilla mauris. Phasellus tempus condimentum massa. Ut congue tortor ac nunc. Morbi est. Vestibulum auctor metus non ipsum. Donec gravida. Duis ultrices. Suspendisse purus lectus, fringilla at, eleifend vitae, vehicula in, tellus. Fusce cursus elementum ligula. ', '2016-12-17 07:40:31'),
(7, 7, 6, 'Proin tempus porta dui', 'Donec condimentum lacus vitae tortor. Duis ultrices, tellus in pellentesque ullamcorper, neque enim vestibulum dui, sit amet dapibus tortor nisi vel magna. Proin purus nunc, placerat at, adipiscing at, ullamcorper id, leo. Sed consequat risus id odio. Nulla ac sem quis nunc congue tincidunt. ', '2016-12-17 02:00:06'),
(8, 8, 16, 'Duis ultricess', 'Etiam erat neque, suscipit at, facilisis vitae, congue quis, dui. Aliquam laoreet quam non velit.', '2016-12-19 05:43:26'),
(9, 9, 19, 'Curabitur nec tellus. In semper', 'Nulla a nulla ac leo interdum mollis. Praesent molestie felis in nunc. Morbi mauris. Suspendisse potenti. In consectetur quam sit amet metus. Cras et dui a felis placerat auctor. Donec bibendum turpis nec dui. Aliquam dolor dui, suscipit ac, placerat volutpat, bibendum et, arcu. Nulla ultricies rhoncus tellus. Mauris et neque sit amet turpis faucibus fringilla. Maecenas ac leo. Nullam ac quam. Etiam a nisi. Mauris rutrum tincidunt pede. Donec nisl nulla, tempus et, molestie id, adipiscing tristique, quam. ', '2016-12-16 07:14:12'),
(10, 10, 18, 'Aliquam erat volutpat', 'Nulla convallis. Quisque eget tortor. In turpis tellus, mattis id, pellentesque eu, tincidunt a, nulla. Vivamus sagittis pede sed mauris. Nulla elementum enim a lorem. ', '2016-12-17 11:43:30'),
(11, 11, 5, 'Donec gravida', 'Duis ultrices pretium augue. Donec iaculis erat et dui. Pellentesque vel odio. Etiam bibendum, enim ut auctor molestie, metus ante feugiat tortor, at molestie enim nisi id ligula. Aenean in lectus. Sed in turpis. Mauris suscipit dui sed urna. Sed gravida, tellus id suscipit consectetur, ipsum enim tempus lectus, vitae facilisis libero pede id sapien. ', '2016-12-16 17:52:29'),
(12, 12, 12, 'Duis ultricess', ' ', '2016-12-18 22:35:56'),
(13, 13, 21, 'Vivamus sagittis tellus luctus felis', 'Nullam et enim at orci sagittis gravida. Nullam tincidunt, tortor quis pretium laoreet, eros neque dictum felis, nec gravida neque dui sed ligula. Integer fermentum tortor eu elit. In eros. Duis ac augue quis tortor semper cursus. Nulla dignissim blandit nisl. Aliquam sit amet erat. ', '2016-12-15 23:07:43'),
(14, 14, 10, 'Pellentesque egestas', 'Curabitur risus. In mollis sapien sit amet mi. Duis libero enim, eleifend quis, bibendum quis, aliquet id, massa. Vestibulum iaculis justo non quam. Etiam porttitor pellentesque erat. Pellentesque cursus dignissim arcu. Duis placerat magna vitae nibh.', '2016-12-15 13:09:07'),
(15, 15, 16, 'Nam gravida tempus nibh', 'Mauris nunc tellus, bibendum id, feugiat ut, ullamcorper facilisis, sem. Proin lectus. Nulla volutpat consequat metus. Cras ac lorem ac lacus convallis vestibulum. Maecenas pretium. ', '2016-12-15 08:00:10'),
(16, 16, 3, 'Proin eros', 'Nulla convallis. Quisque eget tortor. In turpis tellus, mattis id, pellentesque eu, tincidunt a, nulla. Vivamus sagittis pede sed mauris. Nulla elementum enim a lorem. ', '2016-12-15 02:15:33'),
(17, 17, 16, 'Vivamus sagittis tellus luctus felis', 'Nulla a nulla ac leo interdum mollis. Nulla a nulla ac leo interdum mollis', '2016-12-17 02:33:38'),
(18, 18, 15, 'Curabitur nec tellus. In semper', 'Aliquam et tellus. Nullam sed nisl. Nullam lobortis dui at odio. Nulla facilisi. Praesent elementum eleifend lectus. Phasellus cursus, diam non consectetur tempus, orci eros tristique sem, at pretium diam enim sed lectus. Mauris in tellus sed dolor pulvinar iaculis. Cum sociis natoque penatibus et magnis dis parturient montes, nascetur ridiculus mus. Nunc nec augue. ', '2016-12-11 05:40:16'),
(19, 19, 17, 'Proin eros', ' ', '2016-12-20 11:59:01'),
(20, 20, 15, 'Donec gravida', 'Aliquam et tellus. Nullam sed nisl. Nullam lobortis dui at odio. Nulla facilisi. Praesent elementum eleifend lectus. Phasellus cursus, diam non consectetur tempus, orci eros tristique sem, at pretium diam enim sed lectus. Mauris in tellus sed dolor pulvinar iaculis. Cum sociis natoque penatibus et magnis dis parturient montes, nascetur ridiculus mus. Nunc nec augue. ', '2016-12-19 19:13:29'),
(21, 21, 15, 'Donec gravida', 'Phasellus facilisis, massa sed egestas condimentum, felis neque condimentum leo, ut ornare libero dolor non enim. Etiam auctor lacus gravida lacus. ', '2016-12-18 08:20:23'),
(22, 22, 5, 'Donec gravida', 'Vestibulum vulputate nunc faucibus mauris. Nulla vel tortor. Donec quis turpis. Fusce gravida. Maecenas mollis facilisis urna. Morbi feugiat, velit a porta sodales, massa lacus ultricies velit, et pretium nunc ante vitae leo. Pellentesque dolor nibh, sagittis a, commodo vitae, luctus nec, purus. Vivamus vestibulum pede sit amet ligula. Fusce ut nisi. Morbi fringilla. Aenean sapien. Vestibulum eros. Integer auctor lacinia lorem.', '2016-12-16 05:44:54'),
(23, 23, 15, 'Pellentesque egestas', 'Vivamus tempor. Proin pretium ante vel dolor. Sed mauris lorem, lobortis quis, vulputate sit amet, iaculis in, enim. Phasellus quis risus. Donec sagittis. Sed eget risus. Praesent egestas nunc non tellus. Sed nisi mi, tincidunt quis, pretium eget, tincidunt in, est. ', '2016-12-18 06:21:40'),
(24, 24, 14, 'Proin tempus porta dui', 'Nulla a nulla ac leo interdum mollis. Nulla a nulla ac leo interdum mollis', '2016-12-19 17:45:29'),
(25, 25, 11, 'Pellentesque egestas', 'Curabitur risus. In mollis sapien sit amet mi. Duis libero enim, eleifend quis, bibendum quis, aliquet id, massa. Vestibulum iaculis justo non quam. Etiam porttitor pellentesque erat. Pellentesque cursus dignissim arcu. Duis placerat magna vitae nibh.', '2016-12-13 06:13:35'),
(26, 26, 4, 'Proin eros', ' ', '2016-12-16 08:27:34'),
(27, 27, 19, 'Aliquam erat volutpat', 'Nulla a nulla ac leo interdum mollis. Nulla a nulla ac leo interdum mollis', '2016-12-19 03:14:54'),
(28, 28, 7, 'Aliquam quis lectus', 'Donec condimentum lacus vitae tortor. Duis ultrices, tellus in pellentesque ullamcorper, neque enim vestibulum dui, sit amet dapibus tortor nisi vel magna. Proin purus nunc, placerat at, adipiscing at, ullamcorper id, leo. Sed consequat risus id odio. Nulla ac sem quis nunc congue tincidunt. ', '2016-12-18 04:45:31'),
(29, 29, 15, 'Pellentesque egestas', 'Nunc posuere, sem a tempor tristique, velit augue congue tortor, non pellentesque velit eros nec mauris. In sapien nunc, bibendum quis, commodo in, feugiat ac, nulla. Donec nec velit eu sapien ultricies porttitor. Quisque pulvinar, eros vel consectetur facilisis, nisi ante egestas libero, sed euismod turpis libero sed turpis. Aenean a libero.', '2016-12-16 20:03:22'),
(30, 30, 22, 'Aliquam quis lectus', 'Aliquam et tellus. Nullam sed nisl. Nullam lobortis dui at odio. Nulla facilisi. Praesent elementum eleifend lectus. Phasellus cursus, diam non consectetur tempus, orci eros tristique sem, at pretium diam enim sed lectus. Mauris in tellus sed dolor pulvinar iaculis. Cum sociis natoque penatibus et magnis dis parturient montes, nascetur ridiculus mus. Nunc nec augue. ', '2016-12-18 17:14:03'),
(31, 31, 8, 'Proin eros', 'Quisque sagittis neque. Vestibulum laoreet. Nullam cursus, odio in fringilla lacinia, urna nisi feugiat arcu, nec aliquet leo mi a justo. Sed ipsum massa, elementum nec, hendrerit ut, malesuada sit amet, ante. Nulla nunc odio, viverra at, tincidunt vel, mattis quis, odio.', '2016-12-14 00:57:23'),
(32, 32, 2, 'Donec gravida', 'Fusce dictum luctus nisl. Curabitur vel enim eget massa hendrerit adipiscing. Pellentesque habitant morbi tristique senectus et netus et malesuada fames ac turpis egestas.', '2016-12-16 18:11:29'),
(33, 33, 20, 'Pellentesque egestas', 'Curabitur risus. In mollis sapien sit amet mi. Duis libero enim, eleifend quis, bibendum quis, aliquet id, massa. Vestibulum iaculis justo non quam. Etiam porttitor pellentesque erat. Pellentesque cursus dignissim arcu. Duis placerat magna vitae nibh.', '2016-12-13 01:17:27'),
(34, 34, 16, 'Proin eros', 'Vivamus tempor. Proin pretium ante vel dolor. Sed mauris lorem, lobortis quis, vulputate sit amet, iaculis in, enim. Phasellus quis risus. Donec sagittis. Sed eget risus. Praesent egestas nunc non tellus. Sed nisi mi, tincidunt quis, pretium eget, tincidunt in, est. ', '2016-12-15 05:33:44'),
(35, 35, 5, 'Proin eros', 'Etiam erat neque, suscipit at, facilisis vitae, congue quis, dui. Aliquam laoreet quam non velit.', '2016-12-18 03:21:16'),
(36, 36, 8, 'Aliquam erat volutpat', 'Vivamus tempor. Proin pretium ante vel dolor. Sed mauris lorem, lobortis quis, vulputate sit amet, iaculis in, enim. Phasellus quis risus. Donec sagittis. Sed eget risus. Praesent egestas nunc non tellus. Sed nisi mi, tincidunt quis, pretium eget, tincidunt in, est. ', '2016-12-20 12:26:46'),
(37, 37, 2, 'Pellentesque egestas', 'Etiam erat neque, suscipit at, facilisis vitae, congue quis, dui. Aliquam laoreet quam non velit.', '2016-12-18 01:31:38'),
(38, 38, 8, 'Pellentesque egestas', 'Etiam erat neque, suscipit at, facilisis vitae, congue quis, dui. Aliquam laoreet quam non velit.', '2016-12-18 20:56:03'),
(39, 39, 7, 'Donec gravida', 'Ut consequat. Curabitur molestie, erat eget aliquam porttitor, orci sem commodo risus, eget rhoncus orci purus et massa. Praesent facilisis mi nec nisl semper eleifend. Donec vel magna id nunc adipiscing laoreet. In hac habitasse platea dictumst. Fusce quis odio. Duis vehicula est sit amet tellus. Proin hendrerit. Suspendisse cursus, risus eget malesuada rutrum, risus quam lobortis libero, eget posuere metus urna non nisl. ', '2016-12-18 16:39:29'),
(40, 40, 17, 'Donec gravida', 'Lorem ipsum dolor sit amet, consectetur adipiscing elit. Cras vitae ante sit amet massa facilisis facilisis.', '2016-12-19 13:05:35'),
(41, 41, 13, 'Aliquam erat volutpat', 'Vivamus tempor. Proin pretium ante vel dolor. Sed mauris lorem, lobortis quis, vulputate sit amet, iaculis in, enim. Phasellus quis risus. Donec sagittis. Sed eget risus. Praesent egestas nunc non tellus. Sed nisi mi, tincidunt quis, pretium eget, tincidunt in, est. ', '2016-12-20 08:26:26'),
(42, 42, 18, 'Aliquam quis lectus', 'Ut consequat. Curabitur molestie, erat eget aliquam porttitor, orci sem commodo risus, eget rhoncus orci purus et massa. Praesent facilisis mi nec nisl semper eleifend. Donec vel magna id nunc adipiscing laoreet. In hac habitasse platea dictumst. Fusce quis odio. Duis vehicula est sit amet tellus. Proin hendrerit. Suspendisse cursus, risus eget malesuada rutrum, risus quam lobortis libero, eget posuere metus urna non nisl. ', '2016-12-14 05:19:16'),
(43, 43, 24, 'Duis ultricess', 'Nulla a nulla ac leo interdum mollis. Praesent molestie felis in nunc. Morbi mauris. Suspendisse potenti. In consectetur quam sit amet metus. Cras et dui a felis placerat auctor. Donec bibendum turpis nec dui. Aliquam dolor dui, suscipit ac, placerat volutpat, bibendum et, arcu. Nulla ultricies rhoncus tellus. Mauris et neque sit amet turpis faucibus fringilla. Maecenas ac leo. Nullam ac quam. Etiam a nisi. Mauris rutrum tincidunt pede. Donec nisl nulla, tempus et, molestie id, adipiscing tristique, quam. ', '2016-12-20 16:29:20'),
(44, 44, 9, 'Duis ultricess', 'Pellentesque habitant morbi tristique senectus et netus et malesuada fames ac turpis egestas. Suspendisse potenti. Sed mattis diam nec neque. In congue ipsum sit amet turpis. Suspendisse tempus lorem a turpis. ', '2016-12-12 00:14:01'),
(45, 45, 6, 'Proin tempus porta dui', 'Etiam scelerisque, dui eu viverra malesuada, dolor enim sagittis purus, ac varius libero magna ac purus. Sed porta fringilla mauris. Phasellus tempus condimentum massa. Ut congue tortor ac nunc. Morbi est. Vestibulum auctor metus non ipsum. Donec gravida. Duis ultrices. Suspendisse purus lectus, fringilla at, eleifend vitae, vehicula in, tellus. Fusce cursus elementum ligula. ', '2016-12-14 22:51:10'),
(46, 46, 18, 'Proin eros', 'Nulla a nulla ac leo interdum mollis. Praesent molestie felis in nunc. Morbi mauris. Suspendisse potenti. In consectetur quam sit amet metus. Cras et dui a felis placerat auctor. Donec bibendum turpis nec dui. Aliquam dolor dui, suscipit ac, placerat volutpat, bibendum et, arcu. Nulla ultricies rhoncus tellus. Mauris et neque sit amet turpis faucibus fringilla. Maecenas ac leo. Nullam ac quam. Etiam a nisi. Mauris rutrum tincidunt pede. Donec nisl nulla, tempus et, molestie id, adipiscing tristique, quam. ', '2016-12-19 07:54:41'),
(47, 47, 18, 'Vivamus sagittis tellus luctus felis', 'Aliquam et tellus. Nullam sed nisl. Nullam lobortis dui at odio. Nulla facilisi. Praesent elementum eleifend lectus. Phasellus cursus, diam non consectetur tempus, orci eros tristique sem, at pretium diam enim sed lectus. Mauris in tellus sed dolor pulvinar iaculis. Cum sociis natoque penatibus et magnis dis parturient montes, nascetur ridiculus mus. Nunc nec augue. ', '2016-12-20 09:18:16'),
(48, 48, 21, 'Vivamus sagittis tellus luctus felis', 'Nullam interdum eros et ipsum. Phasellus volutpat lacus dapibus enim. Nulla tempor rutrum purus. Sed ornare orci vitae diam. Sed viverra diam. Pellentesque nisi nulla, lacinia sit amet, blandit in, vestibulum sit amet, mi. ', '2016-12-18 05:55:43'),
(49, 49, 3, 'Curabitur nec tellus. In semper', 'Nunc posuere, sem a tempor tristique, velit augue congue tortor, non pellentesque velit eros nec mauris. In sapien nunc, bibendum quis, commodo in, feugiat ac, nulla. Donec nec velit eu sapien ultricies porttitor. Quisque pulvinar, eros vel consectetur facilisis, nisi ante egestas libero, sed euismod turpis libero sed turpis. Aenean a libero.', '2016-12-18 17:06:57'),
(50, 50, 26, 'Nam gravida tempus nibh', 'Fusce dictum luctus nisl. Curabitur vel enim eget massa hendrerit adipiscing. Pellentesque habitant morbi tristique senectus et netus et malesuada fames ac turpis egestas.', '2016-12-19 07:14:57'),
(51, 51, 9, 'Donec gravida', 'Nulla a nulla ac leo interdum mollis. Praesent molestie felis in nunc. Morbi mauris. Suspendisse potenti. In consectetur quam sit amet metus. Cras et dui a felis placerat auctor. Donec bibendum turpis nec dui. Aliquam dolor dui, suscipit ac, placerat volutpat, bibendum et, arcu. Nulla ultricies rhoncus tellus. Mauris et neque sit amet turpis faucibus fringilla. Maecenas ac leo. Nullam ac quam. Etiam a nisi. Mauris rutrum tincidunt pede. Donec nisl nulla, tempus et, molestie id, adipiscing tristique, quam. ', '2016-12-14 12:05:30'),
(52, 52, 20, 'Nam gravida tempus nibh', 'Nunc posuere, sem a tempor tristique, velit augue congue tortor, non pellentesque velit eros nec mauris. In sapien nunc, bibendum quis, commodo in, feugiat ac, nulla. Donec nec velit eu sapien ultricies porttitor. Quisque pulvinar, eros vel consectetur facilisis, nisi ante egestas libero, sed euismod turpis libero sed turpis. Aenean a libero.', '2016-12-18 12:37:56'),
(53, 53, 14, 'Proin eros', 'Nullam interdum eros et ipsum. Phasellus volutpat lacus dapibus enim. Nulla tempor rutrum purus. Sed ornare orci vitae diam. Sed viverra diam. Pellentesque nisi nulla, lacinia sit amet, blandit in, vestibulum sit amet, mi. ', '2016-12-20 02:29:22'),
(54, 54, 12, 'Curabitur nec tellus. In semper', 'Aliquam et tellus. Nullam sed nisl. Nullam lobortis dui at odio. Nulla facilisi. Praesent elementum eleifend lectus. Phasellus cursus, diam non consectetur tempus, orci eros tristique sem, at pretium diam enim sed lectus. Mauris in tellus sed dolor pulvinar iaculis. Cum sociis natoque penatibus et magnis dis parturient montes, nascetur ridiculus mus. Nunc nec augue. ', '2016-12-15 01:52:38'),
(55, 55, 4, 'Aliquam quis lectus', 'Aliquam mattis leo quis augue. In viverra tincidunt velit. Mauris magna. Donec non pede sit amet lacus viverra eleifend. Duis risus purus, posuere rutrum, facilisis at, imperdiet in, eros. Phasellus accumsan ipsum in arcu. Phasellus ultricies velit ac justo.', '2016-12-19 07:33:28'),
(56, 56, 7, 'Nam gravida tempus nibh', 'Aliquam et tellus. Nullam sed nisl. Nullam lobortis dui at odio. Nulla facilisi. Praesent elementum eleifend lectus. Phasellus cursus, diam non consectetur tempus, orci eros tristique sem, at pretium diam enim sed lectus. Mauris in tellus sed dolor pulvinar iaculis. Cum sociis natoque penatibus et magnis dis parturient montes, nascetur ridiculus mus. Nunc nec augue. ', '2016-12-18 11:11:59'),
(57, 57, 3, 'Vivamus sagittis tellus luctus felis', 'Nullam interdum eros et ipsum. Phasellus volutpat lacus dapibus enim. Nulla tempor rutrum purus. Sed ornare orci vitae diam. Sed viverra diam. Pellentesque nisi nulla, lacinia sit amet, blandit in, vestibulum sit amet, mi. ', '2016-12-20 17:15:27'),
(58, 58, 21, 'Proin eros', 'Nulla a nulla ac leo interdum mollis. Praesent molestie felis in nunc. Morbi mauris. Suspendisse potenti. In consectetur quam sit amet metus. Cras et dui a felis placerat auctor. Donec bibendum turpis nec dui. Aliquam dolor dui, suscipit ac, placerat volutpat, bibendum et, arcu. Nulla ultricies rhoncus tellus. Mauris et neque sit amet turpis faucibus fringilla. Maecenas ac leo. Nullam ac quam. Etiam a nisi. Mauris rutrum tincidunt pede. Donec nisl nulla, tempus et, molestie id, adipiscing tristique, quam. ', '2016-12-18 03:25:29'),
(59, 59, 17, 'Pellentesque egestas', 'Pellentesque habitant morbi tristique senectus et netus et malesuada fames ac turpis egestas. Suspendisse potenti. Sed mattis diam nec neque. In congue ipsum sit amet turpis. Suspendisse tempus lorem a turpis. ', '2016-12-19 13:14:53'),
(60, 60, 20, 'Pellentesque egestas', 'Sed vitae augue feugiat risus varius tristique. In id nunc at nisi tristique ullamcorper. Sed at leo. Fusce vel mauris tristique diam ultricies posuere.', '2016-12-18 21:43:10'),
(61, 61, 13, 'Donec gravida', 'Lorem ipsum dolor sit amet, consectetur adipiscing elit. Cras vitae ante sit amet massa facilisis facilisis.', '2016-12-14 15:07:05'),
(62, 62, 11, 'Vivamus sagittis tellus luctus felis', 'Pellentesque habitant morbi tristique senectus et netus et malesuada fames ac turpis egestas. Suspendisse potenti. Sed mattis diam nec neque. In congue ipsum sit amet turpis. Suspendisse tempus lorem a turpis. ', '2016-12-19 19:37:11'),
(63, 63, 6, 'Vivamus sagittis tellus luctus felis', ' ', '2016-12-17 20:29:31'),
(64, 64, 1, 'Proin eros', 'Vestibulum vulputate nunc faucibus mauris. Nulla vel tortor. Donec quis turpis. Fusce gravida. Maecenas mollis facilisis urna. Morbi feugiat, velit a porta sodales, massa lacus ultricies velit, et pretium nunc ante vitae leo. Pellentesque dolor nibh, sagittis a, commodo vitae, luctus nec, purus. Vivamus vestibulum pede sit amet ligula. Fusce ut nisi. Morbi fringilla. Aenean sapien. Vestibulum eros. Integer auctor lacinia lorem.', '2016-12-18 21:50:19'),
(65, 65, 5, 'Pellentesque egestas', 'Sed lacus. Donec condimentum lacus vitae tortor. Duis ultrices, tellus in pellentesque ullamcorper, neque enim vestibulum dui, sit amet dapibus tortor nisi vel magna. Proin purus nunc, placerat at, adipiscing at, ullamcorper id, leo. Sed consequat risus id odio. Nulla ac sem quis nunc congue tincidunt. ', '2016-12-19 06:22:58'),
(66, 66, 25, 'Pellentesque egestas', 'Sed vitae augue feugiat risus varius tristique. In id nunc at nisi tristique ullamcorper. Sed at leo. Fusce vel mauris tristique diam ultricies posuere.', '2016-12-17 21:37:06'),
(67, 67, 10, 'Proin eros', 'Quisque sagittis neque. Vestibulum laoreet. Nullam cursus, odio in fringilla lacinia, urna nisi feugiat arcu, nec aliquet leo mi a justo. Sed ipsum massa, elementum nec, hendrerit ut, malesuada sit amet, ante. Nulla nunc odio, viverra at, tincidunt vel, mattis quis, odio.', '2016-12-17 18:36:00'),
(68, 68, 2, 'Proin tempus porta dui', ' ', '2016-12-20 13:06:25'),
(69, 69, 4, 'Aliquam quis lectus', 'Pellentesque habitant morbi tristique senectus et netus et malesuada fames ac turpis egestas. Suspendisse potenti. Sed mattis diam nec neque. In congue ipsum sit amet turpis. Suspendisse tempus lorem a turpis. ', '2016-12-21 04:30:31'),
(70, 70, 25, 'Donec gravida', 'Etiam erat neque, suscipit at, facilisis vitae, congue quis, dui. Aliquam laoreet quam non velit.', '2016-12-18 06:02:19'),
(71, 71, 10, 'Aliquam erat volutpat', 'Sed lacus. Donec condimentum lacus vitae tortor. Duis ultrices, tellus in pellentesque ullamcorper, neque enim vestibulum dui, sit amet dapibus tortor nisi vel magna. Proin purus nunc, placerat at, adipiscing at, ullamcorper id, leo. Sed consequat risus id odio. Nulla ac sem quis nunc congue tincidunt. ', '2016-12-20 17:01:58'),
(72, 72, 3, 'Pellentesque egestas', 'Aliquam et tellus. Nullam sed nisl. Nullam lobortis dui at odio. Nulla facilisi. Praesent elementum eleifend lectus. Phasellus cursus, diam non consectetur tempus, orci eros tristique sem, at pretium diam enim sed lectus. Mauris in tellus sed dolor pulvinar iaculis. Cum sociis natoque penatibus et magnis dis parturient montes, nascetur ridiculus mus. Nunc nec augue. ', '2016-12-22 05:18:52'),
(73, 73, 12, 'Pellentesque egestas', 'Etiam scelerisque, dui eu viverra malesuada, dolor enim sagittis purus, ac varius libero magna ac purus. Sed porta fringilla mauris. Phasellus tempus condimentum massa. Ut congue tortor ac nunc. Morbi est. Vestibulum auctor metus non ipsum. Donec gravida. Duis ultrices. Suspendisse purus lectus, fringilla at, eleifend vitae, vehicula in, tellus. Fusce cursus elementum ligula. ', '2016-12-21 02:50:49'),
(74, 74, 26, 'Vivamus sagittis tellus luctus felis', 'Donec condimentum lacus vitae tortor. Duis ultrices, tellus in pellentesque ullamcorper, neque enim vestibulum dui, sit amet dapibus tortor nisi vel magna. Proin purus nunc, placerat at, adipiscing at, ullamcorper id, leo. Sed consequat risus id odio. Nulla ac sem quis nunc congue tincidunt. ', '2016-12-20 20:37:25'),
(75, 75, 26, 'Curabitur nec tellus. In semper', 'Curabitur risus. In mollis sapien sit amet mi. Duis libero enim, eleifend quis, bibendum quis, aliquet id, massa. Vestibulum iaculis justo non quam. Etiam porttitor pellentesque erat. Pellentesque cursus dignissim arcu. Duis placerat magna vitae nibh.', '2016-12-21 13:00:23'),
(76, 76, 12, 'Donec gravida', ' ', '2016-12-21 02:12:31'),
(77, 77, 2, 'Aliquam quis lectus', 'Pellentesque habitant morbi tristique senectus et netus et malesuada fames ac turpis egestas. Suspendisse potenti. Sed mattis diam nec neque. In congue ipsum sit amet turpis. Suspendisse tempus lorem a turpis. ', '2016-12-15 19:00:42'),
(78, 78, 18, 'Duis ultricess', 'Curabitur risus. In mollis sapien sit amet mi. Duis libero enim, eleifend quis, bibendum quis, aliquet id, massa. Vestibulum iaculis justo non quam. Etiam porttitor pellentesque erat. Pellentesque cursus dignissim arcu. Duis placerat magna vitae nibh.', '2016-12-18 19:44:05'),
(79, 79, 2, 'Proin tempus porta dui', 'Vestibulum vulputate nunc faucibus mauris. Nulla vel tortor. Donec quis turpis. Fusce gravida. Maecenas mollis facilisis urna. Morbi feugiat, velit a porta sodales, massa lacus ultricies velit, et pretium nunc ante vitae leo. Pellentesque dolor nibh, sagittis a, commodo vitae, luctus nec, purus. Vivamus vestibulum pede sit amet ligula. Fusce ut nisi. Morbi fringilla. Aenean sapien. Vestibulum eros. Integer auctor lacinia lorem.', '2016-12-14 18:47:58'),
(80, 80, 21, 'Aliquam quis lectus', 'Vivamus tempor. Proin pretium ante vel dolor. Sed mauris lorem, lobortis quis, vulputate sit amet, iaculis in, enim. Phasellus quis risus. Donec sagittis. Sed eget risus. Praesent egestas nunc non tellus. Sed nisi mi, tincidunt quis, pretium eget, tincidunt in, est. ', '2016-12-17 07:34:41'),
(81, 81, 19, 'Donec gravida', 'Aliquam mattis leo quis augue. In viverra tincidunt velit. Mauris magna. Donec non pede sit amet lacus viverra eleifend. Duis risus purus, posuere rutrum, facilisis at, imperdiet in, eros. Phasellus accumsan ipsum in arcu. Phasellus ultricies velit ac justo.', '2016-12-21 16:23:58'),
(82, 82, 24, 'Nam gravida tempus nibh', 'Nulla convallis. Quisque eget tortor. In turpis tellus, mattis id, pellentesque eu, tincidunt a, nulla. Vivamus sagittis pede sed mauris. Nulla elementum enim a lorem. ', '2016-12-14 21:07:21'),
(83, 83, 11, 'Duis ultricess', 'Sed lacus. Donec condimentum lacus vitae tortor. Duis ultrices, tellus in pellentesque ullamcorper, neque enim vestibulum dui, sit amet dapibus tortor nisi vel magna. Proin purus nunc, placerat at, adipiscing at, ullamcorper id, leo. Sed consequat risus id odio. Nulla ac sem quis nunc congue tincidunt. ', '2016-12-21 17:12:31'),
(84, 84, 20, 'Nam gravida tempus nibh', 'Phasellus facilisis, massa sed egestas condimentum, felis neque condimentum leo, ut ornare libero dolor non enim. Etiam auctor lacus gravida lacus. ', '2016-12-20 23:42:55'),
(85, 85, 17, 'Duis ultricess', 'Etiam erat neque, suscipit at, facilisis vitae, congue quis, dui. Aliquam laoreet quam non velit.', '2016-12-14 23:56:38'),
(86, 86, 5, 'Vivamus sagittis tellus luctus felis', 'Lorem ipsum dolor sit amet, consectetur adipiscing elit. Cras vitae ante sit amet massa facilisis facilisis.', '2016-12-22 02:47:23'),
(87, 87, 6, 'Nam gravida tempus nibh', 'Nulla a nulla ac leo interdum mollis. Nulla a nulla ac leo interdum mollis', '2016-12-22 01:15:43'),
(88, 88, 23, 'Pellentesque egestas', 'Praesent sem. In et dui. Ut sodales posuere orci. Ut quam ipsum, semper vel, accumsan sed, porta non, risus. Sed ac magna sit amet libero placerat euismod. ', '2016-12-18 21:42:28'),
(89, 89, 22, 'Pellentesque egestas', ' ', '2016-12-12 03:48:01'),
(90, 90, 10, 'Duis ultricess', 'Duis ultrices pretium augue. Donec iaculis erat et dui. Pellentesque vel odio. Etiam bibendum, enim ut auctor molestie, metus ante feugiat tortor, at molestie enim nisi id ligula. Aenean in lectus. Sed in turpis. Mauris suscipit dui sed urna. Sed gravida, tellus id suscipit consectetur, ipsum enim tempus lectus, vitae facilisis libero pede id sapien. ', '2016-12-20 18:45:25'),
(91, 91, 23, 'Vivamus sagittis tellus luctus felis', 'Duis ultrices pretium augue. Donec iaculis erat et dui. Pellentesque vel odio. Etiam bibendum, enim ut auctor molestie, metus ante feugiat tortor, at molestie enim nisi id ligula. Aenean in lectus. Sed in turpis. Mauris suscipit dui sed urna. Sed gravida, tellus id suscipit consectetur, ipsum enim tempus lectus, vitae facilisis libero pede id sapien. ', '2016-12-18 14:08:00'),
(92, 92, 17, 'Curabitur nec tellus. In semper', 'Etiam erat neque, suscipit at, facilisis vitae, congue quis, dui. Aliquam laoreet quam non velit.', '2016-12-19 11:50:13'),
(93, 93, 24, 'Pellentesque egestas', ' ', '2016-12-21 10:02:18'),
(94, 94, 10, 'Pellentesque egestas', 'Donec condimentum lacus vitae tortor. Duis ultrices, tellus in pellentesque ullamcorper, neque enim vestibulum dui, sit amet dapibus tortor nisi vel magna. Proin purus nunc, placerat at, adipiscing at, ullamcorper id, leo. Sed consequat risus id odio. Nulla ac sem quis nunc congue tincidunt. ', '2016-12-16 08:26:22'),
(95, 95, 18, 'Pellentesque egestas', 'Sed vitae augue feugiat risus varius tristique. In id nunc at nisi tristique ullamcorper. Sed at leo. Fusce vel mauris tristique diam ultricies posuere.', '2016-12-18 09:10:11'),
(96, 96, 19, 'Donec gravida', 'Nulla convallis. Quisque eget tortor. In turpis tellus, mattis id, pellentesque eu, tincidunt a, nulla. Vivamus sagittis pede sed mauris. Nulla elementum enim a lorem. ', '2016-12-18 16:27:02'),
(97, 97, 24, 'Aliquam quis lectus', 'Curabitur risus. In mollis sapien sit amet mi. Duis libero enim, eleifend quis, bibendum quis, aliquet id, massa. Vestibulum iaculis justo non quam. Etiam porttitor pellentesque erat. Pellentesque cursus dignissim arcu. Duis placerat magna vitae nibh.', '2016-12-17 10:29:23'),
(98, 98, 12, 'Pellentesque egestas', 'Aliquam mattis leo quis augue. In viverra tincidunt velit. Mauris magna. Donec non pede sit amet lacus viverra eleifend. Duis risus purus, posuere rutrum, facilisis at, imperdiet in, eros. Phasellus accumsan ipsum in arcu. Phasellus ultricies velit ac justo.', '2016-12-17 14:01:04'),
(99, 99, 23, 'Aliquam erat volutpat', ' ', '2016-12-21 17:47:07'),
(100, 100, 8, 'Duis ultricess', 'Vestibulum vulputate nunc faucibus mauris. Nulla vel tortor. Donec quis turpis. Fusce gravida. Maecenas mollis facilisis urna. Morbi feugiat, velit a porta sodales, massa lacus ultricies velit, et pretium nunc ante vitae leo. Pellentesque dolor nibh, sagittis a, commodo vitae, luctus nec, purus. Vivamus vestibulum pede sit amet ligula. Fusce ut nisi. Morbi fringilla. Aenean sapien. Vestibulum eros. Integer auctor lacinia lorem.', '2016-12-20 02:01:42');

-- --------------------------------------------------------

--
-- Table structure for table `bp_messages_meta`
--

CREATE TABLE `bp_messages_meta` (
  `id` bigint(20) NOT NULL,
  `message_id` bigint(20) NOT NULL,
  `meta_key` varchar(255) COLLATE utf8_unicode_ci DEFAULT NULL,
  `meta_value` longtext COLLATE utf8_unicode_ci
) ENGINE=InnoDB DEFAULT CHARSET=utf8 COLLATE=utf8_unicode_ci ROW_FORMAT=DYNAMIC;

-- --------------------------------------------------------

--
-- Table structure for table `bp_messages_notices`
--

CREATE TABLE `bp_messages_notices` (
  `id` bigint(20) NOT NULL,
  `subject` varchar(200) COLLATE utf8_unicode_ci NOT NULL,
  `message` longtext COLLATE utf8_unicode_ci NOT NULL,
  `date_sent` datetime NOT NULL,
  `is_active` tinyint(1) NOT NULL DEFAULT '0'
) ENGINE=InnoDB DEFAULT CHARSET=utf8 COLLATE=utf8_unicode_ci ROW_FORMAT=DYNAMIC;

-- --------------------------------------------------------

--
-- Table structure for table `bp_messages_recipients`
--

CREATE TABLE `bp_messages_recipients` (
  `id` bigint(20) NOT NULL,
  `user_id` bigint(20) NOT NULL,
  `thread_id` bigint(20) NOT NULL,
  `unread_count` int(10) NOT NULL DEFAULT '0',
  `sender_only` tinyint(1) NOT NULL DEFAULT '0',
  `is_deleted` tinyint(1) NOT NULL DEFAULT '0'
) ENGINE=InnoDB DEFAULT CHARSET=utf8 COLLATE=utf8_unicode_ci ROW_FORMAT=DYNAMIC;

--
-- Dumping data for table `bp_messages_recipients`
--

INSERT INTO `bp_messages_recipients` (`id`, `user_id`, `thread_id`, `unread_count`, `sender_only`, `is_deleted`) VALUES
(1, 13, 1, 1, 0, 0),
(2, 2, 1, 0, 1, 0),
(3, 17, 2, 1, 0, 0),
(4, 24, 2, 0, 1, 0),
(5, 23, 3, 1, 0, 0),
(6, 6, 3, 0, 1, 0),
(7, 24, 4, 1, 0, 0),
(8, 8, 4, 0, 1, 0),
(9, 26, 5, 1, 0, 0),
(10, 8, 5, 0, 1, 0),
(11, 15, 6, 1, 0, 0),
(12, 20, 6, 0, 1, 0),
(13, 14, 7, 1, 0, 0),
(14, 6, 7, 0, 1, 0),
(15, 11, 8, 1, 0, 0),
(16, 16, 8, 0, 1, 0),
(17, 20, 9, 1, 0, 0),
(18, 19, 9, 0, 1, 0),
(19, 18, 10, 1, 0, 0),
(20, 15, 11, 1, 0, 0),
(21, 5, 11, 0, 1, 0),
(22, 16, 12, 1, 0, 0),
(23, 12, 12, 0, 1, 0),
(24, 21, 13, 1, 0, 0),
(25, 21, 14, 1, 0, 0),
(26, 10, 14, 0, 1, 0),
(27, 26, 15, 1, 0, 0),
(28, 16, 15, 0, 1, 0),
(29, 15, 16, 1, 0, 0),
(30, 3, 16, 0, 1, 0),
(31, 4, 17, 1, 0, 0),
(32, 16, 17, 0, 1, 0),
(33, 26, 18, 1, 0, 0),
(34, 15, 18, 0, 1, 0),
(35, 3, 19, 1, 0, 0),
(36, 17, 19, 0, 1, 0),
(37, 12, 20, 1, 0, 0),
(38, 15, 20, 0, 1, 0),
(39, 10, 21, 1, 0, 0),
(40, 15, 21, 0, 1, 0),
(41, 15, 22, 1, 0, 0),
(42, 5, 22, 0, 1, 0),
(43, 4, 23, 1, 0, 0),
(44, 15, 23, 0, 1, 0),
(45, 14, 24, 1, 0, 0),
(46, 15, 25, 1, 0, 0),
(47, 11, 25, 0, 1, 0),
(48, 12, 26, 1, 0, 0),
(49, 4, 26, 0, 1, 0),
(50, 10, 27, 1, 0, 0),
(51, 19, 27, 0, 1, 0),
(52, 9, 28, 1, 0, 0),
(53, 7, 28, 0, 1, 0),
(54, 9, 29, 1, 0, 0),
(55, 15, 29, 0, 1, 0),
(56, 19, 30, 1, 0, 0),
(57, 22, 30, 0, 1, 0),
(58, 8, 31, 1, 0, 0),
(59, 14, 32, 1, 0, 0),
(60, 2, 32, 0, 1, 0),
(61, 7, 33, 1, 0, 0),
(62, 20, 33, 0, 1, 0),
(63, 11, 34, 1, 0, 0),
(64, 21, 34, 1, 0, 0),
(65, 16, 34, 0, 1, 0),
(66, 8, 35, 1, 0, 0),
(67, 25, 35, 1, 0, 0),
(68, 5, 35, 0, 1, 0),
(69, 7, 36, 1, 0, 0),
(70, 24, 36, 1, 0, 0),
(71, 8, 36, 0, 1, 0),
(72, 10, 37, 1, 0, 0),
(73, 21, 37, 1, 0, 0),
(74, 2, 37, 0, 1, 0),
(75, 6, 38, 1, 0, 0),
(76, 16, 38, 1, 0, 0),
(77, 8, 38, 0, 1, 0),
(78, 21, 39, 1, 0, 0),
(79, 10, 39, 1, 0, 0),
(80, 7, 39, 0, 1, 0),
(81, 26, 40, 1, 0, 0),
(82, 14, 40, 1, 0, 0),
(83, 17, 40, 0, 1, 0),
(84, 2, 41, 1, 0, 0),
(85, 19, 41, 1, 0, 0),
(86, 13, 41, 0, 1, 0),
(87, 13, 42, 1, 0, 0),
(88, 20, 42, 1, 0, 0),
(89, 18, 42, 0, 1, 0),
(90, 17, 43, 1, 0, 0),
(91, 18, 43, 1, 0, 0),
(92, 24, 43, 0, 1, 0),
(93, 19, 44, 1, 0, 0),
(94, 20, 44, 1, 0, 0),
(95, 9, 44, 0, 1, 0),
(96, 5, 45, 1, 0, 0),
(97, 10, 45, 1, 0, 0),
(98, 6, 45, 0, 1, 0),
(99, 20, 46, 1, 0, 0),
(100, 6, 46, 1, 0, 0),
(101, 18, 46, 0, 1, 0),
(102, 16, 47, 1, 0, 0),
(103, 22, 47, 1, 0, 0),
(104, 18, 47, 0, 1, 0),
(105, 20, 48, 1, 0, 0),
(106, 10, 48, 1, 0, 0),
(107, 21, 48, 0, 1, 0),
(108, 4, 49, 1, 0, 0),
(109, 5, 49, 1, 0, 0),
(110, 3, 49, 0, 1, 0),
(111, 1, 50, 1, 0, 0),
(112, 12, 50, 1, 0, 0),
(113, 26, 50, 0, 1, 0),
(114, 9, 51, 1, 0, 0),
(115, 15, 51, 1, 0, 0),
(116, 25, 52, 1, 0, 0),
(117, 26, 52, 1, 0, 0),
(118, 20, 52, 0, 1, 0),
(119, 5, 53, 1, 0, 0),
(120, 15, 53, 1, 0, 0),
(121, 14, 53, 0, 1, 0),
(122, 22, 54, 1, 0, 0),
(123, 26, 54, 1, 0, 0),
(124, 12, 54, 0, 1, 0),
(125, 24, 55, 1, 0, 0),
(126, 8, 55, 1, 0, 0),
(127, 4, 55, 0, 1, 0),
(128, 4, 56, 1, 0, 0),
(129, 22, 56, 1, 0, 0),
(130, 7, 56, 0, 1, 0),
(131, 2, 57, 1, 0, 0),
(132, 18, 57, 1, 0, 0),
(133, 3, 57, 0, 1, 0),
(134, 16, 58, 1, 0, 0),
(135, 19, 58, 1, 0, 0),
(136, 21, 58, 0, 1, 0),
(137, 26, 59, 1, 0, 0),
(138, 6, 59, 1, 0, 0),
(139, 17, 59, 0, 1, 0),
(140, 7, 60, 1, 0, 0),
(141, 20, 60, 0, 1, 0),
(142, 16, 61, 1, 0, 0),
(143, 15, 61, 1, 0, 0),
(144, 13, 61, 0, 1, 0),
(145, 24, 62, 1, 0, 0),
(146, 21, 62, 1, 0, 0),
(147, 11, 62, 0, 1, 0),
(148, 7, 63, 1, 0, 0),
(149, 10, 63, 1, 0, 0),
(150, 6, 63, 0, 1, 0),
(151, 26, 64, 1, 0, 0),
(152, 19, 64, 1, 0, 0),
(153, 1, 64, 0, 1, 0),
(154, 8, 65, 1, 0, 0),
(155, 16, 65, 1, 0, 0),
(156, 5, 65, 0, 1, 0),
(157, 17, 66, 1, 0, 0),
(158, 8, 66, 1, 0, 0),
(159, 25, 66, 0, 1, 0),
(160, 15, 67, 1, 0, 0),
(161, 14, 67, 1, 0, 0),
(162, 13, 67, 1, 0, 0),
(163, 10, 67, 0, 1, 0),
(164, 2, 68, 1, 0, 0),
(165, 13, 68, 1, 0, 0),
(166, 19, 68, 1, 0, 0),
(167, 8, 69, 1, 0, 0),
(168, 9, 69, 1, 0, 0),
(169, 23, 69, 1, 0, 0),
(170, 4, 69, 0, 1, 0),
(171, 17, 70, 1, 0, 0),
(172, 16, 70, 1, 0, 0),
(173, 7, 70, 1, 0, 0),
(174, 25, 70, 0, 1, 0),
(175, 15, 71, 1, 0, 0),
(176, 6, 71, 1, 0, 0),
(177, 24, 71, 1, 0, 0),
(178, 10, 71, 0, 1, 0),
(179, 24, 72, 1, 0, 0),
(180, 23, 72, 1, 0, 0),
(181, 15, 72, 1, 0, 0),
(182, 3, 72, 0, 1, 0),
(183, 22, 73, 1, 0, 0),
(184, 26, 73, 1, 0, 0),
(185, 23, 73, 1, 0, 0),
(186, 12, 73, 0, 1, 0),
(187, 16, 74, 1, 0, 0),
(188, 24, 74, 1, 0, 0),
(189, 12, 74, 1, 0, 0),
(190, 26, 74, 0, 1, 0),
(191, 21, 75, 1, 0, 0),
(192, 8, 75, 1, 0, 0),
(193, 12, 75, 1, 0, 0),
(194, 26, 75, 0, 1, 0),
(195, 13, 76, 1, 0, 0),
(196, 2, 76, 1, 0, 0),
(197, 19, 76, 1, 0, 0),
(198, 12, 76, 0, 1, 0),
(199, 6, 77, 1, 0, 0),
(200, 1, 77, 1, 0, 0),
(201, 17, 77, 1, 0, 0),
(202, 2, 77, 0, 1, 0),
(203, 25, 78, 1, 0, 0),
(204, 9, 78, 1, 0, 0),
(205, 23, 78, 1, 0, 0),
(206, 18, 78, 0, 1, 0),
(207, 11, 79, 1, 0, 0),
(208, 7, 79, 1, 0, 0),
(209, 13, 79, 1, 0, 0),
(210, 2, 79, 0, 1, 0),
(211, 1, 80, 1, 0, 0),
(212, 24, 80, 1, 0, 0),
(213, 7, 80, 1, 0, 0),
(214, 21, 80, 0, 1, 0),
(215, 20, 81, 1, 0, 0),
(216, 23, 81, 1, 0, 0),
(217, 5, 81, 1, 0, 0),
(218, 19, 81, 0, 1, 0),
(219, 16, 82, 1, 0, 0),
(220, 18, 82, 1, 0, 0),
(221, 11, 82, 1, 0, 0),
(222, 24, 82, 0, 1, 0),
(223, 13, 83, 1, 0, 0),
(224, 14, 83, 1, 0, 0),
(225, 22, 83, 1, 0, 0),
(226, 11, 83, 0, 1, 0),
(227, 16, 84, 1, 0, 0),
(228, 13, 84, 1, 0, 0),
(229, 3, 84, 1, 0, 0),
(230, 20, 84, 0, 1, 0),
(231, 5, 85, 1, 0, 0),
(232, 3, 85, 1, 0, 0),
(233, 11, 85, 1, 0, 0),
(234, 17, 85, 0, 1, 0),
(235, 18, 86, 1, 0, 0),
(236, 25, 86, 1, 0, 0),
(237, 9, 86, 1, 0, 0),
(238, 5, 86, 0, 1, 0),
(239, 13, 87, 1, 0, 0),
(240, 2, 87, 1, 0, 0),
(241, 5, 87, 1, 0, 0),
(242, 6, 87, 0, 1, 0),
(243, 17, 88, 1, 0, 0),
(244, 11, 88, 1, 0, 0),
(245, 14, 88, 1, 0, 0),
(246, 23, 88, 0, 1, 0),
(247, 10, 89, 1, 0, 0),
(248, 2, 89, 1, 0, 0),
(249, 21, 89, 1, 0, 0),
(250, 22, 89, 0, 1, 0),
(251, 26, 90, 1, 0, 0),
(252, 7, 90, 1, 0, 0),
(253, 23, 90, 1, 0, 0),
(254, 10, 90, 0, 1, 0),
(255, 18, 91, 1, 0, 0),
(256, 20, 91, 1, 0, 0),
(257, 24, 91, 1, 0, 0),
(258, 23, 91, 0, 1, 0),
(259, 18, 92, 1, 0, 0),
(260, 20, 92, 1, 0, 0),
(261, 12, 92, 1, 0, 0),
(262, 17, 92, 0, 1, 0),
(263, 18, 93, 1, 0, 0),
(264, 2, 93, 1, 0, 0),
(265, 21, 93, 1, 0, 0),
(266, 24, 93, 0, 1, 0),
(267, 3, 94, 1, 0, 0),
(268, 14, 94, 1, 0, 0),
(269, 12, 94, 1, 0, 0),
(270, 10, 94, 0, 1, 0),
(271, 23, 95, 1, 0, 0),
(272, 2, 95, 1, 0, 0),
(273, 8, 95, 1, 0, 0),
(274, 18, 95, 0, 1, 0),
(275, 24, 96, 1, 0, 0),
(276, 7, 96, 1, 0, 0),
(277, 23, 96, 1, 0, 0),
(278, 19, 96, 0, 1, 0),
(279, 3, 97, 1, 0, 0),
(280, 10, 97, 1, 0, 0),
(281, 14, 97, 1, 0, 0),
(282, 24, 97, 0, 1, 0),
(283, 17, 98, 1, 0, 0),
(284, 15, 98, 1, 0, 0),
(285, 23, 98, 1, 0, 0),
(286, 12, 98, 0, 1, 0),
(287, 16, 99, 1, 0, 0),
(288, 9, 99, 1, 0, 0),
(289, 7, 99, 1, 0, 0),
(290, 23, 99, 0, 1, 0),
(291, 24, 100, 1, 0, 0),
(292, 9, 100, 1, 0, 0),
(293, 17, 100, 1, 0, 0),
(294, 4, 100, 1, 0, 0),
(295, 3, 100, 1, 0, 0),
(296, 8, 100, 0, 1, 0);

-- --------------------------------------------------------

--
-- Table structure for table `bp_notifications`
--

CREATE TABLE `bp_notifications` (
  `id` bigint(20) NOT NULL,
  `user_id` bigint(20) NOT NULL,
  `item_id` bigint(20) NOT NULL,
  `secondary_item_id` bigint(20) DEFAULT NULL,
  `component_name` varchar(75) COLLATE utf8_unicode_ci NOT NULL,
  `component_action` varchar(75) COLLATE utf8_unicode_ci NOT NULL,
  `date_notified` datetime NOT NULL,
  `is_new` tinyint(1) NOT NULL DEFAULT '0'
) ENGINE=InnoDB DEFAULT CHARSET=utf8 COLLATE=utf8_unicode_ci ROW_FORMAT=DYNAMIC;

--
-- Dumping data for table `bp_notifications`
--

INSERT INTO `bp_notifications` (`id`, `user_id`, `item_id`, `secondary_item_id`, `component_name`, `component_action`, `date_notified`, `is_new`) VALUES
(1, 24, 23, 1, 'friends', 'friendship_accepted', '2016-12-22 10:43:18', 0),
(2, 6, 2, 2, 'friends', 'friendship_accepted', '2016-12-22 10:43:18', 0),
(3, 8, 4, 3, 'friends', 'friendship_accepted', '2016-12-22 10:43:19', 0),
(4, 21, 6, 4, 'friends', 'friendship_accepted', '2016-12-22 10:43:19', 0),
(5, 23, 6, 5, 'friends', 'friendship_accepted', '2016-12-22 10:43:19', 0),
(6, 17, 14, 6, 'friends', 'friendship_accepted', '2016-12-22 10:43:19', 0),
(7, 20, 21, 7, 'friends', 'friendship_accepted', '2016-12-22 10:43:20', 0),
(8, 26, 19, 8, 'friends', 'friendship_accepted', '2016-12-22 10:43:20', 0),
(9, 16, 24, 9, 'friends', 'friendship_accepted', '2016-12-22 10:43:20', 0),
(10, 7, 9, 10, 'friends', 'friendship_accepted', '2016-12-22 10:43:20', 0),
(11, 13, 20, 11, 'friends', 'friendship_accepted', '2016-12-22 10:43:21', 0),
(12, 15, 4, 12, 'friends', 'friendship_accepted', '2016-12-22 10:43:21', 0),
(13, 5, 6, 13, 'friends', 'friendship_accepted', '2016-12-22 10:43:21', 0),
(14, 14, 24, 14, 'friends', 'friendship_accepted', '2016-12-22 10:43:21', 0),
(15, 16, 6, 15, 'friends', 'friendship_accepted', '2016-12-22 10:43:22', 0),
(16, 13, 26, 16, 'friends', 'friendship_accepted', '2016-12-22 10:43:22', 0),
(17, 19, 2, 17, 'friends', 'friendship_accepted', '2016-12-22 10:43:22', 0),
(18, 20, 25, 18, 'friends', 'friendship_accepted', '2016-12-22 10:43:22', 0),
(19, 6, 19, 19, 'friends', 'friendship_accepted', '2016-12-22 10:43:23', 0),
(20, 10, 23, 20, 'friends', 'friendship_accepted', '2016-12-22 10:43:23', 0),
(21, 1, 26, 21, 'friends', 'friendship_accepted', '2016-12-22 10:43:23', 0),
(22, 10, 17, 22, 'friends', 'friendship_accepted', '2016-12-22 10:43:24', 0),
(23, 1, 3, 23, 'friends', 'friendship_accepted', '2016-12-22 10:43:24', 0),
(24, 15, 9, 24, 'friends', 'friendship_accepted', '2016-12-22 10:43:24', 0),
(25, 22, 18, 25, 'friends', 'friendship_accepted', '2016-12-22 10:43:24', 0),
(26, 7, 11, 26, 'friends', 'friendship_accepted', '2016-12-22 10:43:25', 0),
(27, 22, 19, 27, 'friends', 'friendship_accepted', '2016-12-22 10:43:25', 0),
(28, 9, 3, 28, 'friends', 'friendship_accepted', '2016-12-22 10:43:25', 0),
(29, 23, 18, 29, 'friends', 'friendship_accepted', '2016-12-22 10:43:25', 0),
(30, 16, 23, 30, 'friends', 'friendship_accepted', '2016-12-22 10:43:25', 0),
(31, 19, 1, 31, 'friends', 'friendship_accepted', '2016-12-22 10:43:26', 0),
(32, 13, 16, 32, 'friends', 'friendship_accepted', '2016-12-22 10:43:26', 0),
(33, 11, 12, 33, 'friends', 'friendship_accepted', '2016-12-22 10:43:26', 0),
(34, 9, 21, 34, 'friends', 'friendship_accepted', '2016-12-22 10:43:26', 0),
(35, 4, 2, 35, 'friends', 'friendship_accepted', '2016-12-22 10:43:27', 0),
(36, 26, 9, 36, 'friends', 'friendship_accepted', '2016-12-22 10:43:27', 0),
(37, 3, 6, 37, 'friends', 'friendship_accepted', '2016-12-22 10:43:27', 0),
(38, 7, 24, 38, 'friends', 'friendship_accepted', '2016-12-22 10:43:27', 0),
(39, 1, 12, 39, 'friends', 'friendship_accepted', '2016-12-22 10:43:27', 0),
(40, 22, 23, 40, 'friends', 'friendship_accepted', '2016-12-22 10:43:28', 0),
(41, 12, 16, 41, 'friends', 'friendship_accepted', '2016-12-22 10:43:29', 0),
(42, 17, 11, 42, 'friends', 'friendship_accepted', '2016-12-22 10:43:29', 0),
(43, 1, 18, 43, 'friends', 'friendship_accepted', '2016-12-22 10:43:29', 0),
(44, 26, 10, 44, 'friends', 'friendship_accepted', '2016-12-22 10:43:29', 0),
(45, 15, 8, 45, 'friends', 'friendship_accepted', '2016-12-22 10:43:29', 0),
(46, 2, 3, 46, 'friends', 'friendship_accepted', '2016-12-22 10:43:30', 0),
(47, 15, 3, 47, 'friends', 'friendship_accepted', '2016-12-22 10:43:30', 0),
(48, 22, 2, 48, 'friends', 'friendship_accepted', '2016-12-22 10:43:30', 0),
(49, 26, 4, 49, 'friends', 'friendship_accepted', '2016-12-22 10:43:30', 0),
(50, 26, 24, 50, 'friends', 'friendship_accepted', '2016-12-22 10:43:30', 0),
(51, 16, 18, 51, 'friends', 'friendship_accepted', '2016-12-22 10:43:31', 0),
(52, 2, 7, 52, 'friends', 'friendship_accepted', '2016-12-22 10:43:31', 0),
(53, 25, 11, 53, 'friends', 'friendship_accepted', '2016-12-22 10:43:31', 0),
(54, 24, 17, 54, 'friends', 'friendship_accepted', '2016-12-22 10:43:31', 0),
(55, 25, 3, 55, 'friends', 'friendship_accepted', '2016-12-22 10:43:32', 0),
(56, 19, 17, 56, 'friends', 'friendship_accepted', '2016-12-22 10:43:32', 0),
(57, 14, 1, 57, 'friends', 'friendship_accepted', '2016-12-22 10:43:32', 0),
(58, 6, 25, 58, 'friends', 'friendship_accepted', '2016-12-22 10:43:32', 0),
(59, 8, 7, 59, 'friends', 'friendship_accepted', '2016-12-22 10:43:33', 0),
(60, 25, 15, 60, 'friends', 'friendship_accepted', '2016-12-22 10:43:33', 0),
(61, 21, 19, 61, 'friends', 'friendship_accepted', '2016-12-22 10:43:33', 0),
(62, 15, 14, 62, 'friends', 'friendship_accepted', '2016-12-22 10:43:33', 0),
(63, 2, 5, 63, 'friends', 'friendship_accepted', '2016-12-22 10:43:34', 0),
(64, 22, 7, 64, 'friends', 'friendship_accepted', '2016-12-22 10:43:34', 0),
(65, 12, 26, 65, 'friends', 'friendship_accepted', '2016-12-22 10:43:34', 0),
(66, 13, 23, 66, 'friends', 'friendship_accepted', '2016-12-22 10:43:35', 0),
(67, 16, 22, 67, 'friends', 'friendship_accepted', '2016-12-22 10:43:35', 0),
(68, 8, 21, 68, 'friends', 'friendship_accepted', '2016-12-22 10:43:35', 0),
(69, 15, 13, 69, 'friends', 'friendship_accepted', '2016-12-22 10:43:35', 0),
(70, 23, 5, 70, 'friends', 'friendship_accepted', '2016-12-22 10:43:35', 0),
(71, 10, 15, 71, 'friends', 'friendship_accepted', '2016-12-22 10:43:36', 0),
(72, 21, 26, 72, 'friends', 'friendship_accepted', '2016-12-22 10:43:36', 0),
(73, 22, 15, 73, 'friends', 'friendship_accepted', '2016-12-22 10:43:36', 0),
(74, 10, 1, 74, 'friends', 'friendship_accepted', '2016-12-22 10:43:37', 0),
(75, 6, 22, 75, 'friends', 'friendship_accepted', '2016-12-22 10:43:37', 0),
(76, 8, 1, 76, 'friends', 'friendship_accepted', '2016-12-22 10:43:37', 0),
(77, 22, 25, 77, 'friends', 'friendship_accepted', '2016-12-22 10:43:37', 0),
(78, 24, 18, 78, 'friends', 'friendship_accepted', '2016-12-22 10:43:37', 0),
(79, 12, 17, 79, 'friends', 'friendship_accepted', '2016-12-22 10:43:38', 0),
(80, 3, 17, 80, 'friends', 'friendship_accepted', '2016-12-22 10:43:38', 0),
(81, 22, 3, 81, 'friends', 'friendship_accepted', '2016-12-22 10:43:38', 0),
(82, 18, 14, 82, 'friends', 'friendship_accepted', '2016-12-22 10:43:39', 0),
(83, 13, 1, 2, 'messages', 'new_message', '2016-12-22 10:43:39', 1),
(84, 17, 2, 24, 'messages', 'new_message', '2016-12-22 10:43:39', 1),
(85, 23, 3, 6, 'messages', 'new_message', '2016-12-22 10:43:39', 1),
(86, 24, 4, 8, 'messages', 'new_message', '2016-12-22 10:43:39', 1),
(87, 26, 5, 8, 'messages', 'new_message', '2016-12-22 10:43:40', 1),
(88, 15, 6, 20, 'messages', 'new_message', '2016-12-22 10:43:40', 1),
(89, 14, 7, 6, 'messages', 'new_message', '2016-12-22 10:43:40', 1),
(90, 11, 8, 16, 'messages', 'new_message', '2016-12-22 10:43:40', 1),
(91, 20, 9, 19, 'messages', 'new_message', '2016-12-22 10:43:40', 1),
(92, 18, 10, 18, 'messages', 'new_message', '2016-12-22 10:43:40', 1),
(93, 15, 11, 5, 'messages', 'new_message', '2016-12-22 10:43:40', 1),
(94, 16, 12, 12, 'messages', 'new_message', '2016-12-22 10:43:40', 1),
(95, 21, 13, 21, 'messages', 'new_message', '2016-12-22 10:43:40', 1),
(96, 21, 14, 10, 'messages', 'new_message', '2016-12-22 10:43:40', 1),
(97, 26, 15, 16, 'messages', 'new_message', '2016-12-22 10:43:40', 1),
(98, 15, 16, 3, 'messages', 'new_message', '2016-12-22 10:43:41', 1),
(99, 4, 17, 16, 'messages', 'new_message', '2016-12-22 10:43:41', 1),
(100, 26, 18, 15, 'messages', 'new_message', '2016-12-22 10:43:41', 1),
(101, 3, 19, 17, 'messages', 'new_message', '2016-12-22 10:43:41', 1),
(102, 12, 20, 15, 'messages', 'new_message', '2016-12-22 10:43:41', 1),
(103, 10, 21, 15, 'messages', 'new_message', '2016-12-22 10:43:41', 1),
(104, 15, 22, 5, 'messages', 'new_message', '2016-12-22 10:43:41', 1),
(105, 4, 23, 15, 'messages', 'new_message', '2016-12-22 10:43:41', 1),
(106, 14, 24, 14, 'messages', 'new_message', '2016-12-22 10:43:41', 1),
(107, 15, 25, 11, 'messages', 'new_message', '2016-12-22 10:43:41', 1),
(108, 12, 26, 4, 'messages', 'new_message', '2016-12-22 10:43:42', 1),
(109, 10, 27, 19, 'messages', 'new_message', '2016-12-22 10:43:42', 1),
(110, 9, 28, 7, 'messages', 'new_message', '2016-12-22 10:43:42', 1),
(111, 9, 29, 15, 'messages', 'new_message', '2016-12-22 10:43:42', 1),
(112, 19, 30, 22, 'messages', 'new_message', '2016-12-22 10:43:42', 1),
(113, 8, 31, 8, 'messages', 'new_message', '2016-12-22 10:43:42', 1),
(114, 14, 32, 2, 'messages', 'new_message', '2016-12-22 10:43:42', 1),
(115, 7, 33, 20, 'messages', 'new_message', '2016-12-22 10:43:43', 1),
(116, 11, 34, 16, 'messages', 'new_message', '2016-12-22 10:43:43', 1),
(117, 21, 34, 16, 'messages', 'new_message', '2016-12-22 10:43:43', 1),
(118, 8, 35, 5, 'messages', 'new_message', '2016-12-22 10:43:43', 1),
(119, 25, 35, 5, 'messages', 'new_message', '2016-12-22 10:43:43', 1),
(120, 7, 36, 8, 'messages', 'new_message', '2016-12-22 10:43:43', 1),
(121, 24, 36, 8, 'messages', 'new_message', '2016-12-22 10:43:43', 1),
(122, 10, 37, 2, 'messages', 'new_message', '2016-12-22 10:43:43', 1),
(123, 21, 37, 2, 'messages', 'new_message', '2016-12-22 10:43:44', 1),
(124, 6, 38, 8, 'messages', 'new_message', '2016-12-22 10:43:44', 1),
(125, 16, 38, 8, 'messages', 'new_message', '2016-12-22 10:43:44', 1),
(126, 21, 39, 7, 'messages', 'new_message', '2016-12-22 10:43:44', 1),
(127, 10, 39, 7, 'messages', 'new_message', '2016-12-22 10:43:44', 1),
(128, 26, 40, 17, 'messages', 'new_message', '2016-12-22 10:43:44', 1),
(129, 14, 40, 17, 'messages', 'new_message', '2016-12-22 10:43:44', 1),
(130, 2, 41, 13, 'messages', 'new_message', '2016-12-22 10:43:44', 1),
(131, 19, 41, 13, 'messages', 'new_message', '2016-12-22 10:43:44', 1),
(132, 13, 42, 18, 'messages', 'new_message', '2016-12-22 10:43:44', 1),
(133, 20, 42, 18, 'messages', 'new_message', '2016-12-22 10:43:44', 1),
(134, 17, 43, 24, 'messages', 'new_message', '2016-12-22 10:43:44', 1),
(135, 18, 43, 24, 'messages', 'new_message', '2016-12-22 10:43:44', 1),
(136, 19, 44, 9, 'messages', 'new_message', '2016-12-22 10:43:45', 1),
(137, 20, 44, 9, 'messages', 'new_message', '2016-12-22 10:43:45', 1),
(138, 5, 45, 6, 'messages', 'new_message', '2016-12-22 10:43:45', 1),
(139, 10, 45, 6, 'messages', 'new_message', '2016-12-22 10:43:45', 1),
(140, 20, 46, 18, 'messages', 'new_message', '2016-12-22 10:43:45', 1),
(141, 6, 46, 18, 'messages', 'new_message', '2016-12-22 10:43:45', 1),
(142, 16, 47, 18, 'messages', 'new_message', '2016-12-22 10:43:45', 1),
(143, 22, 47, 18, 'messages', 'new_message', '2016-12-22 10:43:45', 1),
(144, 20, 48, 21, 'messages', 'new_message', '2016-12-22 10:43:45', 1),
(145, 10, 48, 21, 'messages', 'new_message', '2016-12-22 10:43:45', 1),
(146, 4, 49, 3, 'messages', 'new_message', '2016-12-22 10:43:45', 1),
(147, 5, 49, 3, 'messages', 'new_message', '2016-12-22 10:43:45', 1),
(148, 1, 50, 26, 'messages', 'new_message', '2016-12-22 10:43:47', 1),
(149, 12, 50, 26, 'messages', 'new_message', '2016-12-22 10:43:47', 1),
(150, 9, 51, 9, 'messages', 'new_message', '2016-12-22 10:43:47', 1),
(151, 15, 51, 9, 'messages', 'new_message', '2016-12-22 10:43:47', 1),
(152, 25, 52, 20, 'messages', 'new_message', '2016-12-22 10:43:47', 1),
(153, 26, 52, 20, 'messages', 'new_message', '2016-12-22 10:43:47', 1),
(154, 5, 53, 14, 'messages', 'new_message', '2016-12-22 10:43:47', 1),
(155, 15, 53, 14, 'messages', 'new_message', '2016-12-22 10:43:47', 1),
(156, 22, 54, 12, 'messages', 'new_message', '2016-12-22 10:43:48', 1),
(157, 26, 54, 12, 'messages', 'new_message', '2016-12-22 10:43:48', 1),
(158, 24, 55, 4, 'messages', 'new_message', '2016-12-22 10:43:48', 1),
(159, 8, 55, 4, 'messages', 'new_message', '2016-12-22 10:43:48', 1),
(160, 4, 56, 7, 'messages', 'new_message', '2016-12-22 10:43:48', 1),
(161, 22, 56, 7, 'messages', 'new_message', '2016-12-22 10:43:48', 1),
(162, 2, 57, 3, 'messages', 'new_message', '2016-12-22 10:43:48', 1),
(163, 18, 57, 3, 'messages', 'new_message', '2016-12-22 10:43:48', 1),
(164, 16, 58, 21, 'messages', 'new_message', '2016-12-22 10:43:48', 1),
(165, 19, 58, 21, 'messages', 'new_message', '2016-12-22 10:43:48', 1),
(166, 26, 59, 17, 'messages', 'new_message', '2016-12-22 10:43:48', 1),
(167, 6, 59, 17, 'messages', 'new_message', '2016-12-22 10:43:48', 1),
(168, 7, 60, 20, 'messages', 'new_message', '2016-12-22 10:43:48', 1),
(169, 16, 61, 13, 'messages', 'new_message', '2016-12-22 10:43:49', 1),
(170, 15, 61, 13, 'messages', 'new_message', '2016-12-22 10:43:49', 1),
(171, 24, 62, 11, 'messages', 'new_message', '2016-12-22 10:43:49', 1),
(172, 21, 62, 11, 'messages', 'new_message', '2016-12-22 10:43:49', 1),
(173, 7, 63, 6, 'messages', 'new_message', '2016-12-22 10:43:49', 1),
(174, 10, 63, 6, 'messages', 'new_message', '2016-12-22 10:43:49', 1),
(175, 26, 64, 1, 'messages', 'new_message', '2016-12-22 10:43:49', 1),
(176, 19, 64, 1, 'messages', 'new_message', '2016-12-22 10:43:49', 1),
(177, 8, 65, 5, 'messages', 'new_message', '2016-12-22 10:43:49', 1),
(178, 16, 65, 5, 'messages', 'new_message', '2016-12-22 10:43:49', 1),
(179, 17, 66, 25, 'messages', 'new_message', '2016-12-22 10:43:49', 1),
(180, 8, 66, 25, 'messages', 'new_message', '2016-12-22 10:43:49', 1),
(181, 15, 67, 10, 'messages', 'new_message', '2016-12-22 10:43:50', 1),
(182, 14, 67, 10, 'messages', 'new_message', '2016-12-22 10:43:50', 1),
(183, 13, 67, 10, 'messages', 'new_message', '2016-12-22 10:43:50', 1),
(184, 2, 68, 2, 'messages', 'new_message', '2016-12-22 10:43:50', 1),
(185, 13, 68, 2, 'messages', 'new_message', '2016-12-22 10:43:50', 1),
(186, 19, 68, 2, 'messages', 'new_message', '2016-12-22 10:43:50', 1),
(187, 8, 69, 4, 'messages', 'new_message', '2016-12-22 10:43:50', 1),
(188, 9, 69, 4, 'messages', 'new_message', '2016-12-22 10:43:50', 1),
(189, 23, 69, 4, 'messages', 'new_message', '2016-12-22 10:43:50', 1),
(190, 17, 70, 25, 'messages', 'new_message', '2016-12-22 10:43:50', 1),
(191, 16, 70, 25, 'messages', 'new_message', '2016-12-22 10:43:51', 1),
(192, 7, 70, 25, 'messages', 'new_message', '2016-12-22 10:43:51', 1),
(193, 15, 71, 10, 'messages', 'new_message', '2016-12-22 10:43:51', 1),
(194, 6, 71, 10, 'messages', 'new_message', '2016-12-22 10:43:51', 1),
(195, 24, 71, 10, 'messages', 'new_message', '2016-12-22 10:43:51', 1),
(196, 24, 72, 3, 'messages', 'new_message', '2016-12-22 10:43:51', 1),
(197, 23, 72, 3, 'messages', 'new_message', '2016-12-22 10:43:51', 1),
(198, 15, 72, 3, 'messages', 'new_message', '2016-12-22 10:43:51', 1),
(199, 22, 73, 12, 'messages', 'new_message', '2016-12-22 10:43:52', 1),
(200, 26, 73, 12, 'messages', 'new_message', '2016-12-22 10:43:52', 1),
(201, 23, 73, 12, 'messages', 'new_message', '2016-12-22 10:43:52', 1),
(202, 16, 74, 26, 'messages', 'new_message', '2016-12-22 10:43:52', 1),
(203, 24, 74, 26, 'messages', 'new_message', '2016-12-22 10:43:52', 1),
(204, 12, 74, 26, 'messages', 'new_message', '2016-12-22 10:43:52', 1),
(205, 21, 75, 26, 'messages', 'new_message', '2016-12-22 10:43:52', 1),
(206, 8, 75, 26, 'messages', 'new_message', '2016-12-22 10:43:52', 1),
(207, 12, 75, 26, 'messages', 'new_message', '2016-12-22 10:43:52', 1),
(208, 13, 76, 12, 'messages', 'new_message', '2016-12-22 10:43:52', 1),
(209, 2, 76, 12, 'messages', 'new_message', '2016-12-22 10:43:52', 1),
(210, 19, 76, 12, 'messages', 'new_message', '2016-12-22 10:43:52', 1),
(211, 6, 77, 2, 'messages', 'new_message', '2016-12-22 10:43:53', 1),
(212, 1, 77, 2, 'messages', 'new_message', '2016-12-22 10:43:53', 1),
(213, 17, 77, 2, 'messages', 'new_message', '2016-12-22 10:43:53', 1),
(214, 25, 78, 18, 'messages', 'new_message', '2016-12-22 10:43:54', 1),
(215, 9, 78, 18, 'messages', 'new_message', '2016-12-22 10:43:54', 1),
(216, 23, 78, 18, 'messages', 'new_message', '2016-12-22 10:43:54', 1),
(217, 11, 79, 2, 'messages', 'new_message', '2016-12-22 10:43:54', 1),
(218, 7, 79, 2, 'messages', 'new_message', '2016-12-22 10:43:54', 1),
(219, 13, 79, 2, 'messages', 'new_message', '2016-12-22 10:43:54', 1),
(220, 1, 80, 21, 'messages', 'new_message', '2016-12-22 10:43:55', 1),
(221, 24, 80, 21, 'messages', 'new_message', '2016-12-22 10:43:55', 1),
(222, 7, 80, 21, 'messages', 'new_message', '2016-12-22 10:43:55', 1),
(223, 20, 81, 19, 'messages', 'new_message', '2016-12-22 10:43:55', 1),
(224, 23, 81, 19, 'messages', 'new_message', '2016-12-22 10:43:55', 1),
(225, 5, 81, 19, 'messages', 'new_message', '2016-12-22 10:43:55', 1),
(226, 16, 82, 24, 'messages', 'new_message', '2016-12-22 10:43:55', 1),
(227, 18, 82, 24, 'messages', 'new_message', '2016-12-22 10:43:55', 1),
(228, 11, 82, 24, 'messages', 'new_message', '2016-12-22 10:43:55', 1),
(229, 13, 83, 11, 'messages', 'new_message', '2016-12-22 10:43:56', 1),
(230, 14, 83, 11, 'messages', 'new_message', '2016-12-22 10:43:56', 1),
(231, 22, 83, 11, 'messages', 'new_message', '2016-12-22 10:43:56', 1),
(232, 16, 84, 20, 'messages', 'new_message', '2016-12-22 10:43:56', 1),
(233, 13, 84, 20, 'messages', 'new_message', '2016-12-22 10:43:56', 1),
(234, 3, 84, 20, 'messages', 'new_message', '2016-12-22 10:43:56', 1),
(235, 5, 85, 17, 'messages', 'new_message', '2016-12-22 10:43:56', 1),
(236, 3, 85, 17, 'messages', 'new_message', '2016-12-22 10:43:56', 1),
(237, 11, 85, 17, 'messages', 'new_message', '2016-12-22 10:43:56', 1),
(238, 18, 86, 5, 'messages', 'new_message', '2016-12-22 10:43:57', 1),
(239, 25, 86, 5, 'messages', 'new_message', '2016-12-22 10:43:57', 1),
(240, 9, 86, 5, 'messages', 'new_message', '2016-12-22 10:43:57', 1),
(241, 13, 87, 6, 'messages', 'new_message', '2016-12-22 10:43:57', 1),
(242, 2, 87, 6, 'messages', 'new_message', '2016-12-22 10:43:57', 1),
(243, 5, 87, 6, 'messages', 'new_message', '2016-12-22 10:43:57', 1),
(244, 17, 88, 23, 'messages', 'new_message', '2016-12-22 10:43:57', 1),
(245, 11, 88, 23, 'messages', 'new_message', '2016-12-22 10:43:57', 1),
(246, 14, 88, 23, 'messages', 'new_message', '2016-12-22 10:43:57', 1),
(247, 10, 89, 22, 'messages', 'new_message', '2016-12-22 10:43:57', 1),
(248, 2, 89, 22, 'messages', 'new_message', '2016-12-22 10:43:57', 1),
(249, 21, 89, 22, 'messages', 'new_message', '2016-12-22 10:43:57', 1),
(250, 26, 90, 10, 'messages', 'new_message', '2016-12-22 10:43:57', 1),
(251, 7, 90, 10, 'messages', 'new_message', '2016-12-22 10:43:57', 1),
(252, 23, 90, 10, 'messages', 'new_message', '2016-12-22 10:43:57', 1),
(253, 18, 91, 23, 'messages', 'new_message', '2016-12-22 10:43:58', 1),
(254, 20, 91, 23, 'messages', 'new_message', '2016-12-22 10:43:58', 1),
(255, 24, 91, 23, 'messages', 'new_message', '2016-12-22 10:43:58', 1),
(256, 18, 92, 17, 'messages', 'new_message', '2016-12-22 10:43:58', 1),
(257, 20, 92, 17, 'messages', 'new_message', '2016-12-22 10:43:58', 1),
(258, 12, 92, 17, 'messages', 'new_message', '2016-12-22 10:43:58', 1),
(259, 18, 93, 24, 'messages', 'new_message', '2016-12-22 10:43:58', 1),
(260, 2, 93, 24, 'messages', 'new_message', '2016-12-22 10:43:58', 1),
(261, 21, 93, 24, 'messages', 'new_message', '2016-12-22 10:43:58', 1),
(262, 3, 94, 10, 'messages', 'new_message', '2016-12-22 10:43:58', 1),
(263, 14, 94, 10, 'messages', 'new_message', '2016-12-22 10:43:58', 1),
(264, 12, 94, 10, 'messages', 'new_message', '2016-12-22 10:43:58', 1),
(265, 23, 95, 18, 'messages', 'new_message', '2016-12-22 10:43:58', 1),
(266, 2, 95, 18, 'messages', 'new_message', '2016-12-22 10:43:58', 1),
(267, 8, 95, 18, 'messages', 'new_message', '2016-12-22 10:43:58', 1),
(268, 24, 96, 19, 'messages', 'new_message', '2016-12-22 10:43:59', 1),
(269, 7, 96, 19, 'messages', 'new_message', '2016-12-22 10:43:59', 1),
(270, 23, 96, 19, 'messages', 'new_message', '2016-12-22 10:43:59', 1),
(271, 3, 97, 24, 'messages', 'new_message', '2016-12-22 10:43:59', 1),
(272, 10, 97, 24, 'messages', 'new_message', '2016-12-22 10:43:59', 1),
(273, 14, 97, 24, 'messages', 'new_message', '2016-12-22 10:43:59', 1),
(274, 17, 98, 12, 'messages', 'new_message', '2016-12-22 10:43:59', 1),
(275, 15, 98, 12, 'messages', 'new_message', '2016-12-22 10:43:59', 1),
(276, 23, 98, 12, 'messages', 'new_message', '2016-12-22 10:43:59', 1),
(277, 16, 99, 23, 'messages', 'new_message', '2016-12-22 10:44:00', 1),
(278, 9, 99, 23, 'messages', 'new_message', '2016-12-22 10:44:00', 1),
(279, 7, 99, 23, 'messages', 'new_message', '2016-12-22 10:44:00', 1),
(280, 24, 100, 8, 'messages', 'new_message', '2016-12-22 10:44:00', 1),
(281, 9, 100, 8, 'messages', 'new_message', '2016-12-22 10:44:00', 1),
(282, 17, 100, 8, 'messages', 'new_message', '2016-12-22 10:44:00', 1),
(283, 4, 100, 8, 'messages', 'new_message', '2016-12-22 10:44:00', 1),
(284, 3, 100, 8, 'messages', 'new_message', '2016-12-22 10:44:00', 1);

-- --------------------------------------------------------

--
-- Table structure for table `bp_notifications_meta`
--

CREATE TABLE `bp_notifications_meta` (
  `id` bigint(20) NOT NULL,
  `notification_id` bigint(20) NOT NULL,
  `meta_key` varchar(255) COLLATE utf8_unicode_ci DEFAULT NULL,
  `meta_value` longtext COLLATE utf8_unicode_ci
) ENGINE=InnoDB DEFAULT CHARSET=utf8 COLLATE=utf8_unicode_ci ROW_FORMAT=DYNAMIC;

-- --------------------------------------------------------

--
-- Table structure for table `bp_xprofile_data`
--

CREATE TABLE `bp_xprofile_data` (
  `id` bigint(20) UNSIGNED NOT NULL,
  `field_id` bigint(20) UNSIGNED NOT NULL,
  `user_id` bigint(20) UNSIGNED NOT NULL,
  `value` longtext COLLATE utf8_unicode_ci NOT NULL,
  `last_updated` datetime NOT NULL
) ENGINE=InnoDB DEFAULT CHARSET=utf8 COLLATE=utf8_unicode_ci ROW_FORMAT=DYNAMIC;

--
-- Dumping data for table `bp_xprofile_data`
--

INSERT INTO `bp_xprofile_data` (`id`, `field_id`, `user_id`, `value`, `last_updated`) VALUES
(1, 1, 1, 'ActivDent', '2020-01-27 19:33:53'),
(2, 1, 2, 'KeymasterDTTeam', '2020-01-29 15:03:54'),
(3, 1, 3, 'Chynna Phillips', '2016-12-22 10:42:49'),
(4, 1, 4, 'Kiki Cuyler', '2016-12-22 10:42:50'),
(5, 1, 5, 'MaliVai Washington', '2016-12-22 10:42:51'),
(6, 1, 6, 'Matraca Berg', '2016-12-22 10:42:52'),
(7, 1, 7, 'Ron Faucheux', '2016-12-22 10:42:53'),
(8, 1, 8, 'Michellie Jones', '2016-12-22 10:42:53'),
(9, 1, 9, 'Monta Ellis', '2016-12-22 10:42:54'),
(10, 1, 10, 'Picabo Street', '2016-12-22 10:42:55'),
(11, 1, 11, 'Ralph Fiennes', '2016-12-22 10:42:56'),
(12, 1, 12, 'Seamus', '2016-12-22 10:42:57'),
(13, 1, 13, 'Shan Foster', '2016-12-22 10:42:58'),
(14, 1, 14, 'Siobhan', '2016-12-22 10:42:59'),
(15, 1, 15, 'Stephen Curry', '2016-12-22 10:42:59'),
(16, 1, 16, 'Wynonna Judd', '2016-12-22 10:43:00'),
(17, 1, 17, 'John Caius', '2016-12-22 10:43:01'),
(18, 1, 18, 'Thomas Carew', '2016-12-22 10:43:02'),
(19, 1, 19, 'Jason Chaffetz', '2016-12-22 10:43:02'),
(20, 1, 20, 'Mamah Cheney', '2016-12-22 10:43:03'),
(21, 1, 21, 'Cecelia Cichan', '2016-12-22 10:43:04'),
(22, 1, 22, 'Dan Cortese', '2016-12-22 10:43:05'),
(23, 1, 23, 'Vernon Dahmer', '2016-12-22 10:43:06'),
(24, 1, 24, 'Andre Dubus', '2016-12-22 10:43:06'),
(25, 1, 25, 'Justin Duchscherer', '2016-12-22 10:43:07'),
(26, 1, 26, 'Keir Dullea', '2016-12-22 10:43:07'),
(27, 2, 13, '2001-02-02 00:00:00', '2016-12-22 10:43:09'),
(28, 3, 13, 'Sex alleviates tension. Love causes it.', '2016-12-22 10:43:09'),
(29, 4, 13, '2010', '2016-12-22 10:43:09'),
(30, 5, 13, 'Breakdowns can create breakthroughs. Things fall apart so things can fall together.', '2016-12-22 10:43:09'),
(31, 6, 13, 'https://wikipedia.org', '2016-12-22 10:43:09'),
(32, 7, 13, 'a:1:{i:0;s:10:\"checkbox 2\";}', '2016-12-22 10:43:09'),
(33, 12, 13, 'selectbox 3', '2016-12-22 10:43:09'),
(34, 16, 13, 'a:2:{i:0;s:16:\"multiselectbox 2\";i:1;s:16:\"multiselectbox 3\";}', '2016-12-22 10:43:09'),
(35, 20, 13, 'radio 3', '2016-12-22 10:43:09'),
(36, 2, 11, '2011-12-12 00:00:00', '2016-12-22 10:43:09'),
(37, 3, 11, 'In three words I can sum up everything I\\\'ve learned about life. It goes on.', '2016-12-22 10:43:09'),
(38, 4, 11, '2014', '2016-12-22 10:43:09'),
(39, 5, 11, 'One day your life will flash before your eyes. Make sure its worth watching.', '2016-12-22 10:43:09'),
(40, 6, 11, 'https://wordpress.com', '2016-12-22 10:43:09'),
(41, 7, 11, 'a:4:{i:0;s:10:\"checkbox 4\";i:1;s:10:\"checkbox 1\";i:2;s:10:\"checkbox 2\";i:3;s:10:\"checkbox 3\";}', '2016-12-22 10:43:09'),
(42, 12, 11, 'selectbox 1', '2016-12-22 10:43:10'),
(43, 16, 11, 'a:3:{i:0;s:16:\"multiselectbox 1\";i:1;s:16:\"multiselectbox 2\";i:2;s:16:\"multiselectbox 3\";}', '2016-12-22 10:43:10'),
(44, 20, 11, 'radio 1', '2016-12-22 10:43:10'),
(45, 2, 21, '2002-03-03 00:00:00', '2016-12-22 10:43:10'),
(46, 3, 21, 'A gem cannot be polished without friction, nor a man perfected without trials.', '2016-12-22 10:43:10'),
(47, 4, 21, '2006', '2016-12-22 10:43:10'),
(48, 5, 21, 'And in the end, it\\\'s not the years in your life that count. It\\\'s the life in your years.', '2016-12-22 10:43:10'),
(49, 6, 21, 'http://ovirium.com', '2016-12-22 10:43:10'),
(50, 7, 21, 'a:1:{i:0;s:10:\"checkbox 2\";}', '2016-12-22 10:43:10'),
(51, 12, 21, 'selectbox 3', '2016-12-22 10:43:10'),
(52, 16, 21, 'a:1:{i:0;s:16:\"multiselectbox 2\";}', '2016-12-22 10:43:10'),
(53, 20, 21, 'radio 2', '2016-12-22 10:43:10'),
(54, 2, 6, '2002-03-03 00:00:00', '2016-12-22 10:43:10'),
(55, 3, 6, 'Chose a job you love, and you will never have to work a day in your life.', '2016-12-22 10:43:10'),
(56, 4, 6, '2014', '2016-12-22 10:43:10'),
(57, 5, 6, 'All our words from loose using have lost their edge', '2016-12-22 10:43:10'),
(58, 6, 6, 'https://wordpress.com', '2016-12-22 10:43:10'),
(59, 7, 6, 'a:2:{i:0;s:10:\"checkbox 2\";i:1;s:10:\"checkbox 4\";}', '2016-12-22 10:43:10'),
(60, 12, 6, 'selectbox 1', '2016-12-22 10:43:10'),
(61, 16, 6, 'a:2:{i:0;s:16:\"multiselectbox 2\";i:1;s:16:\"multiselectbox 3\";}', '2016-12-22 10:43:10'),
(62, 20, 6, 'radio 3', '2016-12-22 10:43:10'),
(63, 2, 19, '2004-05-05 00:00:00', '2016-12-22 10:43:10'),
(64, 3, 19, 'Sex alleviates tension. Love causes it.', '2016-12-22 10:43:10'),
(65, 4, 19, '2006', '2016-12-22 10:43:10'),
(66, 5, 19, 'The one who loves least controls the relationship.', '2016-12-22 10:43:10'),
(67, 6, 19, 'https://wordpress.com', '2016-12-22 10:43:10'),
(68, 7, 19, 'a:2:{i:0;s:10:\"checkbox 2\";i:1;s:10:\"checkbox 3\";}', '2016-12-22 10:43:10'),
(69, 12, 19, 'selectbox 1', '2016-12-22 10:43:10'),
(70, 16, 19, 'a:3:{i:0;s:16:\"multiselectbox 1\";i:1;s:16:\"multiselectbox 2\";i:2;s:16:\"multiselectbox 3\";}', '2016-12-22 10:43:10'),
(71, 20, 19, 'radio 2', '2016-12-22 10:43:10'),
(72, 2, 5, '2009-10-10 00:00:00', '2016-12-22 10:43:10'),
(73, 3, 5, 'One day your life will flash before your eyes. Make sure its worth watching.', '2016-12-22 10:43:10'),
(74, 4, 5, '2000', '2016-12-22 10:43:11'),
(75, 5, 5, 'Where there is love there is life.', '2016-12-22 10:43:11'),
(76, 6, 5, 'https://google.com', '2016-12-22 10:43:11'),
(77, 7, 5, 'a:3:{i:0;s:10:\"checkbox 4\";i:1;s:10:\"checkbox 2\";i:2;s:10:\"checkbox 3\";}', '2016-12-22 10:43:11'),
(78, 12, 5, 'selectbox 2', '2016-12-22 10:43:11'),
(79, 16, 5, 'a:1:{i:0;s:16:\"multiselectbox 2\";}', '2016-12-22 10:43:11'),
(80, 20, 5, 'radio 2', '2016-12-22 10:43:11'),
(81, 2, 3, '2001-02-02 00:00:00', '2016-12-22 10:43:11'),
(82, 3, 3, 'The man who says his wife can\\\'t take a joke forgets that she took him.', '2016-12-22 10:43:11'),
(83, 4, 3, '2012', '2016-12-22 10:43:11'),
(84, 5, 3, 'You must be the change you wish to see in the world.', '2016-12-22 10:43:11'),
(85, 6, 3, 'https://wordpress.org', '2016-12-22 10:43:11'),
(86, 7, 3, 'a:2:{i:0;s:10:\"checkbox 2\";i:1;s:10:\"checkbox 4\";}', '2016-12-22 10:43:11'),
(87, 12, 3, 'selectbox 1', '2016-12-22 10:43:11'),
(88, 16, 3, 'a:3:{i:0;s:16:\"multiselectbox 1\";i:1;s:16:\"multiselectbox 2\";i:2;s:16:\"multiselectbox 3\";}', '2016-12-22 10:43:11'),
(89, 20, 3, 'radio 3', '2016-12-22 10:43:11'),
(90, 2, 16, '2009-10-10 00:00:00', '2016-12-22 10:43:11'),
(91, 3, 16, 'Love is a serious mental disease.', '2016-12-22 10:43:11'),
(92, 4, 16, '2004', '2016-12-22 10:43:11'),
(93, 5, 16, 'The way to love anything is to realize that it might be lost.', '2016-12-22 10:43:11'),
(94, 6, 16, 'https://google.com', '2016-12-22 10:43:11'),
(95, 7, 16, 'a:3:{i:0;s:10:\"checkbox 4\";i:1;s:10:\"checkbox 2\";i:2;s:10:\"checkbox 3\";}', '2016-12-22 10:43:11'),
(96, 12, 16, 'selectbox 2', '2016-12-22 10:43:11'),
(97, 16, 16, 'a:2:{i:0;s:16:\"multiselectbox 1\";i:1;s:16:\"multiselectbox 2\";}', '2016-12-22 10:43:11'),
(98, 20, 16, 'radio 3', '2016-12-22 10:43:11'),
(99, 2, 24, '2003-04-04 00:00:00', '2016-12-22 10:43:11'),
(100, 3, 24, 'Happiness consists of three things; Someone to love, work to do, and a clear conscience.', '2016-12-22 10:43:12'),
(101, 4, 24, '2010', '2016-12-22 10:43:12'),
(102, 5, 24, 'And in the end, it\\\'s not the years in your life that count. It\\\'s the life in your years.', '2016-12-22 10:43:12'),
(103, 6, 24, 'https://google.com', '2016-12-22 10:43:12'),
(104, 7, 24, 'a:1:{i:0;s:10:\"checkbox 2\";}', '2016-12-22 10:43:12'),
(105, 12, 24, 'selectbox 2', '2016-12-22 10:43:12'),
(106, 16, 24, 'a:2:{i:0;s:16:\"multiselectbox 1\";i:1;s:16:\"multiselectbox 2\";}', '2016-12-22 10:43:12'),
(107, 20, 24, 'radio 2', '2016-12-22 10:43:12'),
(108, 2, 20, '2007-08-08 00:00:00', '2016-12-22 10:43:12'),
(109, 3, 20, 'Love is a serious mental disease.', '2016-12-22 10:43:12'),
(110, 4, 20, '2000', '2016-12-22 10:43:12'),
(111, 5, 20, 'Either write something worth reading or do something worth writing.', '2016-12-22 10:43:12'),
(112, 6, 20, 'http://ovirium.com', '2016-12-22 10:43:12'),
(113, 7, 20, 'a:1:{i:0;s:10:\"checkbox 1\";}', '2016-12-22 10:43:12'),
(114, 12, 20, 'selectbox 1', '2016-12-22 10:43:12'),
(115, 16, 20, 'a:2:{i:0;s:16:\"multiselectbox 1\";i:1;s:16:\"multiselectbox 2\";}', '2016-12-22 10:43:12'),
(116, 20, 20, 'radio 3', '2016-12-22 10:43:12'),
(117, 2, 12, '2007-08-08 00:00:00', '2016-12-22 10:43:12'),
(118, 3, 12, 'Love is an act of endless forgiveness, a tender look which becomes a habit.', '2016-12-22 10:43:12'),
(119, 4, 12, '2000', '2016-12-22 10:43:12'),
(120, 5, 12, 'The one who loves least controls the relationship.', '2016-12-22 10:43:12'),
(121, 6, 12, 'https://wordpress.org', '2016-12-22 10:43:12'),
(122, 7, 12, 'a:1:{i:0;s:10:\"checkbox 2\";}', '2016-12-22 10:43:12'),
(123, 12, 12, 'selectbox 3', '2016-12-22 10:43:12'),
(124, 16, 12, 'a:1:{i:0;s:16:\"multiselectbox 2\";}', '2016-12-22 10:43:12'),
(125, 20, 12, 'radio 3', '2016-12-22 10:43:12'),
(126, 2, 26, '2002-03-03 00:00:00', '2016-12-22 10:43:12'),
(127, 3, 26, 'I have not failed. I\\\'ve just found 10,000 ways that won\\\'t work.', '2016-12-22 10:43:12'),
(128, 4, 26, '2002', '2016-12-22 10:43:12'),
(129, 5, 26, 'Learn from yesterday, live for today, hope for tomorrow.', '2016-12-22 10:43:12'),
(130, 6, 26, 'https://buddypress.org', '2016-12-22 10:43:12'),
(131, 7, 26, 'a:2:{i:0;s:10:\"checkbox 1\";i:1;s:10:\"checkbox 2\";}', '2016-12-22 10:43:12'),
(132, 12, 26, 'selectbox 1', '2016-12-22 10:43:13'),
(133, 16, 26, 'a:3:{i:0;s:16:\"multiselectbox 1\";i:1;s:16:\"multiselectbox 2\";i:2;s:16:\"multiselectbox 3\";}', '2016-12-22 10:43:13'),
(134, 20, 26, 'radio 2', '2016-12-22 10:43:13'),
(135, 2, 4, '2005-06-06 00:00:00', '2016-12-22 10:43:13'),
(136, 3, 4, 'There is only one happiness in life -- to love and to be loved.', '2016-12-22 10:43:13'),
(137, 4, 4, '2008', '2016-12-22 10:43:13'),
(138, 5, 4, 'Love is not just looking at each other, it\\\'s looking in the same direction.', '2016-12-22 10:43:13'),
(139, 6, 4, 'https://wordpress.org', '2016-12-22 10:43:13'),
(140, 7, 4, 'a:3:{i:0;s:10:\"checkbox 4\";i:1;s:10:\"checkbox 1\";i:2;s:10:\"checkbox 3\";}', '2016-12-22 10:43:13'),
(141, 12, 4, 'selectbox 3', '2016-12-22 10:43:13'),
(142, 16, 4, 'a:1:{i:0;s:16:\"multiselectbox 3\";}', '2016-12-22 10:43:13'),
(143, 20, 4, 'radio 2', '2016-12-22 10:43:13'),
(144, 2, 18, '2004-05-05 00:00:00', '2016-12-22 10:43:13'),
(145, 3, 18, 'The man who says his wife can\\\'t take a joke forgets that she took him.', '2016-12-22 10:43:13'),
(146, 4, 18, '2002', '2016-12-22 10:43:13'),
(147, 5, 18, 'Either write something worth reading or do something worth writing.', '2016-12-22 10:43:13'),
(148, 6, 18, 'https://wordpress.org', '2016-12-22 10:43:13'),
(149, 7, 18, 'a:1:{i:0;s:10:\"checkbox 2\";}', '2016-12-22 10:43:13'),
(150, 12, 18, 'selectbox 2', '2016-12-22 10:43:13'),
(151, 16, 18, 'a:2:{i:0;s:16:\"multiselectbox 2\";i:1;s:16:\"multiselectbox 3\";}', '2016-12-22 10:43:13'),
(152, 20, 18, 'radio 3', '2016-12-22 10:43:14'),
(153, 2, 23, '2003-04-04 00:00:00', '2016-12-22 10:43:14'),
(154, 3, 23, 'A friend walks in when everyone else walks out', '2016-12-22 10:43:14'),
(155, 4, 23, '2010', '2016-12-22 10:43:14'),
(156, 5, 23, 'Life can only be understood backwards, but it must be lived forward.', '2016-12-22 10:43:14'),
(157, 6, 23, 'https://buddypress.org', '2016-12-22 10:43:14'),
(158, 7, 23, 'a:3:{i:0;s:10:\"checkbox 4\";i:1;s:10:\"checkbox 2\";i:2;s:10:\"checkbox 3\";}', '2016-12-22 10:43:14'),
(159, 12, 23, 'selectbox 2', '2016-12-22 10:43:14'),
(160, 16, 23, 'a:1:{i:0;s:16:\"multiselectbox 2\";}', '2016-12-22 10:43:14'),
(161, 20, 23, 'radio 3', '2016-12-22 10:43:14'),
(162, 2, 17, '2006-07-07 00:00:00', '2016-12-22 10:43:14'),
(163, 3, 17, 'Chose a job you love, and you will never have to work a day in your life.', '2016-12-22 10:43:14'),
(164, 4, 17, '2000', '2016-12-22 10:43:14'),
(165, 5, 17, 'Learn from yesterday, live for today, hope for tomorrow.', '2016-12-22 10:43:14'),
(166, 6, 17, 'https://wordpress.com', '2016-12-22 10:43:14'),
(167, 7, 17, 'a:2:{i:0;s:10:\"checkbox 2\";i:1;s:10:\"checkbox 4\";}', '2016-12-22 10:43:14'),
(168, 12, 17, 'selectbox 2', '2016-12-22 10:43:14'),
(169, 16, 17, 'a:2:{i:0;s:16:\"multiselectbox 2\";i:1;s:16:\"multiselectbox 3\";}', '2016-12-22 10:43:14'),
(170, 20, 17, 'radio 3', '2016-12-22 10:43:14'),
(171, 2, 9, '2007-08-08 00:00:00', '2016-12-22 10:43:14'),
(172, 3, 9, 'Love is not just looking at each other, it\\\'s looking in the same direction.', '2016-12-22 10:43:14'),
(173, 4, 9, '2014', '2016-12-22 10:43:14'),
(174, 5, 9, 'Breakdowns can create breakthroughs. Things fall apart so things can fall together.', '2016-12-22 10:43:14'),
(175, 6, 9, 'https://buddypress.org', '2016-12-22 10:43:14'),
(176, 7, 9, 'a:1:{i:0;s:10:\"checkbox 2\";}', '2016-12-22 10:43:14'),
(177, 12, 9, 'selectbox 1', '2016-12-22 10:43:14'),
(178, 16, 9, 'a:3:{i:0;s:16:\"multiselectbox 1\";i:1;s:16:\"multiselectbox 2\";i:2;s:16:\"multiselectbox 3\";}', '2016-12-22 10:43:14'),
(179, 20, 9, 'radio 2', '2016-12-22 10:43:14'),
(180, 2, 25, '2010-11-11 00:00:00', '2016-12-22 10:43:14'),
(181, 3, 25, 'In three words I can sum up everything I\\\'ve learned about life. It goes on.', '2016-12-22 10:43:14'),
(182, 4, 25, '2004', '2016-12-22 10:43:14'),
(183, 5, 25, 'The one who loves least controls the relationship.', '2016-12-22 10:43:14'),
(184, 6, 25, 'https://google.com', '2016-12-22 10:43:15'),
(185, 7, 25, 'a:1:{i:0;s:10:\"checkbox 2\";}', '2016-12-22 10:43:15'),
(186, 12, 25, 'selectbox 3', '2016-12-22 10:43:15'),
(187, 16, 25, 'a:2:{i:0;s:16:\"multiselectbox 1\";i:1;s:16:\"multiselectbox 3\";}', '2016-12-22 10:43:15'),
(188, 20, 25, 'radio 3', '2016-12-22 10:43:15'),
(189, 2, 7, '2007-08-08 00:00:00', '2016-12-22 10:43:15'),
(190, 3, 7, 'One day your life will flash before your eyes. Make sure its worth watching.', '2016-12-22 10:43:15'),
(191, 4, 7, '2000', '2016-12-22 10:43:15'),
(192, 5, 7, 'Love is the beauty of the soul.', '2016-12-22 10:43:15'),
(193, 6, 7, 'https://wordpress.org', '2016-12-22 10:43:15'),
(194, 7, 7, 'a:2:{i:0;s:10:\"checkbox 2\";i:1;s:10:\"checkbox 3\";}', '2016-12-22 10:43:15'),
(195, 12, 7, 'selectbox 1', '2016-12-22 10:43:15'),
(196, 16, 7, 'a:1:{i:0;s:16:\"multiselectbox 2\";}', '2016-12-22 10:43:15'),
(197, 20, 7, 'radio 1', '2016-12-22 10:43:15'),
(198, 2, 14, '2002-03-03 00:00:00', '2016-12-22 10:43:15'),
(199, 3, 14, 'Love is the beauty of the soul.', '2016-12-22 10:43:15'),
(200, 4, 14, '2010', '2016-12-22 10:43:15'),
(201, 5, 14, 'Love is not just looking at each other, it\\\'s looking in the same direction.', '2016-12-22 10:43:15'),
(202, 6, 14, 'https://wikipedia.org', '2016-12-22 10:43:15'),
(203, 7, 14, 'a:2:{i:0;s:10:\"checkbox 2\";i:1;s:10:\"checkbox 3\";}', '2016-12-22 10:43:15'),
(204, 12, 14, 'selectbox 1', '2016-12-22 10:43:15'),
(205, 16, 14, 'a:1:{i:0;s:16:\"multiselectbox 2\";}', '2016-12-22 10:43:16'),
(206, 20, 14, 'radio 2', '2016-12-22 10:43:16'),
(207, 2, 1, '2009-10-10 00:00:00', '2016-12-22 10:43:16'),
(208, 3, 1, 'Do not confine your children to your own learning, for they were born in another time', '2016-12-22 10:43:16'),
(209, 4, 1, '2004', '2016-12-22 10:43:16'),
(210, 5, 1, 'Happiness consists of three things; Someone to love, work to do, and a clear conscience.', '2016-12-22 10:43:16'),
(211, 6, 1, 'http://cosydale.com', '2016-12-22 10:43:16'),
(212, 7, 1, 'a:4:{i:0;s:10:\"checkbox 4\";i:1;s:10:\"checkbox 1\";i:2;s:10:\"checkbox 2\";i:3;s:10:\"checkbox 3\";}', '2016-12-22 10:43:16'),
(213, 12, 1, 'selectbox 2', '2016-12-22 10:43:16'),
(214, 16, 1, 'a:2:{i:0;s:16:\"multiselectbox 1\";i:1;s:16:\"multiselectbox 2\";}', '2016-12-22 10:43:16'),
(215, 20, 1, 'radio 2', '2016-12-22 10:43:16'),
(216, 2, 22, '2011-12-12 00:00:00', '2016-12-22 10:43:16'),
(217, 3, 22, 'Words are easy, like the wind; Faithful friends are hard to find.', '2016-12-22 10:43:16'),
(218, 4, 22, '2000', '2016-12-22 10:43:16'),
(219, 5, 22, 'Happiness is when what you think, what you say, and what you do are in harmony.', '2016-12-22 10:43:16'),
(220, 6, 22, 'https://wikipedia.org', '2016-12-22 10:43:16'),
(221, 7, 22, 'a:2:{i:0;s:10:\"checkbox 2\";i:1;s:10:\"checkbox 3\";}', '2016-12-22 10:43:16'),
(222, 12, 22, 'selectbox 3', '2016-12-22 10:43:16'),
(223, 16, 22, 'a:2:{i:0;s:16:\"multiselectbox 2\";i:1;s:16:\"multiselectbox 3\";}', '2016-12-22 10:43:16'),
(224, 20, 22, 'radio 2', '2016-12-22 10:43:16'),
(225, 2, 15, '2007-08-08 00:00:00', '2016-12-22 10:43:16'),
(226, 3, 15, 'Where there is love there is life.', '2016-12-22 10:43:16'),
(227, 4, 15, '2008', '2016-12-22 10:43:16'),
(228, 5, 15, 'In three words I can sum up everything I\\\'ve learned about life. It goes on.', '2016-12-22 10:43:16'),
(229, 6, 15, 'https://buddypress.org', '2016-12-22 10:43:16'),
(230, 7, 15, 'a:2:{i:0;s:10:\"checkbox 3\";i:1;s:10:\"checkbox 4\";}', '2016-12-22 10:43:17'),
(231, 12, 15, 'selectbox 3', '2016-12-22 10:43:17'),
(232, 16, 15, 'a:2:{i:0;s:16:\"multiselectbox 2\";i:1;s:16:\"multiselectbox 3\";}', '2016-12-22 10:43:17'),
(233, 20, 15, 'radio 3', '2016-12-22 10:43:17'),
(234, 2, 2, '2008-09-09 00:00:00', '2016-12-22 10:43:17'),
(235, 3, 2, 'Happiness will never come to those who fail to appreciate what they already have.', '2016-12-22 10:43:17'),
(236, 4, 2, '2000', '2016-12-22 10:43:17'),
(237, 5, 2, 'Words are easy, like the wind; Faithful friends are hard to find.', '2016-12-22 10:43:17'),
(238, 6, 2, 'https://buddypress.org', '2016-12-22 10:43:17'),
(239, 7, 2, 'a:4:{i:0;s:10:\"checkbox 4\";i:1;s:10:\"checkbox 1\";i:2;s:10:\"checkbox 2\";i:3;s:10:\"checkbox 3\";}', '2016-12-22 10:43:17'),
(240, 12, 2, 'selectbox 1', '2016-12-22 10:43:17'),
(241, 16, 2, 'a:3:{i:0;s:16:\"multiselectbox 1\";i:1;s:16:\"multiselectbox 2\";i:2;s:16:\"multiselectbox 3\";}', '2016-12-22 10:43:17'),
(242, 20, 2, 'radio 1', '2016-12-22 10:43:17'),
(243, 2, 10, '2006-07-07 00:00:00', '2016-12-22 10:43:17'),
(244, 3, 10, 'Love is not just looking at each other, it\\\'s looking in the same direction.', '2016-12-22 10:43:17'),
(245, 4, 10, '2012', '2016-12-22 10:43:17'),
(246, 5, 10, 'Without His love I can do nothing, with His love there is nothing I cannot do.', '2016-12-22 10:43:17'),
(247, 6, 10, 'https://wordpress.com', '2016-12-22 10:43:17'),
(248, 7, 10, 'a:3:{i:0;s:10:\"checkbox 4\";i:1;s:10:\"checkbox 2\";i:2;s:10:\"checkbox 3\";}', '2016-12-22 10:43:17'),
(249, 12, 10, 'selectbox 1', '2016-12-22 10:43:17'),
(250, 16, 10, 'a:2:{i:0;s:16:\"multiselectbox 2\";i:1;s:16:\"multiselectbox 3\";}', '2016-12-22 10:43:17'),
(251, 20, 10, 'radio 1', '2016-12-22 10:43:17'),
(252, 2, 8, '2001-02-02 00:00:00', '2016-12-22 10:43:17'),
(253, 3, 8, 'I hear and I forget, I see and I remember. I do and I understand.', '2016-12-22 10:43:17'),
(254, 4, 8, '2000', '2016-12-22 10:43:17'),
(255, 5, 8, 'I hear and I forget, I see and I remember. I do and I understand.', '2016-12-22 10:43:17'),
(256, 6, 8, 'https://google.com', '2016-12-22 10:43:17'),
(257, 7, 8, 'a:4:{i:0;s:10:\"checkbox 4\";i:1;s:10:\"checkbox 1\";i:2;s:10:\"checkbox 2\";i:3;s:10:\"checkbox 3\";}', '2016-12-22 10:43:18'),
(258, 12, 8, 'selectbox 1', '2016-12-22 10:43:18'),
(259, 16, 8, 'a:2:{i:0;s:16:\"multiselectbox 1\";i:1;s:16:\"multiselectbox 2\";}', '2016-12-22 10:43:18'),
(260, 20, 8, 'radio 2', '2016-12-22 10:43:18');

-- --------------------------------------------------------

--
-- Table structure for table `bp_xprofile_fields`
--

CREATE TABLE `bp_xprofile_fields` (
  `id` bigint(20) UNSIGNED NOT NULL,
  `group_id` bigint(20) UNSIGNED NOT NULL,
  `parent_id` bigint(20) UNSIGNED NOT NULL,
  `type` varchar(150) COLLATE utf8_unicode_ci NOT NULL,
  `name` varchar(150) COLLATE utf8_unicode_ci NOT NULL,
  `description` longtext COLLATE utf8_unicode_ci NOT NULL,
  `is_required` tinyint(1) NOT NULL DEFAULT '0',
  `is_default_option` tinyint(1) NOT NULL DEFAULT '0',
  `field_order` bigint(20) NOT NULL DEFAULT '0',
  `option_order` bigint(20) NOT NULL DEFAULT '0',
  `order_by` varchar(15) COLLATE utf8_unicode_ci NOT NULL DEFAULT '',
  `can_delete` tinyint(1) NOT NULL DEFAULT '1'
) ENGINE=InnoDB DEFAULT CHARSET=utf8 COLLATE=utf8_unicode_ci ROW_FORMAT=DYNAMIC;

--
-- Dumping data for table `bp_xprofile_fields`
--

INSERT INTO `bp_xprofile_fields` (`id`, `group_id`, `parent_id`, `type`, `name`, `description`, `is_required`, `is_default_option`, `field_order`, `option_order`, `order_by`, `can_delete`) VALUES
(1, 1, 0, 'textbox', 'Name', '', 1, 0, 0, 0, '', 0),
(2, 2, 0, 'datebox', 'DateBox', 'Any kind of date', 0, 0, 0, 0, 'custom', 1),
(3, 2, 0, 'textarea', 'Textarea', 'Long text in textarea', 1, 0, 0, 0, 'custom', 1),
(4, 2, 0, 'number', 'Number', 'Some number only field', 0, 0, 0, 0, 'custom', 1),
(5, 2, 0, 'textbox', 'Textbox', 'Rather short one-line text', 1, 0, 0, 0, 'custom', 1),
(6, 2, 0, 'url', 'URL', 'Link to any web-page or site', 0, 0, 0, 0, 'custom', 1),
(7, 3, 0, 'checkbox', 'Checkboxes', 'Several checkboxes to select', 1, 0, 0, 0, 'custom', 1),
(8, 3, 7, 'option', 'checkbox 1', '', 0, 1, 0, 1, '', 1),
(9, 3, 7, 'option', 'checkbox 2', '', 0, 1, 0, 2, '', 1),
(10, 3, 7, 'option', 'checkbox 3', '', 0, 0, 0, 3, '', 1),
(11, 3, 7, 'option', 'checkbox 4', '', 0, 0, 0, 4, '', 1),
(12, 3, 0, 'selectbox', 'Selectbox', 'One selected value in selectbox', 0, 0, 0, 0, 'custom', 1),
(13, 3, 12, 'option', 'selectbox 1', '', 0, 0, 0, 1, '', 1),
(14, 3, 12, 'option', 'selectbox 2', '', 0, 1, 0, 2, '', 1),
(15, 3, 12, 'option', 'selectbox 3', '', 0, 0, 0, 3, '', 1),
(16, 3, 0, 'multiselectbox', 'Multiselectbox', 'Several selected values in selectbox', 1, 0, 0, 0, 'custom', 1),
(17, 3, 16, 'option', 'multiselectbox 1', '', 0, 1, 0, 1, '', 1),
(18, 3, 16, 'option', 'multiselectbox 2', '', 0, 0, 0, 2, '', 1),
(19, 3, 16, 'option', 'multiselectbox 3', '', 0, 1, 0, 3, '', 1),
(20, 3, 0, 'radio', 'Radios', 'One radio button to select', 0, 0, 0, 0, 'custom', 1),
(21, 3, 20, 'option', 'radio 1', '', 0, 1, 0, 1, '', 1),
(22, 3, 20, 'option', 'radio 2', '', 0, 0, 0, 2, '', 1),
(23, 3, 20, 'option', 'radio 3', '', 0, 0, 0, 3, '', 1);

-- --------------------------------------------------------

--
-- Table structure for table `bp_xprofile_groups`
--

CREATE TABLE `bp_xprofile_groups` (
  `id` bigint(20) UNSIGNED NOT NULL,
  `name` varchar(150) COLLATE utf8_unicode_ci NOT NULL,
  `description` mediumtext COLLATE utf8_unicode_ci NOT NULL,
  `group_order` bigint(20) NOT NULL DEFAULT '0',
  `can_delete` tinyint(1) NOT NULL
) ENGINE=InnoDB DEFAULT CHARSET=utf8 COLLATE=utf8_unicode_ci ROW_FORMAT=DYNAMIC;

--
-- Dumping data for table `bp_xprofile_groups`
--

INSERT INTO `bp_xprofile_groups` (`id`, `name`, `description`, `group_order`, `can_delete`) VALUES
(1, 'Base', '', 0, 0),
(2, 'Single Fields', 'All fields with a single value possible', 0, 1),
(3, 'Multi Fields', 'All fields with several possible values', 0, 1);

-- --------------------------------------------------------

--
-- Table structure for table `bp_xprofile_meta`
--

CREATE TABLE `bp_xprofile_meta` (
  `id` bigint(20) NOT NULL,
  `object_id` bigint(20) NOT NULL,
  `object_type` varchar(150) COLLATE utf8_unicode_ci NOT NULL,
  `meta_key` varchar(255) COLLATE utf8_unicode_ci DEFAULT NULL,
  `meta_value` longtext COLLATE utf8_unicode_ci
) ENGINE=InnoDB DEFAULT CHARSET=utf8 COLLATE=utf8_unicode_ci ROW_FORMAT=DYNAMIC;

--
-- Dumping data for table `bp_xprofile_meta`
--

INSERT INTO `bp_xprofile_meta` (`id`, `object_id`, `object_type`, `meta_key`, `meta_value`) VALUES
(1, 2, 'field', 'default_visibility', 'public'),
(2, 2, 'field', 'allow_custom_visibility', 'allowed'),
(3, 3, 'field', 'default_visibility', 'adminsonly'),
(4, 3, 'field', 'allow_custom_visibility', 'disabled'),
(5, 4, 'field', 'default_visibility', 'loggedin'),
(6, 4, 'field', 'allow_custom_visibility', 'allowed'),
(7, 5, 'field', 'default_visibility', 'friends'),
(8, 5, 'field', 'allow_custom_visibility', 'disabled'),
(9, 6, 'field', 'default_visibility', 'public'),
(10, 6, 'field', 'allow_custom_visibility', 'allowed'),
(11, 7, 'field', 'default_visibility', 'adminsonly'),
(12, 7, 'field', 'allow_custom_visibility', 'disabled'),
(13, 12, 'field', 'default_visibility', 'loggedin'),
(14, 12, 'field', 'allow_custom_visibility', 'allowed'),
(15, 16, 'field', 'default_visibility', 'friends'),
(16, 16, 'field', 'allow_custom_visibility', 'disabled'),
(17, 20, 'field', 'default_visibility', 'public'),
(18, 20, 'field', 'allow_custom_visibility', 'allowed'),
(19, 1, 'field', 'allow_custom_visibility', 'disabled');

-- --------------------------------------------------------

--
-- Table structure for table `commentmeta`
--

CREATE TABLE `commentmeta` (
  `meta_id` bigint(20) UNSIGNED NOT NULL,
  `comment_id` bigint(20) UNSIGNED NOT NULL DEFAULT '0',
  `meta_key` varchar(255) COLLATE utf8_unicode_ci DEFAULT NULL,
  `meta_value` longtext COLLATE utf8_unicode_ci
) ENGINE=InnoDB DEFAULT CHARSET=utf8 COLLATE=utf8_unicode_ci ROW_FORMAT=DYNAMIC;

--
-- Dumping data for table `commentmeta`
--

INSERT INTO `commentmeta` (`meta_id`, `comment_id`, `meta_key`, `meta_value`) VALUES
(1, 2, 'akismet_error', '1370606225'),
(2, 2, 'akismet_history', 'a:4:{s:4:\"time\";d:1370606225.6765859127044677734375;s:7:\"message\";s:92:\"Akismet was unable to check this comment (response: ), will automatically retry again later.\";s:5:\"event\";s:11:\"check-error\";s:4:\"user\";s:0:\"\";}'),
(3, 2, 'akismet_as_submitted', 'a:67:{s:15:\"comment_post_ID\";i:15;s:14:\"comment_author\";s:12:\"Cobus Bester\";s:20:\"comment_author_email\";s:18:\"bester.c@gmail.com\";s:18:\"comment_author_url\";N;s:15:\"comment_content\";s:49:\"Simple and effective design. One of my favorites.\";s:12:\"comment_type\";s:0:\"\";s:14:\"comment_parent\";i:0;s:7:\"user_ID\";i:0;s:7:\"user_ip\";s:13:\"196.215.9.147\";s:10:\"user_agent\";s:119:\"Mozilla/5.0 (Macintosh; Intel Mac OS X 10_8_3) AppleWebKit/537.31 (KHTML, like Gecko) Chrome/26.0.1410.65 Safari/537.31\";s:8:\"referrer\";s:56:\"http://demo2.woothemes.com/woocommerce/product/woo-logo/\";s:4:\"blog\";s:38:\"http://demo2.woothemes.com/woocommerce\";s:9:\"blog_lang\";s:5:\"en_US\";s:12:\"blog_charset\";s:5:\"UTF-8\";s:9:\"permalink\";s:56:\"http://demo2.woothemes.com/woocommerce/product/woo-logo/\";s:21:\"akismet_comment_nonce\";s:6:\"passed\";s:11:\"POST_author\";s:12:\"Cobus Bester\";s:10:\"POST_email\";s:18:\"bester.c@gmail.com\";s:11:\"POST_rating\";s:1:\"4\";s:12:\"POST_comment\";s:49:\"Simple and effective design. One of my favorites.\";s:7:\"POST__n\";s:10:\"a80bd2f042\";s:21:\"POST__wp_http_referer\";s:30:\"/woocommerce/product/woo-logo/\";s:11:\"POST_submit\";s:13:\"Submit Review\";s:20:\"POST_comment_post_ID\";s:2:\"15\";s:19:\"POST_comment_parent\";s:1:\"0\";s:26:\"POST_akismet_comment_nonce\";s:10:\"bbd941e9bf\";s:15:\"SERVER_SOFTWARE\";s:6:\"Apache\";s:11:\"REQUEST_URI\";s:33:\"/woocommerce/wp-comments-post.php\";s:15:\"REDIRECT_IS_WPE\";s:1:\"1\";s:27:\"REDIRECT_WPE_CAN_WRITE_DISK\";s:1:\"0\";s:15:\"REDIRECT_STATUS\";s:3:\"200\";s:6:\"IS_WPE\";s:1:\"1\";s:18:\"WPE_CAN_WRITE_DISK\";s:1:\"0\";s:9:\"HTTP_HOST\";s:19:\"demo2.woothemes.com\";s:13:\"HTTP_X_LB_KEY\";s:8:\"woodemo2\";s:13:\"HTTP_X_IS_BOT\";s:1:\"0\";s:15:\"HTTP_USER_AGENT\";s:119:\"Mozilla/5.0 (Macintosh; Intel Mac OS X 10_8_3) AppleWebKit/537.31 (KHTML, like Gecko) Chrome/26.0.1410.65 Safari/537.31\";s:15:\"HTTP_CONNECTION\";s:5:\"close\";s:14:\"CONTENT_LENGTH\";s:3:\"273\";s:18:\"HTTP_CACHE_CONTROL\";s:9:\"max-age=0\";s:11:\"HTTP_ACCEPT\";s:63:\"text/html,application/xhtml+xml,application/xml;q=0.9,*/*;q=0.8\";s:11:\"HTTP_ORIGIN\";s:26:\"http://demo2.woothemes.com\";s:12:\"CONTENT_TYPE\";s:33:\"application/x-www-form-urlencoded\";s:12:\"HTTP_REFERER\";s:56:\"http://demo2.woothemes.com/woocommerce/product/woo-logo/\";s:20:\"HTTP_ACCEPT_ENCODING\";s:17:\"gzip,deflate,sdch\";s:20:\"HTTP_ACCEPT_LANGUAGE\";s:14:\"en-US,en;q=0.8\";s:19:\"HTTP_ACCEPT_CHARSET\";s:30:\"ISO-8859-1,utf-8;q=0.7,*;q=0.3\";s:11:\"HTTP_COOKIE\";s:0:\"\";s:4:\"PATH\";s:28:\"/usr/local/bin:/usr/bin:/bin\";s:16:\"SERVER_SIGNATURE\";s:0:\"\";s:11:\"SERVER_NAME\";s:19:\"demo2.woothemes.com\";s:11:\"SERVER_ADDR\";s:9:\"127.0.0.1\";s:11:\"SERVER_PORT\";s:2:\"80\";s:11:\"REMOTE_ADDR\";s:13:\"196.215.9.147\";s:13:\"DOCUMENT_ROOT\";s:26:\"/nas/wp/www/sites/woodemo2\";s:12:\"SERVER_ADMIN\";s:18:\"[no address given]\";s:15:\"SCRIPT_FILENAME\";s:47:\"/nas/wp/www/sites/woodemo2/wp-comments-post.php\";s:11:\"REMOTE_PORT\";s:5:\"57596\";s:12:\"REDIRECT_URL\";s:33:\"/woocommerce/wp-comments-post.php\";s:17:\"GATEWAY_INTERFACE\";s:7:\"CGI/1.1\";s:15:\"SERVER_PROTOCOL\";s:8:\"HTTP/1.0\";s:14:\"REQUEST_METHOD\";s:4:\"POST\";s:12:\"QUERY_STRING\";s:0:\"\";s:11:\"SCRIPT_NAME\";s:21:\"/wp-comments-post.php\";s:8:\"PHP_SELF\";s:21:\"/wp-comments-post.php\";s:12:\"REQUEST_TIME\";s:10:\"1370606225\";s:25:\"comment_post_modified_gmt\";s:19:\"2013-06-07 11:15:25\";}'),
(4, 2, 'rating', '4'),
(5, 2, 'akismet_history', 'a:4:{s:4:\"time\";d:1370607940.89634990692138671875;s:7:\"message\";s:46:\"wooteam changed the comment status to approved\";s:5:\"event\";s:15:\"status-approved\";s:4:\"user\";s:7:\"wooteam\";}'),
(6, 3, 'akismet_error', '1370606029'),
(7, 3, 'akismet_history', 'a:4:{s:4:\"time\";d:1370606029.1820490360260009765625;s:7:\"message\";s:92:\"Akismet was unable to check this comment (response: ), will automatically retry again later.\";s:5:\"event\";s:11:\"check-error\";s:4:\"user\";s:0:\"\";}'),
(8, 3, 'akismet_as_submitted', 'a:67:{s:15:\"comment_post_ID\";i:19;s:14:\"comment_author\";s:12:\"Cobus Bester\";s:20:\"comment_author_email\";s:18:\"bester.c@gmail.com\";s:18:\"comment_author_url\";N;s:15:\"comment_content\";s:56:\"Wonderful quality, and an awesome design. WooThemes ftw!\";s:12:\"comment_type\";s:0:\"\";s:14:\"comment_parent\";i:0;s:7:\"user_ID\";i:0;s:7:\"user_ip\";s:13:\"196.215.9.147\";s:10:\"user_agent\";s:119:\"Mozilla/5.0 (Macintosh; Intel Mac OS X 10_8_3) AppleWebKit/537.31 (KHTML, like Gecko) Chrome/26.0.1410.65 Safari/537.31\";s:8:\"referrer\";s:63:\"http://demo2.woothemes.com/woocommerce/product/premium-quality/\";s:4:\"blog\";s:38:\"http://demo2.woothemes.com/woocommerce\";s:9:\"blog_lang\";s:5:\"en_US\";s:12:\"blog_charset\";s:5:\"UTF-8\";s:9:\"permalink\";s:63:\"http://demo2.woothemes.com/woocommerce/product/premium-quality/\";s:21:\"akismet_comment_nonce\";s:6:\"passed\";s:11:\"POST_author\";s:12:\"Cobus Bester\";s:10:\"POST_email\";s:18:\"bester.c@gmail.com\";s:11:\"POST_rating\";s:1:\"4\";s:12:\"POST_comment\";s:56:\"Wonderful quality, and an awesome design. WooThemes ftw!\";s:7:\"POST__n\";s:10:\"a80bd2f042\";s:21:\"POST__wp_http_referer\";s:37:\"/woocommerce/product/premium-quality/\";s:11:\"POST_submit\";s:13:\"Submit Review\";s:20:\"POST_comment_post_ID\";s:2:\"19\";s:19:\"POST_comment_parent\";s:1:\"0\";s:26:\"POST_akismet_comment_nonce\";s:10:\"0f92b67011\";s:15:\"SERVER_SOFTWARE\";s:6:\"Apache\";s:11:\"REQUEST_URI\";s:33:\"/woocommerce/wp-comments-post.php\";s:15:\"REDIRECT_IS_WPE\";s:1:\"1\";s:27:\"REDIRECT_WPE_CAN_WRITE_DISK\";s:1:\"0\";s:15:\"REDIRECT_STATUS\";s:3:\"200\";s:6:\"IS_WPE\";s:1:\"1\";s:18:\"WPE_CAN_WRITE_DISK\";s:1:\"0\";s:9:\"HTTP_HOST\";s:19:\"demo2.woothemes.com\";s:13:\"HTTP_X_LB_KEY\";s:8:\"woodemo2\";s:13:\"HTTP_X_IS_BOT\";s:1:\"0\";s:15:\"HTTP_USER_AGENT\";s:119:\"Mozilla/5.0 (Macintosh; Intel Mac OS X 10_8_3) AppleWebKit/537.31 (KHTML, like Gecko) Chrome/26.0.1410.65 Safari/537.31\";s:15:\"HTTP_CONNECTION\";s:5:\"close\";s:14:\"CONTENT_LENGTH\";s:3:\"291\";s:18:\"HTTP_CACHE_CONTROL\";s:9:\"max-age=0\";s:11:\"HTTP_ACCEPT\";s:63:\"text/html,application/xhtml+xml,application/xml;q=0.9,*/*;q=0.8\";s:11:\"HTTP_ORIGIN\";s:26:\"http://demo2.woothemes.com\";s:12:\"CONTENT_TYPE\";s:33:\"application/x-www-form-urlencoded\";s:12:\"HTTP_REFERER\";s:63:\"http://demo2.woothemes.com/woocommerce/product/premium-quality/\";s:20:\"HTTP_ACCEPT_ENCODING\";s:17:\"gzip,deflate,sdch\";s:20:\"HTTP_ACCEPT_LANGUAGE\";s:14:\"en-US,en;q=0.8\";s:19:\"HTTP_ACCEPT_CHARSET\";s:30:\"ISO-8859-1,utf-8;q=0.7,*;q=0.3\";s:11:\"HTTP_COOKIE\";s:0:\"\";s:4:\"PATH\";s:28:\"/usr/local/bin:/usr/bin:/bin\";s:16:\"SERVER_SIGNATURE\";s:0:\"\";s:11:\"SERVER_NAME\";s:19:\"demo2.woothemes.com\";s:11:\"SERVER_ADDR\";s:9:\"127.0.0.1\";s:11:\"SERVER_PORT\";s:2:\"80\";s:11:\"REMOTE_ADDR\";s:13:\"196.215.9.147\";s:13:\"DOCUMENT_ROOT\";s:26:\"/nas/wp/www/sites/woodemo2\";s:12:\"SERVER_ADMIN\";s:18:\"[no address given]\";s:15:\"SCRIPT_FILENAME\";s:47:\"/nas/wp/www/sites/woodemo2/wp-comments-post.php\";s:11:\"REMOTE_PORT\";s:5:\"54854\";s:12:\"REDIRECT_URL\";s:33:\"/woocommerce/wp-comments-post.php\";s:17:\"GATEWAY_INTERFACE\";s:7:\"CGI/1.1\";s:15:\"SERVER_PROTOCOL\";s:8:\"HTTP/1.0\";s:14:\"REQUEST_METHOD\";s:4:\"POST\";s:12:\"QUERY_STRING\";s:0:\"\";s:11:\"SCRIPT_NAME\";s:21:\"/wp-comments-post.php\";s:8:\"PHP_SELF\";s:21:\"/wp-comments-post.php\";s:12:\"REQUEST_TIME\";s:10:\"1370606029\";s:25:\"comment_post_modified_gmt\";s:19:\"2013-06-07 10:41:52\";}'),
(9, 3, 'rating', '4'),
(10, 3, 'akismet_history', 'a:4:{s:4:\"time\";d:1370607930.6214559078216552734375;s:7:\"message\";s:46:\"wooteam changed the comment status to approved\";s:5:\"event\";s:15:\"status-approved\";s:4:\"user\";s:7:\"wooteam\";}'),
(11, 4, 'akismet_error', '1370606265'),
(12, 4, 'akismet_history', 'a:4:{s:4:\"time\";d:1370606265.92131900787353515625;s:7:\"message\";s:92:\"Akismet was unable to check this comment (response: ), will automatically retry again later.\";s:5:\"event\";s:11:\"check-error\";s:4:\"user\";s:0:\"\";}'),
(13, 4, 'akismet_as_submitted', ''),
(14, 4, 'rating', '5'),
(15, 4, 'akismet_history', 'a:4:{s:4:\"time\";d:1370607942.4681990146636962890625;s:7:\"message\";s:46:\"wooteam changed the comment status to approved\";s:5:\"event\";s:15:\"status-approved\";s:4:\"user\";s:7:\"wooteam\";}'),
(16, 5, 'akismet_error', '1370605393'),
(17, 5, 'akismet_history', 'a:4:{s:4:\"time\";d:1370605393.68045711517333984375;s:7:\"message\";s:92:\"Akismet was unable to check this comment (response: ), will automatically retry again later.\";s:5:\"event\";s:11:\"check-error\";s:4:\"user\";s:0:\"\";}'),
(18, 5, 'akismet_as_submitted', 'a:66:{s:15:\"comment_post_ID\";i:22;s:14:\"comment_author\";s:12:\"James Koster\";s:20:\"comment_author_email\";s:23:\"james@jameskoster.co.uk\";s:18:\"comment_author_url\";N;s:15:\"comment_content\";s:53:\"Nice T-shirt, I got one in black. Goes with anything!\";s:12:\"comment_type\";s:0:\"\";s:14:\"comment_parent\";i:0;s:7:\"user_ID\";i:0;s:7:\"user_ip\";s:13:\"86.146.141.82\";s:10:\"user_agent\";s:120:\"Mozilla/5.0 (Macintosh; Intel Mac OS X 10_8_3) AppleWebKit/537.36 (KHTML, like Gecko) Chrome/27.0.1453.110 Safari/537.36\";s:8:\"referrer\";s:62:\"http://demo2.woothemes.com/woocommerce/product/ship-your-idea/\";s:4:\"blog\";s:38:\"http://demo2.woothemes.com/woocommerce\";s:9:\"blog_lang\";s:5:\"en_US\";s:12:\"blog_charset\";s:5:\"UTF-8\";s:9:\"permalink\";s:62:\"http://demo2.woothemes.com/woocommerce/product/ship-your-idea/\";s:21:\"akismet_comment_nonce\";s:6:\"passed\";s:11:\"POST_author\";s:12:\"James Koster\";s:10:\"POST_email\";s:23:\"james@jameskoster.co.uk\";s:11:\"POST_rating\";s:1:\"4\";s:12:\"POST_comment\";s:53:\"Nice T-shirt, I got one in black. Goes with anything!\";s:7:\"POST__n\";s:10:\"a80bd2f042\";s:21:\"POST__wp_http_referer\";s:36:\"/woocommerce/product/ship-your-idea/\";s:11:\"POST_submit\";s:13:\"Submit Review\";s:20:\"POST_comment_post_ID\";s:2:\"22\";s:19:\"POST_comment_parent\";s:1:\"0\";s:26:\"POST_akismet_comment_nonce\";s:10:\"19b2b0163a\";s:15:\"SERVER_SOFTWARE\";s:6:\"Apache\";s:11:\"REQUEST_URI\";s:33:\"/woocommerce/wp-comments-post.php\";s:15:\"REDIRECT_IS_WPE\";s:1:\"1\";s:27:\"REDIRECT_WPE_CAN_WRITE_DISK\";s:1:\"0\";s:15:\"REDIRECT_STATUS\";s:3:\"200\";s:6:\"IS_WPE\";s:1:\"1\";s:18:\"WPE_CAN_WRITE_DISK\";s:1:\"0\";s:9:\"HTTP_HOST\";s:19:\"demo2.woothemes.com\";s:13:\"HTTP_X_LB_KEY\";s:8:\"woodemo2\";s:13:\"HTTP_X_IS_BOT\";s:1:\"0\";s:15:\"HTTP_USER_AGENT\";s:120:\"Mozilla/5.0 (Macintosh; Intel Mac OS X 10_8_3) AppleWebKit/537.36 (KHTML, like Gecko) Chrome/27.0.1453.110 Safari/537.36\";s:15:\"HTTP_CONNECTION\";s:5:\"close\";s:14:\"CONTENT_LENGTH\";s:3:\"292\";s:18:\"HTTP_CACHE_CONTROL\";s:9:\"max-age=0\";s:11:\"HTTP_ACCEPT\";s:63:\"text/html,application/xhtml+xml,application/xml;q=0.9,*/*;q=0.8\";s:11:\"HTTP_ORIGIN\";s:26:\"http://demo2.woothemes.com\";s:12:\"CONTENT_TYPE\";s:33:\"application/x-www-form-urlencoded\";s:12:\"HTTP_REFERER\";s:62:\"http://demo2.woothemes.com/woocommerce/product/ship-your-idea/\";s:20:\"HTTP_ACCEPT_ENCODING\";s:17:\"gzip,deflate,sdch\";s:20:\"HTTP_ACCEPT_LANGUAGE\";s:14:\"en-US,en;q=0.8\";s:11:\"HTTP_COOKIE\";s:0:\"\";s:4:\"PATH\";s:28:\"/usr/local/bin:/usr/bin:/bin\";s:16:\"SERVER_SIGNATURE\";s:0:\"\";s:11:\"SERVER_NAME\";s:19:\"demo2.woothemes.com\";s:11:\"SERVER_ADDR\";s:9:\"127.0.0.1\";s:11:\"SERVER_PORT\";s:2:\"80\";s:11:\"REMOTE_ADDR\";s:13:\"86.146.141.82\";s:13:\"DOCUMENT_ROOT\";s:26:\"/nas/wp/www/sites/woodemo2\";s:12:\"SERVER_ADMIN\";s:18:\"[no address given]\";s:15:\"SCRIPT_FILENAME\";s:47:\"/nas/wp/www/sites/woodemo2/wp-comments-post.php\";s:11:\"REMOTE_PORT\";s:5:\"47178\";s:12:\"REDIRECT_URL\";s:33:\"/woocommerce/wp-comments-post.php\";s:17:\"GATEWAY_INTERFACE\";s:7:\"CGI/1.1\";s:15:\"SERVER_PROTOCOL\";s:8:\"HTTP/1.0\";s:14:\"REQUEST_METHOD\";s:4:\"POST\";s:12:\"QUERY_STRING\";s:0:\"\";s:11:\"SCRIPT_NAME\";s:21:\"/wp-comments-post.php\";s:8:\"PHP_SELF\";s:21:\"/wp-comments-post.php\";s:12:\"REQUEST_TIME\";s:10:\"1370605393\";s:25:\"comment_post_modified_gmt\";s:19:\"2013-06-07 11:14:41\";}'),
(19, 5, 'rating', '4'),
(20, 5, 'akismet_history', 'a:4:{s:4:\"time\";d:1370605641.8064620494842529296875;s:7:\"message\";s:46:\"wooteam changed the comment status to approved\";s:5:\"event\";s:15:\"status-approved\";s:4:\"user\";s:7:\"wooteam\";}'),
(21, 6, 'akismet_error', '1370606115'),
(22, 6, 'akismet_history', 'a:4:{s:4:\"time\";d:1370606115.2617321014404296875;s:7:\"message\";s:92:\"Akismet was unable to check this comment (response: ), will automatically retry again later.\";s:5:\"event\";s:11:\"check-error\";s:4:\"user\";s:0:\"\";}'),
(23, 6, 'akismet_as_submitted', 'a:67:{s:15:\"comment_post_ID\";i:22;s:14:\"comment_author\";s:12:\"Cobus Bester\";s:20:\"comment_author_email\";s:18:\"bester.c@gmail.com\";s:18:\"comment_author_url\";N;s:15:\"comment_content\";s:47:\"Very comfortable shirt, and I love the graphic!\";s:12:\"comment_type\";s:0:\"\";s:14:\"comment_parent\";i:0;s:7:\"user_ID\";i:0;s:7:\"user_ip\";s:13:\"196.215.9.147\";s:10:\"user_agent\";s:119:\"Mozilla/5.0 (Macintosh; Intel Mac OS X 10_8_3) AppleWebKit/537.31 (KHTML, like Gecko) Chrome/26.0.1410.65 Safari/537.31\";s:8:\"referrer\";s:62:\"http://demo2.woothemes.com/woocommerce/product/ship-your-idea/\";s:4:\"blog\";s:38:\"http://demo2.woothemes.com/woocommerce\";s:9:\"blog_lang\";s:5:\"en_US\";s:12:\"blog_charset\";s:5:\"UTF-8\";s:9:\"permalink\";s:62:\"http://demo2.woothemes.com/woocommerce/product/ship-your-idea/\";s:21:\"akismet_comment_nonce\";s:6:\"passed\";s:11:\"POST_author\";s:12:\"Cobus Bester\";s:10:\"POST_email\";s:18:\"bester.c@gmail.com\";s:11:\"POST_rating\";s:1:\"4\";s:12:\"POST_comment\";s:47:\"Very comfortable shirt, and I love the graphic!\";s:7:\"POST__n\";s:10:\"a80bd2f042\";s:21:\"POST__wp_http_referer\";s:36:\"/woocommerce/product/ship-your-idea/\";s:11:\"POST_submit\";s:13:\"Submit Review\";s:20:\"POST_comment_post_ID\";s:2:\"22\";s:19:\"POST_comment_parent\";s:1:\"0\";s:26:\"POST_akismet_comment_nonce\";s:10:\"19b2b0163a\";s:15:\"SERVER_SOFTWARE\";s:6:\"Apache\";s:11:\"REQUEST_URI\";s:33:\"/woocommerce/wp-comments-post.php\";s:15:\"REDIRECT_IS_WPE\";s:1:\"1\";s:27:\"REDIRECT_WPE_CAN_WRITE_DISK\";s:1:\"0\";s:15:\"REDIRECT_STATUS\";s:3:\"200\";s:6:\"IS_WPE\";s:1:\"1\";s:18:\"WPE_CAN_WRITE_DISK\";s:1:\"0\";s:9:\"HTTP_HOST\";s:19:\"demo2.woothemes.com\";s:13:\"HTTP_X_LB_KEY\";s:8:\"woodemo2\";s:13:\"HTTP_X_IS_BOT\";s:1:\"0\";s:15:\"HTTP_USER_AGENT\";s:119:\"Mozilla/5.0 (Macintosh; Intel Mac OS X 10_8_3) AppleWebKit/537.31 (KHTML, like Gecko) Chrome/26.0.1410.65 Safari/537.31\";s:15:\"HTTP_CONNECTION\";s:5:\"close\";s:14:\"CONTENT_LENGTH\";s:3:\"281\";s:18:\"HTTP_CACHE_CONTROL\";s:9:\"max-age=0\";s:11:\"HTTP_ACCEPT\";s:63:\"text/html,application/xhtml+xml,application/xml;q=0.9,*/*;q=0.8\";s:11:\"HTTP_ORIGIN\";s:26:\"http://demo2.woothemes.com\";s:12:\"CONTENT_TYPE\";s:33:\"application/x-www-form-urlencoded\";s:12:\"HTTP_REFERER\";s:62:\"http://demo2.woothemes.com/woocommerce/product/ship-your-idea/\";s:20:\"HTTP_ACCEPT_ENCODING\";s:17:\"gzip,deflate,sdch\";s:20:\"HTTP_ACCEPT_LANGUAGE\";s:14:\"en-US,en;q=0.8\";s:19:\"HTTP_ACCEPT_CHARSET\";s:30:\"ISO-8859-1,utf-8;q=0.7,*;q=0.3\";s:11:\"HTTP_COOKIE\";s:0:\"\";s:4:\"PATH\";s:28:\"/usr/local/bin:/usr/bin:/bin\";s:16:\"SERVER_SIGNATURE\";s:0:\"\";s:11:\"SERVER_NAME\";s:19:\"demo2.woothemes.com\";s:11:\"SERVER_ADDR\";s:9:\"127.0.0.1\";s:11:\"SERVER_PORT\";s:2:\"80\";s:11:\"REMOTE_ADDR\";s:13:\"196.215.9.147\";s:13:\"DOCUMENT_ROOT\";s:26:\"/nas/wp/www/sites/woodemo2\";s:12:\"SERVER_ADMIN\";s:18:\"[no address given]\";s:15:\"SCRIPT_FILENAME\";s:47:\"/nas/wp/www/sites/woodemo2/wp-comments-post.php\";s:11:\"REMOTE_PORT\";s:5:\"55879\";s:12:\"REDIRECT_URL\";s:33:\"/woocommerce/wp-comments-post.php\";s:17:\"GATEWAY_INTERFACE\";s:7:\"CGI/1.1\";s:15:\"SERVER_PROTOCOL\";s:8:\"HTTP/1.0\";s:14:\"REQUEST_METHOD\";s:4:\"POST\";s:12:\"QUERY_STRING\";s:0:\"\";s:11:\"SCRIPT_NAME\";s:21:\"/wp-comments-post.php\";s:8:\"PHP_SELF\";s:21:\"/wp-comments-post.php\";s:12:\"REQUEST_TIME\";s:10:\"1370606115\";s:25:\"comment_post_modified_gmt\";s:19:\"2013-06-07 11:14:41\";}'),
(24, 6, 'rating', '4'),
(25, 6, 'akismet_history', 'a:4:{s:4:\"time\";d:1370607935.6320250034332275390625;s:7:\"message\";s:46:\"wooteam changed the comment status to approved\";s:5:\"event\";s:15:\"status-approved\";s:4:\"user\";s:7:\"wooteam\";}'),
(26, 7, 'akismet_error', '1370610134'),
(27, 7, 'akismet_history', 'a:4:{s:4:\"time\";d:1370610134.2017900943756103515625;s:7:\"message\";s:92:\"Akismet was unable to check this comment (response: ), will automatically retry again later.\";s:5:\"event\";s:11:\"check-error\";s:4:\"user\";s:0:\"\";}'),
(28, 7, 'akismet_as_submitted', 'a:64:{s:15:\"comment_post_ID\";i:22;s:14:\"comment_author\";s:6:\"Stuart\";s:20:\"comment_author_email\";s:20:\"stuart@woothemes.com\";s:18:\"comment_author_url\";N;s:15:\"comment_content\";s:54:\"Great T-shirt quality, Great Design and Great Service.\";s:12:\"comment_type\";s:0:\"\";s:14:\"comment_parent\";i:0;s:7:\"user_ID\";i:0;s:7:\"user_ip\";s:13:\"82.32.109.140\";s:10:\"user_agent\";s:72:\"Mozilla/5.0 (Windows NT 6.1; WOW64; rv:21.0) Gecko/20100101 Firefox/21.0\";s:8:\"referrer\";s:62:\"http://demo2.woothemes.com/woocommerce/product/ship-your-idea/\";s:4:\"blog\";s:38:\"http://demo2.woothemes.com/woocommerce\";s:9:\"blog_lang\";s:5:\"en_US\";s:12:\"blog_charset\";s:5:\"UTF-8\";s:9:\"permalink\";s:62:\"http://demo2.woothemes.com/woocommerce/product/ship-your-idea/\";s:21:\"akismet_comment_nonce\";s:6:\"passed\";s:11:\"POST_author\";s:6:\"Stuart\";s:10:\"POST_email\";s:20:\"stuart@woothemes.com\";s:11:\"POST_rating\";s:1:\"5\";s:12:\"POST_comment\";s:54:\"Great T-shirt quality, Great Design and Great Service.\";s:7:\"POST__n\";s:10:\"2145d644a3\";s:21:\"POST__wp_http_referer\";s:36:\"/woocommerce/product/ship-your-idea/\";s:11:\"POST_submit\";s:13:\"Submit Review\";s:20:\"POST_comment_post_ID\";s:2:\"22\";s:19:\"POST_comment_parent\";s:1:\"0\";s:26:\"POST_akismet_comment_nonce\";s:10:\"0ad3ed6bac\";s:15:\"SERVER_SOFTWARE\";s:6:\"Apache\";s:11:\"REQUEST_URI\";s:33:\"/woocommerce/wp-comments-post.php\";s:15:\"REDIRECT_IS_WPE\";s:1:\"1\";s:27:\"REDIRECT_WPE_CAN_WRITE_DISK\";s:1:\"0\";s:15:\"REDIRECT_STATUS\";s:3:\"200\";s:6:\"IS_WPE\";s:1:\"1\";s:18:\"WPE_CAN_WRITE_DISK\";s:1:\"0\";s:9:\"HTTP_HOST\";s:19:\"demo2.woothemes.com\";s:13:\"HTTP_X_LB_KEY\";s:8:\"woodemo2\";s:13:\"HTTP_X_IS_BOT\";s:1:\"0\";s:15:\"HTTP_USER_AGENT\";s:72:\"Mozilla/5.0 (Windows NT 6.1; WOW64; rv:21.0) Gecko/20100101 Firefox/21.0\";s:15:\"HTTP_CONNECTION\";s:5:\"close\";s:11:\"HTTP_ACCEPT\";s:63:\"text/html,application/xhtml+xml,application/xml;q=0.9,*/*;q=0.8\";s:20:\"HTTP_ACCEPT_LANGUAGE\";s:14:\"en-US,en;q=0.5\";s:20:\"HTTP_ACCEPT_ENCODING\";s:13:\"gzip, deflate\";s:12:\"HTTP_REFERER\";s:62:\"http://demo2.woothemes.com/woocommerce/product/ship-your-idea/\";s:11:\"HTTP_COOKIE\";s:0:\"\";s:12:\"CONTENT_TYPE\";s:33:\"application/x-www-form-urlencoded\";s:14:\"CONTENT_LENGTH\";s:3:\"282\";s:4:\"PATH\";s:28:\"/usr/local/bin:/usr/bin:/bin\";s:16:\"SERVER_SIGNATURE\";s:0:\"\";s:11:\"SERVER_NAME\";s:19:\"demo2.woothemes.com\";s:11:\"SERVER_ADDR\";s:9:\"127.0.0.1\";s:11:\"SERVER_PORT\";s:2:\"80\";s:11:\"REMOTE_ADDR\";s:13:\"82.32.109.140\";s:13:\"DOCUMENT_ROOT\";s:26:\"/nas/wp/www/sites/woodemo2\";s:12:\"SERVER_ADMIN\";s:18:\"[no address given]\";s:15:\"SCRIPT_FILENAME\";s:47:\"/nas/wp/www/sites/woodemo2/wp-comments-post.php\";s:11:\"REMOTE_PORT\";s:5:\"40932\";s:12:\"REDIRECT_URL\";s:33:\"/woocommerce/wp-comments-post.php\";s:17:\"GATEWAY_INTERFACE\";s:7:\"CGI/1.1\";s:15:\"SERVER_PROTOCOL\";s:8:\"HTTP/1.0\";s:14:\"REQUEST_METHOD\";s:4:\"POST\";s:12:\"QUERY_STRING\";s:0:\"\";s:11:\"SCRIPT_NAME\";s:21:\"/wp-comments-post.php\";s:8:\"PHP_SELF\";s:21:\"/wp-comments-post.php\";s:12:\"REQUEST_TIME\";s:10:\"1370610134\";s:25:\"comment_post_modified_gmt\";s:19:\"2013-06-07 11:14:41\";}'),
(29, 7, 'rating', '5'),
(30, 7, 'akismet_history', 'a:4:{s:4:\"time\";d:1370611526.547483921051025390625;s:7:\"message\";s:46:\"wooteam changed the comment status to approved\";s:5:\"event\";s:15:\"status-approved\";s:4:\"user\";s:7:\"wooteam\";}'),
(31, 8, 'akismet_error', '1370606072'),
(32, 8, 'akismet_history', 'a:4:{s:4:\"time\";d:1370606072.7117550373077392578125;s:7:\"message\";s:92:\"Akismet was unable to check this comment (response: ), will automatically retry again later.\";s:5:\"event\";s:11:\"check-error\";s:4:\"user\";s:0:\"\";}'),
(33, 8, 'akismet_as_submitted', 'a:67:{s:15:\"comment_post_ID\";i:31;s:14:\"comment_author\";s:12:\"Cobus Bester\";s:20:\"comment_author_email\";s:18:\"bester.c@gmail.com\";s:18:\"comment_author_url\";N;s:15:\"comment_content\";s:76:\"The ninja silhouette is one of my favorite designs. This is a great product.\";s:12:\"comment_type\";s:0:\"\";s:14:\"comment_parent\";i:0;s:7:\"user_ID\";i:0;s:7:\"user_ip\";s:13:\"196.215.9.147\";s:10:\"user_agent\";s:119:\"Mozilla/5.0 (Macintosh; Intel Mac OS X 10_8_3) AppleWebKit/537.31 (KHTML, like Gecko) Chrome/26.0.1410.65 Safari/537.31\";s:8:\"referrer\";s:64:\"http://demo2.woothemes.com/woocommerce/product/ninja-silhouette/\";s:4:\"blog\";s:38:\"http://demo2.woothemes.com/woocommerce\";s:9:\"blog_lang\";s:5:\"en_US\";s:12:\"blog_charset\";s:5:\"UTF-8\";s:9:\"permalink\";s:64:\"http://demo2.woothemes.com/woocommerce/product/ninja-silhouette/\";s:21:\"akismet_comment_nonce\";s:6:\"passed\";s:11:\"POST_author\";s:12:\"Cobus Bester\";s:10:\"POST_email\";s:18:\"bester.c@gmail.com\";s:11:\"POST_rating\";s:1:\"5\";s:12:\"POST_comment\";s:76:\"The ninja silhouette is one of my favorite designs. This is a great product.\";s:7:\"POST__n\";s:10:\"a80bd2f042\";s:21:\"POST__wp_http_referer\";s:38:\"/woocommerce/product/ninja-silhouette/\";s:11:\"POST_submit\";s:13:\"Submit Review\";s:20:\"POST_comment_post_ID\";s:2:\"31\";s:19:\"POST_comment_parent\";s:1:\"0\";s:26:\"POST_akismet_comment_nonce\";s:10:\"a0acab20c6\";s:15:\"SERVER_SOFTWARE\";s:6:\"Apache\";s:11:\"REQUEST_URI\";s:33:\"/woocommerce/wp-comments-post.php\";s:15:\"REDIRECT_IS_WPE\";s:1:\"1\";s:27:\"REDIRECT_WPE_CAN_WRITE_DISK\";s:1:\"0\";s:15:\"REDIRECT_STATUS\";s:3:\"200\";s:6:\"IS_WPE\";s:1:\"1\";s:18:\"WPE_CAN_WRITE_DISK\";s:1:\"0\";s:9:\"HTTP_HOST\";s:19:\"demo2.woothemes.com\";s:13:\"HTTP_X_LB_KEY\";s:8:\"woodemo2\";s:13:\"HTTP_X_IS_BOT\";s:1:\"0\";s:15:\"HTTP_USER_AGENT\";s:119:\"Mozilla/5.0 (Macintosh; Intel Mac OS X 10_8_3) AppleWebKit/537.31 (KHTML, like Gecko) Chrome/26.0.1410.65 Safari/537.31\";s:15:\"HTTP_CONNECTION\";s:5:\"close\";s:14:\"CONTENT_LENGTH\";s:3:\"308\";s:18:\"HTTP_CACHE_CONTROL\";s:9:\"max-age=0\";s:11:\"HTTP_ACCEPT\";s:63:\"text/html,application/xhtml+xml,application/xml;q=0.9,*/*;q=0.8\";s:11:\"HTTP_ORIGIN\";s:26:\"http://demo2.woothemes.com\";s:12:\"CONTENT_TYPE\";s:33:\"application/x-www-form-urlencoded\";s:12:\"HTTP_REFERER\";s:64:\"http://demo2.woothemes.com/woocommerce/product/ninja-silhouette/\";s:20:\"HTTP_ACCEPT_ENCODING\";s:17:\"gzip,deflate,sdch\";s:20:\"HTTP_ACCEPT_LANGUAGE\";s:14:\"en-US,en;q=0.8\";s:19:\"HTTP_ACCEPT_CHARSET\";s:30:\"ISO-8859-1,utf-8;q=0.7,*;q=0.3\";s:11:\"HTTP_COOKIE\";s:0:\"\";s:4:\"PATH\";s:28:\"/usr/local/bin:/usr/bin:/bin\";s:16:\"SERVER_SIGNATURE\";s:0:\"\";s:11:\"SERVER_NAME\";s:19:\"demo2.woothemes.com\";s:11:\"SERVER_ADDR\";s:9:\"127.0.0.1\";s:11:\"SERVER_PORT\";s:2:\"80\";s:11:\"REMOTE_ADDR\";s:13:\"196.215.9.147\";s:13:\"DOCUMENT_ROOT\";s:26:\"/nas/wp/www/sites/woodemo2\";s:12:\"SERVER_ADMIN\";s:18:\"[no address given]\";s:15:\"SCRIPT_FILENAME\";s:47:\"/nas/wp/www/sites/woodemo2/wp-comments-post.php\";s:11:\"REMOTE_PORT\";s:5:\"55289\";s:12:\"REDIRECT_URL\";s:33:\"/woocommerce/wp-comments-post.php\";s:17:\"GATEWAY_INTERFACE\";s:7:\"CGI/1.1\";s:15:\"SERVER_PROTOCOL\";s:8:\"HTTP/1.0\";s:14:\"REQUEST_METHOD\";s:4:\"POST\";s:12:\"QUERY_STRING\";s:0:\"\";s:11:\"SCRIPT_NAME\";s:21:\"/wp-comments-post.php\";s:8:\"PHP_SELF\";s:21:\"/wp-comments-post.php\";s:12:\"REQUEST_TIME\";s:10:\"1370606072\";s:25:\"comment_post_modified_gmt\";s:19:\"2013-06-07 11:15:05\";}'),
(34, 8, 'rating', '5'),
(35, 8, 'akismet_history', 'a:4:{s:4:\"time\";d:1370607931.63070201873779296875;s:7:\"message\";s:46:\"wooteam changed the comment status to approved\";s:5:\"event\";s:15:\"status-approved\";s:4:\"user\";s:7:\"wooteam\";}'),
(36, 9, 'akismet_error', '1370610085'),
(37, 9, 'akismet_history', 'a:4:{s:4:\"time\";d:1370610085.324596881866455078125;s:7:\"message\";s:92:\"Akismet was unable to check this comment (response: ), will automatically retry again later.\";s:5:\"event\";s:11:\"check-error\";s:4:\"user\";s:0:\"\";}'),
(38, 9, 'akismet_as_submitted', 'a:64:{s:15:\"comment_post_ID\";i:37;s:14:\"comment_author\";s:6:\"Stuart\";s:20:\"comment_author_email\";s:20:\"stuart@woothemes.com\";s:18:\"comment_author_url\";N;s:15:\"comment_content\";s:65:\"This will go great with my Hoodie that I ordered a few weeks ago.\";s:12:\"comment_type\";s:0:\"\";s:14:\"comment_parent\";i:0;s:7:\"user_ID\";i:0;s:7:\"user_ip\";s:13:\"82.32.109.140\";s:10:\"user_agent\";s:72:\"Mozilla/5.0 (Windows NT 6.1; WOW64; rv:21.0) Gecko/20100101 Firefox/21.0\";s:8:\"referrer\";s:59:\"http://demo2.woothemes.com/woocommerce/product/happy-ninja/\";s:4:\"blog\";s:38:\"http://demo2.woothemes.com/woocommerce\";s:9:\"blog_lang\";s:5:\"en_US\";s:12:\"blog_charset\";s:5:\"UTF-8\";s:9:\"permalink\";s:59:\"http://demo2.woothemes.com/woocommerce/product/happy-ninja/\";s:21:\"akismet_comment_nonce\";s:6:\"passed\";s:11:\"POST_author\";s:6:\"Stuart\";s:10:\"POST_email\";s:20:\"stuart@woothemes.com\";s:11:\"POST_rating\";s:1:\"5\";s:12:\"POST_comment\";s:65:\"This will go great with my Hoodie that I ordered a few weeks ago.\";s:7:\"POST__n\";s:10:\"2145d644a3\";s:21:\"POST__wp_http_referer\";s:33:\"/woocommerce/product/happy-ninja/\";s:11:\"POST_submit\";s:13:\"Submit Review\";s:20:\"POST_comment_post_ID\";s:2:\"37\";s:19:\"POST_comment_parent\";s:1:\"0\";s:26:\"POST_akismet_comment_nonce\";s:10:\"7da2a7b2b2\";s:15:\"SERVER_SOFTWARE\";s:6:\"Apache\";s:11:\"REQUEST_URI\";s:33:\"/woocommerce/wp-comments-post.php\";s:15:\"REDIRECT_IS_WPE\";s:1:\"1\";s:27:\"REDIRECT_WPE_CAN_WRITE_DISK\";s:1:\"0\";s:15:\"REDIRECT_STATUS\";s:3:\"200\";s:6:\"IS_WPE\";s:1:\"1\";s:18:\"WPE_CAN_WRITE_DISK\";s:1:\"0\";s:9:\"HTTP_HOST\";s:19:\"demo2.woothemes.com\";s:13:\"HTTP_X_LB_KEY\";s:8:\"woodemo2\";s:13:\"HTTP_X_IS_BOT\";s:1:\"0\";s:15:\"HTTP_USER_AGENT\";s:72:\"Mozilla/5.0 (Windows NT 6.1; WOW64; rv:21.0) Gecko/20100101 Firefox/21.0\";s:15:\"HTTP_CONNECTION\";s:5:\"close\";s:11:\"HTTP_ACCEPT\";s:63:\"text/html,application/xhtml+xml,application/xml;q=0.9,*/*;q=0.8\";s:20:\"HTTP_ACCEPT_LANGUAGE\";s:14:\"en-US,en;q=0.5\";s:20:\"HTTP_ACCEPT_ENCODING\";s:13:\"gzip, deflate\";s:12:\"HTTP_REFERER\";s:59:\"http://demo2.woothemes.com/woocommerce/product/happy-ninja/\";s:11:\"HTTP_COOKIE\";s:0:\"\";s:12:\"CONTENT_TYPE\";s:33:\"application/x-www-form-urlencoded\";s:14:\"CONTENT_LENGTH\";s:3:\"288\";s:4:\"PATH\";s:28:\"/usr/local/bin:/usr/bin:/bin\";s:16:\"SERVER_SIGNATURE\";s:0:\"\";s:11:\"SERVER_NAME\";s:19:\"demo2.woothemes.com\";s:11:\"SERVER_ADDR\";s:9:\"127.0.0.1\";s:11:\"SERVER_PORT\";s:2:\"80\";s:11:\"REMOTE_ADDR\";s:13:\"82.32.109.140\";s:13:\"DOCUMENT_ROOT\";s:26:\"/nas/wp/www/sites/woodemo2\";s:12:\"SERVER_ADMIN\";s:18:\"[no address given]\";s:15:\"SCRIPT_FILENAME\";s:47:\"/nas/wp/www/sites/woodemo2/wp-comments-post.php\";s:11:\"REMOTE_PORT\";s:5:\"40272\";s:12:\"REDIRECT_URL\";s:33:\"/woocommerce/wp-comments-post.php\";s:17:\"GATEWAY_INTERFACE\";s:7:\"CGI/1.1\";s:15:\"SERVER_PROTOCOL\";s:8:\"HTTP/1.0\";s:14:\"REQUEST_METHOD\";s:4:\"POST\";s:12:\"QUERY_STRING\";s:0:\"\";s:11:\"SCRIPT_NAME\";s:21:\"/wp-comments-post.php\";s:8:\"PHP_SELF\";s:21:\"/wp-comments-post.php\";s:12:\"REQUEST_TIME\";s:10:\"1370610085\";s:25:\"comment_post_modified_gmt\";s:19:\"2013-06-07 11:14:15\";}'),
(39, 9, 'rating', '5'),
(40, 9, 'akismet_history', 'a:4:{s:4:\"time\";d:1370611525.10484409332275390625;s:7:\"message\";s:46:\"wooteam changed the comment status to approved\";s:5:\"event\";s:15:\"status-approved\";s:4:\"user\";s:7:\"wooteam\";}'),
(41, 10, 'akismet_error', '1370620193'),
(42, 10, 'akismet_history', 'a:4:{s:4:\"time\";d:1370620193.9864521026611328125;s:7:\"message\";s:92:\"Akismet was unable to check this comment (response: ), will automatically retry again later.\";s:5:\"event\";s:11:\"check-error\";s:4:\"user\";s:0:\"\";}'),
(43, 10, 'akismet_as_submitted', 'a:66:{s:15:\"comment_post_ID\";i:37;s:14:\"comment_author\";s:5:\"Maria\";s:20:\"comment_author_email\";s:19:\"maria@woothemes.com\";s:18:\"comment_author_url\";N;s:15:\"comment_content\";s:56:\"Love this shirt! The ninja near and dear to my heart. <3\";s:12:\"comment_type\";s:0:\"\";s:14:\"comment_parent\";i:0;s:7:\"user_ID\";i:0;s:7:\"user_ip\";s:13:\"24.225.103.32\";s:10:\"user_agent\";s:120:\"Mozilla/5.0 (Macintosh; Intel Mac OS X 10_8_4) AppleWebKit/537.36 (KHTML, like Gecko) Chrome/27.0.1453.110 Safari/537.36\";s:8:\"referrer\";s:59:\"http://demo2.woothemes.com/woocommerce/product/happy-ninja/\";s:4:\"blog\";s:38:\"http://demo2.woothemes.com/woocommerce\";s:9:\"blog_lang\";s:5:\"en_US\";s:12:\"blog_charset\";s:5:\"UTF-8\";s:9:\"permalink\";s:59:\"http://demo2.woothemes.com/woocommerce/product/happy-ninja/\";s:21:\"akismet_comment_nonce\";s:6:\"passed\";s:11:\"POST_author\";s:5:\"Maria\";s:10:\"POST_email\";s:19:\"maria@woothemes.com\";s:11:\"POST_rating\";s:1:\"5\";s:12:\"POST_comment\";s:56:\"Love this shirt! The ninja near and dear to my heart. <3\";s:7:\"POST__n\";s:10:\"2145d644a3\";s:21:\"POST__wp_http_referer\";s:33:\"/woocommerce/product/happy-ninja/\";s:11:\"POST_submit\";s:13:\"Submit Review\";s:20:\"POST_comment_post_ID\";s:2:\"37\";s:19:\"POST_comment_parent\";s:1:\"0\";s:26:\"POST_akismet_comment_nonce\";s:10:\"7da2a7b2b2\";s:15:\"SERVER_SOFTWARE\";s:6:\"Apache\";s:11:\"REQUEST_URI\";s:33:\"/woocommerce/wp-comments-post.php\";s:15:\"REDIRECT_IS_WPE\";s:1:\"1\";s:27:\"REDIRECT_WPE_CAN_WRITE_DISK\";s:1:\"0\";s:15:\"REDIRECT_STATUS\";s:3:\"200\";s:6:\"IS_WPE\";s:1:\"1\";s:18:\"WPE_CAN_WRITE_DISK\";s:1:\"0\";s:9:\"HTTP_HOST\";s:19:\"demo2.woothemes.com\";s:13:\"HTTP_X_LB_KEY\";s:8:\"woodemo2\";s:13:\"HTTP_X_IS_BOT\";s:1:\"0\";s:15:\"HTTP_USER_AGENT\";s:120:\"Mozilla/5.0 (Macintosh; Intel Mac OS X 10_8_4) AppleWebKit/537.36 (KHTML, like Gecko) Chrome/27.0.1453.110 Safari/537.36\";s:15:\"HTTP_CONNECTION\";s:5:\"close\";s:14:\"CONTENT_LENGTH\";s:3:\"281\";s:18:\"HTTP_CACHE_CONTROL\";s:9:\"max-age=0\";s:11:\"HTTP_ACCEPT\";s:63:\"text/html,application/xhtml+xml,application/xml;q=0.9,*/*;q=0.8\";s:11:\"HTTP_ORIGIN\";s:26:\"http://demo2.woothemes.com\";s:12:\"CONTENT_TYPE\";s:33:\"application/x-www-form-urlencoded\";s:12:\"HTTP_REFERER\";s:59:\"http://demo2.woothemes.com/woocommerce/product/happy-ninja/\";s:20:\"HTTP_ACCEPT_ENCODING\";s:17:\"gzip,deflate,sdch\";s:20:\"HTTP_ACCEPT_LANGUAGE\";s:14:\"en-US,en;q=0.8\";s:11:\"HTTP_COOKIE\";s:0:\"\";s:4:\"PATH\";s:28:\"/usr/local/bin:/usr/bin:/bin\";s:16:\"SERVER_SIGNATURE\";s:0:\"\";s:11:\"SERVER_NAME\";s:19:\"demo2.woothemes.com\";s:11:\"SERVER_ADDR\";s:9:\"127.0.0.1\";s:11:\"SERVER_PORT\";s:2:\"80\";s:11:\"REMOTE_ADDR\";s:13:\"24.225.103.32\";s:13:\"DOCUMENT_ROOT\";s:26:\"/nas/wp/www/sites/woodemo2\";s:12:\"SERVER_ADMIN\";s:18:\"[no address given]\";s:15:\"SCRIPT_FILENAME\";s:47:\"/nas/wp/www/sites/woodemo2/wp-comments-post.php\";s:11:\"REMOTE_PORT\";s:5:\"24107\";s:12:\"REDIRECT_URL\";s:33:\"/woocommerce/wp-comments-post.php\";s:17:\"GATEWAY_INTERFACE\";s:7:\"CGI/1.1\";s:15:\"SERVER_PROTOCOL\";s:8:\"HTTP/1.0\";s:14:\"REQUEST_METHOD\";s:4:\"POST\";s:12:\"QUERY_STRING\";s:0:\"\";s:11:\"SCRIPT_NAME\";s:21:\"/wp-comments-post.php\";s:8:\"PHP_SELF\";s:21:\"/wp-comments-post.php\";s:12:\"REQUEST_TIME\";s:10:\"1370620193\";s:25:\"comment_post_modified_gmt\";s:19:\"2013-06-07 11:14:15\";}'),
(44, 10, 'rating', '5'),
(45, 10, 'akismet_history', 'a:4:{s:4:\"time\";d:1370620633.9563140869140625;s:7:\"message\";s:46:\"wooteam changed the comment status to approved\";s:5:\"event\";s:15:\"status-approved\";s:4:\"user\";s:7:\"wooteam\";}'),
(46, 11, 'akismet_error', '1370610209'),
(47, 11, 'akismet_history', 'a:4:{s:4:\"time\";d:1370610209.978949069976806640625;s:7:\"message\";s:92:\"Akismet was unable to check this comment (response: ), will automatically retry again later.\";s:5:\"event\";s:11:\"check-error\";s:4:\"user\";s:0:\"\";}'),
(48, 11, 'akismet_as_submitted', 'a:64:{s:15:\"comment_post_ID\";i:40;s:14:\"comment_author\";s:6:\"Stuart\";s:20:\"comment_author_email\";s:20:\"stuart@woothemes.com\";s:18:\"comment_author_url\";N;s:15:\"comment_content\";s:108:\"Another great quality product that anyone who see\'s me wearing has asked where to purchase one of their own.\";s:12:\"comment_type\";s:0:\"\";s:14:\"comment_parent\";i:0;s:7:\"user_ID\";i:0;s:7:\"user_ip\";s:13:\"82.32.109.140\";s:10:\"user_agent\";s:72:\"Mozilla/5.0 (Windows NT 6.1; WOW64; rv:21.0) Gecko/20100101 Firefox/21.0\";s:8:\"referrer\";s:64:\"http://demo2.woothemes.com/woocommerce/product/ship-your-idea-2/\";s:4:\"blog\";s:38:\"http://demo2.woothemes.com/woocommerce\";s:9:\"blog_lang\";s:5:\"en_US\";s:12:\"blog_charset\";s:5:\"UTF-8\";s:9:\"permalink\";s:64:\"http://demo2.woothemes.com/woocommerce/product/ship-your-idea-2/\";s:21:\"akismet_comment_nonce\";s:6:\"passed\";s:11:\"POST_author\";s:6:\"Stuart\";s:10:\"POST_email\";s:20:\"stuart@woothemes.com\";s:11:\"POST_rating\";s:1:\"4\";s:12:\"POST_comment\";s:108:\"Another great quality product that anyone who see\'s me wearing has asked where to purchase one of their own.\";s:7:\"POST__n\";s:10:\"2145d644a3\";s:21:\"POST__wp_http_referer\";s:38:\"/woocommerce/product/ship-your-idea-2/\";s:11:\"POST_submit\";s:13:\"Submit Review\";s:20:\"POST_comment_post_ID\";s:2:\"40\";s:19:\"POST_comment_parent\";s:1:\"0\";s:26:\"POST_akismet_comment_nonce\";s:10:\"3493e6658d\";s:15:\"SERVER_SOFTWARE\";s:6:\"Apache\";s:11:\"REQUEST_URI\";s:33:\"/woocommerce/wp-comments-post.php\";s:15:\"REDIRECT_IS_WPE\";s:1:\"1\";s:27:\"REDIRECT_WPE_CAN_WRITE_DISK\";s:1:\"0\";s:15:\"REDIRECT_STATUS\";s:3:\"200\";s:6:\"IS_WPE\";s:1:\"1\";s:18:\"WPE_CAN_WRITE_DISK\";s:1:\"0\";s:9:\"HTTP_HOST\";s:19:\"demo2.woothemes.com\";s:13:\"HTTP_X_LB_KEY\";s:8:\"woodemo2\";s:13:\"HTTP_X_IS_BOT\";s:1:\"0\";s:15:\"HTTP_USER_AGENT\";s:72:\"Mozilla/5.0 (Windows NT 6.1; WOW64; rv:21.0) Gecko/20100101 Firefox/21.0\";s:15:\"HTTP_CONNECTION\";s:5:\"close\";s:11:\"HTTP_ACCEPT\";s:63:\"text/html,application/xhtml+xml,application/xml;q=0.9,*/*;q=0.8\";s:20:\"HTTP_ACCEPT_LANGUAGE\";s:14:\"en-US,en;q=0.5\";s:20:\"HTTP_ACCEPT_ENCODING\";s:13:\"gzip, deflate\";s:12:\"HTTP_REFERER\";s:64:\"http://demo2.woothemes.com/woocommerce/product/ship-your-idea-2/\";s:11:\"HTTP_COOKIE\";s:0:\"\";s:12:\"CONTENT_TYPE\";s:33:\"application/x-www-form-urlencoded\";s:14:\"CONTENT_LENGTH\";s:3:\"338\";s:4:\"PATH\";s:28:\"/usr/local/bin:/usr/bin:/bin\";s:16:\"SERVER_SIGNATURE\";s:0:\"\";s:11:\"SERVER_NAME\";s:19:\"demo2.woothemes.com\";s:11:\"SERVER_ADDR\";s:9:\"127.0.0.1\";s:11:\"SERVER_PORT\";s:2:\"80\";s:11:\"REMOTE_ADDR\";s:13:\"82.32.109.140\";s:13:\"DOCUMENT_ROOT\";s:26:\"/nas/wp/www/sites/woodemo2\";s:12:\"SERVER_ADMIN\";s:18:\"[no address given]\";s:15:\"SCRIPT_FILENAME\";s:47:\"/nas/wp/www/sites/woodemo2/wp-comments-post.php\";s:11:\"REMOTE_PORT\";s:5:\"41743\";s:12:\"REDIRECT_URL\";s:33:\"/woocommerce/wp-comments-post.php\";s:17:\"GATEWAY_INTERFACE\";s:7:\"CGI/1.1\";s:15:\"SERVER_PROTOCOL\";s:8:\"HTTP/1.0\";s:14:\"REQUEST_METHOD\";s:4:\"POST\";s:12:\"QUERY_STRING\";s:0:\"\";s:11:\"SCRIPT_NAME\";s:21:\"/wp-comments-post.php\";s:8:\"PHP_SELF\";s:21:\"/wp-comments-post.php\";s:12:\"REQUEST_TIME\";s:10:\"1370610209\";s:25:\"comment_post_modified_gmt\";s:19:\"2013-06-07 11:18:57\";}'),
(49, 11, 'rating', '4'),
(50, 11, 'akismet_history', 'a:4:{s:4:\"time\";d:1370611527.7993829250335693359375;s:7:\"message\";s:46:\"wooteam changed the comment status to approved\";s:5:\"event\";s:15:\"status-approved\";s:4:\"user\";s:7:\"wooteam\";}'),
(51, 12, 'akismet_error', '1370611492'),
(52, 12, 'akismet_history', 'a:4:{s:4:\"time\";d:1370611492.6543419361114501953125;s:7:\"message\";s:92:\"Akismet was unable to check this comment (response: ), will automatically retry again later.\";s:5:\"event\";s:11:\"check-error\";s:4:\"user\";s:0:\"\";}'),
(53, 12, 'akismet_as_submitted', 'a:66:{s:15:\"comment_post_ID\";i:40;s:14:\"comment_author\";s:4:\"Ryan\";s:20:\"comment_author_email\";s:18:\"ryan@woothemes.com\";s:18:\"comment_author_url\";N;s:15:\"comment_content\";s:168:\"This hoodie gets me lots of looks while out in public, I got the blue one and it\'s awesome. Not sure if people are looking at my hoodie only, or also at my rocking bod.\";s:12:\"comment_type\";s:0:\"\";s:14:\"comment_parent\";i:0;s:7:\"user_ID\";i:0;s:7:\"user_ip\";s:14:\"99.153.225.252\";s:10:\"user_agent\";s:120:\"Mozilla/5.0 (Macintosh; Intel Mac OS X 10_8_4) AppleWebKit/537.36 (KHTML, like Gecko) Chrome/27.0.1453.110 Safari/537.36\";s:8:\"referrer\";s:64:\"http://demo2.woothemes.com/woocommerce/product/ship-your-idea-2/\";s:4:\"blog\";s:38:\"http://demo2.woothemes.com/woocommerce\";s:9:\"blog_lang\";s:5:\"en_US\";s:12:\"blog_charset\";s:5:\"UTF-8\";s:9:\"permalink\";s:64:\"http://demo2.woothemes.com/woocommerce/product/ship-your-idea-2/\";s:21:\"akismet_comment_nonce\";s:6:\"passed\";s:11:\"POST_author\";s:4:\"Ryan\";s:10:\"POST_email\";s:18:\"ryan@woothemes.com\";s:11:\"POST_rating\";s:1:\"5\";s:12:\"POST_comment\";s:168:\"This hoodie gets me lots of looks while out in public, I got the blue one and it\'s awesome. Not sure if people are looking at my hoodie only, or also at my rocking bod.\";s:7:\"POST__n\";s:10:\"2145d644a3\";s:21:\"POST__wp_http_referer\";s:38:\"/woocommerce/product/ship-your-idea-2/\";s:11:\"POST_submit\";s:13:\"Submit Review\";s:20:\"POST_comment_post_ID\";s:2:\"40\";s:19:\"POST_comment_parent\";s:1:\"0\";s:26:\"POST_akismet_comment_nonce\";s:10:\"3493e6658d\";s:15:\"SERVER_SOFTWARE\";s:6:\"Apache\";s:11:\"REQUEST_URI\";s:33:\"/woocommerce/wp-comments-post.php\";s:15:\"REDIRECT_IS_WPE\";s:1:\"1\";s:27:\"REDIRECT_WPE_CAN_WRITE_DISK\";s:1:\"0\";s:15:\"REDIRECT_STATUS\";s:3:\"200\";s:6:\"IS_WPE\";s:1:\"1\";s:18:\"WPE_CAN_WRITE_DISK\";s:1:\"0\";s:9:\"HTTP_HOST\";s:19:\"demo2.woothemes.com\";s:13:\"HTTP_X_LB_KEY\";s:8:\"woodemo2\";s:13:\"HTTP_X_IS_BOT\";s:1:\"0\";s:15:\"HTTP_USER_AGENT\";s:120:\"Mozilla/5.0 (Macintosh; Intel Mac OS X 10_8_4) AppleWebKit/537.36 (KHTML, like Gecko) Chrome/27.0.1453.110 Safari/537.36\";s:15:\"HTTP_CONNECTION\";s:5:\"close\";s:14:\"CONTENT_LENGTH\";s:3:\"398\";s:18:\"HTTP_CACHE_CONTROL\";s:9:\"max-age=0\";s:11:\"HTTP_ACCEPT\";s:63:\"text/html,application/xhtml+xml,application/xml;q=0.9,*/*;q=0.8\";s:11:\"HTTP_ORIGIN\";s:26:\"http://demo2.woothemes.com\";s:12:\"CONTENT_TYPE\";s:33:\"application/x-www-form-urlencoded\";s:12:\"HTTP_REFERER\";s:64:\"http://demo2.woothemes.com/woocommerce/product/ship-your-idea-2/\";s:20:\"HTTP_ACCEPT_ENCODING\";s:17:\"gzip,deflate,sdch\";s:20:\"HTTP_ACCEPT_LANGUAGE\";s:14:\"en-US,en;q=0.8\";s:11:\"HTTP_COOKIE\";s:0:\"\";s:4:\"PATH\";s:28:\"/usr/local/bin:/usr/bin:/bin\";s:16:\"SERVER_SIGNATURE\";s:0:\"\";s:11:\"SERVER_NAME\";s:19:\"demo2.woothemes.com\";s:11:\"SERVER_ADDR\";s:9:\"127.0.0.1\";s:11:\"SERVER_PORT\";s:2:\"80\";s:11:\"REMOTE_ADDR\";s:14:\"99.153.225.252\";s:13:\"DOCUMENT_ROOT\";s:26:\"/nas/wp/www/sites/woodemo2\";s:12:\"SERVER_ADMIN\";s:18:\"[no address given]\";s:15:\"SCRIPT_FILENAME\";s:47:\"/nas/wp/www/sites/woodemo2/wp-comments-post.php\";s:11:\"REMOTE_PORT\";s:5:\"54935\";s:12:\"REDIRECT_URL\";s:33:\"/woocommerce/wp-comments-post.php\";s:17:\"GATEWAY_INTERFACE\";s:7:\"CGI/1.1\";s:15:\"SERVER_PROTOCOL\";s:8:\"HTTP/1.0\";s:14:\"REQUEST_METHOD\";s:4:\"POST\";s:12:\"QUERY_STRING\";s:0:\"\";s:11:\"SCRIPT_NAME\";s:21:\"/wp-comments-post.php\";s:8:\"PHP_SELF\";s:21:\"/wp-comments-post.php\";s:12:\"REQUEST_TIME\";s:10:\"1370611492\";s:25:\"comment_post_modified_gmt\";s:19:\"2013-06-07 11:18:57\";}'),
(54, 12, 'rating', '5'),
(55, 12, 'akismet_history', 'a:4:{s:4:\"time\";d:1370611529.7720489501953125;s:7:\"message\";s:46:\"wooteam changed the comment status to approved\";s:5:\"event\";s:15:\"status-approved\";s:4:\"user\";s:7:\"wooteam\";}'),
(56, 13, 'akismet_error', '1370620411'),
(57, 13, 'akismet_history', 'a:4:{s:4:\"time\";d:1370620411.1445829868316650390625;s:7:\"message\";s:92:\"Akismet was unable to check this comment (response: ), will automatically retry again later.\";s:5:\"event\";s:11:\"check-error\";s:4:\"user\";s:0:\"\";}'),
(58, 13, 'akismet_as_submitted', 'a:66:{s:15:\"comment_post_ID\";i:40;s:14:\"comment_author\";s:5:\"Maria\";s:20:\"comment_author_email\";s:19:\"maria@woothemes.com\";s:18:\"comment_author_url\";N;s:15:\"comment_content\";s:8:\"Ship it!\";s:12:\"comment_type\";s:0:\"\";s:14:\"comment_parent\";i:0;s:7:\"user_ID\";i:0;s:7:\"user_ip\";s:13:\"24.225.103.32\";s:10:\"user_agent\";s:120:\"Mozilla/5.0 (Macintosh; Intel Mac OS X 10_8_4) AppleWebKit/537.36 (KHTML, like Gecko) Chrome/27.0.1453.110 Safari/537.36\";s:8:\"referrer\";s:64:\"http://demo2.woothemes.com/woocommerce/product/ship-your-idea-2/\";s:4:\"blog\";s:38:\"http://demo2.woothemes.com/woocommerce\";s:9:\"blog_lang\";s:5:\"en_US\";s:12:\"blog_charset\";s:5:\"UTF-8\";s:9:\"permalink\";s:64:\"http://demo2.woothemes.com/woocommerce/product/ship-your-idea-2/\";s:21:\"akismet_comment_nonce\";s:6:\"passed\";s:11:\"POST_author\";s:5:\"Maria\";s:10:\"POST_email\";s:19:\"maria@woothemes.com\";s:11:\"POST_rating\";s:1:\"3\";s:12:\"POST_comment\";s:8:\"Ship it!\";s:7:\"POST__n\";s:10:\"2145d644a3\";s:21:\"POST__wp_http_referer\";s:38:\"/woocommerce/product/ship-your-idea-2/\";s:11:\"POST_submit\";s:13:\"Submit Review\";s:20:\"POST_comment_post_ID\";s:2:\"40\";s:19:\"POST_comment_parent\";s:1:\"0\";s:26:\"POST_akismet_comment_nonce\";s:10:\"3493e6658d\";s:15:\"SERVER_SOFTWARE\";s:6:\"Apache\";s:11:\"REQUEST_URI\";s:33:\"/woocommerce/wp-comments-post.php\";s:15:\"REDIRECT_IS_WPE\";s:1:\"1\";s:27:\"REDIRECT_WPE_CAN_WRITE_DISK\";s:1:\"0\";s:15:\"REDIRECT_STATUS\";s:3:\"200\";s:6:\"IS_WPE\";s:1:\"1\";s:18:\"WPE_CAN_WRITE_DISK\";s:1:\"0\";s:9:\"HTTP_HOST\";s:19:\"demo2.woothemes.com\";s:13:\"HTTP_X_LB_KEY\";s:8:\"woodemo2\";s:13:\"HTTP_X_IS_BOT\";s:1:\"0\";s:15:\"HTTP_USER_AGENT\";s:120:\"Mozilla/5.0 (Macintosh; Intel Mac OS X 10_8_4) AppleWebKit/537.36 (KHTML, like Gecko) Chrome/27.0.1453.110 Safari/537.36\";s:15:\"HTTP_CONNECTION\";s:5:\"close\";s:14:\"CONTENT_LENGTH\";s:3:\"236\";s:18:\"HTTP_CACHE_CONTROL\";s:9:\"max-age=0\";s:11:\"HTTP_ACCEPT\";s:63:\"text/html,application/xhtml+xml,application/xml;q=0.9,*/*;q=0.8\";s:11:\"HTTP_ORIGIN\";s:26:\"http://demo2.woothemes.com\";s:12:\"CONTENT_TYPE\";s:33:\"application/x-www-form-urlencoded\";s:12:\"HTTP_REFERER\";s:64:\"http://demo2.woothemes.com/woocommerce/product/ship-your-idea-2/\";s:20:\"HTTP_ACCEPT_ENCODING\";s:17:\"gzip,deflate,sdch\";s:20:\"HTTP_ACCEPT_LANGUAGE\";s:14:\"en-US,en;q=0.8\";s:11:\"HTTP_COOKIE\";s:0:\"\";s:4:\"PATH\";s:28:\"/usr/local/bin:/usr/bin:/bin\";s:16:\"SERVER_SIGNATURE\";s:0:\"\";s:11:\"SERVER_NAME\";s:19:\"demo2.woothemes.com\";s:11:\"SERVER_ADDR\";s:9:\"127.0.0.1\";s:11:\"SERVER_PORT\";s:2:\"80\";s:11:\"REMOTE_ADDR\";s:13:\"24.225.103.32\";s:13:\"DOCUMENT_ROOT\";s:26:\"/nas/wp/www/sites/woodemo2\";s:12:\"SERVER_ADMIN\";s:18:\"[no address given]\";s:15:\"SCRIPT_FILENAME\";s:47:\"/nas/wp/www/sites/woodemo2/wp-comments-post.php\";s:11:\"REMOTE_PORT\";s:5:\"27030\";s:12:\"REDIRECT_URL\";s:33:\"/woocommerce/wp-comments-post.php\";s:17:\"GATEWAY_INTERFACE\";s:7:\"CGI/1.1\";s:15:\"SERVER_PROTOCOL\";s:8:\"HTTP/1.0\";s:14:\"REQUEST_METHOD\";s:4:\"POST\";s:12:\"QUERY_STRING\";s:0:\"\";s:11:\"SCRIPT_NAME\";s:21:\"/wp-comments-post.php\";s:8:\"PHP_SELF\";s:21:\"/wp-comments-post.php\";s:12:\"REQUEST_TIME\";s:10:\"1370620411\";s:25:\"comment_post_modified_gmt\";s:19:\"2013-06-07 11:18:57\";}'),
(59, 13, 'rating', '3'),
(60, 13, 'akismet_history', 'a:4:{s:4:\"time\";d:1370620633.9381520748138427734375;s:7:\"message\";s:46:\"wooteam changed the comment status to approved\";s:5:\"event\";s:15:\"status-approved\";s:4:\"user\";s:7:\"wooteam\";}'),
(61, 14, 'akismet_error', '1370606279'),
(62, 14, 'akismet_history', 'a:4:{s:4:\"time\";d:1370606279.836287975311279296875;s:7:\"message\";s:92:\"Akismet was unable to check this comment (response: ), will automatically retry again later.\";s:5:\"event\";s:11:\"check-error\";s:4:\"user\";s:0:\"\";}'),
(63, 14, 'akismet_as_submitted', 'a:67:{s:15:\"comment_post_ID\";i:47;s:14:\"comment_author\";s:12:\"Cobus Bester\";s:20:\"comment_author_email\";s:18:\"bester.c@gmail.com\";s:18:\"comment_author_url\";N;s:15:\"comment_content\";s:71:\"This hoodie is great for those chilly winter days. I love the WooNinja!\";s:12:\"comment_type\";s:0:\"\";s:14:\"comment_parent\";i:0;s:7:\"user_ID\";i:0;s:7:\"user_ip\";s:13:\"196.215.9.147\";s:10:\"user_agent\";s:119:\"Mozilla/5.0 (Macintosh; Intel Mac OS X 10_8_3) AppleWebKit/537.31 (KHTML, like Gecko) Chrome/26.0.1410.65 Safari/537.31\";s:8:\"referrer\";s:59:\"http://demo2.woothemes.com/woocommerce/product/woo-ninja-2/\";s:4:\"blog\";s:38:\"http://demo2.woothemes.com/woocommerce\";s:9:\"blog_lang\";s:5:\"en_US\";s:12:\"blog_charset\";s:5:\"UTF-8\";s:9:\"permalink\";s:59:\"http://demo2.woothemes.com/woocommerce/product/woo-ninja-2/\";s:21:\"akismet_comment_nonce\";s:6:\"passed\";s:11:\"POST_author\";s:12:\"Cobus Bester\";s:10:\"POST_email\";s:18:\"bester.c@gmail.com\";s:11:\"POST_rating\";s:1:\"5\";s:12:\"POST_comment\";s:71:\"This hoodie is great for those chilly winter days. I love the WooNinja!\";s:7:\"POST__n\";s:10:\"a80bd2f042\";s:21:\"POST__wp_http_referer\";s:33:\"/woocommerce/product/woo-ninja-2/\";s:11:\"POST_submit\";s:13:\"Submit Review\";s:20:\"POST_comment_post_ID\";s:2:\"47\";s:19:\"POST_comment_parent\";s:1:\"0\";s:26:\"POST_akismet_comment_nonce\";s:10:\"38d66a284b\";s:15:\"SERVER_SOFTWARE\";s:6:\"Apache\";s:11:\"REQUEST_URI\";s:33:\"/woocommerce/wp-comments-post.php\";s:15:\"REDIRECT_IS_WPE\";s:1:\"1\";s:27:\"REDIRECT_WPE_CAN_WRITE_DISK\";s:1:\"0\";s:15:\"REDIRECT_STATUS\";s:3:\"200\";s:6:\"IS_WPE\";s:1:\"1\";s:18:\"WPE_CAN_WRITE_DISK\";s:1:\"0\";s:9:\"HTTP_HOST\";s:19:\"demo2.woothemes.com\";s:13:\"HTTP_X_LB_KEY\";s:8:\"woodemo2\";s:13:\"HTTP_X_IS_BOT\";s:1:\"0\";s:15:\"HTTP_USER_AGENT\";s:119:\"Mozilla/5.0 (Macintosh; Intel Mac OS X 10_8_3) AppleWebKit/537.31 (KHTML, like Gecko) Chrome/26.0.1410.65 Safari/537.31\";s:15:\"HTTP_CONNECTION\";s:5:\"close\";s:14:\"CONTENT_LENGTH\";s:3:\"300\";s:18:\"HTTP_CACHE_CONTROL\";s:9:\"max-age=0\";s:11:\"HTTP_ACCEPT\";s:63:\"text/html,application/xhtml+xml,application/xml;q=0.9,*/*;q=0.8\";s:11:\"HTTP_ORIGIN\";s:26:\"http://demo2.woothemes.com\";s:12:\"CONTENT_TYPE\";s:33:\"application/x-www-form-urlencoded\";s:12:\"HTTP_REFERER\";s:59:\"http://demo2.woothemes.com/woocommerce/product/woo-ninja-2/\";s:20:\"HTTP_ACCEPT_ENCODING\";s:17:\"gzip,deflate,sdch\";s:20:\"HTTP_ACCEPT_LANGUAGE\";s:14:\"en-US,en;q=0.8\";s:19:\"HTTP_ACCEPT_CHARSET\";s:30:\"ISO-8859-1,utf-8;q=0.7,*;q=0.3\";s:11:\"HTTP_COOKIE\";s:0:\"\";s:4:\"PATH\";s:28:\"/usr/local/bin:/usr/bin:/bin\";s:16:\"SERVER_SIGNATURE\";s:0:\"\";s:11:\"SERVER_NAME\";s:19:\"demo2.woothemes.com\";s:11:\"SERVER_ADDR\";s:9:\"127.0.0.1\";s:11:\"SERVER_PORT\";s:2:\"80\";s:11:\"REMOTE_ADDR\";s:13:\"196.215.9.147\";s:13:\"DOCUMENT_ROOT\";s:26:\"/nas/wp/www/sites/woodemo2\";s:12:\"SERVER_ADMIN\";s:18:\"[no address given]\";s:15:\"SCRIPT_FILENAME\";s:47:\"/nas/wp/www/sites/woodemo2/wp-comments-post.php\";s:11:\"REMOTE_PORT\";s:5:\"58209\";s:12:\"REDIRECT_URL\";s:33:\"/woocommerce/wp-comments-post.php\";s:17:\"GATEWAY_INTERFACE\";s:7:\"CGI/1.1\";s:15:\"SERVER_PROTOCOL\";s:8:\"HTTP/1.0\";s:14:\"REQUEST_METHOD\";s:4:\"POST\";s:12:\"QUERY_STRING\";s:0:\"\";s:11:\"SCRIPT_NAME\";s:21:\"/wp-comments-post.php\";s:8:\"PHP_SELF\";s:21:\"/wp-comments-post.php\";s:12:\"REQUEST_TIME\";s:10:\"1370606279\";s:25:\"comment_post_modified_gmt\";s:19:\"2013-06-07 11:18:45\";}'),
(64, 14, 'rating', '5'),
(65, 14, 'akismet_history', 'a:4:{s:4:\"time\";d:1370607944.7811119556427001953125;s:7:\"message\";s:46:\"wooteam changed the comment status to approved\";s:5:\"event\";s:15:\"status-approved\";s:4:\"user\";s:7:\"wooteam\";}'),
(66, 15, 'akismet_error', '1370620393'),
(67, 15, 'akismet_history', 'a:4:{s:4:\"time\";d:1370620393.6741259098052978515625;s:7:\"message\";s:92:\"Akismet was unable to check this comment (response: ), will automatically retry again later.\";s:5:\"event\";s:11:\"check-error\";s:4:\"user\";s:0:\"\";}');
INSERT INTO `commentmeta` (`meta_id`, `comment_id`, `meta_key`, `meta_value`) VALUES
(68, 15, 'akismet_as_submitted', 'a:66:{s:15:\"comment_post_ID\";i:47;s:14:\"comment_author\";s:5:\"Maria\";s:20:\"comment_author_email\";s:19:\"maria@woothemes.com\";s:18:\"comment_author_url\";N;s:15:\"comment_content\";s:40:\"Perfect for the lady Ninja in your life!\";s:12:\"comment_type\";s:0:\"\";s:14:\"comment_parent\";i:0;s:7:\"user_ID\";i:0;s:7:\"user_ip\";s:13:\"24.225.103.32\";s:10:\"user_agent\";s:120:\"Mozilla/5.0 (Macintosh; Intel Mac OS X 10_8_4) AppleWebKit/537.36 (KHTML, like Gecko) Chrome/27.0.1453.110 Safari/537.36\";s:8:\"referrer\";s:59:\"http://demo2.woothemes.com/woocommerce/product/woo-ninja-2/\";s:4:\"blog\";s:38:\"http://demo2.woothemes.com/woocommerce\";s:9:\"blog_lang\";s:5:\"en_US\";s:12:\"blog_charset\";s:5:\"UTF-8\";s:9:\"permalink\";s:59:\"http://demo2.woothemes.com/woocommerce/product/woo-ninja-2/\";s:21:\"akismet_comment_nonce\";s:6:\"passed\";s:11:\"POST_author\";s:5:\"Maria\";s:10:\"POST_email\";s:19:\"maria@woothemes.com\";s:11:\"POST_rating\";s:1:\"4\";s:12:\"POST_comment\";s:40:\"Perfect for the lady Ninja in your life!\";s:7:\"POST__n\";s:10:\"2145d644a3\";s:21:\"POST__wp_http_referer\";s:33:\"/woocommerce/product/woo-ninja-2/\";s:11:\"POST_submit\";s:13:\"Submit Review\";s:20:\"POST_comment_post_ID\";s:2:\"47\";s:19:\"POST_comment_parent\";s:1:\"0\";s:26:\"POST_akismet_comment_nonce\";s:10:\"ade950552e\";s:15:\"SERVER_SOFTWARE\";s:6:\"Apache\";s:11:\"REQUEST_URI\";s:33:\"/woocommerce/wp-comments-post.php\";s:15:\"REDIRECT_IS_WPE\";s:1:\"1\";s:27:\"REDIRECT_WPE_CAN_WRITE_DISK\";s:1:\"0\";s:15:\"REDIRECT_STATUS\";s:3:\"200\";s:6:\"IS_WPE\";s:1:\"1\";s:18:\"WPE_CAN_WRITE_DISK\";s:1:\"0\";s:9:\"HTTP_HOST\";s:19:\"demo2.woothemes.com\";s:13:\"HTTP_X_LB_KEY\";s:8:\"woodemo2\";s:13:\"HTTP_X_IS_BOT\";s:1:\"0\";s:15:\"HTTP_USER_AGENT\";s:120:\"Mozilla/5.0 (Macintosh; Intel Mac OS X 10_8_4) AppleWebKit/537.36 (KHTML, like Gecko) Chrome/27.0.1453.110 Safari/537.36\";s:15:\"HTTP_CONNECTION\";s:5:\"close\";s:14:\"CONTENT_LENGTH\";s:3:\"263\";s:18:\"HTTP_CACHE_CONTROL\";s:9:\"max-age=0\";s:11:\"HTTP_ACCEPT\";s:63:\"text/html,application/xhtml+xml,application/xml;q=0.9,*/*;q=0.8\";s:11:\"HTTP_ORIGIN\";s:26:\"http://demo2.woothemes.com\";s:12:\"CONTENT_TYPE\";s:33:\"application/x-www-form-urlencoded\";s:12:\"HTTP_REFERER\";s:59:\"http://demo2.woothemes.com/woocommerce/product/woo-ninja-2/\";s:20:\"HTTP_ACCEPT_ENCODING\";s:17:\"gzip,deflate,sdch\";s:20:\"HTTP_ACCEPT_LANGUAGE\";s:14:\"en-US,en;q=0.8\";s:11:\"HTTP_COOKIE\";s:0:\"\";s:4:\"PATH\";s:28:\"/usr/local/bin:/usr/bin:/bin\";s:16:\"SERVER_SIGNATURE\";s:0:\"\";s:11:\"SERVER_NAME\";s:19:\"demo2.woothemes.com\";s:11:\"SERVER_ADDR\";s:9:\"127.0.0.1\";s:11:\"SERVER_PORT\";s:2:\"80\";s:11:\"REMOTE_ADDR\";s:13:\"24.225.103.32\";s:13:\"DOCUMENT_ROOT\";s:26:\"/nas/wp/www/sites/woodemo2\";s:12:\"SERVER_ADMIN\";s:18:\"[no address given]\";s:15:\"SCRIPT_FILENAME\";s:47:\"/nas/wp/www/sites/woodemo2/wp-comments-post.php\";s:11:\"REMOTE_PORT\";s:5:\"26829\";s:12:\"REDIRECT_URL\";s:33:\"/woocommerce/wp-comments-post.php\";s:17:\"GATEWAY_INTERFACE\";s:7:\"CGI/1.1\";s:15:\"SERVER_PROTOCOL\";s:8:\"HTTP/1.0\";s:14:\"REQUEST_METHOD\";s:4:\"POST\";s:12:\"QUERY_STRING\";s:0:\"\";s:11:\"SCRIPT_NAME\";s:21:\"/wp-comments-post.php\";s:8:\"PHP_SELF\";s:21:\"/wp-comments-post.php\";s:12:\"REQUEST_TIME\";s:10:\"1370620393\";s:25:\"comment_post_modified_gmt\";s:19:\"2013-06-07 11:18:45\";}'),
(69, 15, 'rating', '4'),
(70, 15, 'akismet_history', 'a:4:{s:4:\"time\";d:1370620633.94254302978515625;s:7:\"message\";s:46:\"wooteam changed the comment status to approved\";s:5:\"event\";s:15:\"status-approved\";s:4:\"user\";s:7:\"wooteam\";}'),
(71, 16, 'akismet_error', '1370605612'),
(72, 16, 'akismet_history', 'a:4:{s:4:\"time\";d:1370605612.873900890350341796875;s:7:\"message\";s:92:\"Akismet was unable to check this comment (response: ), will automatically retry again later.\";s:5:\"event\";s:11:\"check-error\";s:4:\"user\";s:0:\"\";}'),
(73, 16, 'akismet_as_submitted', 'a:66:{s:15:\"comment_post_ID\";i:50;s:14:\"comment_author\";s:12:\"James Koster\";s:20:\"comment_author_email\";s:23:\"james@jameskoster.co.uk\";s:18:\"comment_author_url\";N;s:15:\"comment_content\";s:103:\"Perfect when you\'re waiting for the next batch of Woo Goodies to be released. Patient Ninja is Patient.\";s:12:\"comment_type\";s:0:\"\";s:14:\"comment_parent\";i:0;s:7:\"user_ID\";i:0;s:7:\"user_ip\";s:13:\"86.146.141.82\";s:10:\"user_agent\";s:120:\"Mozilla/5.0 (Macintosh; Intel Mac OS X 10_8_3) AppleWebKit/537.36 (KHTML, like Gecko) Chrome/27.0.1453.110 Safari/537.36\";s:8:\"referrer\";s:61:\"http://demo2.woothemes.com/woocommerce/product/patient-ninja/\";s:4:\"blog\";s:38:\"http://demo2.woothemes.com/woocommerce\";s:9:\"blog_lang\";s:5:\"en_US\";s:12:\"blog_charset\";s:5:\"UTF-8\";s:9:\"permalink\";s:61:\"http://demo2.woothemes.com/woocommerce/product/patient-ninja/\";s:21:\"akismet_comment_nonce\";s:6:\"passed\";s:11:\"POST_author\";s:12:\"James Koster\";s:10:\"POST_email\";s:23:\"james@jameskoster.co.uk\";s:11:\"POST_rating\";s:1:\"4\";s:12:\"POST_comment\";s:103:\"Perfect when you\'re waiting for the next batch of Woo Goodies to be released. Patient Ninja is Patient.\";s:7:\"POST__n\";s:10:\"a80bd2f042\";s:21:\"POST__wp_http_referer\";s:35:\"/woocommerce/product/patient-ninja/\";s:11:\"POST_submit\";s:13:\"Submit Review\";s:20:\"POST_comment_post_ID\";s:2:\"50\";s:19:\"POST_comment_parent\";s:1:\"0\";s:26:\"POST_akismet_comment_nonce\";s:10:\"ad4e7e1f00\";s:15:\"SERVER_SOFTWARE\";s:6:\"Apache\";s:11:\"REQUEST_URI\";s:33:\"/woocommerce/wp-comments-post.php\";s:15:\"REDIRECT_IS_WPE\";s:1:\"1\";s:27:\"REDIRECT_WPE_CAN_WRITE_DISK\";s:1:\"0\";s:15:\"REDIRECT_STATUS\";s:3:\"200\";s:6:\"IS_WPE\";s:1:\"1\";s:18:\"WPE_CAN_WRITE_DISK\";s:1:\"0\";s:9:\"HTTP_HOST\";s:19:\"demo2.woothemes.com\";s:13:\"HTTP_X_LB_KEY\";s:8:\"woodemo2\";s:13:\"HTTP_X_IS_BOT\";s:1:\"0\";s:15:\"HTTP_USER_AGENT\";s:120:\"Mozilla/5.0 (Macintosh; Intel Mac OS X 10_8_3) AppleWebKit/537.36 (KHTML, like Gecko) Chrome/27.0.1453.110 Safari/537.36\";s:15:\"HTTP_CONNECTION\";s:5:\"close\";s:14:\"CONTENT_LENGTH\";s:3:\"339\";s:18:\"HTTP_CACHE_CONTROL\";s:9:\"max-age=0\";s:11:\"HTTP_ACCEPT\";s:63:\"text/html,application/xhtml+xml,application/xml;q=0.9,*/*;q=0.8\";s:11:\"HTTP_ORIGIN\";s:26:\"http://demo2.woothemes.com\";s:12:\"CONTENT_TYPE\";s:33:\"application/x-www-form-urlencoded\";s:12:\"HTTP_REFERER\";s:61:\"http://demo2.woothemes.com/woocommerce/product/patient-ninja/\";s:20:\"HTTP_ACCEPT_ENCODING\";s:17:\"gzip,deflate,sdch\";s:20:\"HTTP_ACCEPT_LANGUAGE\";s:14:\"en-US,en;q=0.8\";s:11:\"HTTP_COOKIE\";s:0:\"\";s:4:\"PATH\";s:28:\"/usr/local/bin:/usr/bin:/bin\";s:16:\"SERVER_SIGNATURE\";s:0:\"\";s:11:\"SERVER_NAME\";s:19:\"demo2.woothemes.com\";s:11:\"SERVER_ADDR\";s:9:\"127.0.0.1\";s:11:\"SERVER_PORT\";s:2:\"80\";s:11:\"REMOTE_ADDR\";s:13:\"86.146.141.82\";s:13:\"DOCUMENT_ROOT\";s:26:\"/nas/wp/www/sites/woodemo2\";s:12:\"SERVER_ADMIN\";s:18:\"[no address given]\";s:15:\"SCRIPT_FILENAME\";s:47:\"/nas/wp/www/sites/woodemo2/wp-comments-post.php\";s:11:\"REMOTE_PORT\";s:5:\"49636\";s:12:\"REDIRECT_URL\";s:33:\"/woocommerce/wp-comments-post.php\";s:17:\"GATEWAY_INTERFACE\";s:7:\"CGI/1.1\";s:15:\"SERVER_PROTOCOL\";s:8:\"HTTP/1.0\";s:14:\"REQUEST_METHOD\";s:4:\"POST\";s:12:\"QUERY_STRING\";s:0:\"\";s:11:\"SCRIPT_NAME\";s:21:\"/wp-comments-post.php\";s:8:\"PHP_SELF\";s:21:\"/wp-comments-post.php\";s:12:\"REQUEST_TIME\";s:10:\"1370605612\";s:25:\"comment_post_modified_gmt\";s:19:\"2013-06-07 11:17:10\";}'),
(74, 16, 'rating', '4'),
(75, 16, 'akismet_history', 'a:4:{s:4:\"time\";d:1370605643.71494293212890625;s:7:\"message\";s:46:\"wooteam changed the comment status to approved\";s:5:\"event\";s:15:\"status-approved\";s:4:\"user\";s:7:\"wooteam\";}'),
(76, 17, 'akismet_error', '1370605993'),
(77, 17, 'akismet_history', 'a:4:{s:4:\"time\";d:1370605993.45998096466064453125;s:7:\"message\";s:92:\"Akismet was unable to check this comment (response: ), will automatically retry again later.\";s:5:\"event\";s:11:\"check-error\";s:4:\"user\";s:0:\"\";}'),
(78, 17, 'akismet_as_submitted', 'a:67:{s:15:\"comment_post_ID\";i:50;s:14:\"comment_author\";s:12:\"Cobus Bester\";s:20:\"comment_author_email\";s:18:\"bester.c@gmail.com\";s:18:\"comment_author_url\";N;s:15:\"comment_content\";s:46:\"The most comfortable hoodie I have ever owned!\";s:12:\"comment_type\";s:0:\"\";s:14:\"comment_parent\";i:0;s:7:\"user_ID\";i:0;s:7:\"user_ip\";s:13:\"196.215.9.147\";s:10:\"user_agent\";s:119:\"Mozilla/5.0 (Macintosh; Intel Mac OS X 10_8_3) AppleWebKit/537.31 (KHTML, like Gecko) Chrome/26.0.1410.65 Safari/537.31\";s:8:\"referrer\";s:61:\"http://demo2.woothemes.com/woocommerce/product/patient-ninja/\";s:4:\"blog\";s:38:\"http://demo2.woothemes.com/woocommerce\";s:9:\"blog_lang\";s:5:\"en_US\";s:12:\"blog_charset\";s:5:\"UTF-8\";s:9:\"permalink\";s:61:\"http://demo2.woothemes.com/woocommerce/product/patient-ninja/\";s:21:\"akismet_comment_nonce\";s:6:\"passed\";s:11:\"POST_author\";s:12:\"Cobus Bester\";s:10:\"POST_email\";s:18:\"bester.c@gmail.com\";s:11:\"POST_rating\";s:1:\"5\";s:12:\"POST_comment\";s:46:\"The most comfortable hoodie I have ever owned!\";s:7:\"POST__n\";s:10:\"a80bd2f042\";s:21:\"POST__wp_http_referer\";s:35:\"/woocommerce/product/patient-ninja/\";s:11:\"POST_submit\";s:13:\"Submit Review\";s:20:\"POST_comment_post_ID\";s:2:\"50\";s:19:\"POST_comment_parent\";s:1:\"0\";s:26:\"POST_akismet_comment_nonce\";s:10:\"ad4e7e1f00\";s:15:\"SERVER_SOFTWARE\";s:6:\"Apache\";s:11:\"REQUEST_URI\";s:33:\"/woocommerce/wp-comments-post.php\";s:15:\"REDIRECT_IS_WPE\";s:1:\"1\";s:27:\"REDIRECT_WPE_CAN_WRITE_DISK\";s:1:\"0\";s:15:\"REDIRECT_STATUS\";s:3:\"200\";s:6:\"IS_WPE\";s:1:\"1\";s:18:\"WPE_CAN_WRITE_DISK\";s:1:\"0\";s:9:\"HTTP_HOST\";s:19:\"demo2.woothemes.com\";s:13:\"HTTP_X_LB_KEY\";s:8:\"woodemo2\";s:13:\"HTTP_X_IS_BOT\";s:1:\"0\";s:15:\"HTTP_USER_AGENT\";s:119:\"Mozilla/5.0 (Macintosh; Intel Mac OS X 10_8_3) AppleWebKit/537.31 (KHTML, like Gecko) Chrome/26.0.1410.65 Safari/537.31\";s:15:\"HTTP_CONNECTION\";s:5:\"close\";s:14:\"CONTENT_LENGTH\";s:3:\"277\";s:18:\"HTTP_CACHE_CONTROL\";s:9:\"max-age=0\";s:11:\"HTTP_ACCEPT\";s:63:\"text/html,application/xhtml+xml,application/xml;q=0.9,*/*;q=0.8\";s:11:\"HTTP_ORIGIN\";s:26:\"http://demo2.woothemes.com\";s:12:\"CONTENT_TYPE\";s:33:\"application/x-www-form-urlencoded\";s:12:\"HTTP_REFERER\";s:61:\"http://demo2.woothemes.com/woocommerce/product/patient-ninja/\";s:20:\"HTTP_ACCEPT_ENCODING\";s:17:\"gzip,deflate,sdch\";s:20:\"HTTP_ACCEPT_LANGUAGE\";s:14:\"en-US,en;q=0.8\";s:19:\"HTTP_ACCEPT_CHARSET\";s:30:\"ISO-8859-1,utf-8;q=0.7,*;q=0.3\";s:11:\"HTTP_COOKIE\";s:0:\"\";s:4:\"PATH\";s:28:\"/usr/local/bin:/usr/bin:/bin\";s:16:\"SERVER_SIGNATURE\";s:0:\"\";s:11:\"SERVER_NAME\";s:19:\"demo2.woothemes.com\";s:11:\"SERVER_ADDR\";s:9:\"127.0.0.1\";s:11:\"SERVER_PORT\";s:2:\"80\";s:11:\"REMOTE_ADDR\";s:13:\"196.215.9.147\";s:13:\"DOCUMENT_ROOT\";s:26:\"/nas/wp/www/sites/woodemo2\";s:12:\"SERVER_ADMIN\";s:18:\"[no address given]\";s:15:\"SCRIPT_FILENAME\";s:47:\"/nas/wp/www/sites/woodemo2/wp-comments-post.php\";s:11:\"REMOTE_PORT\";s:5:\"54451\";s:12:\"REDIRECT_URL\";s:33:\"/woocommerce/wp-comments-post.php\";s:17:\"GATEWAY_INTERFACE\";s:7:\"CGI/1.1\";s:15:\"SERVER_PROTOCOL\";s:8:\"HTTP/1.0\";s:14:\"REQUEST_METHOD\";s:4:\"POST\";s:12:\"QUERY_STRING\";s:0:\"\";s:11:\"SCRIPT_NAME\";s:21:\"/wp-comments-post.php\";s:8:\"PHP_SELF\";s:21:\"/wp-comments-post.php\";s:12:\"REQUEST_TIME\";s:10:\"1370605993\";s:25:\"comment_post_modified_gmt\";s:19:\"2013-06-07 11:17:10\";}'),
(79, 17, 'rating', '5'),
(80, 17, 'akismet_history', 'a:4:{s:4:\"time\";d:1370607929.392714977264404296875;s:7:\"message\";s:46:\"wooteam changed the comment status to approved\";s:5:\"event\";s:15:\"status-approved\";s:4:\"user\";s:7:\"wooteam\";}'),
(81, 18, 'akismet_error', '1370606643'),
(82, 18, 'akismet_history', 'a:4:{s:4:\"time\";d:1370606643.435740947723388671875;s:7:\"message\";s:92:\"Akismet was unable to check this comment (response: ), will automatically retry again later.\";s:5:\"event\";s:11:\"check-error\";s:4:\"user\";s:0:\"\";}'),
(83, 18, 'akismet_as_submitted', ''),
(84, 18, 'rating', '5'),
(85, 18, 'akismet_history', 'a:4:{s:4:\"time\";d:1370607947.308474063873291015625;s:7:\"message\";s:46:\"wooteam changed the comment status to approved\";s:5:\"event\";s:15:\"status-approved\";s:4:\"user\";s:7:\"wooteam\";}'),
(86, 19, 'akismet_error', '1370606091'),
(87, 19, 'akismet_history', 'a:4:{s:4:\"time\";d:1370606091.7579820156097412109375;s:7:\"message\";s:92:\"Akismet was unable to check this comment (response: ), will automatically retry again later.\";s:5:\"event\";s:11:\"check-error\";s:4:\"user\";s:0:\"\";}'),
(88, 19, 'akismet_as_submitted', 'a:64:{s:15:\"comment_post_ID\";i:53;s:14:\"comment_author\";s:6:\"Andrew\";s:20:\"comment_author_email\";s:25:\"andrew@chromeorange.co.uk\";s:18:\"comment_author_url\";N;s:15:\"comment_content\";s:149:\"I bought this thinking it was a nice green colour, apparently it GREY! I\'m colour blind so I don\'t care but my girlfriend says grey makes me look fat\";s:12:\"comment_type\";s:0:\"\";s:14:\"comment_parent\";i:0;s:7:\"user_ID\";i:0;s:7:\"user_ip\";s:13:\"86.19.152.140\";s:10:\"user_agent\";s:81:\"Mozilla/5.0 (Macintosh; Intel Mac OS X 10.8; rv:21.0) Gecko/20100101 Firefox/21.0\";s:8:\"referrer\";s:61:\"http://demo2.woothemes.com/woocommerce/product/happy-ninja-2/\";s:4:\"blog\";s:38:\"http://demo2.woothemes.com/woocommerce\";s:9:\"blog_lang\";s:5:\"en_US\";s:12:\"blog_charset\";s:5:\"UTF-8\";s:9:\"permalink\";s:61:\"http://demo2.woothemes.com/woocommerce/product/happy-ninja-2/\";s:21:\"akismet_comment_nonce\";s:6:\"passed\";s:11:\"POST_author\";s:6:\"Andrew\";s:10:\"POST_email\";s:25:\"andrew@chromeorange.co.uk\";s:11:\"POST_rating\";s:1:\"1\";s:12:\"POST_comment\";s:149:\"I bought this thinking it was a nice green colour, apparently it GREY! I\'m colour blind so I don\'t care but my girlfriend says grey makes me look fat\";s:7:\"POST__n\";s:10:\"a80bd2f042\";s:21:\"POST__wp_http_referer\";s:35:\"/woocommerce/product/happy-ninja-2/\";s:11:\"POST_submit\";s:13:\"Submit Review\";s:20:\"POST_comment_post_ID\";s:2:\"53\";s:19:\"POST_comment_parent\";s:1:\"0\";s:26:\"POST_akismet_comment_nonce\";s:10:\"d96b507062\";s:15:\"SERVER_SOFTWARE\";s:6:\"Apache\";s:11:\"REQUEST_URI\";s:33:\"/woocommerce/wp-comments-post.php\";s:15:\"REDIRECT_IS_WPE\";s:1:\"1\";s:27:\"REDIRECT_WPE_CAN_WRITE_DISK\";s:1:\"0\";s:15:\"REDIRECT_STATUS\";s:3:\"200\";s:6:\"IS_WPE\";s:1:\"1\";s:18:\"WPE_CAN_WRITE_DISK\";s:1:\"0\";s:9:\"HTTP_HOST\";s:19:\"demo2.woothemes.com\";s:13:\"HTTP_X_LB_KEY\";s:8:\"woodemo2\";s:13:\"HTTP_X_IS_BOT\";s:1:\"0\";s:15:\"HTTP_USER_AGENT\";s:81:\"Mozilla/5.0 (Macintosh; Intel Mac OS X 10.8; rv:21.0) Gecko/20100101 Firefox/21.0\";s:15:\"HTTP_CONNECTION\";s:5:\"close\";s:11:\"HTTP_ACCEPT\";s:63:\"text/html,application/xhtml+xml,application/xml;q=0.9,*/*;q=0.8\";s:20:\"HTTP_ACCEPT_LANGUAGE\";s:14:\"en-US,en;q=0.5\";s:20:\"HTTP_ACCEPT_ENCODING\";s:13:\"gzip, deflate\";s:12:\"HTTP_REFERER\";s:61:\"http://demo2.woothemes.com/woocommerce/product/happy-ninja-2/\";s:11:\"HTTP_COOKIE\";s:0:\"\";s:12:\"CONTENT_TYPE\";s:33:\"application/x-www-form-urlencoded\";s:14:\"CONTENT_LENGTH\";s:3:\"387\";s:4:\"PATH\";s:28:\"/usr/local/bin:/usr/bin:/bin\";s:16:\"SERVER_SIGNATURE\";s:0:\"\";s:11:\"SERVER_NAME\";s:19:\"demo2.woothemes.com\";s:11:\"SERVER_ADDR\";s:9:\"127.0.0.1\";s:11:\"SERVER_PORT\";s:2:\"80\";s:11:\"REMOTE_ADDR\";s:13:\"86.19.152.140\";s:13:\"DOCUMENT_ROOT\";s:26:\"/nas/wp/www/sites/woodemo2\";s:12:\"SERVER_ADMIN\";s:18:\"[no address given]\";s:15:\"SCRIPT_FILENAME\";s:47:\"/nas/wp/www/sites/woodemo2/wp-comments-post.php\";s:11:\"REMOTE_PORT\";s:5:\"55431\";s:12:\"REDIRECT_URL\";s:33:\"/woocommerce/wp-comments-post.php\";s:17:\"GATEWAY_INTERFACE\";s:7:\"CGI/1.1\";s:15:\"SERVER_PROTOCOL\";s:8:\"HTTP/1.0\";s:14:\"REQUEST_METHOD\";s:4:\"POST\";s:12:\"QUERY_STRING\";s:0:\"\";s:11:\"SCRIPT_NAME\";s:21:\"/wp-comments-post.php\";s:8:\"PHP_SELF\";s:21:\"/wp-comments-post.php\";s:12:\"REQUEST_TIME\";s:10:\"1370606091\";s:25:\"comment_post_modified_gmt\";s:19:\"2013-06-07 11:17:38\";}'),
(89, 19, 'rating', '1'),
(90, 19, 'akismet_history', 'a:4:{s:4:\"time\";d:1370607932.6080811023712158203125;s:7:\"message\";s:46:\"wooteam changed the comment status to approved\";s:5:\"event\";s:15:\"status-approved\";s:4:\"user\";s:7:\"wooteam\";}'),
(91, 20, 'akismet_error', '1370620222'),
(92, 20, 'akismet_history', 'a:4:{s:4:\"time\";d:1370620222.19242095947265625;s:7:\"message\";s:92:\"Akismet was unable to check this comment (response: ), will automatically retry again later.\";s:5:\"event\";s:11:\"check-error\";s:4:\"user\";s:0:\"\";}'),
(93, 20, 'akismet_as_submitted', 'a:66:{s:15:\"comment_post_ID\";i:53;s:14:\"comment_author\";s:5:\"Maria\";s:20:\"comment_author_email\";s:19:\"maria@woothemes.com\";s:18:\"comment_author_url\";N;s:15:\"comment_content\";s:122:\"I love grey hoodies! This is perfect with my grey Ninja shirt, when I get cold I throw this on and I can still be a Ninja.\";s:12:\"comment_type\";s:0:\"\";s:14:\"comment_parent\";i:0;s:7:\"user_ID\";i:0;s:7:\"user_ip\";s:13:\"24.225.103.32\";s:10:\"user_agent\";s:120:\"Mozilla/5.0 (Macintosh; Intel Mac OS X 10_8_4) AppleWebKit/537.36 (KHTML, like Gecko) Chrome/27.0.1453.110 Safari/537.36\";s:8:\"referrer\";s:61:\"http://demo2.woothemes.com/woocommerce/product/happy-ninja-2/\";s:4:\"blog\";s:38:\"http://demo2.woothemes.com/woocommerce\";s:9:\"blog_lang\";s:5:\"en_US\";s:12:\"blog_charset\";s:5:\"UTF-8\";s:9:\"permalink\";s:61:\"http://demo2.woothemes.com/woocommerce/product/happy-ninja-2/\";s:21:\"akismet_comment_nonce\";s:6:\"passed\";s:11:\"POST_author\";s:5:\"Maria\";s:10:\"POST_email\";s:19:\"maria@woothemes.com\";s:11:\"POST_rating\";s:1:\"5\";s:12:\"POST_comment\";s:123:\"I love grey hoodies! This is perfect with my grey Ninja shirt, when I get cold I throw this on and I can still be a Ninja. \";s:7:\"POST__n\";s:10:\"2145d644a3\";s:21:\"POST__wp_http_referer\";s:35:\"/woocommerce/product/happy-ninja-2/\";s:11:\"POST_submit\";s:13:\"Submit Review\";s:20:\"POST_comment_post_ID\";s:2:\"53\";s:19:\"POST_comment_parent\";s:1:\"0\";s:26:\"POST_akismet_comment_nonce\";s:10:\"7c862b3966\";s:15:\"SERVER_SOFTWARE\";s:6:\"Apache\";s:11:\"REQUEST_URI\";s:33:\"/woocommerce/wp-comments-post.php\";s:15:\"REDIRECT_IS_WPE\";s:1:\"1\";s:27:\"REDIRECT_WPE_CAN_WRITE_DISK\";s:1:\"0\";s:15:\"REDIRECT_STATUS\";s:3:\"200\";s:6:\"IS_WPE\";s:1:\"1\";s:18:\"WPE_CAN_WRITE_DISK\";s:1:\"0\";s:9:\"HTTP_HOST\";s:19:\"demo2.woothemes.com\";s:13:\"HTTP_X_LB_KEY\";s:8:\"woodemo2\";s:13:\"HTTP_X_IS_BOT\";s:1:\"0\";s:15:\"HTTP_USER_AGENT\";s:120:\"Mozilla/5.0 (Macintosh; Intel Mac OS X 10_8_4) AppleWebKit/537.36 (KHTML, like Gecko) Chrome/27.0.1453.110 Safari/537.36\";s:15:\"HTTP_CONNECTION\";s:5:\"close\";s:14:\"CONTENT_LENGTH\";s:3:\"350\";s:18:\"HTTP_CACHE_CONTROL\";s:9:\"max-age=0\";s:11:\"HTTP_ACCEPT\";s:63:\"text/html,application/xhtml+xml,application/xml;q=0.9,*/*;q=0.8\";s:11:\"HTTP_ORIGIN\";s:26:\"http://demo2.woothemes.com\";s:12:\"CONTENT_TYPE\";s:33:\"application/x-www-form-urlencoded\";s:12:\"HTTP_REFERER\";s:61:\"http://demo2.woothemes.com/woocommerce/product/happy-ninja-2/\";s:20:\"HTTP_ACCEPT_ENCODING\";s:17:\"gzip,deflate,sdch\";s:20:\"HTTP_ACCEPT_LANGUAGE\";s:14:\"en-US,en;q=0.8\";s:11:\"HTTP_COOKIE\";s:0:\"\";s:4:\"PATH\";s:28:\"/usr/local/bin:/usr/bin:/bin\";s:16:\"SERVER_SIGNATURE\";s:0:\"\";s:11:\"SERVER_NAME\";s:19:\"demo2.woothemes.com\";s:11:\"SERVER_ADDR\";s:9:\"127.0.0.1\";s:11:\"SERVER_PORT\";s:2:\"80\";s:11:\"REMOTE_ADDR\";s:13:\"24.225.103.32\";s:13:\"DOCUMENT_ROOT\";s:26:\"/nas/wp/www/sites/woodemo2\";s:12:\"SERVER_ADMIN\";s:18:\"[no address given]\";s:15:\"SCRIPT_FILENAME\";s:47:\"/nas/wp/www/sites/woodemo2/wp-comments-post.php\";s:11:\"REMOTE_PORT\";s:5:\"24514\";s:12:\"REDIRECT_URL\";s:33:\"/woocommerce/wp-comments-post.php\";s:17:\"GATEWAY_INTERFACE\";s:7:\"CGI/1.1\";s:15:\"SERVER_PROTOCOL\";s:8:\"HTTP/1.0\";s:14:\"REQUEST_METHOD\";s:4:\"POST\";s:12:\"QUERY_STRING\";s:0:\"\";s:11:\"SCRIPT_NAME\";s:21:\"/wp-comments-post.php\";s:8:\"PHP_SELF\";s:21:\"/wp-comments-post.php\";s:12:\"REQUEST_TIME\";s:10:\"1370620222\";s:25:\"comment_post_modified_gmt\";s:19:\"2013-06-07 11:17:38\";}'),
(94, 20, 'rating', '5'),
(95, 20, 'akismet_history', 'a:4:{s:4:\"time\";d:1370620633.951541900634765625;s:7:\"message\";s:46:\"wooteam changed the comment status to approved\";s:5:\"event\";s:15:\"status-approved\";s:4:\"user\";s:7:\"wooteam\";}'),
(96, 21, 'akismet_error', '1370607293'),
(97, 21, 'akismet_history', 'a:4:{s:4:\"time\";d:1370607293.9348719120025634765625;s:7:\"message\";s:92:\"Akismet was unable to check this comment (response: ), will automatically retry again later.\";s:5:\"event\";s:11:\"check-error\";s:4:\"user\";s:7:\"student\";}'),
(98, 21, 'akismet_as_submitted', 'a:65:{s:15:\"comment_post_ID\";i:56;s:14:\"comment_author\";s:7:\"student\";s:20:\"comment_author_email\";s:21:\"student@woothemes.com\";s:18:\"comment_author_url\";s:0:\"\";s:15:\"comment_content\";s:27:\"Perfect Hoodie for a Ninja!\";s:12:\"comment_type\";s:0:\"\";s:14:\"comment_parent\";i:0;s:7:\"user_ID\";i:600;s:7:\"user_ip\";s:13:\"196.215.9.147\";s:10:\"user_agent\";s:119:\"Mozilla/5.0 (Macintosh; Intel Mac OS X 10_8_3) AppleWebKit/537.36 (KHTML, like Gecko) Chrome/27.0.1453.93 Safari/537.36\";s:8:\"referrer\";s:66:\"http://demo2.woothemes.com/woocommerce/product/ninja-silhouette-2/\";s:4:\"blog\";s:38:\"http://demo2.woothemes.com/woocommerce\";s:9:\"blog_lang\";s:5:\"en_US\";s:12:\"blog_charset\";s:5:\"UTF-8\";s:9:\"permalink\";s:66:\"http://demo2.woothemes.com/woocommerce/product/ninja-silhouette-2/\";s:9:\"user_role\";s:0:\"\";s:21:\"akismet_comment_nonce\";s:6:\"passed\";s:11:\"POST_rating\";s:1:\"5\";s:12:\"POST_comment\";s:27:\"Perfect Hoodie for a Ninja!\";s:7:\"POST__n\";s:10:\"b7bb36a5b7\";s:21:\"POST__wp_http_referer\";s:40:\"/woocommerce/product/ninja-silhouette-2/\";s:11:\"POST_submit\";s:13:\"Submit Review\";s:20:\"POST_comment_post_ID\";s:2:\"56\";s:19:\"POST_comment_parent\";s:1:\"0\";s:26:\"POST_akismet_comment_nonce\";s:10:\"83a5efa213\";s:15:\"SERVER_SOFTWARE\";s:6:\"Apache\";s:11:\"REQUEST_URI\";s:33:\"/woocommerce/wp-comments-post.php\";s:15:\"REDIRECT_IS_WPE\";s:1:\"1\";s:27:\"REDIRECT_WPE_CAN_WRITE_DISK\";s:1:\"0\";s:15:\"REDIRECT_STATUS\";s:3:\"200\";s:6:\"IS_WPE\";s:1:\"1\";s:18:\"WPE_CAN_WRITE_DISK\";s:1:\"0\";s:9:\"HTTP_HOST\";s:19:\"demo2.woothemes.com\";s:13:\"HTTP_X_LB_KEY\";s:8:\"woodemo2\";s:13:\"HTTP_X_IS_BOT\";s:1:\"0\";s:15:\"HTTP_USER_AGENT\";s:119:\"Mozilla/5.0 (Macintosh; Intel Mac OS X 10_8_3) AppleWebKit/537.36 (KHTML, like Gecko) Chrome/27.0.1453.93 Safari/537.36\";s:15:\"HTTP_CONNECTION\";s:5:\"close\";s:14:\"CONTENT_LENGTH\";s:3:\"216\";s:18:\"HTTP_CACHE_CONTROL\";s:9:\"max-age=0\";s:11:\"HTTP_ACCEPT\";s:63:\"text/html,application/xhtml+xml,application/xml;q=0.9,*/*;q=0.8\";s:11:\"HTTP_ORIGIN\";s:26:\"http://demo2.woothemes.com\";s:12:\"CONTENT_TYPE\";s:33:\"application/x-www-form-urlencoded\";s:12:\"HTTP_REFERER\";s:66:\"http://demo2.woothemes.com/woocommerce/product/ninja-silhouette-2/\";s:20:\"HTTP_ACCEPT_ENCODING\";s:17:\"gzip,deflate,sdch\";s:20:\"HTTP_ACCEPT_LANGUAGE\";s:14:\"en-US,en;q=0.8\";s:11:\"HTTP_COOKIE\";s:0:\"\";s:4:\"PATH\";s:28:\"/usr/local/bin:/usr/bin:/bin\";s:16:\"SERVER_SIGNATURE\";s:0:\"\";s:11:\"SERVER_NAME\";s:19:\"demo2.woothemes.com\";s:11:\"SERVER_ADDR\";s:9:\"127.0.0.1\";s:11:\"SERVER_PORT\";s:2:\"80\";s:11:\"REMOTE_ADDR\";s:13:\"196.215.9.147\";s:13:\"DOCUMENT_ROOT\";s:26:\"/nas/wp/www/sites/woodemo2\";s:12:\"SERVER_ADMIN\";s:18:\"[no address given]\";s:15:\"SCRIPT_FILENAME\";s:47:\"/nas/wp/www/sites/woodemo2/wp-comments-post.php\";s:11:\"REMOTE_PORT\";s:4:\"4903\";s:12:\"REDIRECT_URL\";s:33:\"/woocommerce/wp-comments-post.php\";s:17:\"GATEWAY_INTERFACE\";s:7:\"CGI/1.1\";s:15:\"SERVER_PROTOCOL\";s:8:\"HTTP/1.0\";s:14:\"REQUEST_METHOD\";s:4:\"POST\";s:12:\"QUERY_STRING\";s:0:\"\";s:11:\"SCRIPT_NAME\";s:21:\"/wp-comments-post.php\";s:8:\"PHP_SELF\";s:21:\"/wp-comments-post.php\";s:12:\"REQUEST_TIME\";s:10:\"1370607293\";s:25:\"comment_post_modified_gmt\";s:19:\"2013-06-07 11:18:23\";}'),
(99, 21, 'rating', '5'),
(100, 21, 'akismet_history', 'a:4:{s:4:\"time\";d:1370607950.2842080593109130859375;s:7:\"message\";s:46:\"wooteam changed the comment status to approved\";s:5:\"event\";s:15:\"status-approved\";s:4:\"user\";s:7:\"wooteam\";}'),
(101, 22, 'akismet_error', '1370607656'),
(102, 22, 'akismet_history', 'a:4:{s:4:\"time\";d:1370607656.262073040008544921875;s:7:\"message\";s:92:\"Akismet was unable to check this comment (response: ), will automatically retry again later.\";s:5:\"event\";s:11:\"check-error\";s:4:\"user\";s:0:\"\";}'),
(103, 22, 'akismet_as_submitted', 'a:66:{s:15:\"comment_post_ID\";i:56;s:14:\"comment_author\";s:11:\"Coen Jacobs\";s:20:\"comment_author_email\";s:18:\"coen@woothemes.com\";s:18:\"comment_author_url\";N;s:15:\"comment_content\";s:56:\"I have lots of hoodies, but none is as cool as this one!\";s:12:\"comment_type\";s:0:\"\";s:14:\"comment_parent\";i:0;s:7:\"user_ID\";i:0;s:7:\"user_ip\";s:12:\"84.39.28.254\";s:10:\"user_agent\";s:120:\"Mozilla/5.0 (Macintosh; Intel Mac OS X 10_8_4) AppleWebKit/537.36 (KHTML, like Gecko) Chrome/27.0.1453.110 Safari/537.36\";s:8:\"referrer\";s:66:\"http://demo2.woothemes.com/woocommerce/product/ninja-silhouette-2/\";s:4:\"blog\";s:38:\"http://demo2.woothemes.com/woocommerce\";s:9:\"blog_lang\";s:5:\"en_US\";s:12:\"blog_charset\";s:5:\"UTF-8\";s:9:\"permalink\";s:66:\"http://demo2.woothemes.com/woocommerce/product/ninja-silhouette-2/\";s:21:\"akismet_comment_nonce\";s:6:\"passed\";s:11:\"POST_author\";s:11:\"Coen Jacobs\";s:10:\"POST_email\";s:18:\"coen@woothemes.com\";s:11:\"POST_rating\";s:1:\"5\";s:12:\"POST_comment\";s:56:\"I have lots of hoodies, but none is as cool as this one!\";s:7:\"POST__n\";s:10:\"2145d644a3\";s:21:\"POST__wp_http_referer\";s:40:\"/woocommerce/product/ninja-silhouette-2/\";s:11:\"POST_submit\";s:13:\"Submit Review\";s:20:\"POST_comment_post_ID\";s:2:\"56\";s:19:\"POST_comment_parent\";s:1:\"0\";s:26:\"POST_akismet_comment_nonce\";s:10:\"96525c59f8\";s:15:\"SERVER_SOFTWARE\";s:6:\"Apache\";s:11:\"REQUEST_URI\";s:33:\"/woocommerce/wp-comments-post.php\";s:15:\"REDIRECT_IS_WPE\";s:1:\"1\";s:27:\"REDIRECT_WPE_CAN_WRITE_DISK\";s:1:\"0\";s:15:\"REDIRECT_STATUS\";s:3:\"200\";s:6:\"IS_WPE\";s:1:\"1\";s:18:\"WPE_CAN_WRITE_DISK\";s:1:\"0\";s:9:\"HTTP_HOST\";s:19:\"demo2.woothemes.com\";s:13:\"HTTP_X_LB_KEY\";s:8:\"woodemo2\";s:13:\"HTTP_X_IS_BOT\";s:1:\"0\";s:15:\"HTTP_USER_AGENT\";s:120:\"Mozilla/5.0 (Macintosh; Intel Mac OS X 10_8_4) AppleWebKit/537.36 (KHTML, like Gecko) Chrome/27.0.1453.110 Safari/537.36\";s:15:\"HTTP_CONNECTION\";s:5:\"close\";s:14:\"CONTENT_LENGTH\";s:3:\"293\";s:18:\"HTTP_CACHE_CONTROL\";s:9:\"max-age=0\";s:11:\"HTTP_ACCEPT\";s:63:\"text/html,application/xhtml+xml,application/xml;q=0.9,*/*;q=0.8\";s:11:\"HTTP_ORIGIN\";s:26:\"http://demo2.woothemes.com\";s:12:\"CONTENT_TYPE\";s:33:\"application/x-www-form-urlencoded\";s:12:\"HTTP_REFERER\";s:66:\"http://demo2.woothemes.com/woocommerce/product/ninja-silhouette-2/\";s:20:\"HTTP_ACCEPT_ENCODING\";s:17:\"gzip,deflate,sdch\";s:20:\"HTTP_ACCEPT_LANGUAGE\";s:23:\"en-US,en;q=0.8,nl;q=0.6\";s:11:\"HTTP_COOKIE\";s:0:\"\";s:4:\"PATH\";s:28:\"/usr/local/bin:/usr/bin:/bin\";s:16:\"SERVER_SIGNATURE\";s:0:\"\";s:11:\"SERVER_NAME\";s:19:\"demo2.woothemes.com\";s:11:\"SERVER_ADDR\";s:9:\"127.0.0.1\";s:11:\"SERVER_PORT\";s:2:\"80\";s:11:\"REMOTE_ADDR\";s:12:\"84.39.28.254\";s:13:\"DOCUMENT_ROOT\";s:26:\"/nas/wp/www/sites/woodemo2\";s:12:\"SERVER_ADMIN\";s:18:\"[no address given]\";s:15:\"SCRIPT_FILENAME\";s:47:\"/nas/wp/www/sites/woodemo2/wp-comments-post.php\";s:11:\"REMOTE_PORT\";s:4:\"9614\";s:12:\"REDIRECT_URL\";s:33:\"/woocommerce/wp-comments-post.php\";s:17:\"GATEWAY_INTERFACE\";s:7:\"CGI/1.1\";s:15:\"SERVER_PROTOCOL\";s:8:\"HTTP/1.0\";s:14:\"REQUEST_METHOD\";s:4:\"POST\";s:12:\"QUERY_STRING\";s:0:\"\";s:11:\"SCRIPT_NAME\";s:21:\"/wp-comments-post.php\";s:8:\"PHP_SELF\";s:21:\"/wp-comments-post.php\";s:12:\"REQUEST_TIME\";s:10:\"1370607656\";s:25:\"comment_post_modified_gmt\";s:19:\"2013-06-07 11:18:23\";}'),
(104, 22, 'rating', '5'),
(105, 22, 'akismet_history', 'a:4:{s:4:\"time\";d:1370607953.4172599315643310546875;s:7:\"message\";s:46:\"wooteam changed the comment status to approved\";s:5:\"event\";s:15:\"status-approved\";s:4:\"user\";s:7:\"wooteam\";}'),
(106, 23, 'akismet_error', '1370608902'),
(107, 23, 'akismet_history', 'a:4:{s:4:\"time\";d:1370608902.768413066864013671875;s:7:\"message\";s:92:\"Akismet was unable to check this comment (response: ), will automatically retry again later.\";s:5:\"event\";s:11:\"check-error\";s:4:\"user\";s:0:\"\";}'),
(108, 23, 'akismet_as_submitted', 'a:66:{s:15:\"comment_post_ID\";i:56;s:14:\"comment_author\";s:3:\"Dan\";s:20:\"comment_author_email\";s:17:\"dan@woothemes.com\";s:18:\"comment_author_url\";N;s:15:\"comment_content\";s:97:\"I love hoodies, and ninjas, so what could be better than a ninja hoodie? Not much, if you ask me!\";s:12:\"comment_type\";s:0:\"\";s:14:\"comment_parent\";i:0;s:7:\"user_ID\";i:0;s:7:\"user_ip\";s:13:\"188.221.1.167\";s:10:\"user_agent\";s:120:\"Mozilla/5.0 (Macintosh; Intel Mac OS X 10_8_3) AppleWebKit/537.36 (KHTML, like Gecko) Chrome/27.0.1453.110 Safari/537.36\";s:8:\"referrer\";s:66:\"http://demo2.woothemes.com/woocommerce/product/ninja-silhouette-2/\";s:4:\"blog\";s:38:\"http://demo2.woothemes.com/woocommerce\";s:9:\"blog_lang\";s:5:\"en_US\";s:12:\"blog_charset\";s:5:\"UTF-8\";s:9:\"permalink\";s:66:\"http://demo2.woothemes.com/woocommerce/product/ninja-silhouette-2/\";s:21:\"akismet_comment_nonce\";s:6:\"passed\";s:11:\"POST_author\";s:3:\"Dan\";s:10:\"POST_email\";s:17:\"dan@woothemes.com\";s:11:\"POST_rating\";s:1:\"4\";s:12:\"POST_comment\";s:97:\"I love hoodies, and ninjas, so what could be better than a ninja hoodie? Not much, if you ask me!\";s:7:\"POST__n\";s:10:\"2145d644a3\";s:21:\"POST__wp_http_referer\";s:40:\"/woocommerce/product/ninja-silhouette-2/\";s:11:\"POST_submit\";s:13:\"Submit Review\";s:20:\"POST_comment_post_ID\";s:2:\"56\";s:19:\"POST_comment_parent\";s:1:\"0\";s:26:\"POST_akismet_comment_nonce\";s:10:\"96525c59f8\";s:15:\"SERVER_SOFTWARE\";s:6:\"Apache\";s:11:\"REQUEST_URI\";s:33:\"/woocommerce/wp-comments-post.php\";s:15:\"REDIRECT_IS_WPE\";s:1:\"1\";s:27:\"REDIRECT_WPE_CAN_WRITE_DISK\";s:1:\"0\";s:15:\"REDIRECT_STATUS\";s:3:\"200\";s:6:\"IS_WPE\";s:1:\"1\";s:18:\"WPE_CAN_WRITE_DISK\";s:1:\"0\";s:9:\"HTTP_HOST\";s:19:\"demo2.woothemes.com\";s:13:\"HTTP_X_LB_KEY\";s:8:\"woodemo2\";s:13:\"HTTP_X_IS_BOT\";s:1:\"0\";s:15:\"HTTP_USER_AGENT\";s:120:\"Mozilla/5.0 (Macintosh; Intel Mac OS X 10_8_3) AppleWebKit/537.36 (KHTML, like Gecko) Chrome/27.0.1453.110 Safari/537.36\";s:15:\"HTTP_CONNECTION\";s:5:\"close\";s:14:\"CONTENT_LENGTH\";s:3:\"331\";s:18:\"HTTP_CACHE_CONTROL\";s:9:\"max-age=0\";s:11:\"HTTP_ACCEPT\";s:63:\"text/html,application/xhtml+xml,application/xml;q=0.9,*/*;q=0.8\";s:11:\"HTTP_ORIGIN\";s:26:\"http://demo2.woothemes.com\";s:12:\"CONTENT_TYPE\";s:33:\"application/x-www-form-urlencoded\";s:12:\"HTTP_REFERER\";s:66:\"http://demo2.woothemes.com/woocommerce/product/ninja-silhouette-2/\";s:20:\"HTTP_ACCEPT_ENCODING\";s:17:\"gzip,deflate,sdch\";s:20:\"HTTP_ACCEPT_LANGUAGE\";s:14:\"en-US,en;q=0.8\";s:11:\"HTTP_COOKIE\";s:0:\"\";s:4:\"PATH\";s:28:\"/usr/local/bin:/usr/bin:/bin\";s:16:\"SERVER_SIGNATURE\";s:0:\"\";s:11:\"SERVER_NAME\";s:19:\"demo2.woothemes.com\";s:11:\"SERVER_ADDR\";s:9:\"127.0.0.1\";s:11:\"SERVER_PORT\";s:2:\"80\";s:11:\"REMOTE_ADDR\";s:13:\"188.221.1.167\";s:13:\"DOCUMENT_ROOT\";s:26:\"/nas/wp/www/sites/woodemo2\";s:12:\"SERVER_ADMIN\";s:18:\"[no address given]\";s:15:\"SCRIPT_FILENAME\";s:47:\"/nas/wp/www/sites/woodemo2/wp-comments-post.php\";s:11:\"REMOTE_PORT\";s:5:\"24701\";s:12:\"REDIRECT_URL\";s:33:\"/woocommerce/wp-comments-post.php\";s:17:\"GATEWAY_INTERFACE\";s:7:\"CGI/1.1\";s:15:\"SERVER_PROTOCOL\";s:8:\"HTTP/1.0\";s:14:\"REQUEST_METHOD\";s:4:\"POST\";s:12:\"QUERY_STRING\";s:0:\"\";s:11:\"SCRIPT_NAME\";s:21:\"/wp-comments-post.php\";s:8:\"PHP_SELF\";s:21:\"/wp-comments-post.php\";s:12:\"REQUEST_TIME\";s:10:\"1370608902\";s:25:\"comment_post_modified_gmt\";s:19:\"2013-06-07 11:18:23\";}'),
(109, 23, 'rating', '4'),
(110, 23, 'akismet_history', 'a:4:{s:4:\"time\";d:1370609037.499927043914794921875;s:7:\"message\";s:46:\"wooteam changed the comment status to approved\";s:5:\"event\";s:15:\"status-approved\";s:4:\"user\";s:7:\"wooteam\";}'),
(111, 24, 'akismet_error', '1370611600'),
(112, 24, 'akismet_history', 'a:4:{s:4:\"time\";d:1370611600.5786969661712646484375;s:7:\"message\";s:92:\"Akismet was unable to check this comment (response: ), will automatically retry again later.\";s:5:\"event\";s:11:\"check-error\";s:4:\"user\";s:0:\"\";}'),
(113, 24, 'akismet_as_submitted', 'a:66:{s:15:\"comment_post_ID\";i:56;s:14:\"comment_author\";s:4:\"Ryan\";s:20:\"comment_author_email\";s:18:\"ryan@woothemes.com\";s:18:\"comment_author_url\";N;s:15:\"comment_content\";s:123:\"This is the most bombastic hoodie in this shop, it\'s soft and has the sly WooThemes ninja on it. Why wouldn\'t you buy this?\";s:12:\"comment_type\";s:0:\"\";s:14:\"comment_parent\";i:0;s:7:\"user_ID\";i:0;s:7:\"user_ip\";s:14:\"99.153.225.252\";s:10:\"user_agent\";s:120:\"Mozilla/5.0 (Macintosh; Intel Mac OS X 10_8_4) AppleWebKit/537.36 (KHTML, like Gecko) Chrome/27.0.1453.110 Safari/537.36\";s:8:\"referrer\";s:66:\"http://demo2.woothemes.com/woocommerce/product/ninja-silhouette-2/\";s:4:\"blog\";s:38:\"http://demo2.woothemes.com/woocommerce\";s:9:\"blog_lang\";s:5:\"en_US\";s:12:\"blog_charset\";s:5:\"UTF-8\";s:9:\"permalink\";s:66:\"http://demo2.woothemes.com/woocommerce/product/ninja-silhouette-2/\";s:21:\"akismet_comment_nonce\";s:6:\"passed\";s:11:\"POST_author\";s:4:\"Ryan\";s:10:\"POST_email\";s:18:\"ryan@woothemes.com\";s:11:\"POST_rating\";s:1:\"5\";s:12:\"POST_comment\";s:123:\"This is the most bombastic hoodie in this shop, it\'s soft and has the sly WooThemes ninja on it. Why wouldn\'t you buy this?\";s:7:\"POST__n\";s:10:\"2145d644a3\";s:21:\"POST__wp_http_referer\";s:40:\"/woocommerce/product/ninja-silhouette-2/\";s:11:\"POST_submit\";s:13:\"Submit Review\";s:20:\"POST_comment_post_ID\";s:2:\"56\";s:19:\"POST_comment_parent\";s:1:\"0\";s:26:\"POST_akismet_comment_nonce\";s:10:\"96525c59f8\";s:15:\"SERVER_SOFTWARE\";s:6:\"Apache\";s:11:\"REQUEST_URI\";s:33:\"/woocommerce/wp-comments-post.php\";s:15:\"REDIRECT_IS_WPE\";s:1:\"1\";s:27:\"REDIRECT_WPE_CAN_WRITE_DISK\";s:1:\"0\";s:15:\"REDIRECT_STATUS\";s:3:\"200\";s:6:\"IS_WPE\";s:1:\"1\";s:18:\"WPE_CAN_WRITE_DISK\";s:1:\"0\";s:9:\"HTTP_HOST\";s:19:\"demo2.woothemes.com\";s:13:\"HTTP_X_LB_KEY\";s:8:\"woodemo2\";s:13:\"HTTP_X_IS_BOT\";s:1:\"0\";s:15:\"HTTP_USER_AGENT\";s:120:\"Mozilla/5.0 (Macintosh; Intel Mac OS X 10_8_4) AppleWebKit/537.36 (KHTML, like Gecko) Chrome/27.0.1453.110 Safari/537.36\";s:15:\"HTTP_CONNECTION\";s:5:\"close\";s:14:\"CONTENT_LENGTH\";s:3:\"357\";s:18:\"HTTP_CACHE_CONTROL\";s:9:\"max-age=0\";s:11:\"HTTP_ACCEPT\";s:63:\"text/html,application/xhtml+xml,application/xml;q=0.9,*/*;q=0.8\";s:11:\"HTTP_ORIGIN\";s:26:\"http://demo2.woothemes.com\";s:12:\"CONTENT_TYPE\";s:33:\"application/x-www-form-urlencoded\";s:12:\"HTTP_REFERER\";s:66:\"http://demo2.woothemes.com/woocommerce/product/ninja-silhouette-2/\";s:20:\"HTTP_ACCEPT_ENCODING\";s:17:\"gzip,deflate,sdch\";s:20:\"HTTP_ACCEPT_LANGUAGE\";s:14:\"en-US,en;q=0.8\";s:11:\"HTTP_COOKIE\";s:0:\"\";s:4:\"PATH\";s:28:\"/usr/local/bin:/usr/bin:/bin\";s:16:\"SERVER_SIGNATURE\";s:0:\"\";s:11:\"SERVER_NAME\";s:19:\"demo2.woothemes.com\";s:11:\"SERVER_ADDR\";s:9:\"127.0.0.1\";s:11:\"SERVER_PORT\";s:2:\"80\";s:11:\"REMOTE_ADDR\";s:14:\"99.153.225.252\";s:13:\"DOCUMENT_ROOT\";s:26:\"/nas/wp/www/sites/woodemo2\";s:12:\"SERVER_ADMIN\";s:18:\"[no address given]\";s:15:\"SCRIPT_FILENAME\";s:47:\"/nas/wp/www/sites/woodemo2/wp-comments-post.php\";s:11:\"REMOTE_PORT\";s:5:\"56439\";s:12:\"REDIRECT_URL\";s:33:\"/woocommerce/wp-comments-post.php\";s:17:\"GATEWAY_INTERFACE\";s:7:\"CGI/1.1\";s:15:\"SERVER_PROTOCOL\";s:8:\"HTTP/1.0\";s:14:\"REQUEST_METHOD\";s:4:\"POST\";s:12:\"QUERY_STRING\";s:0:\"\";s:11:\"SCRIPT_NAME\";s:21:\"/wp-comments-post.php\";s:8:\"PHP_SELF\";s:21:\"/wp-comments-post.php\";s:12:\"REQUEST_TIME\";s:10:\"1370611600\";s:25:\"comment_post_modified_gmt\";s:19:\"2013-06-07 11:18:23\";}'),
(114, 24, 'rating', '5'),
(115, 24, 'akismet_history', 'a:4:{s:4:\"time\";d:1370612306.3991410732269287109375;s:7:\"message\";s:46:\"wooteam changed the comment status to approved\";s:5:\"event\";s:15:\"status-approved\";s:4:\"user\";s:7:\"wooteam\";}'),
(116, 25, 'akismet_error', '1370620436'),
(117, 25, 'akismet_history', 'a:4:{s:4:\"time\";d:1370620436.97305393218994140625;s:7:\"message\";s:92:\"Akismet was unable to check this comment (response: ), will automatically retry again later.\";s:5:\"event\";s:11:\"check-error\";s:4:\"user\";s:0:\"\";}'),
(118, 25, 'akismet_as_submitted', 'a:66:{s:15:\"comment_post_ID\";i:56;s:14:\"comment_author\";s:5:\"Maria\";s:20:\"comment_author_email\";s:19:\"maria@woothemes.com\";s:18:\"comment_author_url\";N;s:15:\"comment_content\";s:67:\"This only gets 1 star because I don\'t have this yet. I want it now!\";s:12:\"comment_type\";s:0:\"\";s:14:\"comment_parent\";i:0;s:7:\"user_ID\";i:0;s:7:\"user_ip\";s:13:\"24.225.103.32\";s:10:\"user_agent\";s:120:\"Mozilla/5.0 (Macintosh; Intel Mac OS X 10_8_4) AppleWebKit/537.36 (KHTML, like Gecko) Chrome/27.0.1453.110 Safari/537.36\";s:8:\"referrer\";s:66:\"http://demo2.woothemes.com/woocommerce/product/ninja-silhouette-2/\";s:4:\"blog\";s:38:\"http://demo2.woothemes.com/woocommerce\";s:9:\"blog_lang\";s:5:\"en_US\";s:12:\"blog_charset\";s:5:\"UTF-8\";s:9:\"permalink\";s:66:\"http://demo2.woothemes.com/woocommerce/product/ninja-silhouette-2/\";s:21:\"akismet_comment_nonce\";s:6:\"passed\";s:11:\"POST_author\";s:5:\"Maria\";s:10:\"POST_email\";s:19:\"maria@woothemes.com\";s:11:\"POST_rating\";s:1:\"1\";s:12:\"POST_comment\";s:68:\"This only gets 1 star because I don\'t have this yet. I want it now! \";s:7:\"POST__n\";s:10:\"2145d644a3\";s:21:\"POST__wp_http_referer\";s:40:\"/woocommerce/product/ninja-silhouette-2/\";s:11:\"POST_submit\";s:13:\"Submit Review\";s:20:\"POST_comment_post_ID\";s:2:\"56\";s:19:\"POST_comment_parent\";s:1:\"0\";s:26:\"POST_akismet_comment_nonce\";s:10:\"96525c59f8\";s:15:\"SERVER_SOFTWARE\";s:6:\"Apache\";s:11:\"REQUEST_URI\";s:33:\"/woocommerce/wp-comments-post.php\";s:15:\"REDIRECT_IS_WPE\";s:1:\"1\";s:27:\"REDIRECT_WPE_CAN_WRITE_DISK\";s:1:\"0\";s:15:\"REDIRECT_STATUS\";s:3:\"200\";s:6:\"IS_WPE\";s:1:\"1\";s:18:\"WPE_CAN_WRITE_DISK\";s:1:\"0\";s:9:\"HTTP_HOST\";s:19:\"demo2.woothemes.com\";s:13:\"HTTP_X_LB_KEY\";s:8:\"woodemo2\";s:13:\"HTTP_X_IS_BOT\";s:1:\"0\";s:15:\"HTTP_USER_AGENT\";s:120:\"Mozilla/5.0 (Macintosh; Intel Mac OS X 10_8_4) AppleWebKit/537.36 (KHTML, like Gecko) Chrome/27.0.1453.110 Safari/537.36\";s:15:\"HTTP_CONNECTION\";s:5:\"close\";s:14:\"CONTENT_LENGTH\";s:3:\"300\";s:18:\"HTTP_CACHE_CONTROL\";s:9:\"max-age=0\";s:11:\"HTTP_ACCEPT\";s:63:\"text/html,application/xhtml+xml,application/xml;q=0.9,*/*;q=0.8\";s:11:\"HTTP_ORIGIN\";s:26:\"http://demo2.woothemes.com\";s:12:\"CONTENT_TYPE\";s:33:\"application/x-www-form-urlencoded\";s:12:\"HTTP_REFERER\";s:66:\"http://demo2.woothemes.com/woocommerce/product/ninja-silhouette-2/\";s:20:\"HTTP_ACCEPT_ENCODING\";s:17:\"gzip,deflate,sdch\";s:20:\"HTTP_ACCEPT_LANGUAGE\";s:14:\"en-US,en;q=0.8\";s:11:\"HTTP_COOKIE\";s:0:\"\";s:4:\"PATH\";s:28:\"/usr/local/bin:/usr/bin:/bin\";s:16:\"SERVER_SIGNATURE\";s:0:\"\";s:11:\"SERVER_NAME\";s:19:\"demo2.woothemes.com\";s:11:\"SERVER_ADDR\";s:9:\"127.0.0.1\";s:11:\"SERVER_PORT\";s:2:\"80\";s:11:\"REMOTE_ADDR\";s:13:\"24.225.103.32\";s:13:\"DOCUMENT_ROOT\";s:26:\"/nas/wp/www/sites/woodemo2\";s:12:\"SERVER_ADMIN\";s:18:\"[no address given]\";s:15:\"SCRIPT_FILENAME\";s:47:\"/nas/wp/www/sites/woodemo2/wp-comments-post.php\";s:11:\"REMOTE_PORT\";s:5:\"27338\";s:12:\"REDIRECT_URL\";s:33:\"/woocommerce/wp-comments-post.php\";s:17:\"GATEWAY_INTERFACE\";s:7:\"CGI/1.1\";s:15:\"SERVER_PROTOCOL\";s:8:\"HTTP/1.0\";s:14:\"REQUEST_METHOD\";s:4:\"POST\";s:12:\"QUERY_STRING\";s:0:\"\";s:11:\"SCRIPT_NAME\";s:21:\"/wp-comments-post.php\";s:8:\"PHP_SELF\";s:21:\"/wp-comments-post.php\";s:12:\"REQUEST_TIME\";s:10:\"1370620436\";s:25:\"comment_post_modified_gmt\";s:19:\"2013-06-07 11:18:23\";}'),
(119, 25, 'rating', '1'),
(120, 25, 'akismet_history', 'a:4:{s:4:\"time\";d:1370620633.932437896728515625;s:7:\"message\";s:46:\"wooteam changed the comment status to approved\";s:5:\"event\";s:15:\"status-approved\";s:4:\"user\";s:7:\"wooteam\";}'),
(121, 26, 'akismet_error', '1370684262'),
(122, 26, 'akismet_history', 'a:4:{s:4:\"time\";d:1370684262.2404038906097412109375;s:7:\"message\";s:92:\"Akismet was unable to check this comment (response: ), will automatically retry again later.\";s:5:\"event\";s:11:\"check-error\";s:4:\"user\";s:0:\"\";}'),
(123, 26, 'akismet_as_submitted', 'a:68:{s:15:\"comment_post_ID\";i:56;s:14:\"comment_author\";s:7:\"Gerhard\";s:20:\"comment_author_email\";s:21:\"gerhard@woothemes.com\";s:18:\"comment_author_url\";N;s:15:\"comment_content\";s:21:\"The best hoodie ever!\";s:12:\"comment_type\";s:0:\"\";s:14:\"comment_parent\";i:0;s:7:\"user_ID\";i:0;s:7:\"user_ip\";s:12:\"72.251.244.9\";s:10:\"user_agent\";s:135:\"Mozilla/5.0 (iPhone; CPU iPhone OS 6_1_3 like Mac OS X) AppleWebKit/536.26 (KHTML, like Gecko) Version/6.0 Mobile/10B329 Safari/8536.25\";s:8:\"referrer\";s:66:\"http://demo2.woothemes.com/woocommerce/product/ninja-silhouette-2/\";s:4:\"blog\";s:38:\"http://demo2.woothemes.com/woocommerce\";s:9:\"blog_lang\";s:5:\"en_US\";s:12:\"blog_charset\";s:5:\"UTF-8\";s:9:\"permalink\";s:66:\"http://demo2.woothemes.com/woocommerce/product/ninja-silhouette-2/\";s:21:\"akismet_comment_nonce\";s:6:\"passed\";s:11:\"POST_author\";s:7:\"Gerhard\";s:10:\"POST_email\";s:21:\"gerhard@woothemes.com\";s:11:\"POST_rating\";s:1:\"5\";s:12:\"POST_comment\";s:21:\"The best hoodie ever!\";s:7:\"POST__n\";s:10:\"56eef4b919\";s:21:\"POST__wp_http_referer\";s:40:\"/woocommerce/product/ninja-silhouette-2/\";s:11:\"POST_submit\";s:13:\"Submit Review\";s:20:\"POST_comment_post_ID\";s:2:\"56\";s:19:\"POST_comment_parent\";s:1:\"0\";s:26:\"POST_akismet_comment_nonce\";s:10:\"98e3d67d36\";s:15:\"SERVER_SOFTWARE\";s:6:\"Apache\";s:11:\"REQUEST_URI\";s:33:\"/woocommerce/wp-comments-post.php\";s:15:\"REDIRECT_IS_WPE\";s:1:\"1\";s:27:\"REDIRECT_WPE_CAN_WRITE_DISK\";s:1:\"0\";s:15:\"REDIRECT_STATUS\";s:3:\"200\";s:6:\"IS_WPE\";s:1:\"1\";s:18:\"WPE_CAN_WRITE_DISK\";s:1:\"0\";s:9:\"HTTP_HOST\";s:19:\"demo2.woothemes.com\";s:13:\"HTTP_X_LB_KEY\";s:8:\"woodemo2\";s:13:\"HTTP_X_IS_BOT\";s:1:\"0\";s:15:\"HTTP_USER_AGENT\";s:135:\"Mozilla/5.0 (iPhone; CPU iPhone OS 6_1_3 like Mac OS X) AppleWebKit/536.26 (KHTML, like Gecko) Version/6.0 Mobile/10B329 Safari/8536.25\";s:15:\"HTTP_CONNECTION\";s:5:\"close\";s:20:\"HTTP_ACCEPT_LANGUAGE\";s:5:\"en-us\";s:11:\"HTTP_PRAGMA\";s:8:\"no-cache\";s:11:\"HTTP_ACCEPT\";s:63:\"text/html,application/xhtml+xml,application/xml;q=0.9,*/*;q=0.8\";s:12:\"HTTP_REFERER\";s:66:\"http://demo2.woothemes.com/woocommerce/product/ninja-silhouette-2/\";s:12:\"CONTENT_TYPE\";s:33:\"application/x-www-form-urlencoded\";s:11:\"HTTP_COOKIE\";s:0:\"\";s:14:\"CONTENT_LENGTH\";s:3:\"255\";s:11:\"HTTP_ORIGIN\";s:26:\"http://demo2.woothemes.com\";s:20:\"HTTP_ACCEPT_ENCODING\";s:13:\"gzip, deflate\";s:8:\"HTTP_VIA\";s:5:\"Onavo\";s:18:\"HTTP_CACHE_CONTROL\";s:14:\"max-age=259200\";s:4:\"PATH\";s:28:\"/usr/local/bin:/usr/bin:/bin\";s:16:\"SERVER_SIGNATURE\";s:0:\"\";s:11:\"SERVER_NAME\";s:19:\"demo2.woothemes.com\";s:11:\"SERVER_ADDR\";s:9:\"127.0.0.1\";s:11:\"SERVER_PORT\";s:2:\"80\";s:11:\"REMOTE_ADDR\";s:12:\"72.251.244.9\";s:13:\"DOCUMENT_ROOT\";s:26:\"/nas/wp/www/sites/woodemo2\";s:12:\"SERVER_ADMIN\";s:18:\"[no address given]\";s:15:\"SCRIPT_FILENAME\";s:47:\"/nas/wp/www/sites/woodemo2/wp-comments-post.php\";s:11:\"REMOTE_PORT\";s:5:\"14967\";s:12:\"REDIRECT_URL\";s:33:\"/woocommerce/wp-comments-post.php\";s:17:\"GATEWAY_INTERFACE\";s:7:\"CGI/1.1\";s:15:\"SERVER_PROTOCOL\";s:8:\"HTTP/1.0\";s:14:\"REQUEST_METHOD\";s:4:\"POST\";s:12:\"QUERY_STRING\";s:0:\"\";s:11:\"SCRIPT_NAME\";s:21:\"/wp-comments-post.php\";s:8:\"PHP_SELF\";s:21:\"/wp-comments-post.php\";s:12:\"REQUEST_TIME\";s:10:\"1370684262\";s:25:\"comment_post_modified_gmt\";s:19:\"2013-06-07 11:18:23\";}'),
(124, 26, 'rating', '5'),
(125, 27, 'akismet_error', '1370606673'),
(126, 27, 'akismet_history', 'a:4:{s:4:\"time\";d:1370606673.5934140682220458984375;s:7:\"message\";s:92:\"Akismet was unable to check this comment (response: ), will automatically retry again later.\";s:5:\"event\";s:11:\"check-error\";s:4:\"user\";s:0:\"\";}'),
(127, 27, 'akismet_as_submitted', 'a:66:{s:15:\"comment_post_ID\";i:60;s:14:\"comment_author\";s:6:\"Magnus\";s:20:\"comment_author_email\";s:20:\"magnus@woothemes.com\";s:18:\"comment_author_url\";N;s:15:\"comment_content\";s:34:\"I like the logo but not the color.\";s:12:\"comment_type\";s:0:\"\";s:14:\"comment_parent\";i:0;s:7:\"user_ID\";i:0;s:7:\"user_ip\";s:13:\"79.161.106.35\";s:10:\"user_agent\";s:119:\"Mozilla/5.0 (Macintosh; Intel Mac OS X 10_8_3) AppleWebKit/537.36 (KHTML, like Gecko) Chrome/27.0.1453.93 Safari/537.36\";s:8:\"referrer\";s:58:\"http://demo2.woothemes.com/woocommerce/product/woo-logo-2/\";s:4:\"blog\";s:38:\"http://demo2.woothemes.com/woocommerce\";s:9:\"blog_lang\";s:5:\"en_US\";s:12:\"blog_charset\";s:5:\"UTF-8\";s:9:\"permalink\";s:58:\"http://demo2.woothemes.com/woocommerce/product/woo-logo-2/\";s:21:\"akismet_comment_nonce\";s:6:\"passed\";s:11:\"POST_author\";s:6:\"Magnus\";s:10:\"POST_email\";s:20:\"magnus@woothemes.com\";s:11:\"POST_rating\";s:1:\"3\";s:12:\"POST_comment\";s:35:\"I like the logo but not the color. \";s:7:\"POST__n\";s:10:\"2145d644a3\";s:21:\"POST__wp_http_referer\";s:32:\"/woocommerce/product/woo-logo-2/\";s:11:\"POST_submit\";s:13:\"Submit Review\";s:20:\"POST_comment_post_ID\";s:2:\"60\";s:19:\"POST_comment_parent\";s:1:\"0\";s:26:\"POST_akismet_comment_nonce\";s:10:\"71dc771f00\";s:15:\"SERVER_SOFTWARE\";s:6:\"Apache\";s:11:\"REQUEST_URI\";s:33:\"/woocommerce/wp-comments-post.php\";s:15:\"REDIRECT_IS_WPE\";s:1:\"1\";s:27:\"REDIRECT_WPE_CAN_WRITE_DISK\";s:1:\"0\";s:15:\"REDIRECT_STATUS\";s:3:\"200\";s:6:\"IS_WPE\";s:1:\"1\";s:18:\"WPE_CAN_WRITE_DISK\";s:1:\"0\";s:9:\"HTTP_HOST\";s:19:\"demo2.woothemes.com\";s:13:\"HTTP_X_LB_KEY\";s:8:\"woodemo2\";s:13:\"HTTP_X_IS_BOT\";s:1:\"0\";s:15:\"HTTP_USER_AGENT\";s:119:\"Mozilla/5.0 (Macintosh; Intel Mac OS X 10_8_3) AppleWebKit/537.36 (KHTML, like Gecko) Chrome/27.0.1453.93 Safari/537.36\";s:15:\"HTTP_CONNECTION\";s:5:\"close\";s:14:\"CONTENT_LENGTH\";s:3:\"257\";s:18:\"HTTP_CACHE_CONTROL\";s:9:\"max-age=0\";s:11:\"HTTP_ACCEPT\";s:63:\"text/html,application/xhtml+xml,application/xml;q=0.9,*/*;q=0.8\";s:11:\"HTTP_ORIGIN\";s:26:\"http://demo2.woothemes.com\";s:12:\"CONTENT_TYPE\";s:33:\"application/x-www-form-urlencoded\";s:12:\"HTTP_REFERER\";s:58:\"http://demo2.woothemes.com/woocommerce/product/woo-logo-2/\";s:20:\"HTTP_ACCEPT_ENCODING\";s:17:\"gzip,deflate,sdch\";s:20:\"HTTP_ACCEPT_LANGUAGE\";s:14:\"en-US,en;q=0.8\";s:11:\"HTTP_COOKIE\";s:0:\"\";s:4:\"PATH\";s:28:\"/usr/local/bin:/usr/bin:/bin\";s:16:\"SERVER_SIGNATURE\";s:0:\"\";s:11:\"SERVER_NAME\";s:19:\"demo2.woothemes.com\";s:11:\"SERVER_ADDR\";s:9:\"127.0.0.1\";s:11:\"SERVER_PORT\";s:2:\"80\";s:11:\"REMOTE_ADDR\";s:13:\"79.161.106.35\";s:13:\"DOCUMENT_ROOT\";s:26:\"/nas/wp/www/sites/woodemo2\";s:12:\"SERVER_ADMIN\";s:18:\"[no address given]\";s:15:\"SCRIPT_FILENAME\";s:47:\"/nas/wp/www/sites/woodemo2/wp-comments-post.php\";s:11:\"REMOTE_PORT\";s:5:\"62521\";s:12:\"REDIRECT_URL\";s:33:\"/woocommerce/wp-comments-post.php\";s:17:\"GATEWAY_INTERFACE\";s:7:\"CGI/1.1\";s:15:\"SERVER_PROTOCOL\";s:8:\"HTTP/1.0\";s:14:\"REQUEST_METHOD\";s:4:\"POST\";s:12:\"QUERY_STRING\";s:0:\"\";s:11:\"SCRIPT_NAME\";s:21:\"/wp-comments-post.php\";s:8:\"PHP_SELF\";s:21:\"/wp-comments-post.php\";s:12:\"REQUEST_TIME\";s:10:\"1370606673\";s:25:\"comment_post_modified_gmt\";s:19:\"2013-06-07 11:18:08\";}'),
(128, 27, 'rating', '3'),
(129, 27, 'akismet_history', 'a:4:{s:4:\"time\";d:1370607949.19136905670166015625;s:7:\"message\";s:46:\"wooteam changed the comment status to approved\";s:5:\"event\";s:15:\"status-approved\";s:4:\"user\";s:7:\"wooteam\";}'),
(130, 28, 'akismet_error', '1370620465'),
(131, 28, 'akismet_history', 'a:4:{s:4:\"time\";d:1370620465.89346790313720703125;s:7:\"message\";s:92:\"Akismet was unable to check this comment (response: ), will automatically retry again later.\";s:5:\"event\";s:11:\"check-error\";s:4:\"user\";s:0:\"\";}');
INSERT INTO `commentmeta` (`meta_id`, `comment_id`, `meta_key`, `meta_value`) VALUES
(132, 28, 'akismet_as_submitted', 'a:66:{s:15:\"comment_post_ID\";i:60;s:14:\"comment_author\";s:5:\"Maria\";s:20:\"comment_author_email\";s:19:\"maria@woothemes.com\";s:18:\"comment_author_url\";N;s:15:\"comment_content\";s:29:\"Three letters, one word: WOO!\";s:12:\"comment_type\";s:0:\"\";s:14:\"comment_parent\";i:0;s:7:\"user_ID\";i:0;s:7:\"user_ip\";s:13:\"24.225.103.32\";s:10:\"user_agent\";s:120:\"Mozilla/5.0 (Macintosh; Intel Mac OS X 10_8_4) AppleWebKit/537.36 (KHTML, like Gecko) Chrome/27.0.1453.110 Safari/537.36\";s:8:\"referrer\";s:58:\"http://demo2.woothemes.com/woocommerce/product/woo-logo-2/\";s:4:\"blog\";s:38:\"http://demo2.woothemes.com/woocommerce\";s:9:\"blog_lang\";s:5:\"en_US\";s:12:\"blog_charset\";s:5:\"UTF-8\";s:9:\"permalink\";s:58:\"http://demo2.woothemes.com/woocommerce/product/woo-logo-2/\";s:21:\"akismet_comment_nonce\";s:6:\"passed\";s:11:\"POST_author\";s:5:\"Maria\";s:10:\"POST_email\";s:19:\"maria@woothemes.com\";s:11:\"POST_rating\";s:1:\"5\";s:12:\"POST_comment\";s:29:\"Three letters, one word: WOO!\";s:7:\"POST__n\";s:10:\"2145d644a3\";s:21:\"POST__wp_http_referer\";s:32:\"/woocommerce/product/woo-logo-2/\";s:11:\"POST_submit\";s:13:\"Submit Review\";s:20:\"POST_comment_post_ID\";s:2:\"60\";s:19:\"POST_comment_parent\";s:1:\"0\";s:26:\"POST_akismet_comment_nonce\";s:10:\"71dc771f00\";s:15:\"SERVER_SOFTWARE\";s:6:\"Apache\";s:11:\"REQUEST_URI\";s:33:\"/woocommerce/wp-comments-post.php\";s:15:\"REDIRECT_IS_WPE\";s:1:\"1\";s:27:\"REDIRECT_WPE_CAN_WRITE_DISK\";s:1:\"0\";s:15:\"REDIRECT_STATUS\";s:3:\"200\";s:6:\"IS_WPE\";s:1:\"1\";s:18:\"WPE_CAN_WRITE_DISK\";s:1:\"0\";s:9:\"HTTP_HOST\";s:19:\"demo2.woothemes.com\";s:13:\"HTTP_X_LB_KEY\";s:8:\"woodemo2\";s:13:\"HTTP_X_IS_BOT\";s:1:\"0\";s:15:\"HTTP_USER_AGENT\";s:120:\"Mozilla/5.0 (Macintosh; Intel Mac OS X 10_8_4) AppleWebKit/537.36 (KHTML, like Gecko) Chrome/27.0.1453.110 Safari/537.36\";s:15:\"HTTP_CONNECTION\";s:5:\"close\";s:14:\"CONTENT_LENGTH\";s:3:\"255\";s:18:\"HTTP_CACHE_CONTROL\";s:9:\"max-age=0\";s:11:\"HTTP_ACCEPT\";s:63:\"text/html,application/xhtml+xml,application/xml;q=0.9,*/*;q=0.8\";s:11:\"HTTP_ORIGIN\";s:26:\"http://demo2.woothemes.com\";s:12:\"CONTENT_TYPE\";s:33:\"application/x-www-form-urlencoded\";s:12:\"HTTP_REFERER\";s:58:\"http://demo2.woothemes.com/woocommerce/product/woo-logo-2/\";s:20:\"HTTP_ACCEPT_ENCODING\";s:17:\"gzip,deflate,sdch\";s:20:\"HTTP_ACCEPT_LANGUAGE\";s:14:\"en-US,en;q=0.8\";s:11:\"HTTP_COOKIE\";s:0:\"\";s:4:\"PATH\";s:28:\"/usr/local/bin:/usr/bin:/bin\";s:16:\"SERVER_SIGNATURE\";s:0:\"\";s:11:\"SERVER_NAME\";s:19:\"demo2.woothemes.com\";s:11:\"SERVER_ADDR\";s:9:\"127.0.0.1\";s:11:\"SERVER_PORT\";s:2:\"80\";s:11:\"REMOTE_ADDR\";s:13:\"24.225.103.32\";s:13:\"DOCUMENT_ROOT\";s:26:\"/nas/wp/www/sites/woodemo2\";s:12:\"SERVER_ADMIN\";s:18:\"[no address given]\";s:15:\"SCRIPT_FILENAME\";s:47:\"/nas/wp/www/sites/woodemo2/wp-comments-post.php\";s:11:\"REMOTE_PORT\";s:5:\"27597\";s:12:\"REDIRECT_URL\";s:33:\"/woocommerce/wp-comments-post.php\";s:17:\"GATEWAY_INTERFACE\";s:7:\"CGI/1.1\";s:15:\"SERVER_PROTOCOL\";s:8:\"HTTP/1.0\";s:14:\"REQUEST_METHOD\";s:4:\"POST\";s:12:\"QUERY_STRING\";s:0:\"\";s:11:\"SCRIPT_NAME\";s:21:\"/wp-comments-post.php\";s:8:\"PHP_SELF\";s:21:\"/wp-comments-post.php\";s:12:\"REQUEST_TIME\";s:10:\"1370620465\";s:25:\"comment_post_modified_gmt\";s:19:\"2013-06-07 11:18:08\";}'),
(133, 28, 'rating', '5'),
(134, 28, 'akismet_history', 'a:4:{s:4:\"time\";d:1370620633.92792606353759765625;s:7:\"message\";s:46:\"wooteam changed the comment status to approved\";s:5:\"event\";s:15:\"status-approved\";s:4:\"user\";s:7:\"wooteam\";}'),
(135, 29, 'akismet_error', '1370605945'),
(136, 29, 'akismet_history', 'a:4:{s:4:\"time\";d:1370605945.8927509784698486328125;s:7:\"message\";s:92:\"Akismet was unable to check this comment (response: ), will automatically retry again later.\";s:5:\"event\";s:11:\"check-error\";s:4:\"user\";s:0:\"\";}'),
(137, 29, 'akismet_as_submitted', 'a:67:{s:15:\"comment_post_ID\";i:70;s:14:\"comment_author\";s:12:\"Cobus Bester\";s:20:\"comment_author_email\";s:18:\"bester.c@gmail.com\";s:18:\"comment_author_url\";N;s:15:\"comment_content\";s:86:\"Really happy with this print. The colors are great, and the paper quality is good too.\";s:12:\"comment_type\";s:0:\"\";s:14:\"comment_parent\";i:0;s:7:\"user_ID\";i:0;s:7:\"user_ip\";s:13:\"196.215.9.147\";s:10:\"user_agent\";s:119:\"Mozilla/5.0 (Macintosh; Intel Mac OS X 10_8_3) AppleWebKit/537.31 (KHTML, like Gecko) Chrome/26.0.1410.65 Safari/537.31\";s:8:\"referrer\";s:60:\"http://demo2.woothemes.com/woocommerce/product/flying-ninja/\";s:4:\"blog\";s:38:\"http://demo2.woothemes.com/woocommerce\";s:9:\"blog_lang\";s:5:\"en_US\";s:12:\"blog_charset\";s:5:\"UTF-8\";s:9:\"permalink\";s:60:\"http://demo2.woothemes.com/woocommerce/product/flying-ninja/\";s:21:\"akismet_comment_nonce\";s:6:\"passed\";s:11:\"POST_author\";s:12:\"Cobus Bester\";s:10:\"POST_email\";s:18:\"bester.c@gmail.com\";s:11:\"POST_rating\";s:1:\"4\";s:12:\"POST_comment\";s:86:\"Really happy with this print. The colors are great, and the paper quality is good too.\";s:7:\"POST__n\";s:10:\"a80bd2f042\";s:21:\"POST__wp_http_referer\";s:34:\"/woocommerce/product/flying-ninja/\";s:11:\"POST_submit\";s:13:\"Submit Review\";s:20:\"POST_comment_post_ID\";s:2:\"70\";s:19:\"POST_comment_parent\";s:1:\"0\";s:26:\"POST_akismet_comment_nonce\";s:10:\"09a0ca91cf\";s:15:\"SERVER_SOFTWARE\";s:6:\"Apache\";s:11:\"REQUEST_URI\";s:33:\"/woocommerce/wp-comments-post.php\";s:15:\"REDIRECT_IS_WPE\";s:1:\"1\";s:27:\"REDIRECT_WPE_CAN_WRITE_DISK\";s:1:\"0\";s:15:\"REDIRECT_STATUS\";s:3:\"200\";s:6:\"IS_WPE\";s:1:\"1\";s:18:\"WPE_CAN_WRITE_DISK\";s:1:\"0\";s:9:\"HTTP_HOST\";s:19:\"demo2.woothemes.com\";s:13:\"HTTP_X_LB_KEY\";s:8:\"woodemo2\";s:13:\"HTTP_X_IS_BOT\";s:1:\"0\";s:15:\"HTTP_USER_AGENT\";s:119:\"Mozilla/5.0 (Macintosh; Intel Mac OS X 10_8_3) AppleWebKit/537.31 (KHTML, like Gecko) Chrome/26.0.1410.65 Safari/537.31\";s:15:\"HTTP_CONNECTION\";s:5:\"close\";s:14:\"CONTENT_LENGTH\";s:3:\"316\";s:18:\"HTTP_CACHE_CONTROL\";s:9:\"max-age=0\";s:11:\"HTTP_ACCEPT\";s:63:\"text/html,application/xhtml+xml,application/xml;q=0.9,*/*;q=0.8\";s:11:\"HTTP_ORIGIN\";s:26:\"http://demo2.woothemes.com\";s:12:\"CONTENT_TYPE\";s:33:\"application/x-www-form-urlencoded\";s:12:\"HTTP_REFERER\";s:60:\"http://demo2.woothemes.com/woocommerce/product/flying-ninja/\";s:20:\"HTTP_ACCEPT_ENCODING\";s:17:\"gzip,deflate,sdch\";s:20:\"HTTP_ACCEPT_LANGUAGE\";s:14:\"en-US,en;q=0.8\";s:19:\"HTTP_ACCEPT_CHARSET\";s:30:\"ISO-8859-1,utf-8;q=0.7,*;q=0.3\";s:11:\"HTTP_COOKIE\";s:0:\"\";s:4:\"PATH\";s:28:\"/usr/local/bin:/usr/bin:/bin\";s:16:\"SERVER_SIGNATURE\";s:0:\"\";s:11:\"SERVER_NAME\";s:19:\"demo2.woothemes.com\";s:11:\"SERVER_ADDR\";s:9:\"127.0.0.1\";s:11:\"SERVER_PORT\";s:2:\"80\";s:11:\"REMOTE_ADDR\";s:13:\"196.215.9.147\";s:13:\"DOCUMENT_ROOT\";s:26:\"/nas/wp/www/sites/woodemo2\";s:12:\"SERVER_ADMIN\";s:18:\"[no address given]\";s:15:\"SCRIPT_FILENAME\";s:47:\"/nas/wp/www/sites/woodemo2/wp-comments-post.php\";s:11:\"REMOTE_PORT\";s:5:\"53744\";s:12:\"REDIRECT_URL\";s:33:\"/woocommerce/wp-comments-post.php\";s:17:\"GATEWAY_INTERFACE\";s:7:\"CGI/1.1\";s:15:\"SERVER_PROTOCOL\";s:8:\"HTTP/1.0\";s:14:\"REQUEST_METHOD\";s:4:\"POST\";s:12:\"QUERY_STRING\";s:0:\"\";s:11:\"SCRIPT_NAME\";s:21:\"/wp-comments-post.php\";s:8:\"PHP_SELF\";s:21:\"/wp-comments-post.php\";s:12:\"REQUEST_TIME\";s:10:\"1370605945\";s:25:\"comment_post_modified_gmt\";s:19:\"2013-06-07 11:25:12\";}'),
(138, 29, 'rating', '4'),
(139, 29, 'akismet_history', 'a:4:{s:4:\"time\";d:1370607928.4240779876708984375;s:7:\"message\";s:46:\"wooteam changed the comment status to approved\";s:5:\"event\";s:15:\"status-approved\";s:4:\"user\";s:7:\"wooteam\";}'),
(140, 30, 'akismet_error', '1370606196'),
(141, 30, 'akismet_history', 'a:4:{s:4:\"time\";d:1370606196.096724987030029296875;s:7:\"message\";s:92:\"Akismet was unable to check this comment (response: ), will automatically retry again later.\";s:5:\"event\";s:11:\"check-error\";s:4:\"user\";s:0:\"\";}'),
(142, 30, 'akismet_as_submitted', 'a:64:{s:15:\"comment_post_ID\";i:70;s:14:\"comment_author\";s:6:\"Andrew\";s:20:\"comment_author_email\";s:25:\"andrew@chromeorange.co.uk\";s:18:\"comment_author_url\";N;s:15:\"comment_content\";s:136:\"You only get the picture, not the person holding it, something they don\'t mention in the description, now I\'ve got to find my own person\";s:12:\"comment_type\";s:0:\"\";s:14:\"comment_parent\";i:0;s:7:\"user_ID\";i:0;s:7:\"user_ip\";s:13:\"86.19.152.140\";s:10:\"user_agent\";s:81:\"Mozilla/5.0 (Macintosh; Intel Mac OS X 10.8; rv:21.0) Gecko/20100101 Firefox/21.0\";s:8:\"referrer\";s:60:\"http://demo2.woothemes.com/woocommerce/product/flying-ninja/\";s:4:\"blog\";s:38:\"http://demo2.woothemes.com/woocommerce\";s:9:\"blog_lang\";s:5:\"en_US\";s:12:\"blog_charset\";s:5:\"UTF-8\";s:9:\"permalink\";s:60:\"http://demo2.woothemes.com/woocommerce/product/flying-ninja/\";s:21:\"akismet_comment_nonce\";s:6:\"passed\";s:11:\"POST_author\";s:6:\"Andrew\";s:10:\"POST_email\";s:25:\"andrew@chromeorange.co.uk\";s:11:\"POST_rating\";s:1:\"3\";s:12:\"POST_comment\";s:136:\"You only get the picture, not the person holding it, something they don\'t mention in the description, now I\'ve got to find my own person\";s:7:\"POST__n\";s:10:\"a80bd2f042\";s:21:\"POST__wp_http_referer\";s:34:\"/woocommerce/product/flying-ninja/\";s:11:\"POST_submit\";s:13:\"Submit Review\";s:20:\"POST_comment_post_ID\";s:2:\"70\";s:19:\"POST_comment_parent\";s:1:\"0\";s:26:\"POST_akismet_comment_nonce\";s:10:\"09a0ca91cf\";s:15:\"SERVER_SOFTWARE\";s:6:\"Apache\";s:11:\"REQUEST_URI\";s:33:\"/woocommerce/wp-comments-post.php\";s:15:\"REDIRECT_IS_WPE\";s:1:\"1\";s:27:\"REDIRECT_WPE_CAN_WRITE_DISK\";s:1:\"0\";s:15:\"REDIRECT_STATUS\";s:3:\"200\";s:6:\"IS_WPE\";s:1:\"1\";s:18:\"WPE_CAN_WRITE_DISK\";s:1:\"0\";s:9:\"HTTP_HOST\";s:19:\"demo2.woothemes.com\";s:13:\"HTTP_X_LB_KEY\";s:8:\"woodemo2\";s:13:\"HTTP_X_IS_BOT\";s:1:\"0\";s:15:\"HTTP_USER_AGENT\";s:81:\"Mozilla/5.0 (Macintosh; Intel Mac OS X 10.8; rv:21.0) Gecko/20100101 Firefox/21.0\";s:15:\"HTTP_CONNECTION\";s:5:\"close\";s:11:\"HTTP_ACCEPT\";s:63:\"text/html,application/xhtml+xml,application/xml;q=0.9,*/*;q=0.8\";s:20:\"HTTP_ACCEPT_LANGUAGE\";s:14:\"en-US,en;q=0.5\";s:20:\"HTTP_ACCEPT_ENCODING\";s:13:\"gzip, deflate\";s:12:\"HTTP_REFERER\";s:60:\"http://demo2.woothemes.com/woocommerce/product/flying-ninja/\";s:11:\"HTTP_COOKIE\";s:0:\"\";s:12:\"CONTENT_TYPE\";s:33:\"application/x-www-form-urlencoded\";s:14:\"CONTENT_LENGTH\";s:3:\"375\";s:4:\"PATH\";s:28:\"/usr/local/bin:/usr/bin:/bin\";s:16:\"SERVER_SIGNATURE\";s:0:\"\";s:11:\"SERVER_NAME\";s:19:\"demo2.woothemes.com\";s:11:\"SERVER_ADDR\";s:9:\"127.0.0.1\";s:11:\"SERVER_PORT\";s:2:\"80\";s:11:\"REMOTE_ADDR\";s:13:\"86.19.152.140\";s:13:\"DOCUMENT_ROOT\";s:26:\"/nas/wp/www/sites/woodemo2\";s:12:\"SERVER_ADMIN\";s:18:\"[no address given]\";s:15:\"SCRIPT_FILENAME\";s:47:\"/nas/wp/www/sites/woodemo2/wp-comments-post.php\";s:11:\"REMOTE_PORT\";s:5:\"56980\";s:12:\"REDIRECT_URL\";s:33:\"/woocommerce/wp-comments-post.php\";s:17:\"GATEWAY_INTERFACE\";s:7:\"CGI/1.1\";s:15:\"SERVER_PROTOCOL\";s:8:\"HTTP/1.0\";s:14:\"REQUEST_METHOD\";s:4:\"POST\";s:12:\"QUERY_STRING\";s:0:\"\";s:11:\"SCRIPT_NAME\";s:21:\"/wp-comments-post.php\";s:8:\"PHP_SELF\";s:21:\"/wp-comments-post.php\";s:12:\"REQUEST_TIME\";s:10:\"1370606196\";s:25:\"comment_post_modified_gmt\";s:19:\"2013-06-07 11:25:12\";}'),
(143, 30, 'rating', '3'),
(144, 30, 'akismet_history', 'a:4:{s:4:\"time\";d:1370607938.78227710723876953125;s:7:\"message\";s:46:\"wooteam changed the comment status to approved\";s:5:\"event\";s:15:\"status-approved\";s:4:\"user\";s:7:\"wooteam\";}'),
(145, 31, 'akismet_error', '1370607565'),
(146, 31, 'akismet_history', 'a:4:{s:4:\"time\";d:1370607565.8578360080718994140625;s:7:\"message\";s:92:\"Akismet was unable to check this comment (response: ), will automatically retry again later.\";s:5:\"event\";s:11:\"check-error\";s:4:\"user\";s:0:\"\";}'),
(147, 31, 'akismet_as_submitted', 'a:66:{s:15:\"comment_post_ID\";i:70;s:14:\"comment_author\";s:11:\"Coen Jacobs\";s:20:\"comment_author_email\";s:18:\"coen@woothemes.com\";s:18:\"comment_author_url\";N;s:15:\"comment_content\";s:60:\"This is my favorite poster. In fact, I\'ve ordered 5 of them!\";s:12:\"comment_type\";s:0:\"\";s:14:\"comment_parent\";i:0;s:7:\"user_ID\";i:0;s:7:\"user_ip\";s:12:\"84.39.28.254\";s:10:\"user_agent\";s:120:\"Mozilla/5.0 (Macintosh; Intel Mac OS X 10_8_4) AppleWebKit/537.36 (KHTML, like Gecko) Chrome/27.0.1453.110 Safari/537.36\";s:8:\"referrer\";s:60:\"http://demo2.woothemes.com/woocommerce/product/flying-ninja/\";s:4:\"blog\";s:38:\"http://demo2.woothemes.com/woocommerce\";s:9:\"blog_lang\";s:5:\"en_US\";s:12:\"blog_charset\";s:5:\"UTF-8\";s:9:\"permalink\";s:60:\"http://demo2.woothemes.com/woocommerce/product/flying-ninja/\";s:21:\"akismet_comment_nonce\";s:6:\"passed\";s:11:\"POST_author\";s:11:\"Coen Jacobs\";s:10:\"POST_email\";s:18:\"coen@woothemes.com\";s:11:\"POST_rating\";s:1:\"5\";s:12:\"POST_comment\";s:60:\"This is my favorite poster. In fact, I\'ve ordered 5 of them!\";s:7:\"POST__n\";s:10:\"2145d644a3\";s:21:\"POST__wp_http_referer\";s:34:\"/woocommerce/product/flying-ninja/\";s:11:\"POST_submit\";s:13:\"Submit Review\";s:20:\"POST_comment_post_ID\";s:2:\"70\";s:19:\"POST_comment_parent\";s:1:\"0\";s:26:\"POST_akismet_comment_nonce\";s:10:\"a0ccbdfa0d\";s:15:\"SERVER_SOFTWARE\";s:6:\"Apache\";s:11:\"REQUEST_URI\";s:33:\"/woocommerce/wp-comments-post.php\";s:15:\"REDIRECT_IS_WPE\";s:1:\"1\";s:27:\"REDIRECT_WPE_CAN_WRITE_DISK\";s:1:\"0\";s:15:\"REDIRECT_STATUS\";s:3:\"200\";s:6:\"IS_WPE\";s:1:\"1\";s:18:\"WPE_CAN_WRITE_DISK\";s:1:\"0\";s:9:\"HTTP_HOST\";s:19:\"demo2.woothemes.com\";s:13:\"HTTP_X_LB_KEY\";s:8:\"woodemo2\";s:13:\"HTTP_X_IS_BOT\";s:1:\"0\";s:15:\"HTTP_USER_AGENT\";s:120:\"Mozilla/5.0 (Macintosh; Intel Mac OS X 10_8_4) AppleWebKit/537.36 (KHTML, like Gecko) Chrome/27.0.1453.110 Safari/537.36\";s:15:\"HTTP_CONNECTION\";s:5:\"close\";s:14:\"CONTENT_LENGTH\";s:3:\"293\";s:18:\"HTTP_CACHE_CONTROL\";s:9:\"max-age=0\";s:11:\"HTTP_ACCEPT\";s:63:\"text/html,application/xhtml+xml,application/xml;q=0.9,*/*;q=0.8\";s:11:\"HTTP_ORIGIN\";s:26:\"http://demo2.woothemes.com\";s:12:\"CONTENT_TYPE\";s:33:\"application/x-www-form-urlencoded\";s:12:\"HTTP_REFERER\";s:60:\"http://demo2.woothemes.com/woocommerce/product/flying-ninja/\";s:20:\"HTTP_ACCEPT_ENCODING\";s:17:\"gzip,deflate,sdch\";s:20:\"HTTP_ACCEPT_LANGUAGE\";s:23:\"en-US,en;q=0.8,nl;q=0.6\";s:11:\"HTTP_COOKIE\";s:0:\"\";s:4:\"PATH\";s:28:\"/usr/local/bin:/usr/bin:/bin\";s:16:\"SERVER_SIGNATURE\";s:0:\"\";s:11:\"SERVER_NAME\";s:19:\"demo2.woothemes.com\";s:11:\"SERVER_ADDR\";s:9:\"127.0.0.1\";s:11:\"SERVER_PORT\";s:2:\"80\";s:11:\"REMOTE_ADDR\";s:12:\"84.39.28.254\";s:13:\"DOCUMENT_ROOT\";s:26:\"/nas/wp/www/sites/woodemo2\";s:12:\"SERVER_ADMIN\";s:18:\"[no address given]\";s:15:\"SCRIPT_FILENAME\";s:47:\"/nas/wp/www/sites/woodemo2/wp-comments-post.php\";s:11:\"REMOTE_PORT\";s:4:\"8391\";s:12:\"REDIRECT_URL\";s:33:\"/woocommerce/wp-comments-post.php\";s:17:\"GATEWAY_INTERFACE\";s:7:\"CGI/1.1\";s:15:\"SERVER_PROTOCOL\";s:8:\"HTTP/1.0\";s:14:\"REQUEST_METHOD\";s:4:\"POST\";s:12:\"QUERY_STRING\";s:0:\"\";s:11:\"SCRIPT_NAME\";s:21:\"/wp-comments-post.php\";s:8:\"PHP_SELF\";s:21:\"/wp-comments-post.php\";s:12:\"REQUEST_TIME\";s:10:\"1370607565\";s:25:\"comment_post_modified_gmt\";s:19:\"2013-06-07 11:25:12\";}'),
(148, 31, 'rating', '5'),
(149, 31, 'akismet_history', 'a:4:{s:4:\"time\";d:1370607952.2542870044708251953125;s:7:\"message\";s:46:\"wooteam changed the comment status to approved\";s:5:\"event\";s:15:\"status-approved\";s:4:\"user\";s:7:\"wooteam\";}'),
(150, 32, 'akismet_error', '1370609989'),
(151, 32, 'akismet_history', 'a:4:{s:4:\"time\";d:1370609989.9351150989532470703125;s:7:\"message\";s:92:\"Akismet was unable to check this comment (response: ), will automatically retry again later.\";s:5:\"event\";s:11:\"check-error\";s:4:\"user\";s:0:\"\";}'),
(152, 32, 'akismet_as_submitted', 'a:64:{s:15:\"comment_post_ID\";i:70;s:14:\"comment_author\";s:6:\"Stuart\";s:20:\"comment_author_email\";s:20:\"stuart@woothemes.com\";s:18:\"comment_author_url\";N;s:15:\"comment_content\";s:79:\"This is a fantastic quality print and is happily hanging framed on my wall now.\";s:12:\"comment_type\";s:0:\"\";s:14:\"comment_parent\";i:0;s:7:\"user_ID\";i:0;s:7:\"user_ip\";s:13:\"82.32.109.140\";s:10:\"user_agent\";s:72:\"Mozilla/5.0 (Windows NT 6.1; WOW64; rv:21.0) Gecko/20100101 Firefox/21.0\";s:8:\"referrer\";s:60:\"http://demo2.woothemes.com/woocommerce/product/flying-ninja/\";s:4:\"blog\";s:38:\"http://demo2.woothemes.com/woocommerce\";s:9:\"blog_lang\";s:5:\"en_US\";s:12:\"blog_charset\";s:5:\"UTF-8\";s:9:\"permalink\";s:60:\"http://demo2.woothemes.com/woocommerce/product/flying-ninja/\";s:21:\"akismet_comment_nonce\";s:6:\"passed\";s:11:\"POST_author\";s:6:\"Stuart\";s:10:\"POST_email\";s:20:\"stuart@woothemes.com\";s:11:\"POST_rating\";s:1:\"4\";s:12:\"POST_comment\";s:79:\"This is a fantastic quality print and is happily hanging framed on my wall now.\";s:7:\"POST__n\";s:10:\"2145d644a3\";s:21:\"POST__wp_http_referer\";s:34:\"/woocommerce/product/flying-ninja/\";s:11:\"POST_submit\";s:13:\"Submit Review\";s:20:\"POST_comment_post_ID\";s:2:\"70\";s:19:\"POST_comment_parent\";s:1:\"0\";s:26:\"POST_akismet_comment_nonce\";s:10:\"a0ccbdfa0d\";s:15:\"SERVER_SOFTWARE\";s:6:\"Apache\";s:11:\"REQUEST_URI\";s:33:\"/woocommerce/wp-comments-post.php\";s:15:\"REDIRECT_IS_WPE\";s:1:\"1\";s:27:\"REDIRECT_WPE_CAN_WRITE_DISK\";s:1:\"0\";s:15:\"REDIRECT_STATUS\";s:3:\"200\";s:6:\"IS_WPE\";s:1:\"1\";s:18:\"WPE_CAN_WRITE_DISK\";s:1:\"0\";s:9:\"HTTP_HOST\";s:19:\"demo2.woothemes.com\";s:13:\"HTTP_X_LB_KEY\";s:8:\"woodemo2\";s:13:\"HTTP_X_IS_BOT\";s:1:\"0\";s:15:\"HTTP_USER_AGENT\";s:72:\"Mozilla/5.0 (Windows NT 6.1; WOW64; rv:21.0) Gecko/20100101 Firefox/21.0\";s:15:\"HTTP_CONNECTION\";s:5:\"close\";s:11:\"HTTP_ACCEPT\";s:63:\"text/html,application/xhtml+xml,application/xml;q=0.9,*/*;q=0.8\";s:20:\"HTTP_ACCEPT_LANGUAGE\";s:14:\"en-US,en;q=0.5\";s:20:\"HTTP_ACCEPT_ENCODING\";s:13:\"gzip, deflate\";s:12:\"HTTP_REFERER\";s:60:\"http://demo2.woothemes.com/woocommerce/product/flying-ninja/\";s:11:\"HTTP_COOKIE\";s:0:\"\";s:12:\"CONTENT_TYPE\";s:33:\"application/x-www-form-urlencoded\";s:14:\"CONTENT_LENGTH\";s:3:\"303\";s:4:\"PATH\";s:28:\"/usr/local/bin:/usr/bin:/bin\";s:16:\"SERVER_SIGNATURE\";s:0:\"\";s:11:\"SERVER_NAME\";s:19:\"demo2.woothemes.com\";s:11:\"SERVER_ADDR\";s:9:\"127.0.0.1\";s:11:\"SERVER_PORT\";s:2:\"80\";s:11:\"REMOTE_ADDR\";s:13:\"82.32.109.140\";s:13:\"DOCUMENT_ROOT\";s:26:\"/nas/wp/www/sites/woodemo2\";s:12:\"SERVER_ADMIN\";s:18:\"[no address given]\";s:15:\"SCRIPT_FILENAME\";s:47:\"/nas/wp/www/sites/woodemo2/wp-comments-post.php\";s:11:\"REMOTE_PORT\";s:5:\"39257\";s:12:\"REDIRECT_URL\";s:33:\"/woocommerce/wp-comments-post.php\";s:17:\"GATEWAY_INTERFACE\";s:7:\"CGI/1.1\";s:15:\"SERVER_PROTOCOL\";s:8:\"HTTP/1.0\";s:14:\"REQUEST_METHOD\";s:4:\"POST\";s:12:\"QUERY_STRING\";s:0:\"\";s:11:\"SCRIPT_NAME\";s:21:\"/wp-comments-post.php\";s:8:\"PHP_SELF\";s:21:\"/wp-comments-post.php\";s:12:\"REQUEST_TIME\";s:10:\"1370609989\";s:25:\"comment_post_modified_gmt\";s:19:\"2013-06-07 11:25:12\";}'),
(153, 32, 'rating', '4'),
(154, 32, 'akismet_history', 'a:4:{s:4:\"time\";d:1370611523.6167409420013427734375;s:7:\"message\";s:46:\"wooteam changed the comment status to approved\";s:5:\"event\";s:15:\"status-approved\";s:4:\"user\";s:7:\"wooteam\";}'),
(155, 33, 'akismet_error', '1370608744'),
(156, 33, 'akismet_history', 'a:4:{s:4:\"time\";d:1370608744.324286937713623046875;s:7:\"message\";s:92:\"Akismet was unable to check this comment (response: ), will automatically retry again later.\";s:5:\"event\";s:11:\"check-error\";s:4:\"user\";s:0:\"\";}'),
(157, 33, 'akismet_as_submitted', 'a:66:{s:15:\"comment_post_ID\";i:73;s:14:\"comment_author\";s:3:\"Dan\";s:20:\"comment_author_email\";s:17:\"dan@woothemes.com\";s:18:\"comment_author_url\";N;s:15:\"comment_content\";s:135:\"I thought I was buying a man holding a poster, but when it arrived it was just the poster. Cool poster though, so I\'ll give it 3 stars!\";s:12:\"comment_type\";s:0:\"\";s:14:\"comment_parent\";i:0;s:7:\"user_ID\";i:0;s:7:\"user_ip\";s:13:\"188.221.1.167\";s:10:\"user_agent\";s:120:\"Mozilla/5.0 (Macintosh; Intel Mac OS X 10_8_3) AppleWebKit/537.36 (KHTML, like Gecko) Chrome/27.0.1453.110 Safari/537.36\";s:8:\"referrer\";s:65:\"http://demo2.woothemes.com/woocommerce/product/premium-quality-2/\";s:4:\"blog\";s:38:\"http://demo2.woothemes.com/woocommerce\";s:9:\"blog_lang\";s:5:\"en_US\";s:12:\"blog_charset\";s:5:\"UTF-8\";s:9:\"permalink\";s:65:\"http://demo2.woothemes.com/woocommerce/product/premium-quality-2/\";s:21:\"akismet_comment_nonce\";s:6:\"passed\";s:11:\"POST_author\";s:3:\"Dan\";s:10:\"POST_email\";s:17:\"dan@woothemes.com\";s:11:\"POST_rating\";s:1:\"3\";s:12:\"POST_comment\";s:135:\"I thought I was buying a man holding a poster, but when it arrived it was just the poster. Cool poster though, so I\'ll give it 3 stars!\";s:7:\"POST__n\";s:10:\"2145d644a3\";s:21:\"POST__wp_http_referer\";s:39:\"/woocommerce/product/premium-quality-2/\";s:11:\"POST_submit\";s:13:\"Submit Review\";s:20:\"POST_comment_post_ID\";s:2:\"73\";s:19:\"POST_comment_parent\";s:1:\"0\";s:26:\"POST_akismet_comment_nonce\";s:10:\"441b7bcdc8\";s:15:\"SERVER_SOFTWARE\";s:6:\"Apache\";s:11:\"REQUEST_URI\";s:33:\"/woocommerce/wp-comments-post.php\";s:15:\"REDIRECT_IS_WPE\";s:1:\"1\";s:27:\"REDIRECT_WPE_CAN_WRITE_DISK\";s:1:\"0\";s:15:\"REDIRECT_STATUS\";s:3:\"200\";s:6:\"IS_WPE\";s:1:\"1\";s:18:\"WPE_CAN_WRITE_DISK\";s:1:\"0\";s:9:\"HTTP_HOST\";s:19:\"demo2.woothemes.com\";s:13:\"HTTP_X_LB_KEY\";s:8:\"woodemo2\";s:13:\"HTTP_X_IS_BOT\";s:1:\"0\";s:15:\"HTTP_USER_AGENT\";s:120:\"Mozilla/5.0 (Macintosh; Intel Mac OS X 10_8_3) AppleWebKit/537.36 (KHTML, like Gecko) Chrome/27.0.1453.110 Safari/537.36\";s:15:\"HTTP_CONNECTION\";s:5:\"close\";s:14:\"CONTENT_LENGTH\";s:3:\"366\";s:18:\"HTTP_CACHE_CONTROL\";s:9:\"max-age=0\";s:11:\"HTTP_ACCEPT\";s:63:\"text/html,application/xhtml+xml,application/xml;q=0.9,*/*;q=0.8\";s:11:\"HTTP_ORIGIN\";s:26:\"http://demo2.woothemes.com\";s:12:\"CONTENT_TYPE\";s:33:\"application/x-www-form-urlencoded\";s:12:\"HTTP_REFERER\";s:65:\"http://demo2.woothemes.com/woocommerce/product/premium-quality-2/\";s:20:\"HTTP_ACCEPT_ENCODING\";s:17:\"gzip,deflate,sdch\";s:20:\"HTTP_ACCEPT_LANGUAGE\";s:14:\"en-US,en;q=0.8\";s:11:\"HTTP_COOKIE\";s:0:\"\";s:4:\"PATH\";s:28:\"/usr/local/bin:/usr/bin:/bin\";s:16:\"SERVER_SIGNATURE\";s:0:\"\";s:11:\"SERVER_NAME\";s:19:\"demo2.woothemes.com\";s:11:\"SERVER_ADDR\";s:9:\"127.0.0.1\";s:11:\"SERVER_PORT\";s:2:\"80\";s:11:\"REMOTE_ADDR\";s:13:\"188.221.1.167\";s:13:\"DOCUMENT_ROOT\";s:26:\"/nas/wp/www/sites/woodemo2\";s:12:\"SERVER_ADMIN\";s:18:\"[no address given]\";s:15:\"SCRIPT_FILENAME\";s:47:\"/nas/wp/www/sites/woodemo2/wp-comments-post.php\";s:11:\"REMOTE_PORT\";s:5:\"22513\";s:12:\"REDIRECT_URL\";s:33:\"/woocommerce/wp-comments-post.php\";s:17:\"GATEWAY_INTERFACE\";s:7:\"CGI/1.1\";s:15:\"SERVER_PROTOCOL\";s:8:\"HTTP/1.0\";s:14:\"REQUEST_METHOD\";s:4:\"POST\";s:12:\"QUERY_STRING\";s:0:\"\";s:11:\"SCRIPT_NAME\";s:21:\"/wp-comments-post.php\";s:8:\"PHP_SELF\";s:21:\"/wp-comments-post.php\";s:12:\"REQUEST_TIME\";s:10:\"1370608744\";s:25:\"comment_post_modified_gmt\";s:19:\"2013-06-07 11:27:38\";}'),
(158, 33, 'rating', '3'),
(159, 33, 'akismet_history', 'a:4:{s:4:\"time\";d:1370609036.19725894927978515625;s:7:\"message\";s:46:\"wooteam changed the comment status to approved\";s:5:\"event\";s:15:\"status-approved\";s:4:\"user\";s:7:\"wooteam\";}'),
(160, 34, 'akismet_error', '1370620529'),
(161, 34, 'akismet_history', 'a:4:{s:4:\"time\";d:1370620529.737782001495361328125;s:7:\"message\";s:92:\"Akismet was unable to check this comment (response: ), will automatically retry again later.\";s:5:\"event\";s:11:\"check-error\";s:4:\"user\";s:0:\"\";}'),
(162, 34, 'akismet_as_submitted', ''),
(163, 34, 'rating', '1'),
(164, 34, 'akismet_history', 'a:4:{s:4:\"time\";d:1370620633.7349870204925537109375;s:7:\"message\";s:46:\"wooteam changed the comment status to approved\";s:5:\"event\";s:15:\"status-approved\";s:4:\"user\";s:7:\"wooteam\";}'),
(165, 35, 'akismet_error', '1370620584'),
(166, 35, 'akismet_history', 'a:4:{s:4:\"time\";d:1370620584.252111911773681640625;s:7:\"message\";s:92:\"Akismet was unable to check this comment (response: ), will automatically retry again later.\";s:5:\"event\";s:11:\"check-error\";s:4:\"user\";s:0:\"\";}'),
(167, 35, 'akismet_as_submitted', 'a:66:{s:15:\"comment_post_ID\";i:76;s:14:\"comment_author\";s:5:\"Maria\";s:20:\"comment_author_email\";s:19:\"maria@woothemes.com\";s:18:\"comment_author_url\";N;s:15:\"comment_content\";s:44:\"He really is the cutest little man. Swoooon!\";s:12:\"comment_type\";s:0:\"\";s:14:\"comment_parent\";i:0;s:7:\"user_ID\";i:0;s:7:\"user_ip\";s:13:\"24.225.103.32\";s:10:\"user_agent\";s:120:\"Mozilla/5.0 (Macintosh; Intel Mac OS X 10_8_4) AppleWebKit/537.36 (KHTML, like Gecko) Chrome/27.0.1453.110 Safari/537.36\";s:8:\"referrer\";s:59:\"http://demo2.woothemes.com/woocommerce/product/woo-ninja-3/\";s:4:\"blog\";s:38:\"http://demo2.woothemes.com/woocommerce\";s:9:\"blog_lang\";s:5:\"en_US\";s:12:\"blog_charset\";s:5:\"UTF-8\";s:9:\"permalink\";s:59:\"http://demo2.woothemes.com/woocommerce/product/woo-ninja-3/\";s:21:\"akismet_comment_nonce\";s:6:\"passed\";s:11:\"POST_author\";s:5:\"Maria\";s:10:\"POST_email\";s:19:\"maria@woothemes.com\";s:11:\"POST_rating\";s:1:\"4\";s:12:\"POST_comment\";s:45:\"He really is the cutest little man. Swoooon! \";s:7:\"POST__n\";s:10:\"2145d644a3\";s:21:\"POST__wp_http_referer\";s:33:\"/woocommerce/product/woo-ninja-3/\";s:11:\"POST_submit\";s:13:\"Submit Review\";s:20:\"POST_comment_post_ID\";s:2:\"76\";s:19:\"POST_comment_parent\";s:1:\"0\";s:26:\"POST_akismet_comment_nonce\";s:10:\"29cab5ecf2\";s:15:\"SERVER_SOFTWARE\";s:6:\"Apache\";s:11:\"REQUEST_URI\";s:33:\"/woocommerce/wp-comments-post.php\";s:15:\"REDIRECT_IS_WPE\";s:1:\"1\";s:27:\"REDIRECT_WPE_CAN_WRITE_DISK\";s:1:\"0\";s:15:\"REDIRECT_STATUS\";s:3:\"200\";s:6:\"IS_WPE\";s:1:\"1\";s:18:\"WPE_CAN_WRITE_DISK\";s:1:\"0\";s:9:\"HTTP_HOST\";s:19:\"demo2.woothemes.com\";s:13:\"HTTP_X_LB_KEY\";s:8:\"woodemo2\";s:13:\"HTTP_X_IS_BOT\";s:1:\"0\";s:15:\"HTTP_USER_AGENT\";s:120:\"Mozilla/5.0 (Macintosh; Intel Mac OS X 10_8_4) AppleWebKit/537.36 (KHTML, like Gecko) Chrome/27.0.1453.110 Safari/537.36\";s:15:\"HTTP_CONNECTION\";s:5:\"close\";s:14:\"CONTENT_LENGTH\";s:3:\"268\";s:18:\"HTTP_CACHE_CONTROL\";s:9:\"max-age=0\";s:11:\"HTTP_ACCEPT\";s:63:\"text/html,application/xhtml+xml,application/xml;q=0.9,*/*;q=0.8\";s:11:\"HTTP_ORIGIN\";s:26:\"http://demo2.woothemes.com\";s:12:\"CONTENT_TYPE\";s:33:\"application/x-www-form-urlencoded\";s:12:\"HTTP_REFERER\";s:59:\"http://demo2.woothemes.com/woocommerce/product/woo-ninja-3/\";s:20:\"HTTP_ACCEPT_ENCODING\";s:17:\"gzip,deflate,sdch\";s:20:\"HTTP_ACCEPT_LANGUAGE\";s:14:\"en-US,en;q=0.8\";s:11:\"HTTP_COOKIE\";s:0:\"\";s:4:\"PATH\";s:28:\"/usr/local/bin:/usr/bin:/bin\";s:16:\"SERVER_SIGNATURE\";s:0:\"\";s:11:\"SERVER_NAME\";s:19:\"demo2.woothemes.com\";s:11:\"SERVER_ADDR\";s:9:\"127.0.0.1\";s:11:\"SERVER_PORT\";s:2:\"80\";s:11:\"REMOTE_ADDR\";s:13:\"24.225.103.32\";s:13:\"DOCUMENT_ROOT\";s:26:\"/nas/wp/www/sites/woodemo2\";s:12:\"SERVER_ADMIN\";s:18:\"[no address given]\";s:15:\"SCRIPT_FILENAME\";s:47:\"/nas/wp/www/sites/woodemo2/wp-comments-post.php\";s:11:\"REMOTE_PORT\";s:5:\"28885\";s:12:\"REDIRECT_URL\";s:33:\"/woocommerce/wp-comments-post.php\";s:17:\"GATEWAY_INTERFACE\";s:7:\"CGI/1.1\";s:15:\"SERVER_PROTOCOL\";s:8:\"HTTP/1.0\";s:14:\"REQUEST_METHOD\";s:4:\"POST\";s:12:\"QUERY_STRING\";s:0:\"\";s:11:\"SCRIPT_NAME\";s:21:\"/wp-comments-post.php\";s:8:\"PHP_SELF\";s:21:\"/wp-comments-post.php\";s:12:\"REQUEST_TIME\";s:10:\"1370620584\";s:25:\"comment_post_modified_gmt\";s:19:\"2013-06-07 11:28:45\";}'),
(168, 35, 'rating', '4'),
(169, 35, 'akismet_history', 'a:4:{s:4:\"time\";d:1370620633.352140903472900390625;s:7:\"message\";s:46:\"wooteam changed the comment status to approved\";s:5:\"event\";s:15:\"status-approved\";s:4:\"user\";s:7:\"wooteam\";}'),
(170, 5, 'verified', '0'),
(171, 6, 'verified', '0'),
(172, 7, 'verified', '0'),
(173, 9, 'verified', '0'),
(174, 10, 'verified', '0'),
(175, 14, 'verified', '0'),
(176, 15, 'verified', '0'),
(177, 16, 'verified', '0'),
(178, 17, 'verified', '0'),
(179, 18, 'verified', '0'),
(180, 29, 'verified', '0'),
(181, 30, 'verified', '0'),
(182, 31, 'verified', '0'),
(183, 32, 'verified', '0'),
(184, 33, 'verified', '0'),
(185, 34, 'verified', '0'),
(186, 11, 'verified', '0'),
(187, 12, 'verified', '0'),
(188, 13, 'verified', '0'),
(189, 35, 'verified', '0'),
(190, 19, 'verified', '0'),
(191, 20, 'verified', '0'),
(192, 21, 'verified', '0'),
(193, 22, 'verified', '0'),
(194, 23, 'verified', '0'),
(195, 24, 'verified', '0'),
(196, 25, 'verified', '0'),
(197, 26, 'verified', '0'),
(198, 8, 'verified', '0'),
(199, 27, 'verified', '0'),
(200, 28, 'verified', '0'),
(201, 2, 'verified', '0'),
(202, 3, 'verified', '0'),
(203, 4, 'verified', '0');

-- --------------------------------------------------------

--
-- Table structure for table `comments`
--

CREATE TABLE `comments` (
  `comment_ID` bigint(20) UNSIGNED NOT NULL,
  `comment_post_ID` bigint(20) UNSIGNED NOT NULL DEFAULT '0',
  `comment_author` tinytext COLLATE utf8_unicode_ci NOT NULL,
  `comment_author_email` varchar(100) COLLATE utf8_unicode_ci NOT NULL DEFAULT '',
  `comment_author_url` varchar(200) COLLATE utf8_unicode_ci NOT NULL DEFAULT '',
  `comment_author_IP` varchar(100) COLLATE utf8_unicode_ci NOT NULL DEFAULT '',
  `comment_date` datetime NOT NULL DEFAULT '0000-00-00 00:00:00',
  `comment_date_gmt` datetime NOT NULL DEFAULT '0000-00-00 00:00:00',
  `comment_content` text COLLATE utf8_unicode_ci NOT NULL,
  `comment_karma` int(11) NOT NULL DEFAULT '0',
  `comment_approved` varchar(20) COLLATE utf8_unicode_ci NOT NULL DEFAULT '1',
  `comment_agent` varchar(255) COLLATE utf8_unicode_ci NOT NULL DEFAULT '',
  `comment_type` varchar(20) COLLATE utf8_unicode_ci NOT NULL DEFAULT '',
  `comment_parent` bigint(20) UNSIGNED NOT NULL DEFAULT '0',
  `user_id` bigint(20) UNSIGNED NOT NULL DEFAULT '0'
) ENGINE=InnoDB DEFAULT CHARSET=utf8 COLLATE=utf8_unicode_ci ROW_FORMAT=DYNAMIC;

--
-- Dumping data for table `comments`
--

INSERT INTO `comments` (`comment_ID`, `comment_post_ID`, `comment_author`, `comment_author_email`, `comment_author_url`, `comment_author_IP`, `comment_date`, `comment_date_gmt`, `comment_content`, `comment_karma`, `comment_approved`, `comment_agent`, `comment_type`, `comment_parent`, `user_id`) VALUES
(1, 1, 'Mr WordPress', '', 'http://wedesignthemes.com/veda/', '', '2015-06-11 09:56:35', '2015-06-11 09:56:35', 'Hi, this is a comment.\nTo delete a comment, just log in and view the post&#039;s comments. There you will have the option to edit or delete them.', 0, '0', '', '', 0, 0),
(2, 4748, 'Cobus Bester', 'bester.c@gmail.com', '', '196.215.9.147', '2013-06-07 11:57:05', '2013-06-07 11:57:05', 'Simple and effective design. One of my favorites.', 0, '0', '', 'review', 0, 0),
(3, 4749, 'Cobus Bester', 'bester.c@gmail.com', '', '196.215.9.147', '2013-06-07 11:53:49', '2013-06-07 11:53:49', 'Wonderful quality, and an awesome design. WooThemes ftw!', 0, '0', '', 'review', 0, 0),
(4, 4749, 'Andrew', 'andrew@chromeorange.co.uk', '', '86.19.152.140', '2013-06-07 11:57:45', '2013-06-07 11:57:45', 'This t-shirt is awesome! Would recommend to everyone!\n\nI\'m ordering mine next week', 0, '0', '', 'review', 0, 0),
(5, 22, 'James Koster', 'james@jameskoster.co.uk', '', '86.146.141.82', '2013-06-07 11:43:13', '2013-06-07 11:43:13', 'Nice T-shirt, I got one in black. Goes with anything!', 0, '0', '', 'review', 0, 0),
(6, 22, 'Cobus Bester', 'bester.c@gmail.com', '', '196.215.9.147', '2013-06-07 11:55:15', '2013-06-07 11:55:15', 'Very comfortable shirt, and I love the graphic!', 0, '0', '', 'review', 0, 0),
(7, 22, 'Stuart', 'stuart@woothemes.com', '', '82.32.109.140', '2013-06-07 13:02:14', '2013-06-07 13:02:14', 'Great T-shirt quality, Great Design and Great Service.', 0, '0', '', 'review', 0, 0),
(8, 31, 'Cobus Bester', 'bester.c@gmail.com', '', '196.215.9.147', '2013-06-07 11:54:32', '2013-06-07 11:54:32', 'The ninja silhouette is one of my favorite designs. This is a great product.', 0, '0', '', 'review', 0, 0),
(9, 37, 'Stuart', 'stuart@woothemes.com', '', '82.32.109.140', '2013-06-07 13:01:25', '2013-06-07 13:01:25', 'This will go great with my Hoodie that I ordered a few weeks ago.', 0, '0', '', 'review', 0, 0),
(10, 37, 'Maria', 'maria@woothemes.com', '', '24.225.103.32', '2013-06-07 15:49:53', '2013-06-07 15:49:53', 'Love this shirt! The ninja near and dear to my heart. &lt;3', 0, '0', '', 'review', 0, 0),
(11, 40, 'Stuart', 'stuart@woothemes.com', '', '82.32.109.140', '2013-06-07 13:03:29', '2013-06-07 13:03:29', 'Another great quality product that anyone who see\'s me wearing has asked where to purchase one of their own.', 0, '0', '', 'review', 0, 0),
(12, 40, 'Ryan', 'ryan@woothemes.com', '', '99.153.225.252', '2013-06-07 13:24:52', '2013-06-07 13:24:52', 'This hoodie gets me lots of looks while out in public, I got the blue one and it\'s awesome. Not sure if people are looking at my hoodie only, or also at my rocking bod.', 0, '0', '', 'review', 0, 0),
(13, 40, 'Maria', 'maria@woothemes.com', '', '24.225.103.32', '2013-06-07 15:53:31', '2013-06-07 15:53:31', 'Ship it!', 0, '0', '', 'review', 0, 0),
(14, 47, 'Cobus Bester', 'bester.c@gmail.com', '', '196.215.9.147', '2013-06-07 11:57:59', '2013-06-07 11:57:59', 'This hoodie is great for those chilly winter days. I love the WooNinja!', 0, '0', '', 'review', 0, 0),
(15, 47, 'Maria', 'maria@woothemes.com', '', '24.225.103.32', '2013-06-07 15:53:13', '2013-06-07 15:53:13', 'Perfect for the lady Ninja in your life!', 0, '0', '', 'review', 0, 0),
(16, 50, 'James Koster', 'james@jameskoster.co.uk', '', '86.146.141.82', '2013-06-07 11:46:52', '2013-06-07 11:46:52', 'Perfect when you\'re sat at your computer, waiting for the next batch of Woo Goodies to be released. The Patient Ninja is Patient.', 0, '0', '', 'review', 0, 0),
(17, 50, 'Cobus Bester', 'bester.c@gmail.com', '', '196.215.9.147', '2013-06-07 11:53:13', '2013-06-07 11:53:13', 'The most comfortable hoodie I have ever owned!', 0, '0', '', 'review', 0, 0),
(18, 50, 'Magnus', 'magnus@woothemes.com', '', '79.161.106.35', '2013-06-07 12:04:03', '2013-06-07 12:04:03', 'This is my favorite hoodie!\n\nIf only it came in red as well!', 0, '0', '', 'review', 0, 0),
(19, 53, 'Andrew', 'andrew@chromeorange.co.uk', '', '86.19.152.140', '2013-06-07 11:54:51', '2013-06-07 11:54:51', 'I bought this thinking it was a nice green colour, apparently it GREY! I\'m colour blind so I don\'t care but my girlfriend says grey makes me look fat', 0, '0', '', 'review', 0, 0),
(20, 53, 'Maria', 'maria@woothemes.com', '', '24.225.103.32', '2013-06-07 15:50:22', '2013-06-07 15:50:22', 'I love grey hoodies! This is perfect with my grey Ninja shirt, when I get cold I throw this on and I can still be a Ninja.', 0, '0', '', 'review', 0, 0),
(21, 56, 'student', 'student@woothemes.com', '', '196.215.9.147', '2013-06-07 12:14:53', '2013-06-07 12:14:53', 'Perfect Hoodie for a Ninja!', 0, '0', '', 'review', 0, 0),
(22, 56, 'Coen Jacobs', 'coen@woothemes.com', '', '84.39.28.254', '2013-06-07 12:20:56', '2013-06-07 12:20:56', 'I have lots of hoodies, but none is as cool as this one!', 0, '0', '', 'review', 0, 0),
(23, 56, 'Dan', 'dan@woothemes.com', '', '188.221.1.167', '2013-06-07 12:41:42', '2013-06-07 12:41:42', 'I love hoodies, and ninjas, so what could be better than a ninja hoodie? Not much, if you ask me!', 0, '0', '', 'review', 0, 0),
(24, 56, 'Ryan', 'ryan@woothemes.com', '', '99.153.225.252', '2013-06-07 13:26:40', '2013-06-07 13:26:40', 'This is the most bombastic hoodie in this shop, it\'s soft and has the sly WooThemes ninja on it. Why wouldn\'t you buy this?', 0, '0', '', 'review', 0, 0),
(25, 56, 'Maria', 'maria@woothemes.com', '', '24.225.103.32', '2013-06-07 15:53:56', '2013-06-07 15:53:56', 'This only gets 1 star because I don\'t have this yet. I want it now!', 0, '0', '', 'review', 0, 0),
(26, 56, 'Gerhard', 'gerhard@woothemes.com', '', '72.251.244.9', '2013-06-08 09:37:42', '2013-06-08 09:37:42', 'The best hoodie ever!', 0, '0', '', 'review', 0, 0),
(27, 4750, 'Magnus', 'magnus@woothemes.com', '', '79.161.106.35', '2013-06-07 12:04:33', '2013-06-07 12:04:33', 'I like the logo but not the color.', 0, '0', '', 'review', 0, 0),
(28, 4750, 'Maria', 'maria@woothemes.com', '', '24.225.103.32', '2013-06-07 15:54:25', '2013-06-07 15:54:25', 'Three letters, one word: WOO!', 0, '0', '', 'review', 0, 0),
(29, 4751, 'Cobus Bester', 'bester.c@gmail.com', '', '196.215.9.147', '2013-06-07 11:52:25', '2013-06-07 11:52:25', 'Really happy with this print. The colors are great, and the paper quality is good too.', 0, '0', '', 'review', 0, 0),
(30, 4751, 'Andrew', 'andrew@chromeorange.co.uk', '', '86.19.152.140', '2013-06-07 11:56:36', '2013-06-07 11:56:36', 'You only get the picture, not the person holding it, something they don\'t mention in the description, now I\'ve got to find my own person', 0, '0', '', 'review', 0, 0),
(31, 4751, 'Coen Jacobs', 'coen@woothemes.com', '', '84.39.28.254', '2013-06-07 12:19:25', '2013-06-07 12:19:25', 'This is my favorite poster. In fact, I\'ve ordered 5 of them!', 0, '0', '', 'review', 0, 0),
(32, 4751, 'Stuart', 'stuart@woothemes.com', '', '82.32.109.140', '2013-06-07 12:59:49', '2013-06-07 12:59:49', 'This is a fantastic quality print and is happily hanging framed on my wall now.', 0, '0', '', 'review', 0, 0),
(33, 4752, 'Dan', 'dan@woothemes.com', '', '188.221.1.167', '2013-06-07 12:39:04', '2013-06-07 12:39:04', 'I thought I was buying a man holding a poster, but when it arrived it was just the poster. Cool poster though, so I\'ll give it 3 stars!', 0, '0', '', 'review', 0, 0),
(34, 4752, 'Maria', 'maria@woothemes.com', '', '24.225.103.32', '2013-06-07 15:55:29', '2013-06-07 15:55:29', 'I didn\'t expect this poster to arrive folded. Now there are lines on the poster and one sad Ninja.', 0, '0', '', 'review', 0, 0),
(35, 76, 'Maria', 'maria@woothemes.com', '', '24.225.103.32', '2013-06-07 15:56:24', '2013-06-07 15:56:24', 'He really is the cutest little man. Swoooon!', 0, '0', '', 'review', 0, 0),
(36, 6833, 'WooCommerce', 'woocommerce@wedesignthemes.com', '', '', '2016-02-22 07:27:42', '2016-02-22 07:27:42', 'Awaiting BACS payment Order status changed from Pending Payment to On Hold.', 0, '1', 'WooCommerce', 'order_note', 0, 0),
(37, 1, 'uhuadaeq', 'ewudpo@we.domailnew.com', '', '127.0.0.1', '2018-03-09 08:43:04', '2018-03-09 08:43:04', 'http://levitra-20mg-priceof.online/ - levitra-20mg-priceof.online.ankor <a href=\"http://pricespharmacy-canadian.online/\" rel=\"nofollow\">pricespharmacy-canadian.online.ankor</a> http://buy-amoxicillin-amoxil.online/', 0, 'spam', 'Mozilla/5.0 (Windows NT 6.1; WOW64) AppleWebKit/537.36 (KHTML, like Gecko) Chrome/63.0.3223.8 Safari/537.36', '', 0, 0),
(38, 1, 'desoyxohacbo', 'ejagoco@asss.mailerokdf.com', '', '127.0.0.1', '2018-03-09 08:49:36', '2018-03-09 08:49:36', 'http://levitra-20mg-priceof.online/ - levitra-20mg-priceof.online.ankor <a href=\"http://pricespharmacy-canadian.online/\" rel=\"nofollow\">pricespharmacy-canadian.online.ankor</a> http://buy-amoxicillin-amoxil.online/', 0, 'spam', 'Mozilla/5.0 (Windows NT 7.1; Win64; rv:43.1) Gecko/20100101 Firefox/43.1', '', 0, 0),
(39, 1, 'ohosinoxoe', 'ifjatu@dsdsd.domailnew.com', '', '127.0.0.1', '2018-03-09 09:03:00', '2018-03-09 09:03:00', 'http://levitra-20mg-priceof.online/ - levitra-20mg-priceof.online.ankor <a href=\"http://pricespharmacy-canadian.online/\" rel=\"nofollow\">pricespharmacy-canadian.online.ankor</a> http://buy-amoxicillin-amoxil.online/', 0, 'spam', 'Mozilla/5.0 (Windows NT 10.0; Win64; x64) AppleWebKit/537.36 (KHTML, like Gecko) Chrome/58.0.3029.110 Safari/537.36', '', 0, 0),
(40, 1, 'obecihicoxbeg', 'ejodijx@asas.domailnew.com', '', '127.0.0.1', '2018-03-09 09:18:43', '2018-03-09 09:18:43', 'http://levitra-20mg-priceof.online/ - levitra-20mg-priceof.online.ankor <a href=\"http://pricespharmacy-canadian.online/\" rel=\"nofollow\">pricespharmacy-canadian.online.ankor</a> http://buy-amoxicillin-amoxil.online/', 0, 'spam', 'Mozilla/5.0 (Windows NT 6.1; WOW64) AppleWebKit/537.36 (KHTML, like Gecko) Chrome/62.0.3202.89 Safari/537.36 OPR/49.0.2725.47 (Edition Yx)', '', 0, 0),
(41, 1, 'kvuujisi', 'okuquk@asas.domailnew.com', '', '127.0.0.1', '2018-03-09 09:33:53', '2018-03-09 09:33:53', 'http://levitra-20mg-priceof.online/ - levitra-20mg-priceof.online.ankor <a href=\"http://pricespharmacy-canadian.online/\" rel=\"nofollow\">pricespharmacy-canadian.online.ankor</a> http://buy-amoxicillin-amoxil.online/', 0, 'spam', 'Mozilla/5.0 (Windows NT 6.1; Win64; x64) AppleWebKit/537.36 (KHTML, like Gecko) Chrome/61.0.3163.100 Safari/537.36', '', 0, 0),
(42, 1, 'olafewekb', 'ijulilog@asas.domailnew.com', '', '127.0.0.1', '2018-03-09 09:51:42', '2018-03-09 09:51:42', 'http://levitra-20mg-priceof.online/ - levitra-20mg-priceof.online.ankor <a href=\"http://pricespharmacy-canadian.online/\" rel=\"nofollow\">pricespharmacy-canadian.online.ankor</a> http://buy-amoxicillin-amoxil.online/', 0, 'spam', 'Mozilla/5.0 (Windows NT 8.1; WOW64; rv:32.1) Gecko/20100101 Firefox/32.1', '', 0, 0),
(43, 1, 'ejotuqavter', 'umiliije@asas.domailnew.com', '', '127.0.0.1', '2018-03-09 10:07:45', '2018-03-09 10:07:45', 'http://levitra-20mg-priceof.online/ - levitra-20mg-priceof.online.ankor <a href=\"http://pricespharmacy-canadian.online/\" rel=\"nofollow\">pricespharmacy-canadian.online.ankor</a> http://buy-amoxicillin-amoxil.online/', 0, 'spam', 'Mozilla/5.0 (Windows NT 8.1; WOW64; rv:32.1) Gecko/20100101 Firefox/32.1', '', 0, 0),
(44, 1, 'ehhusoxuvli', 'uxazuq@asas.domailnew.com', '', '127.0.0.1', '2018-03-09 15:50:54', '2018-03-09 15:50:54', 'http://levitra-20mg-priceof.online/ - levitra-20mg-priceof.online.ankor <a href=\"http://pricespharmacy-canadian.online/\" rel=\"nofollow\">pricespharmacy-canadian.online.ankor</a> http://buy-amoxicillin-amoxil.online/', 0, 'spam', 'Mozilla/5.0 (Windows NT 10.0; WOW64; rv:30.0) Gecko/20100101 Firefox/30.0', '', 0, 0),
(45, 1, 'lorucurixeu', 'oseafuir@asas.domailnew.com', '', '127.0.0.1', '2018-03-09 16:05:58', '2018-03-09 16:05:58', 'http://levitra-20mg-priceof.online/ - levitra-20mg-priceof.online.ankor <a href=\"http://pricespharmacy-canadian.online/\" rel=\"nofollow\">pricespharmacy-canadian.online.ankor</a> http://buy-amoxicillin-amoxil.online/', 0, 'spam', 'Mozilla/5.0 (Windows NT 10.0; Win64; x64) AppleWebKit/537.36 (KHTML, like Gecko) Chrome/61.0.3163.100 Safari/537.36', '', 0, 0),
(46, 1, 'waiwpoxojeja', 'oyolawi@emm.domailnew.com', '', '127.0.0.1', '2018-03-13 10:09:03', '2018-03-13 10:09:03', 'http://levitra-20mg-priceof.online/ - levitra-20mg-priceof.online.ankor <a href=\"http://pricespharmacy-canadian.online/\" rel=\"nofollow\">pricespharmacy-canadian.online.ankor</a> http://buy-amoxicillin-amoxil.online/', 0, 'spam', 'Mozilla/5.0 (Windows NT 10.0; Win64; x64) AppleWebKit/537.36 (KHTML, like Gecko) Chrome/42.0.2311.135 Safari/537.36 Edge/12.10240', '', 0, 0),
(47, 1, 'omobeoejinun', 'eheijisri@q.dfokamail.com', '', '127.0.0.1', '2018-03-13 10:22:48', '2018-03-13 10:22:48', 'http://levitra-20mg-priceof.online/ - levitra-20mg-priceof.online.ankor <a href=\"http://pricespharmacy-canadian.online/\" rel=\"nofollow\">pricespharmacy-canadian.online.ankor</a> http://buy-amoxicillin-amoxil.online/', 0, 'spam', 'Mozilla/5.0 (Windows NT 6.1; rv:52.0) Gecko/20100101 Firefox/52.0', '', 0, 0),
(48, 1, 'arivajovebi', 'rahisasee@mail.domailnew.com', '', '127.0.0.1', '2018-03-13 10:23:11', '2018-03-13 10:23:11', 'http://levitra-20mg-priceof.online/ - levitra-20mg-priceof.online.ankor <a href=\"http://pricespharmacy-canadian.online/\" rel=\"nofollow\">pricespharmacy-canadian.online.ankor</a> http://buy-amoxicillin-amoxil.online/', 0, 'spam', 'Mozilla/5.0 (Windows NT 6.1; WOW64) AppleWebKit/537.36 (KHTML, like Gecko) Chrome/61.0.3163.100 YaBrowser/17.10.0.2017 Yowser/2.5 Safari/537.36', '', 0, 0),
(49, 1, 'apovosuxivah', 'ecinof@emm.domailnew.com', '', '127.0.0.1', '2018-03-13 10:24:37', '2018-03-13 10:24:37', 'http://levitra-20mg-priceof.online/ - levitra-20mg-priceof.online.ankor <a href=\"http://pricespharmacy-canadian.online/\" rel=\"nofollow\">pricespharmacy-canadian.online.ankor</a> http://buy-amoxicillin-amoxil.online/', 0, 'spam', 'Mozilla/5.0 (Windows NT 7.0; rv:33.1) Gecko/20100101 Firefox/33.1', '', 0, 0),
(50, 1, 'ukumiqeb', 'ewecin@asss.mailerokdf.com', '', '127.0.0.1', '2018-03-13 10:36:58', '2018-03-13 10:36:58', 'http://levitra-20mg-priceof.online/ - levitra-20mg-priceof.online.ankor <a href=\"http://pricespharmacy-canadian.online/\" rel=\"nofollow\">pricespharmacy-canadian.online.ankor</a> http://buy-amoxicillin-amoxil.online/', 0, 'spam', 'Mozilla/5.0 (Windows NT 6.3; Win64; x64) AppleWebKit/537.36 (KHTML, like Gecko) Chrome/62.0.3202.89 Safari/537.36 OPR/49.0.2725.47', '', 0, 0),
(51, 1, 'vakaohaqbuili', 'uenasoyy@q.dfokamail.com', '', '127.0.0.1', '2018-03-13 10:39:08', '2018-03-13 10:39:08', 'http://levitra-20mg-priceof.online/ - levitra-20mg-priceof.online.ankor <a href=\"http://pricespharmacy-canadian.online/\" rel=\"nofollow\">pricespharmacy-canadian.online.ankor</a> http://buy-amoxicillin-amoxil.online/', 0, 'spam', 'Mozilla/5.0 (Windows NT 10.0; Win64; x64) AppleWebKit/537.36 (KHTML, like Gecko) Chrome/61.0.3163.100 Safari/537.36', '', 0, 0),
(52, 1, 'exofiahuv', 'iyseheve@dsdsd.domailnew.com', '', '127.0.0.1', '2018-03-13 10:45:44', '2018-03-13 10:45:44', 'http://levitra-20mg-priceof.online/ - levitra-20mg-priceof.online.ankor <a href=\"http://pricespharmacy-canadian.online/\" rel=\"nofollow\">pricespharmacy-canadian.online.ankor</a> http://buy-amoxicillin-amoxil.online/', 0, 'spam', 'Mozilla/5.0 (Windows NT 10.0; Win64; x64) AppleWebKit/537.36 (KHTML, like Gecko) Chrome/62.0.3202.94 Safari/537.36', '', 0, 0),
(53, 1, 'awyanore', 'osinaqi@asss.mailerokdf.com', '', '127.0.0.1', '2018-03-13 10:55:55', '2018-03-13 10:55:55', 'http://levitra-20mg-priceof.online/ - levitra-20mg-priceof.online.ankor <a href=\"http://pricespharmacy-canadian.online/\" rel=\"nofollow\">pricespharmacy-canadian.online.ankor</a> http://buy-amoxicillin-amoxil.online/', 0, 'spam', 'Mozilla/5.0 (Windows NT 6.1; rv:37.1) Gecko/20100101 Firefox/37.1', '', 0, 0),
(54, 1, 'uhedolo', 'ozitalud@y.dfokamail.com', '', '127.0.0.1', '2018-03-13 10:59:12', '2018-03-13 10:59:12', 'http://levitra-20mg-priceof.online/ - levitra-20mg-priceof.online.ankor <a href=\"http://pricespharmacy-canadian.online/\" rel=\"nofollow\">pricespharmacy-canadian.online.ankor</a> http://buy-amoxicillin-amoxil.online/', 0, 'spam', 'Mozilla/5.0 (Windows NT 10.0; Win64; x64) AppleWebKit/537.36 (KHTML, like Gecko) Chrome/62.0.3202.89 Safari/537.36 OPR/49.0.2725.47', '', 0, 0),
(55, 1, 'ivubiqugecac', 'cevozewaz@we.domailnew.com', '', '127.0.0.1', '2018-03-13 10:59:37', '2018-03-13 10:59:37', 'http://levitra-20mg-priceof.online/ - levitra-20mg-priceof.online.ankor <a href=\"http://pricespharmacy-canadian.online/\" rel=\"nofollow\">pricespharmacy-canadian.online.ankor</a> http://buy-amoxicillin-amoxil.online/', 0, 'spam', 'Mozilla/5.0 (Windows NT 10.0; Win64; x64) AppleWebKit/537.36 (KHTML, like Gecko) Chrome/63.0.3239.84 Safari/537.36', '', 0, 0),
(56, 1, 'jmedonuuhezi', 'iquzuv@dsdsd.domailnew.com', '', '127.0.0.1', '2018-03-13 11:01:18', '2018-03-13 11:01:18', 'http://levitra-20mg-priceof.online/ - levitra-20mg-priceof.online.ankor <a href=\"http://pricespharmacy-canadian.online/\" rel=\"nofollow\">pricespharmacy-canadian.online.ankor</a> http://buy-amoxicillin-amoxil.online/', 0, 'spam', 'Mozilla/5.0 (Windows NT 10.1; WOW64; rv:35.0) Gecko/20100101 Firefox/35.0', '', 0, 0),
(57, 1, 'ioyujoaifou', 'akokakyed@y.dfokamail.com', '', '127.0.0.1', '2018-03-13 11:14:47', '2018-03-13 11:14:47', 'http://levitra-20mg-priceof.online/ - levitra-20mg-priceof.online.ankor <a href=\"http://pricespharmacy-canadian.online/\" rel=\"nofollow\">pricespharmacy-canadian.online.ankor</a> http://buy-amoxicillin-amoxil.online/', 0, 'spam', 'Mozilla/5.0 (Windows NT 10.0; WOW64; rv:45.0) Gecko/20100101 Firefox/45.0', '', 0, 0),
(58, 1, 'ahucelep', 'qoqzuzud@we.domailnew.com', '', '127.0.0.1', '2018-03-13 11:15:12', '2018-03-13 11:15:12', 'http://levitra-20mg-priceof.online/ - levitra-20mg-priceof.online.ankor <a href=\"http://pricespharmacy-canadian.online/\" rel=\"nofollow\">pricespharmacy-canadian.online.ankor</a> http://buy-amoxicillin-amoxil.online/', 0, 'spam', 'Mozilla/5.0 (Windows NT 10.0) AppleWebKit/537.36 (KHTML, like Gecko) Chrome/62.0.3202.94 Safari/537.36', '', 0, 0),
(59, 1, 'wujupivonileb', 'opaisa@mail.domailnew.com', '', '127.0.0.1', '2018-03-22 01:56:00', '2018-03-22 01:56:00', 'http://doxycycline-cheapbuy.site/ - doxycycline-cheapbuy.site.ankor <a href=\"http://onlinebuycytotec.site/\" rel=\"nofollow\">onlinebuycytotec.site.ankor</a> http://tadalafilcialis-cheapestprice.site/', 0, 'spam', 'Mozilla/5.0 (Windows NT 8.1; Win64; rv:31.0) Gecko/20100101 Firefox/31.0', '', 0, 0),
(60, 1, 'emosuweyi', 'usacuji@emm.domailnew.com', '', '127.0.0.1', '2018-03-22 01:56:20', '2018-03-22 01:56:20', 'http://doxycycline-cheapbuy.site/ - doxycycline-cheapbuy.site.ankor <a href=\"http://onlinebuycytotec.site/\" rel=\"nofollow\">onlinebuycytotec.site.ankor</a> http://tadalafilcialis-cheapestprice.site/', 0, 'spam', 'Mozilla/5.0 (Macintosh; Intel Mac OS X 10_13_1) AppleWebKit/604.3.5 (KHTML, like Gecko) Version/11.0.1 Safari/604.3.5', '', 0, 0),
(61, 1, 'iwalusep', 'uzuzedu@aas.domailnew.com', '', '127.0.0.1', '2018-03-22 09:58:48', '2018-03-22 09:58:48', 'http://doxycycline-cheapbuy.site/ - doxycycline-cheapbuy.site.ankor <a href=\"http://onlinebuycytotec.site/\" rel=\"nofollow\">onlinebuycytotec.site.ankor</a> http://tadalafilcialis-cheapestprice.site/', 0, 'spam', 'Mozilla/5.0 (Windows NT 10.0; WOW64; rv:45.0) Gecko/20100101 Firefox/45.0', '', 0, 0),
(62, 1, 'omkoynex', 'ukneabaci@aas.domailnew.com', '', '127.0.0.1', '2018-03-22 10:16:56', '2018-03-22 10:16:56', 'http://doxycycline-cheapbuy.site/ - doxycycline-cheapbuy.site.ankor <a href=\"http://onlinebuycytotec.site/\" rel=\"nofollow\">onlinebuycytotec.site.ankor</a> http://tadalafilcialis-cheapestprice.site/', 0, 'spam', 'Mozilla/5.0 (Windows NT 6.1; Win64; x64; rv:56.0) Gecko/20100101 Firefox/56.0', '', 0, 0),
(282, 12165, 'ActionScheduler', '', '', '', '2019-12-26 19:09:46', '2019-12-26 19:09:46', 'action created', 0, '1', 'ActionScheduler', 'action_log', 0, 0),
(283, 12165, 'ActionScheduler', '', '', '', '2020-01-02 19:09:53', '2020-01-02 19:09:53', 'action started', 0, '1', 'ActionScheduler', 'action_log', 0, 0),
(284, 12165, 'ActionScheduler', '', '', '', '2020-01-02 19:09:54', '2020-01-02 19:09:54', 'action complete', 0, '1', 'ActionScheduler', 'action_log', 0, 0),
(285, 12194, 'ActionScheduler', '', '', '', '2020-01-02 19:09:54', '2020-01-02 19:09:54', 'action created', 0, '1', 'ActionScheduler', 'action_log', 0, 0),
(286, 12194, 'ActionScheduler', '', '', '', '2020-01-09 19:10:47', '2020-01-09 19:10:47', 'action started', 0, '1', 'ActionScheduler', 'action_log', 0, 0),
(287, 12194, 'ActionScheduler', '', '', '', '2020-01-09 19:10:48', '2020-01-09 19:10:48', 'action complete', 0, '1', 'ActionScheduler', 'action_log', 0, 0),
(288, 12196, 'ActionScheduler', '', '', '', '2020-01-09 19:10:49', '2020-01-09 19:10:49', 'action created', 0, '1', 'ActionScheduler', 'action_log', 0, 0),
(289, 12196, 'ActionScheduler', '', '', '', '2020-01-16 19:10:57', '2020-01-16 19:10:57', 'action started', 0, '1', 'ActionScheduler', 'action_log', 0, 0),
(290, 12196, 'ActionScheduler', '', '', '', '2020-01-16 19:10:58', '2020-01-16 19:10:58', 'action complete', 0, '1', 'ActionScheduler', 'action_log', 0, 0),
(291, 12282, 'ActionScheduler', '', '', '', '2020-01-16 19:10:58', '2020-01-16 19:10:58', 'action created', 0, '1', 'ActionScheduler', 'action_log', 0, 0),
(292, 12282, 'ActionScheduler', '', '', '', '2020-01-23 19:12:07', '2020-01-23 19:12:07', 'action started', 0, '1', 'ActionScheduler', 'action_log', 0, 0),
(293, 12282, 'ActionScheduler', '', '', '', '2020-01-23 19:12:07', '2020-01-23 19:12:07', 'action complete', 0, '1', 'ActionScheduler', 'action_log', 0, 0),
(294, 12400, 'ActionScheduler', '', '', '', '2020-01-23 19:12:08', '2020-01-23 19:12:08', 'action created', 0, '1', 'ActionScheduler', 'action_log', 0, 0),
(295, 12416, 'ActionScheduler', '', '', '', '2020-01-27 20:04:33', '2020-01-27 20:04:33', 'action created', 0, '1', 'ActionScheduler', 'action_log', 0, 0),
(296, 12417, 'ActionScheduler', '', '', '', '2020-01-27 20:04:33', '2020-01-27 20:04:33', 'action created', 0, '1', 'ActionScheduler', 'action_log', 0, 0),
(297, 12418, 'ActionScheduler', '', '', '', '2020-01-27 20:04:33', '2020-01-27 20:04:33', 'action created', 0, '1', 'ActionScheduler', 'action_log', 0, 0),
(298, 12419, 'ActionScheduler', '', '', '', '2020-01-27 20:04:47', '2020-01-27 20:04:47', 'action created', 0, '1', 'ActionScheduler', 'action_log', 0, 0),
(299, 12420, 'ActionScheduler', '', '', '', '2020-01-27 20:04:47', '2020-01-27 20:04:47', 'action created', 0, '1', 'ActionScheduler', 'action_log', 0, 0),
(300, 12421, 'ActionScheduler', '', '', '', '2020-01-27 20:04:47', '2020-01-27 20:04:47', 'action created', 0, '1', 'ActionScheduler', 'action_log', 0, 0),
(301, 12422, 'ActionScheduler', '', '', '', '2020-01-27 20:04:57', '2020-01-27 20:04:57', 'action created', 0, '1', 'ActionScheduler', 'action_log', 0, 0),
(302, 12423, 'ActionScheduler', '', '', '', '2020-01-27 20:04:57', '2020-01-27 20:04:57', 'action created', 0, '1', 'ActionScheduler', 'action_log', 0, 0),
(303, 12424, 'ActionScheduler', '', '', '', '2020-01-27 20:04:57', '2020-01-27 20:04:57', 'action created', 0, '1', 'ActionScheduler', 'action_log', 0, 0),
(304, 12416, 'ActionScheduler', '', '', '', '2020-01-27 20:05:56', '2020-01-27 20:05:56', 'action started', 0, '1', 'ActionScheduler', 'action_log', 0, 0),
(305, 12416, 'ActionScheduler', '', '', '', '2020-01-27 20:05:57', '2020-01-27 20:05:57', 'action complete', 0, '1', 'ActionScheduler', 'action_log', 0, 0),
(306, 12417, 'ActionScheduler', '', '', '', '2020-01-27 20:05:57', '2020-01-27 20:05:57', 'action started', 0, '1', 'ActionScheduler', 'action_log', 0, 0),
(307, 12417, 'ActionScheduler', '', '', '', '2020-01-27 20:05:57', '2020-01-27 20:05:57', 'action complete', 0, '1', 'ActionScheduler', 'action_log', 0, 0),
(308, 12418, 'ActionScheduler', '', '', '', '2020-01-27 20:05:57', '2020-01-27 20:05:57', 'action started', 0, '1', 'ActionScheduler', 'action_log', 0, 0),
(309, 12418, 'ActionScheduler', '', '', '', '2020-01-27 20:05:57', '2020-01-27 20:05:57', 'action complete', 0, '1', 'ActionScheduler', 'action_log', 0, 0),
(310, 12419, 'ActionScheduler', '', '', '', '2020-01-27 20:05:57', '2020-01-27 20:05:57', 'action started', 0, '1', 'ActionScheduler', 'action_log', 0, 0),
(311, 12419, 'ActionScheduler', '', '', '', '2020-01-27 20:05:58', '2020-01-27 20:05:58', 'action complete', 0, '1', 'ActionScheduler', 'action_log', 0, 0),
(312, 12420, 'ActionScheduler', '', '', '', '2020-01-27 20:05:58', '2020-01-27 20:05:58', 'action started', 0, '1', 'ActionScheduler', 'action_log', 0, 0),
(313, 12420, 'ActionScheduler', '', '', '', '2020-01-27 20:05:58', '2020-01-27 20:05:58', 'action complete', 0, '1', 'ActionScheduler', 'action_log', 0, 0),
(314, 12421, 'ActionScheduler', '', '', '', '2020-01-27 20:05:58', '2020-01-27 20:05:58', 'action started', 0, '1', 'ActionScheduler', 'action_log', 0, 0),
(315, 12421, 'ActionScheduler', '', '', '', '2020-01-27 20:05:58', '2020-01-27 20:05:58', 'action complete', 0, '1', 'ActionScheduler', 'action_log', 0, 0),
(316, 12422, 'ActionScheduler', '', '', '', '2020-01-27 20:05:58', '2020-01-27 20:05:58', 'action started', 0, '1', 'ActionScheduler', 'action_log', 0, 0),
(317, 12422, 'ActionScheduler', '', '', '', '2020-01-27 20:05:58', '2020-01-27 20:05:58', 'action complete', 0, '1', 'ActionScheduler', 'action_log', 0, 0),
(318, 12423, 'ActionScheduler', '', '', '', '2020-01-27 20:05:58', '2020-01-27 20:05:58', 'action started', 0, '1', 'ActionScheduler', 'action_log', 0, 0),
(319, 12423, 'ActionScheduler', '', '', '', '2020-01-27 20:06:00', '2020-01-27 20:06:00', 'action complete', 0, '1', 'ActionScheduler', 'action_log', 0, 0),
(320, 12424, 'ActionScheduler', '', '', '', '2020-01-27 20:06:00', '2020-01-27 20:06:00', 'action started', 0, '1', 'ActionScheduler', 'action_log', 0, 0),
(321, 12424, 'ActionScheduler', '', '', '', '2020-01-27 20:06:00', '2020-01-27 20:06:00', 'action complete', 0, '1', 'ActionScheduler', 'action_log', 0, 0),
(322, 12400, 'ActionScheduler', '', '', '', '2020-01-30 19:23:37', '2020-01-30 19:23:37', 'action started', 0, '1', 'ActionScheduler', 'action_log', 0, 0),
(323, 12400, 'ActionScheduler', '', '', '', '2020-01-30 19:23:37', '2020-01-30 19:23:37', 'action complete', 0, '1', 'ActionScheduler', 'action_log', 0, 0),
(324, 12463, 'ActionScheduler', '', '', '', '2020-01-30 19:23:38', '2020-01-30 19:23:38', 'action created', 0, '1', 'ActionScheduler', 'action_log', 0, 0);

-- --------------------------------------------------------

--
-- Table structure for table `ip_geo_block_cache`
--

CREATE TABLE `ip_geo_block_cache` (
  `No` bigint(20) UNSIGNED NOT NULL,
  `time` int(10) UNSIGNED NOT NULL DEFAULT '0',
  `hook` varchar(8) COLLATE utf8mb4_unicode_520_ci NOT NULL,
  `ip` varbinary(96) NOT NULL,
  `asn` varchar(8) COLLATE utf8mb4_unicode_520_ci DEFAULT NULL,
  `code` varchar(2) COLLATE utf8mb4_unicode_520_ci NOT NULL DEFAULT 'ZZ',
  `auth` int(10) UNSIGNED NOT NULL DEFAULT '0',
  `fail` int(10) UNSIGNED NOT NULL DEFAULT '0',
  `reqs` int(10) UNSIGNED NOT NULL DEFAULT '0',
  `last` int(10) UNSIGNED NOT NULL DEFAULT '0',
  `view` int(10) UNSIGNED NOT NULL DEFAULT '0',
  `host` varbinary(512) DEFAULT NULL
) ENGINE=MyISAM DEFAULT CHARSET=utf8mb4 COLLATE=utf8mb4_unicode_520_ci;

--
-- Dumping data for table `ip_geo_block_cache`
--

INSERT INTO `ip_geo_block_cache` (`No`, `time`, `hook`, `ip`, `asn`, `code`, `auth`, `fail`, `reqs`, `last`, `view`, `host`) VALUES
(13, 1580310309, 'admin', 0x2e55f1cfe839a5c90924202ff02bf4fb, '', 'RO', 0, 0, 1, 1580310309, 1, 0x36a5cf8440d6fe31163627a555238a76);

-- --------------------------------------------------------

--
-- Table structure for table `ip_geo_block_logs`
--

CREATE TABLE `ip_geo_block_logs` (
  `No` bigint(20) UNSIGNED NOT NULL,
  `time` int(10) UNSIGNED NOT NULL DEFAULT '0',
  `ip` varbinary(96) NOT NULL,
  `asn` varchar(8) COLLATE utf8mb4_unicode_520_ci DEFAULT NULL,
  `hook` varchar(8) COLLATE utf8mb4_unicode_520_ci NOT NULL,
  `auth` int(10) UNSIGNED NOT NULL DEFAULT '0',
  `code` varchar(2) COLLATE utf8mb4_unicode_520_ci NOT NULL DEFAULT 'ZZ',
  `result` varchar(8) COLLATE utf8mb4_unicode_520_ci DEFAULT NULL,
  `method` varchar(255) COLLATE utf8mb4_unicode_520_ci NOT NULL,
  `user_agent` varchar(255) COLLATE utf8mb4_unicode_520_ci DEFAULT NULL,
  `headers` varbinary(512) DEFAULT NULL,
  `data` text COLLATE utf8mb4_unicode_520_ci
) ENGINE=MyISAM DEFAULT CHARSET=utf8mb4 COLLATE=utf8mb4_unicode_520_ci;

--
-- Dumping data for table `ip_geo_block_logs`
--

INSERT INTO `ip_geo_block_logs` (`No`, `time`, `ip`, `asn`, `hook`, `auth`, `code`, `result`, `method`, `user_agent`, `headers`, `data`) VALUES
(1, 1580168572, 0x656bf73f002e31816dffb999dfac65fe, '', 'admin', 0, 'ZZ', 'blocked', 'GET[80]:/wp-admin/admin-ajax.php?action=wordfence_wafStatus&nonce=3fa29ebeb28fbfe5148434fdfdf7a8b4f5d16e3090cc56c956b91b3d7a5b15b9', 'WordPress/5.3.2; http://activdent.ro', 0x36a5cf8440d6fe31163627a555238a76, ''),
(2, 1580205593, 0x87c637588517fc6d31a950d955c26d48, '', 'xmlrpc', 0, 'GB', 'blocked', 'POST[80]:/xmlrpc.php', 'Mozilla/5.0 (Windows NT 10.0; Win64; x64) AppleWebKit/537.36 (KHTML, like Gecko) Chrome/76.0.3809.132 Safari/537.36', 0x04b9c0f8b7c4ddc0760be729cca17b76b17eb04c624f13bf15fbfc649abe5cc8, '<?xml version=\"1.0\"?><methodCall><methodName>system.multicall</methodName><params><param><value><array><data><value><struct><member><name>methodName</name><value><string>wp.getUsersBlogs</string></value></member><member><name>params</name><value><array><d…'),
(3, 1580301465, 0x3559f19cadcbf0b039eea4f5f4220ba6, '', 'login', 0, 'FR', 'blocked', 'GET[80]:/wp-login.php', 'Mozilla/5.0 (X11; Ubuntu; Linux x86_64; rv:62.0) Gecko/20100101 Firefox/62.0', 0x36a5cf8440d6fe31163627a555238a76, '');

-- --------------------------------------------------------

--
-- Table structure for table `ip_geo_block_stat`
--

CREATE TABLE `ip_geo_block_stat` (
  `No` tinyint(4) UNSIGNED NOT NULL,
  `data` longtext COLLATE utf8mb4_unicode_520_ci
) ENGINE=MyISAM DEFAULT CHARSET=utf8mb4 COLLATE=utf8mb4_unicode_520_ci;

--
-- Dumping data for table `ip_geo_block_stat`
--

INSERT INTO `ip_geo_block_stat` (`No`, `data`) VALUES
(1, 'a:7:{s:7:\"blocked\";i:3;s:7:\"unknown\";i:0;s:4:\"IPv4\";i:3;s:4:\"IPv6\";i:0;s:9:\"countries\";a:3:{s:2:\"ZZ\";i:1;s:2:\"GB\";i:1;s:2:\"FR\";i:1;}s:9:\"providers\";a:2:{s:5:\"Cache\";a:2:{s:5:\"count\";i:1;s:4:\"time\";d:0.0018308162689208984375;}s:11:\"IP2Location\";a:2:{s:5:\"count\";i:2;s:4:\"time\";d:0.0892493724822998046875;}}s:8:\"daystats\";a:3:{i:1580083200;a:1:{s:5:\"admin\";i:1;}i:1580169600;a:1:{s:6:\"xmlrpc\";i:1;}i:1580256000;a:1:{s:5:\"login\";i:1;}}}');

-- --------------------------------------------------------

--
-- Table structure for table `layerslider`
--

CREATE TABLE `layerslider` (
  `id` int(10) NOT NULL,
  `author` int(10) NOT NULL DEFAULT '0',
  `name` varchar(100) COLLATE utf8mb4_unicode_520_ci DEFAULT '',
  `slug` varchar(100) COLLATE utf8mb4_unicode_520_ci DEFAULT '',
  `data` mediumtext COLLATE utf8mb4_unicode_520_ci NOT NULL,
  `date_c` int(10) NOT NULL,
  `date_m` int(10) NOT NULL,
  `schedule_start` int(10) NOT NULL DEFAULT '0',
  `schedule_end` int(10) NOT NULL DEFAULT '0',
  `flag_hidden` tinyint(1) NOT NULL DEFAULT '0',
  `flag_deleted` tinyint(1) NOT NULL DEFAULT '0',
  `flag_popup` tinyint(1) NOT NULL DEFAULT '0',
  `group_id` int(10) DEFAULT NULL,
  `flag_group` tinyint(1) NOT NULL DEFAULT '0'
) ENGINE=MyISAM DEFAULT CHARSET=utf8mb4 COLLATE=utf8mb4_unicode_520_ci;

-- --------------------------------------------------------

--
-- Table structure for table `layerslider_revisions`
--

CREATE TABLE `layerslider_revisions` (
  `id` int(10) NOT NULL,
  `slider_id` int(10) NOT NULL,
  `author` int(10) NOT NULL DEFAULT '0',
  `data` mediumtext COLLATE utf8mb4_unicode_520_ci NOT NULL,
  `date_c` int(10) NOT NULL
) ENGINE=MyISAM DEFAULT CHARSET=utf8mb4 COLLATE=utf8mb4_unicode_520_ci;

-- --------------------------------------------------------

--
-- Table structure for table `links`
--

CREATE TABLE `links` (
  `link_id` bigint(20) UNSIGNED NOT NULL,
  `link_url` varchar(255) COLLATE utf8_unicode_ci NOT NULL DEFAULT '',
  `link_name` varchar(255) COLLATE utf8_unicode_ci NOT NULL DEFAULT '',
  `link_image` varchar(255) COLLATE utf8_unicode_ci NOT NULL DEFAULT '',
  `link_target` varchar(25) COLLATE utf8_unicode_ci NOT NULL DEFAULT '',
  `link_description` varchar(255) COLLATE utf8_unicode_ci NOT NULL DEFAULT '',
  `link_visible` varchar(20) COLLATE utf8_unicode_ci NOT NULL DEFAULT 'Y',
  `link_owner` bigint(20) UNSIGNED NOT NULL DEFAULT '1',
  `link_rating` int(11) NOT NULL DEFAULT '0',
  `link_updated` datetime NOT NULL DEFAULT '0000-00-00 00:00:00',
  `link_rel` varchar(255) COLLATE utf8_unicode_ci NOT NULL DEFAULT '',
  `link_notes` mediumtext COLLATE utf8_unicode_ci NOT NULL,
  `link_rss` varchar(255) COLLATE utf8_unicode_ci NOT NULL DEFAULT ''
) ENGINE=InnoDB DEFAULT CHARSET=utf8 COLLATE=utf8_unicode_ci ROW_FORMAT=DYNAMIC;

-- --------------------------------------------------------

--
-- Table structure for table `loginizer_logs`
--

CREATE TABLE `loginizer_logs` (
  `username` varchar(255) NOT NULL DEFAULT '',
  `time` int(10) NOT NULL DEFAULT '0',
  `count` int(10) NOT NULL DEFAULT '0',
  `lockout` int(10) NOT NULL DEFAULT '0',
  `ip` varchar(255) NOT NULL DEFAULT '',
  `url` varchar(255) NOT NULL DEFAULT ''
) ENGINE=MyISAM DEFAULT CHARSET=utf8;

-- --------------------------------------------------------

--
-- Table structure for table `ninja_table_items`
--

CREATE TABLE `ninja_table_items` (
  `id` int(11) NOT NULL,
  `position` int(11) DEFAULT NULL,
  `table_id` int(11) NOT NULL,
  `owner_id` int(11) DEFAULT NULL,
  `attribute` varchar(255) COLLATE utf8mb4_unicode_520_ci NOT NULL,
  `settings` longtext COLLATE utf8mb4_unicode_520_ci,
  `value` longtext COLLATE utf8mb4_unicode_520_ci,
  `created_at` timestamp NULL DEFAULT NULL,
  `updated_at` timestamp NULL DEFAULT NULL
) ENGINE=MyISAM DEFAULT CHARSET=utf8mb4 COLLATE=utf8mb4_unicode_520_ci;

--
-- Dumping data for table `ninja_table_items`
--

INSERT INTO `ninja_table_items` (`id`, `position`, `table_id`, `owner_id`, `attribute`, `settings`, `value`, `created_at`, `updated_at`) VALUES
(1, NULL, 11900, 1, 'value', NULL, '{\"descriere\":\"<ul>Implant dentar AlphaBio<small><li>Producator Nobel Biocare USA<\\/li><li>In pretul implantului dentar se includ capa de vindecare si bontul protetic<\\/li><\\/ul>\",\"tarif\":\"600 Eur\"}', '2019-10-11 03:43:15', '2019-10-11 06:47:52'),
(2, NULL, 11900, 1, 'value', NULL, '{\"descriere\":\"<ul>Implant dentar Zimmer<small><li>Producator Zimmer Dental USA<\\/li><li>In pretul implantului dentar se includ capa de vindecare si bontul protetic<\\/li><\\/ul>\",\"tarif\":\"900 Eur\"}', '2019-10-11 03:51:59', '2019-10-11 06:48:57'),
(19, NULL, 11908, 1, 'value', NULL, '{\"descriere\":\"<ul>Implant dentar AlphaBio<small><li>Producator Nobel Biocare USA<\\/li><li>In pretul implantului dentar se includ capa de vindecare si bontul protetic<\\/li><\\/ul>\",\"tarif\":\"600 Eur\"}', '2019-10-11 03:43:15', '2019-10-11 04:01:42'),
(4, NULL, 11900, 1, 'value', NULL, '{\"descriere\":\"<ul>Implant dentar Straumann<small><li>Producator Straumann Group Elvetia<\\/li><li>In pretul implantului dentar se includ capa de vindecare si bontul protetic<\\/li><\\/ul>\",\"tarif\":\"1200 Eur\"}', '2019-10-11 03:53:40', '2019-10-11 06:49:22'),
(5, NULL, 11900, 1, 'value', NULL, '{\"descriere\":\"Tratament fara durere sub inhalosedare cu protoxid de azot\",\"tarif\":\"250 Lei\"}', '2019-10-11 03:54:02', '2019-10-11 06:49:42'),
(20, NULL, 11908, 1, 'value', NULL, '{\"descriere\":\"<ul>Implant dentar Zimmer<small><li>Producator Zimmer Dental USA<\\/li><li>In pretul implantului dentar se includ capa de vindecare si bontul protetic<\\/li><\\/ul>\",\"tarif\":\"900 Eur\"}', '2019-10-11 03:51:59', '2019-10-11 04:33:37'),
(7, NULL, 11904, 1, 'value', NULL, '{\"descriere\":\"Tratament Parodontoza laser therapy fara anestezie\",\"tarif\":\"2500 Lei \\/ arcada\"}', '2019-10-11 03:43:15', '2019-10-11 05:48:35'),
(30, NULL, 11904, 1, 'value', NULL, '{\"descriere\":\"Aditie gel os\",\"tarif\":\"500 Lei\"}', '2019-10-11 03:56:13', '2019-10-11 05:57:37'),
(8, NULL, 11904, 1, 'value', NULL, '{\"descriere\":\"Gingivectomie, gingivoplastie\",\"tarif\":\"200 Lei \\/ dinte\"}', '2019-10-11 03:52:01', '2019-10-11 05:55:06'),
(29, NULL, 11904, 1, 'value', NULL, '{\"descriere\":\"Chiuretaj subgingival in camp inchis\",\"tarif\":\"300 Lei \\/ hemiarcada\"}', '2019-10-11 03:56:15', '2019-10-11 05:58:22'),
(9, NULL, 11904, 1, 'value', NULL, '{\"descriere\":\"Chiuretaj subgingival in camp deschis\",\"tarif\":\"150 Eur\"}', '2019-10-11 03:52:48', '2019-10-11 05:49:28'),
(28, NULL, 11904, 1, 'value', NULL, '{\"descriere\":\"Aditie os sintetic - Bio Oss 0,5 g  (Geistlich Switzerland)\",\"tarif\":\"850 Lei\"}', '2019-10-11 03:56:08', '2019-10-11 05:56:22'),
(10, NULL, 11904, 1, 'value', NULL, '{\"descriere\":\"Operatie parodontala cu Regenerare Tisulara Ghidata (GTR - Guided Tissue Regeneration)\",\"tarif\":\"500 Eur\"}', '2019-10-11 03:53:42', '2019-10-11 05:49:52'),
(27, NULL, 11904, 1, 'value', NULL, '{\"descriere\":\"Aditie membrana colagen Bio Gide (Geistlich Switzerland)\",\"tarif\":\"850 Lei\"}', '2019-10-11 03:56:12', '2019-10-11 05:57:01'),
(11, NULL, 11904, 1, 'value', NULL, '{\"descriere\":\"Transplant gingival bilateral (CTG - Connective Tissue Graft)\",\"tarif\":\"250 Euro \\/ dinte\"}', '2019-10-11 03:54:04', '2019-10-11 05:51:21'),
(12, NULL, 11904, 1, 'value', NULL, '{\"descriere\":\"Frenectomie\",\"tarif\":\"500 Lei\"}', '2019-10-11 03:56:07', '2019-10-11 05:52:07'),
(13, NULL, 11905, 1, 'value', NULL, '{\"descriere\":\"<ul>Implant dentar AlphaBio<small><li>Producator Nobel Biocare USA<\\/li><li>In pretul implantului dentar se includ capa de vindecare si bontul protetic<\\/li><\\/ul>\",\"tarif\":\"600 Eur\"}', '2019-10-11 03:43:15', '2019-10-11 04:01:42'),
(14, NULL, 11905, 1, 'value', NULL, '{\"descriere\":\"<ul>Implant dentar Zimmer<small><li>Producator Zimmer Dental USA<\\/li><li>In pretul implantului dentar se includ capa de vindecare si bontul protetic<\\/li><\\/ul>\",\"tarif\":\"650 Eur\"}', '2019-10-11 03:51:59', '2019-10-11 04:02:33'),
(15, NULL, 11905, 1, 'value', NULL, '{\"descriere\":\"<ul>Implant dentar Ankylos<small><li>Producator Dentspy Friadent Germania<\\/li><li>In pretul implantului dentar se includ capa de vindecare si bontul protetic<\\/li><\\/ul>\",\"tarif\":\"700 Eur\"}', '2019-10-11 03:52:46', '2019-10-11 04:02:49'),
(16, NULL, 11905, 1, 'value', NULL, '{\"descriere\":\"<ul>Implant dentar Straumann<small><li>Producator Straumann Group Elvetia<\\/li><li>In pretul implantului dentar se includ capa de vindecare si bontul protetic<\\/li><\\/ul>\",\"tarif\":\"800 Eur\"}', '2019-10-11 03:53:40', '2019-10-11 04:03:22'),
(17, NULL, 11905, 1, 'value', NULL, '{\"descriere\":\"Tratament fara durere sub inhalosedare cu protoxid de azot\",\"tarif\":\"250 Lei\"}', '2019-10-11 03:54:02', '2019-10-11 06:23:34'),
(18, NULL, 11905, 1, 'value', NULL, '{\"descriere\":\"2\",\"tarif\":\"3\"}', '2019-10-11 03:56:05', '2019-10-11 03:56:05'),
(21, NULL, 11908, 1, 'value', NULL, '{\"descriere\":\"<ul>Implant dentar Straumann<small><li>Producator Straumann Group Elvetia<\\/li><li>In pretul implantului dentar se includ capa de vindecare si bontul protetic<\\/li><\\/ul>\",\"tarif\":\"1200 Eur\"}', '2019-10-11 03:53:40', '2019-10-11 04:34:20'),
(22, NULL, 11908, 1, 'value', NULL, '{\"descriere\":\"Tratament fara durere sub inhalosedare cu protoxid de azot\",\"tarif\":\"250 Lei\"}', '2019-10-11 03:54:02', '2019-10-11 03:54:02'),
(23, NULL, 11909, 1, 'value', NULL, '{\"descriere\":\"<ul>Implant dentar AlphaBio<small><li>Producator Nobel Biocare USA<\\/li><li>In pretul implantului dentar se includ capa de vindecare si bontul protetic<\\/li><\\/ul>\",\"tarif\":\"600 Eur\"}', '2019-10-11 03:43:15', '2019-10-11 04:01:42'),
(24, NULL, 11909, 1, 'value', NULL, '{\"descriere\":\"<ul>Implant dentar Zimmer<small><li>Producator Zimmer Dental USA<\\/li><li>In pretul implantului dentar se includ capa de vindecare si bontul protetic<\\/li><\\/ul>\",\"tarif\":\"900 Eur\"}', '2019-10-11 03:51:59', '2019-10-11 04:33:37'),
(25, NULL, 11909, 1, 'value', NULL, '{\"descriere\":\"<ul>Implant dentar Straumann<small><li>Producator Straumann Group Elvetia<\\/li><li>In pretul implantului dentar se includ capa de vindecare si bontul protetic<\\/li><\\/ul>\",\"tarif\":\"1200 Eur\"}', '2019-10-11 03:53:40', '2019-10-11 04:34:20'),
(26, NULL, 11909, 1, 'value', NULL, '{\"descriere\":\"Tratament fara durere sub inhalosedare cu protoxid de azot\",\"tarif\":\"250 Lei\"}', '2019-10-11 03:54:02', '2019-10-11 03:54:02'),
(31, NULL, 11904, 1, 'value', NULL, '{\"descriere\":\"Chirugie estetica gingivala (Smile Line)\",\"tarif\":\"300 Euro\"}', '2019-10-11 03:43:16', '2019-10-11 05:55:55'),
(32, NULL, 11904, 1, 'value', NULL, '{\"descriere\":\"Aplicare gingivala pasta TM\",\"tarif\":\"30 Lei \\/ sedinta\"}', '2019-10-11 03:56:18', '2019-10-11 05:58:41'),
(33, NULL, 11904, 1, 'value', NULL, '{\"descriere\":\"Aditie os sintetic - Bio Oss 2 g     (Geistlich Switzerland)\",\"tarif\":\"1700 Lei\"}', '2019-10-11 03:56:09', '2019-10-11 05:56:41'),
(34, NULL, 11904, 1, 'value', NULL, '{\"descriere\":\"PerioChip\",\"tarif\":\"100 Lei\"}', '2019-10-11 03:56:16', '2019-10-11 05:59:22'),
(35, NULL, 11904, 1, 'value', NULL, '{\"descriere\":\"Tratament fara durere sub inhalosedare cu protoxid de azot\",\"tarif\":\"250 Lei \\/ sedinta\"}', '2019-10-11 03:56:21', '2019-10-11 06:01:53'),
(36, NULL, 11904, 1, 'value', NULL, '{\"descriere\":\"Emdogain\",\"tarif\":\"1100 Lei\"}', '2019-10-11 03:56:19', '2019-10-11 06:01:49'),
(37, NULL, 11905, 1, 'value', NULL, '{\"descriere\":\"1\",\"tarif\":\"\"}', '2019-10-11 06:17:06', '2019-10-11 06:17:06'),
(38, NULL, 11905, 1, 'value', NULL, '{\"descriere\":\"2\",\"tarif\":\"\"}', '2019-10-11 06:17:14', '2019-10-11 06:17:14'),
(39, NULL, 11905, 1, 'value', NULL, '{\"descriere\":\"3\",\"tarif\":\"\"}', '2019-10-11 06:17:18', '2019-10-11 06:17:18'),
(40, NULL, 11905, 1, 'value', NULL, '{\"descriere\":\"4\",\"tarif\":\"\"}', '2019-10-11 06:17:26', '2019-10-11 06:17:26'),
(41, NULL, 11905, 1, 'value', NULL, '{\"descriere\":\"5\",\"tarif\":\"\"}', '2019-10-11 06:17:30', '2019-10-11 06:17:30'),
(42, NULL, 11905, 1, 'value', NULL, '{\"descriere\":\"6\",\"tarif\":\"\"}', '2019-10-11 06:17:35', '2019-10-11 06:17:35'),
(43, NULL, 11905, 1, 'value', NULL, '{\"descriere\":\"7\",\"tarif\":\"\"}', '2019-10-11 06:17:39', '2019-10-11 06:17:39'),
(44, NULL, 11905, 1, 'value', NULL, '{\"descriere\":\"8\",\"tarif\":\"\"}', '2019-10-11 06:17:43', '2019-10-11 06:17:43'),
(45, NULL, 11905, 1, 'value', NULL, '{\"descriere\":\"9\",\"tarif\":\"\"}', '2019-10-11 06:17:48', '2019-10-11 06:17:48'),
(46, NULL, 11905, 1, 'value', NULL, '{\"descriere\":\"10\",\"tarif\":\"\"}', '2019-10-11 06:17:53', '2019-10-11 06:17:53'),
(47, NULL, 11905, 1, 'value', NULL, '{\"descriere\":\"11\",\"tarif\":\"\"}', '2019-10-11 06:17:58', '2019-10-11 06:17:58'),
(48, NULL, 11905, 1, 'value', NULL, '{\"descriere\":\"12\",\"tarif\":\"\"}', '2019-10-11 06:18:03', '2019-10-11 06:18:03'),
(49, NULL, 11905, 1, 'value', NULL, '{\"descriere\":\"13\",\"tarif\":\"\"}', '2019-10-11 06:18:07', '2019-10-11 06:18:07'),
(50, NULL, 11905, 1, 'value', NULL, '{\"descriere\":\"14\",\"tarif\":\"\"}', '2019-10-11 06:18:12', '2019-10-11 06:18:12'),
(51, NULL, 11905, 1, 'value', NULL, '{\"descriere\":\"15\",\"tarif\":\"\"}', '2019-10-11 06:18:16', '2019-10-11 06:18:16'),
(52, NULL, 11905, 1, 'value', NULL, '{\"descriere\":\"17\",\"tarif\":\"\"}', '2019-10-11 06:18:20', '2019-10-11 06:18:20'),
(53, NULL, 11905, 1, 'value', NULL, '{\"descriere\":\"18\",\"tarif\":\"\"}', '2019-10-11 06:18:28', '2019-10-11 06:18:28'),
(54, NULL, 11905, 1, 'value', NULL, '{\"descriere\":\"19\",\"tarif\":\"\"}', '2019-10-11 06:18:34', '2019-10-11 06:18:34'),
(55, NULL, 11905, 1, 'value', NULL, '{\"descriere\":\"20\",\"tarif\":\"\"}', '2019-10-11 06:18:45', '2019-10-11 06:18:45'),
(56, NULL, 11905, 1, 'value', NULL, '{\"descriere\":\"21\",\"tarif\":\"\"}', '2019-10-11 06:18:48', '2019-10-11 06:18:48'),
(57, NULL, 11905, 1, 'value', NULL, '{\"descriere\":\"22\",\"tarif\":\"\"}', '2019-10-11 06:18:52', '2019-10-11 06:18:52'),
(58, NULL, 11905, 1, 'value', NULL, '{\"descriere\":\"23\",\"tarif\":\"\"}', '2019-10-11 06:18:56', '2019-10-11 06:18:56'),
(59, NULL, 11905, 1, 'value', NULL, '{\"descriere\":\"24\",\"tarif\":\"\"}', '2019-10-11 06:19:00', '2019-10-11 06:19:00'),
(60, NULL, 11905, 1, 'value', NULL, '{\"descriere\":\"25\",\"tarif\":\"\"}', '2019-10-11 06:19:05', '2019-10-11 06:19:05'),
(61, NULL, 11905, 1, 'value', NULL, '{\"descriere\":\"26\",\"tarif\":\"\"}', '2019-10-11 06:19:10', '2019-10-11 06:19:10'),
(62, NULL, 11905, 1, 'value', NULL, '{\"descriere\":\"27\",\"tarif\":\"\"}', '2019-10-11 06:19:15', '2019-10-11 06:19:15'),
(63, NULL, 11905, 1, 'value', NULL, '{\"descriere\":\"28\",\"tarif\":\"\"}', '2019-10-11 06:19:20', '2019-10-11 06:19:20'),
(64, NULL, 11905, 1, 'value', NULL, '{\"descriere\":\"29\",\"tarif\":\"\"}', '2019-10-11 06:19:24', '2019-10-11 06:19:24'),
(65, NULL, 11905, 1, 'value', NULL, '{\"descriere\":\"30\",\"tarif\":\"\"}', '2019-10-11 06:19:33', '2019-10-11 06:19:33');

-- --------------------------------------------------------

--
