-- Table structure for table `wc_admin_notes`
--

CREATE TABLE `wc_admin_notes` (
  `note_id` bigint(20) UNSIGNED NOT NULL,
  `name` varchar(255) COLLATE utf8mb4_unicode_520_ci NOT NULL,
  `type` varchar(20) COLLATE utf8mb4_unicode_520_ci NOT NULL,
  `locale` varchar(20) COLLATE utf8mb4_unicode_520_ci NOT NULL,
  `title` longtext COLLATE utf8mb4_unicode_520_ci NOT NULL,
  `content` longtext COLLATE utf8mb4_unicode_520_ci NOT NULL,
  `icon` varchar(200) COLLATE utf8mb4_unicode_520_ci NOT NULL,
  `content_data` longtext COLLATE utf8mb4_unicode_520_ci,
  `status` varchar(200) COLLATE utf8mb4_unicode_520_ci NOT NULL,
  `source` varchar(200) COLLATE utf8mb4_unicode_520_ci NOT NULL,
  `date_created` datetime NOT NULL DEFAULT '0000-00-00 00:00:00',
  `date_reminder` datetime DEFAULT NULL,
  `is_snoozable` tinyint(1) NOT NULL DEFAULT '0'
) ENGINE=MyISAM DEFAULT CHARSET=utf8mb4 COLLATE=utf8mb4_unicode_520_ci;

--
-- Dumping data for table `wc_admin_notes`
--

INSERT INTO `wc_admin_notes` (`note_id`, `name`, `type`, `locale`, `title`, `content`, `icon`, `content_data`, `status`, `source`, `date_created`, `date_reminder`, `is_snoozable`) VALUES
(1, 'wc-admin-historical-data', 'update', 'en_US', 'WooCommerce Admin: Historical Analytics Data', 'To view your historical analytics data, you must process your existing orders and customers.', 'info', '{}', 'unactioned', 'woocommerce-admin', '2020-03-14 15:17:49', NULL, 0),
(2, 'wc-admin-welcome-note', 'info', 'en_US', 'New feature(s)', 'Welcome to the new WooCommerce experience! In this new release you\'ll be able to have a glimpse of how your store is doing in the Dashboard, manage important aspects of your business (such as managing orders, stock, reviews) from anywhere in the interface, dive into your store data with a completely new Analytics section and more!', 'info', '{}', 'unactioned', 'woocommerce-admin', '2020-03-14 15:17:49', NULL, 0),
(3, 'wc-admin-wc-helper-connection', 'info', 'en_US', 'Connect to WooCommerce.com', 'Connect to get important product notifications and updates.', 'info', '{}', 'unactioned', 'woocommerce-admin', '2020-03-14 15:17:50', NULL, 0),
(4, 'wc-admin-add-first-product', 'info', 'en_US', 'Add your first product', 'Grow your revenue by adding products to your store. Add products manually, import from a sheet, or migrate from another platform.', 'product', '{}', 'unactioned', 'woocommerce-admin', '2020-03-14 15:17:52', NULL, 0),
(5, 'wc-update-db-reminder', 'update', 'en_US', 'WooCommerce database update done', 'WooCommerce database update complete. Thank you for updating to the latest version!', 'info', '{}', 'unactioned', 'woocommerce-core', '2020-03-14 15:21:07', NULL, 0),
(6, 'wc-admin-mobile-app', 'info', 'en_US', 'Install Woo mobile app', 'Install the WooCommerce mobile app to manage orders, receive sales notifications, and view key metrics — wherever you are.', 'phone', '{}', 'unactioned', 'woocommerce-admin', '2020-03-16 15:19:02', NULL, 0),
(7, 'wc-admin-onboarding-email-marketing', 'info', 'en_US', 'Tips, product updates, and inspiration', 'We\'re here for you — get tips, product updates, and inspiration straight to your mailbox.', 'mail', '{}', 'unactioned', 'woocommerce-admin', '2020-03-16 15:19:02', NULL, 0),
(8, 'wc-admin-store-notice-giving-feedback', 'info', 'en_US', 'Review your experience', 'If you like WooCommerce Admin please leave us a 5 star rating. A huge thanks in advance!', 'info', '{}', 'unactioned', 'woocommerce-admin', '2020-03-17 15:20:15', NULL, 0),
(9, 'wc-admin-usage-tracking-opt-in', 'info', 'en_US', 'Help WooCommerce improve with usage tracking', 'Gathering usage data allows us to improve WooCommerce. Your store will be considered as we evaluate new features, judge the quality of an update, or determine if an improvement makes sense. You can always visit the <a href=\"http://activdent.ro/wp-admin/admin.php?page=wc-settings&#038;tab=advanced&#038;section=woocommerce_com\" target=\"_blank\">Settings</a> and choose to stop sharing data. <a href=\"https://woocommerce.com/usage-tracking\" target=\"_blank\">Read more</a> about what data we collect.', 'info', '{}', 'unactioned', 'woocommerce-admin', '2020-03-21 15:39:05', NULL, 0),
(10, 'wc-admin-store-notice-setting-moved', 'info', 'en_US', 'Looking for the Store Notice setting?', 'It can now be found in the Customizer.', 'info', '{}', 'unactioned', 'woocommerce-admin', '2020-05-15 11:47:57', NULL, 0);

-- --------------------------------------------------------

--
-- Table structure for table `wc_admin_note_actions`
--

CREATE TABLE `wc_admin_note_actions` (
  `action_id` bigint(20) UNSIGNED NOT NULL,
  `note_id` bigint(20) UNSIGNED NOT NULL,
  `name` varchar(255) COLLATE utf8mb4_unicode_520_ci NOT NULL,
  `label` varchar(255) COLLATE utf8mb4_unicode_520_ci NOT NULL,
  `query` longtext COLLATE utf8mb4_unicode_520_ci NOT NULL,
  `status` varchar(255) COLLATE utf8mb4_unicode_520_ci NOT NULL,
  `is_primary` tinyint(1) NOT NULL DEFAULT '0'
) ENGINE=MyISAM DEFAULT CHARSET=utf8mb4 COLLATE=utf8mb4_unicode_520_ci;

--
-- Dumping data for table `wc_admin_note_actions`
--

INSERT INTO `wc_admin_note_actions` (`action_id`, `note_id`, `name`, `label`, `query`, `status`, `is_primary`) VALUES
(1, 1, 'get-started', 'Get Started', '?page=wc-admin&path=/analytics/settings&import=true', 'actioned', 1),
(2, 2, 'learn-more', 'Learn more', 'https://woocommerce.wordpress.com/', 'actioned', 0),
(3, 3, 'connect', 'Connect', '?page=wc-addons&section=helper', 'actioned', 0),
(4, 4, 'add-a-product', 'Add a product', 'http://activdent.ro/wp-admin/post-new.php?post_type=product', 'actioned', 1),
(10, 5, 'update-db_done', 'Thanks!', 'http://activdent.ro/wp-admin/admin.php?page=wc-settings&wc-hide-notice=update&_wc_notice_nonce=ce84c9fd83', 'actioned', 1),
(11, 6, 'learn-more', 'Learn more', 'https://woocommerce.com/mobile/', 'actioned', 0),
(12, 7, 'yes-please', 'Yes please!', 'https://woocommerce.us8.list-manage.com/subscribe/post?u=2c1434dc56f9506bf3c3ecd21&amp;id=13860df971&amp;SIGNUPPAGE=plugin', 'actioned', 0),
(13, 8, 'share-feedback', 'Review', 'https://wordpress.org/support/plugin/woocommerce-admin/reviews/?rate=5#new-post', 'actioned', 0),
(14, 9, 'tracking-dismiss', 'Dismiss', '', 'actioned', 0),
(15, 9, 'tracking-opt-in', 'Activate usage tracking', '', 'actioned', 1),
(16, 10, 'open-customizer', 'Open Customizer', 'customize.php', 'actioned', 0);

-- --------------------------------------------------------

--
-- Table structure for table `wc_category_lookup`
--

CREATE TABLE `wc_category_lookup` (
  `category_tree_id` bigint(20) UNSIGNED NOT NULL,
  `category_id` bigint(20) UNSIGNED NOT NULL
) ENGINE=MyISAM DEFAULT CHARSET=utf8mb4 COLLATE=utf8mb4_unicode_520_ci;

--
-- Dumping data for table `wc_category_lookup`
--

INSERT INTO `wc_category_lookup` (`category_tree_id`, `category_id`) VALUES
(56, 56),
(58, 58),
(60, 60),
(62, 62),
(120, 120);

-- --------------------------------------------------------

--
-- Table structure for table `wc_customer_lookup`
--

CREATE TABLE `wc_customer_lookup` (
  `customer_id` bigint(20) UNSIGNED NOT NULL,
  `user_id` bigint(20) UNSIGNED DEFAULT NULL,
  `username` varchar(60) COLLATE utf8mb4_unicode_520_ci NOT NULL DEFAULT '',
  `first_name` varchar(255) COLLATE utf8mb4_unicode_520_ci NOT NULL,
  `last_name` varchar(255) COLLATE utf8mb4_unicode_520_ci NOT NULL,
  `email` varchar(100) COLLATE utf8mb4_unicode_520_ci DEFAULT NULL,
  `date_last_active` timestamp NULL DEFAULT NULL,
  `date_registered` timestamp NULL DEFAULT NULL,
  `country` char(2) COLLATE utf8mb4_unicode_520_ci NOT NULL DEFAULT '',
  `postcode` varchar(20) COLLATE utf8mb4_unicode_520_ci NOT NULL DEFAULT '',
  `city` varchar(100) COLLATE utf8mb4_unicode_520_ci NOT NULL DEFAULT '',
  `state` varchar(100) COLLATE utf8mb4_unicode_520_ci NOT NULL DEFAULT ''
) ENGINE=MyISAM DEFAULT CHARSET=utf8mb4 COLLATE=utf8mb4_unicode_520_ci;

-- --------------------------------------------------------

--
-- Table structure for table `wc_download_log`
--

CREATE TABLE `wc_download_log` (
  `download_log_id` bigint(20) UNSIGNED NOT NULL,
  `timestamp` datetime NOT NULL,
  `permission_id` bigint(20) UNSIGNED NOT NULL,
  `user_id` bigint(20) UNSIGNED DEFAULT NULL,
  `user_ip_address` varchar(100) COLLATE utf8mb4_unicode_520_ci DEFAULT ''
) ENGINE=MyISAM DEFAULT CHARSET=utf8mb4 COLLATE=utf8mb4_unicode_520_ci;

-- --------------------------------------------------------

--
-- Table structure for table `wc_order_coupon_lookup`
--

CREATE TABLE `wc_order_coupon_lookup` (
  `order_id` bigint(20) UNSIGNED NOT NULL,
  `coupon_id` bigint(20) UNSIGNED NOT NULL,
  `date_created` datetime NOT NULL DEFAULT '0000-00-00 00:00:00',
  `discount_amount` double NOT NULL DEFAULT '0'
) ENGINE=MyISAM DEFAULT CHARSET=utf8mb4 COLLATE=utf8mb4_unicode_520_ci;

-- --------------------------------------------------------

--
-- Table structure for table `wc_order_product_lookup`
--

CREATE TABLE `wc_order_product_lookup` (
  `order_item_id` bigint(20) UNSIGNED NOT NULL,
  `order_id` bigint(20) UNSIGNED NOT NULL,
  `product_id` bigint(20) UNSIGNED NOT NULL,
  `variation_id` bigint(20) UNSIGNED NOT NULL,
  `customer_id` bigint(20) UNSIGNED DEFAULT NULL,
  `date_created` datetime NOT NULL DEFAULT '0000-00-00 00:00:00',
  `product_qty` int(11) NOT NULL,
  `product_net_revenue` double NOT NULL DEFAULT '0',
  `product_gross_revenue` double NOT NULL DEFAULT '0',
  `coupon_amount` double NOT NULL DEFAULT '0',
  `tax_amount` double NOT NULL DEFAULT '0',
  `shipping_amount` double NOT NULL DEFAULT '0',
  `shipping_tax_amount` double NOT NULL DEFAULT '0'
) ENGINE=MyISAM DEFAULT CHARSET=utf8mb4 COLLATE=utf8mb4_unicode_520_ci;

-- --------------------------------------------------------

--
-- Table structure for table `wc_order_stats`
--

CREATE TABLE `wc_order_stats` (
  `order_id` bigint(20) UNSIGNED NOT NULL,
  `parent_id` bigint(20) UNSIGNED NOT NULL DEFAULT '0',
  `date_created` datetime NOT NULL DEFAULT '0000-00-00 00:00:00',
  `date_created_gmt` datetime NOT NULL DEFAULT '0000-00-00 00:00:00',
  `num_items_sold` int(11) NOT NULL DEFAULT '0',
  `total_sales` double NOT NULL DEFAULT '0',
  `tax_total` double NOT NULL DEFAULT '0',
  `shipping_total` double NOT NULL DEFAULT '0',
  `net_total` double NOT NULL DEFAULT '0',
  `returning_customer` tinyint(1) DEFAULT NULL,
  `status` varchar(200) COLLATE utf8mb4_unicode_520_ci NOT NULL,
  `customer_id` bigint(20) UNSIGNED NOT NULL
) ENGINE=MyISAM DEFAULT CHARSET=utf8mb4 COLLATE=utf8mb4_unicode_520_ci;

-- --------------------------------------------------------

--
-- Table structure for table `wc_order_tax_lookup`
--

CREATE TABLE `wc_order_tax_lookup` (
  `order_id` bigint(20) UNSIGNED NOT NULL,
  `tax_rate_id` bigint(20) UNSIGNED NOT NULL,
  `date_created` datetime NOT NULL DEFAULT '0000-00-00 00:00:00',
  `shipping_tax` double NOT NULL DEFAULT '0',
  `order_tax` double NOT NULL DEFAULT '0',
  `total_tax` double NOT NULL DEFAULT '0'
) ENGINE=MyISAM DEFAULT CHARSET=utf8mb4 COLLATE=utf8mb4_unicode_520_ci;

-- --------------------------------------------------------

--
-- Table structure for table `wc_product_meta_lookup`
--

CREATE TABLE `wc_product_meta_lookup` (
  `product_id` bigint(20) NOT NULL,
  `sku` varchar(100) COLLATE utf8mb4_unicode_520_ci DEFAULT '',
  `virtual` tinyint(1) DEFAULT '0',
  `downloadable` tinyint(1) DEFAULT '0',
  `min_price` decimal(19,4) DEFAULT NULL,
  `max_price` decimal(19,4) DEFAULT NULL,
  `onsale` tinyint(1) DEFAULT '0',
  `stock_quantity` double DEFAULT NULL,
  `stock_status` varchar(100) COLLATE utf8mb4_unicode_520_ci DEFAULT 'instock',
  `rating_count` bigint(20) DEFAULT '0',
  `average_rating` decimal(3,2) DEFAULT '0.00',
  `total_sales` bigint(20) DEFAULT '0',
  `tax_status` varchar(100) COLLATE utf8mb4_unicode_520_ci DEFAULT 'taxable',
  `tax_class` varchar(100) COLLATE utf8mb4_unicode_520_ci DEFAULT ''
) ENGINE=MyISAM DEFAULT CHARSET=utf8mb4 COLLATE=utf8mb4_unicode_520_ci;

--
-- Dumping data for table `wc_product_meta_lookup`
--

INSERT INTO `wc_product_meta_lookup` (`product_id`, `sku`, `virtual`, `downloadable`, `min_price`, `max_price`, `onsale`, `stock_quantity`, `stock_status`, `rating_count`, `average_rating`, `total_sales`, `tax_status`, `tax_class`) VALUES
(4748, '', 0, 0, 18.0000, 18.0000, 1, 4, 'instock', 0, 0.00, 1, 'taxable', ''),
(4749, '', 0, 0, 20.0000, 20.0000, 0, NULL, 'instock', 0, 0.00, 0, 'taxable', ''),
(22, '', 0, 0, 14.0000, 15.0000, 0, NULL, 'instock', 0, 0.00, 0, 'taxable', ''),
(31, '', 0, 0, 20.0000, 20.0000, 0, NULL, 'instock', 0, 0.00, 0, 'taxable', ''),
(34, '', 0, 0, 20.0000, 20.0000, 0, NULL, 'instock', 0, 0.00, 0, 'taxable', ''),
(37, '', 0, 0, 18.0000, 18.0000, 0, NULL, 'instock', 0, 0.00, 1, 'taxable', ''),
(40, '', 0, 0, 14.0000, 15.0000, 0, NULL, 'instock', 0, 0.00, 0, 'taxable', ''),
(47, '', 0, 0, 35.0000, 35.0000, 0, NULL, 'instock', 0, 0.00, 0, 'taxable', ''),
(50, '', 0, 0, 35.0000, 35.0000, 0, NULL, 'instock', 0, 0.00, 0, 'taxable', ''),
(53, '', 0, 0, 35.0000, 35.0000, 0, NULL, 'instock', 0, 0.00, 0, 'taxable', ''),
(56, '', 0, 0, 35.0000, 35.0000, 0, NULL, 'instock', 0, 0.00, 0, 'taxable', ''),
(4750, '', 0, 0, 35.0000, 35.0000, 0, NULL, 'outofstock', 0, 0.00, 0, 'taxable', ''),
(67, '', 0, 0, 15.0000, 15.0000, 0, NULL, 'instock', 0, 0.00, 0, 'taxable', ''),
(4751, '', 0, 0, 12.0000, 12.0000, 1, NULL, 'instock', 0, 0.00, 2, 'taxable', ''),
(4752, '', 0, 0, 12.0000, 12.0000, 1, NULL, 'instock', 0, 0.00, 0, 'taxable', ''),
(76, '', 0, 0, 0.0000, 0.0000, 0, NULL, 'instock', 0, 0.00, 0, 'taxable', ''),
(133, '', 0, 0, 15.0000, 15.0000, 0, NULL, 'instock', 0, NULL, NULL, NULL, NULL),
(134, '', 0, 0, 14.0000, 14.0000, 0, NULL, 'instock', 0, NULL, NULL, NULL, NULL),
(135, '', 0, 0, 15.0000, 15.0000, 0, NULL, 'instock', 0, NULL, NULL, NULL, NULL),
(136, '', 0, 0, 14.0000, 14.0000, 0, NULL, 'instock', 0, NULL, NULL, NULL, NULL),
(5356, '', 0, 0, 15.0000, 15.0000, 0, NULL, 'instock', 0, 0.00, 0, 'taxable', 'parent'),
(5357, '', 0, 0, 14.0000, 14.0000, 0, NULL, 'instock', 0, 0.00, 0, 'taxable', 'parent'),
(5358, '', 0, 0, 15.0000, 15.0000, 0, NULL, 'instock', 0, 0.00, 0, 'taxable', 'parent'),
(5359, '', 0, 0, 14.0000, 14.0000, 0, NULL, 'instock', 0, 0.00, 0, 'taxable', 'parent');

-- --------------------------------------------------------

--
-- Table structure for table `wc_tax_rate_classes`
--

CREATE TABLE `wc_tax_rate_classes` (
  `tax_rate_class_id` bigint(20) UNSIGNED NOT NULL,
  `name` varchar(200) COLLATE utf8mb4_unicode_520_ci NOT NULL DEFAULT '',
  `slug` varchar(200) COLLATE utf8mb4_unicode_520_ci NOT NULL DEFAULT ''
) ENGINE=MyISAM DEFAULT CHARSET=utf8mb4 COLLATE=utf8mb4_unicode_520_ci;

--
-- Dumping data for table `wc_tax_rate_classes`
--

INSERT INTO `wc_tax_rate_classes` (`tax_rate_class_id`, `name`, `slug`) VALUES
(1, 'Reduced rate', 'reduced-rate'),
(2, 'Zero rate', 'zero-rate');

-- --------------------------------------------------------

--
-- Table structure for table `wc_webhooks`
--

CREATE TABLE `wc_webhooks` (
  `webhook_id` bigint(20) UNSIGNED NOT NULL,
  `status` varchar(200) COLLATE utf8mb4_unicode_520_ci NOT NULL,
  `name` text COLLATE utf8mb4_unicode_520_ci NOT NULL,
  `user_id` bigint(20) UNSIGNED NOT NULL,
  `delivery_url` text COLLATE utf8mb4_unicode_520_ci NOT NULL,
  `secret` text COLLATE utf8mb4_unicode_520_ci NOT NULL,
  `topic` varchar(200) COLLATE utf8mb4_unicode_520_ci NOT NULL,
  `date_created` datetime NOT NULL DEFAULT '0000-00-00 00:00:00',
  `date_created_gmt` datetime NOT NULL DEFAULT '0000-00-00 00:00:00',
  `date_modified` datetime NOT NULL DEFAULT '0000-00-00 00:00:00',
  `date_modified_gmt` datetime NOT NULL DEFAULT '0000-00-00 00:00:00',
  `api_version` smallint(4) NOT NULL,
  `failure_count` smallint(10) NOT NULL DEFAULT '0',
  `pending_delivery` tinyint(1) NOT NULL DEFAULT '0'
) ENGINE=MyISAM DEFAULT CHARSET=utf8mb4 COLLATE=utf8mb4_unicode_520_ci;

-- --------------------------------------------------------

--
-- Table structure for table `wfblockediplog`
--

CREATE TABLE `wfblockediplog` (
  `IP` binary(16) NOT NULL DEFAULT '\0\0\0\0\0\0\0\0\0\0\0\0\0\0\0\0',
  `countryCode` varchar(2) NOT NULL,
  `blockCount` int(10) UNSIGNED NOT NULL DEFAULT '0',
  `unixday` int(10) UNSIGNED NOT NULL,
  `blockType` varchar(50) NOT NULL DEFAULT 'generic'
) ENGINE=MyISAM DEFAULT CHARSET=utf8;

--
-- Dumping data for table `wfblockediplog`
--

INSERT INTO `wfblockediplog` (`IP`, `countryCode`, `blockCount`, `unixday`, `blockType`) VALUES
(0x00000000000000000000ffff51aaef02, 'SE', 1, 18367, 'brute'),
(0x00000000000000000000ffffa5165edb, 'DE', 1, 18367, 'brute'),
(0x00000000000000000000ffffa74784e3, 'GB', 1, 18367, 'brute'),
(0x00000000000000000000ffff334d8c6e, 'FR', 1, 18367, 'brute'),
(0x00000000000000000000ffff8b3b2bc4, 'IN', 1, 18367, 'brute'),
(0x00000000000000000000ffffd5d90007, 'RU', 1, 18367, 'brute'),
(0x00000000000000000000ffffadec9887, 'US', 1, 18367, 'brute'),
(0x00000000000000000000ffff3351fe1d, 'US', 1, 18367, 'brute'),
(0x00000000000000000000ffff68f8e116, 'US', 1, 18397, 'brute'),
(0x00000000000000000000ffffa7477610, 'US', 1, 18397, 'brute'),
(0x00000000000000000000ffff9f41b84f, 'US', 1, 18397, 'brute'),
(0x00000000000000000000ffff68f896d5, 'SG', 1, 18397, 'brute'),
(0x00000000000000000000ffff3351fe0f, 'US', 1, 18397, 'brute'),
(0x00000000000000000000ffffc063043f, 'CA', 1, 18367, 'brute'),
(0x00000000000000000000ffff9f599444, 'US', 1, 18367, 'brute'),
(0x00000000000000000000ffffb280354f, 'SG', 1, 18367, 'brute'),
(0x00000000000000000000ffff05b24fd4, 'SE', 1, 18367, 'brute'),
(0x00000000000000000000ffff95ca303a, 'FR', 1, 18367, 'brute'),
(0x00000000000000000000ffff9448173a, 'US', 1, 18367, 'brute'),
(0x00000000000000000000ffff05b6d2e4, 'NL', 1, 18367, 'brute'),
(0x00000000000000000000ffff59f8ae2e, 'NL', 1, 18367, 'manual'),
(0x00000000000000000000ffff59f8ae2e, 'NL', 1, 18367, 'brute'),
(0x00000000000000000000ffff6883445c, 'US', 1, 18367, 'brute'),
(0x00000000000000000000ffff7dd4e287, 'VN', 1, 18367, 'brute'),
(0x00000000000000000000ffff3359c86e, 'FR', 1, 18376, 'brute'),
(0x00000000000000000000ffff3359d559, 'FR', 1, 18375, 'brute'),
(0x00000000000000000000ffff3626d4a0, 'FR', 1, 18375, 'brute'),
(0x00000000000000000000ffff8b3b4495, 'IN', 1, 18375, 'brute'),
(0x00000000000000000000ffff8b632dc9, 'CA', 1, 18375, 'brute'),
(0x00000000000000000000ffff8b3bab2e, 'GB', 1, 18375, 'brute'),
(0x00000000000000000000ffff327460e3, 'US', 1, 18375, 'brute'),
(0x00000000000000000000ffff23c14e56, 'US', 1, 18375, 'brute'),
(0x00000000000000000000ffffd071c6af, 'US', 1, 18375, 'brute'),
(0x00000000000000000000ffff334ddf3e, 'FR', 1, 18375, 'brute'),
(0x00000000000000000000ffff90d946be, 'CA', 1, 18375, 'brute'),
(0x00000000000000000000ffffd1618578, 'GB', 1, 18375, 'brute'),
(0x00000000000000000000ffffb211aafc, 'MD', 1, 18375, 'brute'),
(0x00000000000000000000ffffae8a0163, 'NL', 1, 18375, 'brute'),
(0x00000000000000000000ffff5f6e815b, 'IT', 1, 18375, 'brute'),
(0x00000000000000000000ffff23f7a8db, '', 1, 18375, 'brute'),
(0x00000000000000000000ffff44b78686, 'US', 1, 18375, 'brute'),
(0x00000000000000000000ffff80c7c07d, 'SG', 1, 18375, 'brute'),
(0x00000000000000000000ffff330faa85, 'FR', 1, 18375, 'brute'),
(0x00000000000000000000ffff9df58f05, 'US', 1, 18375, 'brute'),
(0x00000000000000000000ffffb63d1d5e, 'CN', 1, 18375, 'brute'),
(0x00000000000000000000ffffc0f1d593, 'US', 1, 18375, 'brute'),
(0x00000000000000000000ffff294d77e2, 'MA', 1, 18375, 'brute'),
(0x00000000000000000000ffffd91d7cfb, 'UZ', 1, 18375, 'brute'),
(0x00000000000000000000ffff3351fe03, 'US', 1, 18375, 'brute'),
(0x00000000000000000000ffff8e5dae56, 'DE', 1, 18375, 'brute'),
(0x00000000000000000000ffff55d75dc7, 'DE', 1, 18375, 'waf'),
(0x00000000000000000000ffffadec95b8, 'US', 1, 18375, 'brute'),
(0x00000000000000000000ffff68ee49d8, 'US', 1, 18375, 'brute'),
(0x00000000000000000000ffff05275724, 'FR', 1, 18375, 'brute'),
(0x00000000000000000000ffff33263f45, 'FR', 1, 18375, 'brute'),
(0x00000000000000000000ffffae8a2cc9, 'US', 2, 18375, 'brute'),
(0x00000000000000000000ffffa3ac3cd5, 'GB', 1, 18375, 'brute'),
(0x00000000000000000000ffff3359d019, 'FR', 1, 18373, 'brute'),
(0x00000000000000000000ffffc23d1866, 'NL', 1, 18373, 'brute'),
(0x00000000000000000000ffffa7725c31, 'CA', 1, 18373, 'brute'),
(0x00000000000000000000ffff3359c87c, 'FR', 1, 18373, 'brute'),
(0x00000000000000000000ffff3ed28c97, 'FR', 1, 18373, 'brute'),
(0x00000000000000000000ffffc0a244f4, 'FR', 1, 18373, 'brute'),
(0x00000000000000000000ffff965f8521, 'JP', 2, 18373, 'brute'),
(0x00000000000000000000ffff8b3b19f8, 'IN', 1, 18373, 'brute'),
(0x00000000000000000000ffff6cb3e164, 'US', 1, 18373, 'brute'),
(0x00000000000000000000ffff54f73019, 'IE', 1, 18373, 'brute'),
(0x00000000000000000000ffff2f5abc4e, 'US', 1, 18373, 'brute'),
(0x00000000000000000000ffff48a7dd3e, 'US', 1, 18373, 'brute'),
(0x00000000000000000000ffff5e17db29, 'FR', 1, 18373, 'brute'),
(0x00000000000000000000ffff8e5d2eac, 'GB', 1, 18373, 'brute'),
(0x00000000000000000000ffff2d37ade8, 'US', 1, 18373, 'brute'),
(0x00000000000000000000ffff8e04d3c8, 'CA', 1, 18373, 'brute'),
(0x00000000000000000000ffff80c7e090, 'SG', 1, 18373, 'brute'),
(0x00000000000000000000ffff2f65c103, 'CN', 1, 18373, 'brute'),
(0x00000000000000000000ffffa747d173, 'SG', 1, 18372, 'brute'),
(0x00000000000000000000ffff80c7d4c2, 'SG', 1, 18372, 'brute'),
(0x00000000000000000000ffff23c8f868, '', 1, 18373, 'brute'),
(0x00000000000000000000ffff9448cffa, 'US', 1, 18373, 'brute'),
(0x00000000000000000000ffff67930ade, 'ID', 1, 18372, 'brute'),
(0x00000000000000000000ffff17619bfd, 'NL', 2, 18372, 'brute'),
(0x00000000000000000000ffff9de693fc, 'US', 1, 18373, 'brute'),
(0x00000000000000000000ffff67930ade, 'ID', 1, 18375, 'brute'),
(0x00000000000000000000ffff3239ee23, 'US', 2, 18374, 'waf'),
(0x00000000000000000000ffff9f596344, 'DE', 1, 18376, 'brute'),
(0x00000000000000000000ffff34fc631e, 'US', 1, 18382, 'brute'),
(0x00000000000000000000ffffd1618578, 'GB', 1, 18381, 'brute'),
(0x00000000000000000000ffff44b74344, 'DE', 1, 18381, 'brute'),
(0x00000000000000000000ffff44b78686, 'US', 1, 18381, 'brute'),
(0x00000000000000000000ffff2f59b31d, 'US', 1, 18381, 'brute'),
(0x00000000000000000000ffffa3acb92c, 'GB', 1, 18381, 'brute'),
(0x00000000000000000000ffff91ef454a, 'FR', 1, 18381, 'brute'),
(0x00000000000000000000ffffa4446be1, 'DE', 1, 18381, 'brute'),
(0x00000000000000000000ffff22431492, 'US', 1, 18381, 'brute'),
(0x00000000000000000000ffffd5d90007, 'RU', 1, 18377, 'brute'),
(0x00000000000000000000ffffc336a7be, 'RU', 1, 18377, 'brute'),
(0x00000000000000000000ffff3ed2b12a, 'FR', 1, 18376, 'waf'),
(0x00000000000000000000ffffbcd531d2, 'RO', 1, 18376, 'brute'),
(0x00000000000000000000ffff8b3b19f8, 'IN', 1, 18376, 'brute'),
(0x00000000000000000000ffff8a443435, 'US', 1, 18376, 'brute'),
(0x00000000000000000000ffff5b86f8e6, 'FR', 1, 18376, 'brute'),
(0x00000000000000000000ffff8b3b93da, 'DE', 1, 18376, 'brute'),
(0x00000000000000000000ffff6585a380, 'CN', 1, 18376, 'brute'),
(0x00000000000000000000ffff23e1d383, 'US', 1, 18376, 'brute'),
(0x00000000000000000000ffffcebd860e, 'IN', 1, 18376, 'brute'),
(0x00000000000000000000ffff9c43d637, 'CY', 1, 18376, 'brute'),
(0x00000000000000000000ffff8b3b04c8, 'IN', 1, 18375, 'brute'),
(0x00000000000000000000ffffadf91798, 'DE', 1, 18376, 'brute'),
(0x00000000000000000000ffff3e6d16d9, 'RU', 1, 18380, 'waf'),
(0x00000000000000000000ffff33599349, 'GB', 1, 18380, 'brute'),
(0x00000000000000000000ffff44b7b807, 'SG', 1, 18380, 'brute'),
(0x00000000000000000000ffff80c79eb6, 'SG', 1, 18380, 'brute'),
(0x00000000000000000000ffff68833ab3, 'US', 1, 18380, 'brute'),
(0x00000000000000000000ffff80c7f962, 'SG', 1, 18380, 'brute'),
(0x00000000000000000000ffff23ba9365, 'US', 1, 18380, 'brute'),
(0x00000000000000000000ffffa12335cf, 'US', 1, 18380, 'brute'),
(0x00000000000000000000ffff3ed26853, 'FR', 1, 18380, 'brute'),
(0x00000000000000000000ffff9f59b7a8, 'US', 1, 18380, 'brute'),
(0x00000000000000000000ffff9de66f88, 'DE', 1, 18380, 'brute'),
(0x00000000000000000000ffff2d378758, 'US', 1, 18380, 'brute'),
(0x00000000000000000000ffff405a30ca, 'US', 1, 18380, 'brute'),
(0x00000000000000000000ffff9c43d637, 'CY', 1, 18380, 'brute'),
(0x00000000000000000000ffff8b3b526f, 'IN', 1, 18380, 'brute'),
(0x00000000000000000000ffffa5e3dc35, 'US', 1, 18380, 'brute'),
(0x00000000000000000000ffff84949867, 'US', 1, 18380, 'brute'),
(0x00000000000000000000ffff0ef85317, 'VN', 1, 18380, 'brute'),
(0x00000000000000000000ffff4221d40a, 'US', 1, 18380, 'brute'),
(0x00000000000000000000ffff9f4155fb, 'GB', 1, 18380, 'brute'),
(0x00000000000000000000ffff33536c5d, 'FR', 1, 18380, 'brute'),
(0x00000000000000000000ffff68eca3b0, 'US', 1, 18380, 'brute'),
(0x00000000000000000000ffff334f65d3, 'CA', 3, 18379, 'brute'),
(0x00000000000000000000ffff334baf1e, 'FR', 1, 18378, 'brute'),
(0x00000000000000000000ffff6d466413, 'AT', 1, 18378, 'brute'),
(0x00000000000000000000ffff3ed2b129, 'FR', 1, 18380, 'waf'),
(0x00000000000000000000ffff8b3bac17, 'GB', 1, 18380, 'brute'),
(0x00000000000000000000ffffbfeab09e, 'BR', 1, 18380, 'brute'),
(0x00000000000000000000ffff45a3a3dc, 'US', 1, 18380, 'brute'),
(0x00000000000000000000ffff8ac59284, 'CA', 1, 18380, 'brute'),
(0x00000000000000000000ffff253b386b, 'FR', 1, 18380, 'brute'),
(0x00000000000000000000ffff9fcb46a9, 'US', 2, 18380, 'brute'),
(0x00000000000000000000ffff2d77d40e, 'VN', 1, 18380, 'brute'),
(0x00000000000000000000ffff68c7d800, '', 1, 18380, 'brute'),
(0x00000000000000000000ffff9df5e9a4, 'US', 1, 18380, 'brute'),
(0x00000000000000000000ffffadec95b8, 'US', 1, 18380, 'brute'),
(0x00000000000000000000ffff6baae996, 'US', 1, 18380, 'brute'),
(0x00000000000000000000ffff74cee992, 'ID', 1, 18380, 'brute'),
(0x00000000000000000000ffff27624a27, 'CN', 1, 18380, 'brute'),
(0x00000000000000000000ffff8e5d3b23, 'US', 1, 18380, 'brute'),
(0x00000000000000000000ffffb2803816, 'SG', 1, 18380, 'brute'),
(0x00000000000000000000ffffa2f30881, 'US', 1, 18380, 'brute'),
(0x00000000000000000000ffff9df5608b, 'IN', 1, 18380, 'brute'),
(0x00000000000000000000ffff8b3b4ef8, 'IN', 1, 18380, 'brute'),
(0x00000000000000000000ffff79292490, 'CN', 1, 18380, 'brute'),
(0x00000000000000000000ffffa63e506d, 'US', 1, 18380, 'brute'),
(0x00000000000000000000ffff95381304, 'CA', 1, 18380, 'brute'),
(0x00000000000000000000ffff54f73019, 'IE', 1, 18380, 'brute'),
(0x00000000000000000000ffff8a4439cf, 'US', 1, 18380, 'brute'),
(0x00000000000000000000ffff2f5b826f, 'HK', 2, 18380, 'brute'),
(0x00000000000000000000ffff2d7adfc6, 'VN', 2, 18380, 'brute'),
(0x00000000000000000000ffffa7477610, 'US', 1, 18380, 'brute'),
(0x00000000000000000000ffff45a3a985, 'US', 1, 18380, 'brute'),
(0x00000000000000000000ffffa516df52, 'IN', 1, 18380, 'brute'),
(0x00000000000000000000ffff40e300ea, 'US', 1, 18380, 'brute'),
(0x00000000000000000000ffff45a3a985, 'US', 1, 18379, 'brute'),
(0x00000000000000000000ffff95ca303a, 'FR', 1, 18379, 'brute'),
(0x00000000000000000000ffffc6c772e2, 'US', 1, 18379, 'brute'),
(0x00000000000000000000ffff25bbc571, 'FR', 1, 18379, 'brute'),
(0x00000000000000000000ffff6bb4e3a3, 'US', 1, 18379, 'brute'),
(0x00000000000000000000ffff894a9e8f, 'FR', 1, 18379, 'brute'),
(0x00000000000000000000ffff40cab8f5, 'US', 1, 18379, 'brute'),
(0x00000000000000000000ffff8e5d6338, 'DE', 1, 18379, 'brute'),
(0x00000000000000000000ffff44b792f9, 'US', 1, 18379, 'brute'),
(0x00000000000000000000ffffaf6a1163, 'ID', 1, 18379, 'brute'),
(0x00000000000000000000ffffa747d825, 'SG', 1, 18379, 'brute'),
(0x00000000000000000000ffff5beac2f6, 'FR', 1, 18379, 'brute'),
(0x00000000000000000000ffff33ff403a, 'FR', 1, 18379, 'brute'),
(0x00000000000000000000ffff8e5dccdd, 'US', 1, 18379, 'brute'),
(0x00000000000000000000ffff68f822db, 'DE', 1, 18379, 'brute'),
(0x00000000000000000000ffffa5e30f7c, 'US', 1, 18379, 'brute'),
(0x00000000000000000000ffff2f5e9be9, 'CN', 1, 18379, 'brute'),
(0x00000000000000000000ffff84948d93, 'US', 1, 18379, 'brute'),
(0x00000000000000000000ffff23c5ba3a, '', 1, 18379, 'brute'),
(0x00000000000000000000ffff92b98ec8, 'NL', 1, 18379, 'brute'),
(0x00000000000000000000ffff80c79eb6, 'SG', 1, 18379, 'brute'),
(0x00000000000000000000ffff95388181, 'CA', 1, 18379, 'brute'),
(0x00000000000000000000ffff332627de, 'FR', 1, 18379, 'brute'),
(0x00000000000000000000ffff95ca2d0b, 'FR', 1, 18379, 'brute'),
(0x00000000000000000000ffff2ffc06e7, 'US', 1, 18379, 'brute'),
(0x00000000000000000000ffffd071abc0, 'US', 1, 18379, 'brute'),
(0x00000000000000000000ffff3a40bc11, 'HK', 1, 18381, 'brute'),
(0x00000000000000000000ffff2f4bac2e, 'US', 1, 18381, 'brute'),
(0x00000000000000000000ffffc0a98fa5, 'US', 1, 18381, 'brute'),
(0x00000000000000000000ffff68838b93, 'US', 1, 18381, 'brute'),
(0x00000000000000000000ffff5fd3e6d3, 'NL', 1, 18380, 'brute'),
(0x00000000000000000000ffffb9789391, 'RO', 1, 18385, 'brute'),
(0x00000000000000000000ffff94428798, 'SG', 1, 18385, 'brute'),
(0x00000000000000000000ffffb94a5118, 'ES', 1, 18385, 'brute'),
(0x00000000000000000000ffffa516df52, 'IN', 1, 18385, 'brute'),
(0x00000000000000000000ffff45a3f251, 'US', 1, 18385, 'brute'),
(0x00000000000000000000ffff9f59a2d9, 'IN', 1, 18385, 'brute'),
(0x00000000000000000000ffff5fb39b54, 'NL', 1, 18385, 'brute'),
(0x00000000000000000000ffff2e657fa1, 'DE', 1, 18385, 'brute'),
(0x00000000000000000000ffff5b86f8e6, 'FR', 1, 18385, 'brute'),
(0x00000000000000000000ffff8b3b22e2, 'IN', 1, 18385, 'brute'),
(0x00000000000000000000ffff70d523f0, 'AU', 1, 18385, 'brute'),
(0x00000000000000000000ffff22fec60f, 'IE', 1, 18385, 'brute'),
(0x00000000000000000000ffff5f00aa8c, 'TR', 1, 18385, 'brute'),
(0x00000000000000000000ffff51100a9e, 'AM', 1, 18385, 'brute'),
(0x00000000000000000000ffffbb116a0c, 'BR', 1, 18385, 'brute'),
(0x00000000000000000000ffff792a31a8, 'CN', 1, 18385, 'brute'),
(0x00000000000000000000ffff36265ba3, 'FR', 1, 18385, 'brute'),
(0x00000000000000000000ffffc60ce164, 'US', 1, 18385, 'brute'),
(0x00000000000000000000ffff50f18d61, 'IT', 1, 18385, 'brute'),
(0x00000000000000000000ffff8e5d2eac, 'GB', 1, 18385, 'brute'),
(0x00000000000000000000ffff28760455, 'NL', 1, 18381, 'brute'),
(0x00000000000000000000ffffd071c6af, 'US', 1, 18381, 'brute'),
(0x00000000000000000000ffffadd4d891, 'DE', 1, 18381, 'brute'),
(0x00000000000000000000ffff472b1fed, 'US', 1, 18381, 'brute'),
(0x00000000000000000000ffff92b98ec8, 'NL', 1, 18381, 'brute'),
(0x00000000000000000000ffff9f59b7a8, 'US', 1, 18381, 'brute'),
(0x00000000000000000000ffffb01ff1ae, 'FR', 1, 18381, 'brute'),
(0x00000000000000000000ffff78185710, 'CN', 1, 18381, 'brute'),
(0x00000000000000000000ffff81e2b85e, 'HK', 1, 18381, 'brute'),
(0x00000000000000000000ffff8e5d9813, 'CA', 1, 18381, 'brute'),
(0x00000000000000000000ffff330f0f08, 'NL', 1, 18381, 'brute'),
(0x00000000000000000000ffff23f0f55c, '', 1, 18381, 'brute'),
(0x00000000000000000000ffffc0f1d593, 'US', 1, 18381, 'brute'),
(0x00000000000000000000ffffd06d0cda, 'US', 1, 18381, 'brute'),
(0x00000000000000000000ffffcebd99b5, 'SG', 1, 18381, 'brute'),
(0x00000000000000000000ffff224560a6, 'US', 2, 18387, 'brute'),
(0x00000000000000000000ffffb9dc65c2, 'DE', 1, 18386, 'brute'),
(0x00000000000000000000ffff3f228644, 'IE', 1, 18386, 'brute'),
(0x00000000000000000000ffff40cab8f5, 'US', 1, 18386, 'brute'),
(0x00000000000000000000ffffa747280d, 'DE', 1, 18386, 'brute'),
(0x00000000000000000000ffff037cfe93, 'DE', 1, 18386, 'brute'),
(0x00000000000000000000ffff3359d556, 'FR', 1, 18386, 'brute'),
(0x00000000000000000000ffffa3ac74ac, 'GB', 1, 18386, 'brute'),
(0x00000000000000000000ffffd161afbf, 'SG', 1, 18386, 'brute'),
(0x00000000000000000000ffff6bb454fb, 'US', 1, 18386, 'brute'),
(0x00000000000000000000ffff8b3b921c, 'DE', 1, 18386, 'brute'),
(0x00000000000000000000ffffc60ce164, 'US', 1, 18386, 'brute'),
(0x00000000000000000000ffff23ca9d60, 'US', 1, 18386, 'brute'),
(0x00000000000000000000ffffb2807226, 'SG', 1, 18386, 'brute'),
(0x00000000000000000000ffff2d4d9a4f, 'US', 1, 18385, 'brute'),
(0x00000000000000000000ffff3626d4a0, 'FR', 1, 18385, 'brute'),
(0x00000000000000000000ffff867a55c0, 'DE', 1, 18385, 'brute'),
(0x00000000000000000000ffff9f41dbfa, 'US', 1, 18385, 'brute'),
(0x00000000000000000000ffff8494f106, 'US', 1, 18384, 'brute'),
(0x00000000000000000000ffffcebd7e56, 'GB', 1, 18384, 'brute'),
(0x00000000000000000000ffffbd83e963, 'MX', 1, 18384, 'brute'),
(0x00000000000000000000ffff3e6d16d9, 'RU', 1, 18384, 'waf'),
(0x00000000000000000000ffffc1da76a0, 'UA', 1, 18383, 'brute'),
(0x00000000000000000000ffffa77259c8, 'CA', 1, 18383, 'brute'),
(0x00000000000000000000ffff3ed2b129, 'FR', 2, 18383, 'waf'),
(0x00000000000000000000ffffc063043f, 'CA', 1, 18383, 'brute'),
(0x00000000000000000000ffff3e6d16d9, 'RU', 1, 18382, 'waf'),
(0x00000000000000000000ffff9e45ace4, 'CA', 1, 18382, 'brute'),
(0x00000000000000000000ffff3ed2b129, 'FR', 3, 18382, 'waf'),
(0x00000000000000000000ffff689a81c7, 'US', 1, 18382, 'brute'),
(0x00000000000000000000ffff33599342, 'GB', 1, 18382, 'brute'),
(0x00000000000000000000ffff867a36c8, 'NL', 2, 18382, 'brute'),
(0x00000000000000000000ffff3442bc68, 'IN', 1, 18386, 'brute'),
(0x00000000000000000000ffffc06395c3, 'CA', 1, 18386, 'brute'),
(0x00000000000000000000ffff8b3b2bc4, 'IN', 1, 18386, 'brute'),
(0x00000000000000000000ffff80c7f841, 'SG', 1, 18386, 'brute'),
(0x00000000000000000000ffff8494f47a, 'US', 1, 18386, 'brute'),
(0x00000000000000000000ffff68244724, 'US', 1, 18386, 'brute'),
(0x00000000000000000000ffffae8a2cc9, 'US', 1, 18386, 'brute'),
(0x00000000000000000000ffff224560a6, 'US', 2, 18386, 'brute'),
(0x00000000000000000000ffff2d099419, 'NL', 1, 18385, 'brute'),
(0x00000000000000000000ffffa7725c35, 'CA', 1, 18385, 'brute'),
(0x00000000000000000000ffffb23ef4d1, 'NL', 1, 18385, 'waf'),
(0x00000000000000000000ffff334b17d6, 'FR', 1, 18385, 'brute'),
(0x00000000000000000000ffffb23e6575, 'GB', 1, 18385, 'brute'),
(0x00000000000000000000ffffb280f4a6, 'NL', 1, 18385, 'brute'),
(0x00000000000000000000ffff0372ad4d, 'JP', 1, 18385, 'brute'),
(0x00000000000000000000ffff03eb5c2b, 'US', 1, 18385, 'brute'),
(0x00000000000000000000ffff34d2b6a5, 'IE', 2, 18385, 'brute'),
(0x00000000000000000000ffff33599344, 'GB', 1, 18384, 'brute'),
(0x00000000000000000000ffff6d46641d, 'AT', 1, 18384, 'brute'),
(0x00000000000000000000ffff5b868e39, 'FR', 1, 18384, 'brute'),
(0x00000000000000000000ffff823d1c4e, 'DE', 1, 18384, 'brute'),
(0x00000000000000000000ffffa63e6463, 'US', 1, 18384, 'brute'),
(0x00000000000000000000ffffa5161f18, 'DE', 1, 18384, 'brute'),
(0x00000000000000000000ffff2f59b31d, 'US', 1, 18384, 'brute'),
(0x00000000000000000000ffff4246a0bb, 'CA', 1, 18384, 'brute'),
(0x00000000000000000000ffff8b3beb95, 'SG', 1, 18384, 'brute'),
(0x00000000000000000000ffff80c7f521, 'SG', 1, 18384, 'brute'),
(0x00000000000000000000ffffbca63c8a, 'NL', 1, 18384, 'brute'),
(0x00000000000000000000ffff867a6700, 'GB', 1, 18384, 'brute'),
(0x00000000000000000000ffffc0a9c891, 'US', 1, 18384, 'brute'),
(0x00000000000000000000ffff8e5d8f55, 'NL', 1, 18384, 'brute'),
(0x00000000000000000000ffff40cab847, 'US', 1, 18384, 'brute'),
(0x00000000000000000000ffff80c79eb6, 'SG', 1, 18384, 'brute'),
(0x00000000000000000000ffffa747d173, 'SG', 1, 18384, 'brute'),
(0x00000000000000000000ffff2250fcd9, '', 1, 18384, 'brute'),
(0x00000000000000000000ffff362762d3, 'CA', 1, 18384, 'brute'),
(0x00000000000000000000ffff68f822db, 'DE', 1, 18384, 'brute'),
(0x00000000000000000000ffff40cab8f5, 'US', 1, 18384, 'brute'),
(0x00000000000000000000ffffc06395c3, 'CA', 1, 18384, 'brute'),
(0x00000000000000000000ffff8e5d6338, 'DE', 1, 18384, 'brute'),
(0x00000000000000000000ffffb23e4231, 'GB', 1, 18384, 'brute'),
(0x00000000000000000000ffffd161b334, 'GB', 1, 18384, 'brute'),
(0x00000000000000000000ffff9fcb1b64, 'CA', 1, 18384, 'brute'),
(0x00000000000000000000ffff2e696644, 'FR', 1, 18385, 'brute'),
(0x00000000000000000000ffff7a9a86b7, 'TH', 1, 18385, 'brute'),
(0x00000000000000000000ffff6bb454fb, 'US', 1, 18385, 'brute'),
(0x00000000000000000000ffff334ddf3e, 'FR', 1, 18385, 'brute'),
(0x00000000000000000000ffff054f64c8, 'NL', 1, 18385, 'brute'),
(0x00000000000000000000ffff23c425ce, 'US', 1, 18385, 'brute'),
(0x00000000000000000000ffffc0a9c891, 'US', 1, 18385, 'brute'),
(0x00000000000000000000ffff68f8e368, 'US', 1, 18385, 'brute'),
(0x00000000000000000000ffff0d7de9e5, 'KR', 1, 18385, 'brute'),
(0x00000000000000000000ffff68ee7d85, 'US', 1, 18385, 'brute'),
(0x00000000000000000000ffffb28006be, 'US', 1, 18385, 'brute'),
(0x00000000000000000000ffff8a44e970, 'US', 1, 18385, 'brute'),
(0x00000000000000000000ffffbca66fcf, 'NL', 1, 18385, 'brute'),
(0x00000000000000000000ffff74cb17be, 'DE', 1, 18385, 'brute'),
(0x00000000000000000000ffffb958b2ba, 'IR', 1, 18386, 'brute'),
(0x00000000000000000000ffffc063c845, 'CA', 1, 18386, 'brute'),
(0x00000000000000000000ffffa63e506d, 'US', 1, 18397, 'brute'),
(0x00000000000000000000ffff951c0889, 'US', 1, 18397, 'brute'),
(0x00000000000000000000ffffc39a728c, 'FR', 1, 18397, 'brute'),
(0x00000000000000000000ffff905b6a47, 'DE', 1, 18397, 'waf'),
(0x00000000000000000000ffffa7474342, 'NL', 1, 18397, 'brute'),
(0x00000000000000000000ffff9f5902dc, 'DE', 2, 18397, 'brute'),
(0x00000000000000000000ffff33599348, 'GB', 1, 18397, 'brute'),
(0x00000000000000000000ffff23cc2a3c, '', 1, 18397, 'brute'),
(0x00000000000000000000ffff67930ade, 'ID', 1, 18397, 'brute'),
(0x00000000000000000000ffff68f87c6d, 'US', 1, 18397, 'brute'),
(0x00000000000000000000ffff67515515, 'VN', 1, 18397, 'brute'),
(0x00000000000000000000ffff8ac52bce, 'US', 1, 18397, 'brute'),
(0x00000000000000000000ffff4246a0bb, 'CA', 1, 18397, 'brute'),
(0x00000000000000000000ffff95ca2d0b, 'FR', 1, 18397, 'brute'),
(0x00000000000000000000ffff23f3b85c, 'US', 1, 18397, 'brute'),
(0x00000000000000000000ffff253b342c, 'FR', 1, 18397, 'brute'),
(0x00000000000000000000ffff2e650dd3, 'GB', 1, 18397, 'brute'),
(0x00000000000000000000ffffa2908d8d, 'US', 1, 18397, 'brute'),
(0x00000000000000000000ffff9df525cb, 'GB', 1, 18397, 'brute'),
(0x00000000000000000000ffff2d9aff2c, 'SE', 1, 18397, 'brute'),
(0x00000000000000000000ffff8ac58342, 'CA', 1, 18397, 'brute'),
(0x00000000000000000000ffff44b74344, 'DE', 1, 18397, 'brute'),
(0x00000000000000000000ffff7c110c8a, 'CN', 1, 18397, 'brute'),
(0x00000000000000000000ffff68ec642a, 'US', 1, 18397, 'brute'),
(0x00000000000000000000ffffa516fff2, 'SG', 1, 18397, 'brute'),
(0x00000000000000000000ffff9f4155fb, 'GB', 1, 18397, 'brute'),
(0x00000000000000000000ffff3ed2ac42, 'FR', 1, 18396, 'waf'),
(0x00000000000000000000ffff5762fad4, 'FR', 1, 18396, 'brute'),
(0x00000000000000000000ffff335b7beb, 'FR', 1, 18396, 'brute'),
(0x00000000000000000000ffffbd849fac, 'MX', 1, 18396, 'brute'),
(0x00000000000000000000ffff2f6470d6, 'CN', 1, 18396, 'brute'),
(0x00000000000000000000ffff33599d64, 'FR', 1, 18396, 'brute'),
(0x00000000000000000000ffff80c7f841, 'SG', 1, 18396, 'brute'),
(0x00000000000000000000ffff253b342c, 'FR', 1, 18396, 'brute'),
(0x00000000000000000000ffffc0a98b06, 'US', 1, 18396, 'brute'),
(0x00000000000000000000ffff5f00aa8c, 'TR', 1, 18396, 'brute'),
(0x00000000000000000000ffff8b3bd7f1, 'DE', 1, 18396, 'brute'),
(0x00000000000000000000ffff4221d47e, 'US', 1, 18396, 'brute'),
(0x00000000000000000000ffffa2d60ee2, 'US', 1, 18396, 'brute'),
(0x00000000000000000000ffffb9a68392, 'GB', 1, 18396, 'brute'),
(0x00000000000000000000ffff84949867, 'US', 1, 18396, 'brute'),
(0x00000000000000000000ffff9448d109, 'US', 1, 18396, 'brute'),
(0x00000000000000000000ffff34e216c2, 'US', 1, 18396, 'brute'),
(0x00000000000000000000ffff8b3b3940, 'IN', 1, 18396, 'brute'),
(0x00000000000000000000ffff2d7d4170, 'HK', 1, 18396, 'brute'),
(0x00000000000000000000ffffb9dc65fb, 'DE', 1, 18388, 'brute'),
(0x00000000000000000000ffffbe2e8aa9, 'CL', 1, 18388, 'brute'),
(0x00000000000000000000ffffd5d90007, 'RU', 1, 18387, 'brute'),
(0x00000000000000000000ffff3351fe17, 'US', 1, 18387, 'brute'),
(0x00000000000000000000ffff2240da66, 'US', 1, 18387, 'brute'),
(0x00000000000000000000ffff5d716f64, 'GB', 1, 18387, 'brute'),
(0x00000000000000000000ffffc0fecf2b, 'US', 1, 18387, 'brute'),
(0x00000000000000000000ffff9df54074, 'NL', 1, 18387, 'brute'),
(0x00000000000000000000ffff86d1a317, 'US', 1, 18387, 'brute'),
(0x00000000000000000000ffff867a6700, 'GB', 1, 18387, 'brute'),
(0x00000000000000000000ffffa51635e9, 'SG', 1, 18387, 'brute'),
(0x00000000000000000000ffff5eebafce, 'TR', 1, 18392, 'brute'),
(0x00000000000000000000ffffc063c845, 'CA', 1, 18392, 'brute'),
(0x00000000000000000000ffff80c7b4ee, 'SG', 1, 18392, 'brute'),
(0x00000000000000000000ffff2e657fa1, 'DE', 1, 18392, 'brute'),
(0x00000000000000000000ffffc632dd05, 'CA', 2, 18392, 'brute'),
(0x00000000000000000000ffff9f596e2d, 'DE', 1, 18392, 'brute'),
(0x00000000000000000000ffff7c78b5c2, 'TH', 1, 18392, 'brute'),
(0x00000000000000000000ffff8e5dccdd, 'US', 1, 18392, 'brute'),
(0x00000000000000000000ffff4ad05137, 'US', 1, 18392, 'brute'),
(0x00000000000000000000ffff3626d4a0, 'FR', 1, 18393, 'brute'),
(0x00000000000000000000ffff9f599444, 'US', 1, 18393, 'brute'),
(0x00000000000000000000ffff9df54074, 'NL', 1, 18393, 'brute'),
(0x00000000000000000000ffff6883445c, 'US', 1, 18393, 'brute'),
(0x00000000000000000000ffff67532465, 'US', 1, 18393, 'brute'),
(0x00000000000000000000ffff55ec0376, 'RU', 1, 18393, 'brute'),
(0x00000000000000000000ffff8e0406d4, 'US', 1, 18393, 'brute'),
(0x00000000000000000000ffff9538e988, 'CA', 1, 18393, 'brute'),
(0x00000000000000000000ffffc3aaa828, 'PT', 1, 18393, 'brute'),
(0x00000000000000000000ffff6730c0cb, 'VN', 1, 18393, 'brute'),
(0x00000000000000000000ffff9f596344, 'DE', 1, 18393, 'brute'),
(0x00000000000000000000ffffb2807a9d, 'SG', 1, 18393, 'brute'),
(0x00000000000000000000ffff8e04d3c8, 'CA', 1, 18393, 'brute'),
(0x00000000000000000000ffff68f890d0, 'SG', 1, 18393, 'brute'),
(0x00000000000000000000ffff2e65b1f1, 'DE', 1, 18393, 'brute'),
(0x00000000000000000000ffff91ef454a, 'FR', 1, 18393, 'brute'),
(0x00000000000000000000ffff68ee7498, 'US', 1, 18393, 'brute'),
(0x00000000000000000000ffff792af4df, 'CN', 1, 18393, 'brute'),
(0x00000000000000000000ffff1fdc0264, 'DE', 1, 18393, 'brute'),
(0x00000000000000000000ffff4221d47e, 'US', 1, 18393, 'brute'),
(0x00000000000000000000ffff8b3b4ef8, 'IN', 1, 18393, 'brute'),
(0x00000000000000000000ffffb2af9424, 'MD', 1, 18393, 'brute'),
(0x00000000000000000000ffff7618136f, 'CN', 12244, 18393, 'brute'),
(0x00000000000000000000ffff23e8ecf3, 'US', 1, 18392, 'brute'),
(0x00000000000000000000ffff2e650dd3, 'GB', 1, 18392, 'brute'),
(0x00000000000000000000ffffa772eb0c, 'FR', 1, 18392, 'brute'),
(0x00000000000000000000ffffc0fecf2b, 'US', 1, 18392, 'brute'),
(0x00000000000000000000ffffa7477610, 'US', 1, 18392, 'brute'),
(0x00000000000000000000ffff0d387b6c, 'US', 1, 18392, 'brute'),
(0x00000000000000000000ffff23e52dcd, 'US', 1, 18392, 'brute'),
(0x00000000000000000000ffffa5161f18, 'DE', 1, 18392, 'brute'),
(0x00000000000000000000ffff6bb454fb, 'US', 1, 18392, 'brute'),
(0x00000000000000000000ffff5eb6c5ca, 'IR', 1, 18392, 'brute'),
(0x00000000000000000000ffff95ca303a, 'FR', 1, 18392, 'brute'),
(0x00000000000000000000ffff2f5e9be9, 'CN', 1, 18392, 'brute'),
(0x00000000000000000000ffff23bcee33, 'US', 1, 18392, 'brute'),
(0x00000000000000000000ffff8b3b8dc4, 'DE', 1, 18392, 'brute'),
(0x00000000000000000000ffffc0a98b06, 'US', 1, 18392, 'brute'),
(0x00000000000000000000ffffa3ac6e98, 'GB', 2, 18391, 'manual'),
(0x00000000000000000000ffffa3ac6e98, 'GB', 1, 18391, 'brute'),
(0x00000000000000000000ffff3351fe14, 'US', 1, 18391, 'brute'),
(0x00000000000000000000ffff0d5c9b8c, 'US', 1, 18390, 'waf'),
(0x00000000000000000000ffff3359d55d, 'FR', 1, 18390, 'brute'),
(0x00000000000000000000ffff5e66334e, 'NL', 1, 18390, 'brute'),
(0x00000000000000000000ffff3359c869, 'FR', 1, 18390, 'brute'),
(0x00000000000000000000ffffb211ab94, 'MD', 1, 18388, 'brute'),
(0x00000000000000000000ffff2be475ca, 'SC', 1, 18388, 'brute'),
(0x00000000000000000000ffffb9dc64fd, 'DE', 1, 18388, 'brute'),
(0x00000000000000000000ffffc336a7be, 'RU', 1, 18389, 'brute'),
(0x00000000000000000000ffff8e5df91d, 'US', 1, 18389, 'brute'),
(0x00000000000000000000ffff3ed2b408, 'FR', 1, 18389, 'brute'),
(0x00000000000000000000ffff8b3bae6b, 'GB', 1, 18389, 'brute'),
(0x00000000000000000000ffff40cab847, 'US', 1, 18389, 'brute'),
(0x00000000000000000000ffffa5e327b0, 'CA', 1, 18389, 'brute'),
(0x00000000000000000000ffff9fcbb052, 'US', 1, 18389, 'brute'),
(0x00000000000000000000ffff67073d73, 'PK', 1, 18389, 'brute'),
(0x00000000000000000000ffff2f64c588, 'CN', 1, 18389, 'brute'),
(0x00000000000000000000ffffc9bdbe86, 'CL', 1, 18389, 'brute'),
(0x00000000000000000000ffff9df5e9a4, 'US', 1, 18389, 'brute'),
(0x00000000000000000000ffff23f0f55c, '', 1, 18389, 'brute'),
(0x00000000000000000000ffffd5956784, 'ME', 1, 18389, 'brute'),
(0x00000000000000000000ffff9df5b740, 'US', 1, 18389, 'brute'),
(0x00000000000000000000ffff8bc2be5f, 'ID', 1, 18389, 'brute'),
(0x00000000000000000000ffff2729413d, 'PK', 1, 18389, 'brute'),
(0x00000000000000000000ffff6d5e7b42, 'RS', 1, 18389, 'brute'),
(0x00000000000000000000ffff5b86f8e6, 'FR', 1, 18389, 'brute'),
(0x00000000000000000000ffff8b3b2b4b, 'IN', 1, 18389, 'brute'),
(0x00000000000000000000ffffae8a1ee9, 'SG', 1, 18389, 'brute'),
(0x00000000000000000000ffff8b3bab2e, 'GB', 1, 18389, 'brute'),
(0x00000000000000000000ffffb94f7393, 'NL', 1, 18389, 'brute'),
(0x00000000000000000000ffff8b637906, 'SG', 1, 18389, 'brute'),
(0x00000000000000000000ffffa63e6463, 'US', 1, 18389, 'brute'),
(0x00000000000000000000ffffcebde7c4, 'US', 1, 18389, 'brute'),
(0x00000000000000000000ffff339e48d2, 'FR', 1, 18389, 'brute'),
(0x00000000000000000000ffff505240d4, 'NL', 1, 18392, 'brute'),
(0x00000000000000000000ffff2d099419, 'NL', 1, 18392, 'brute'),
(0x00000000000000000000ffff23e1774d, 'US', 2, 18392, 'brute'),
(0x00000000000000000000ffff40cab8f9, 'US', 1, 18392, 'brute'),
(0x00000000000000000000ffff67515509, 'VN', 1, 18392, 'brute'),
(0x00000000000000000000ffff9f59b7a8, 'US', 1, 18392, 'brute'),
(0x00000000000000000000ffff867a784a, 'US', 1, 18392, 'brute'),
(0x00000000000000000000ffff253b3957, 'FR', 1, 18392, 'brute'),
(0x00000000000000000000ffffa7637821, 'US', 1, 18392, 'brute'),
(0x00000000000000000000ffffb6ba6737, 'PK', 1, 18392, 'brute'),
(0x00000000000000000000ffff70d0adfd, 'PH', 1, 18392, 'brute'),
(0x00000000000000000000ffffc336a015, 'RU', 1, 18391, 'brute'),
(0x00000000000000000000ffffc5ed6354, 'KE', 1, 18391, 'brute'),
(0x00000000000000000000ffff23e8ecf3, 'US', 2, 18391, 'brute'),
(0x00000000000000000000ffffa7725c3c, 'CA', 1, 18394, 'brute'),
(0x00000000000000000000ffffcab938d3, 'MY', 1, 18392, 'brute'),
(0x00000000000000000000ffff2d0994da, 'NL', 1, 18392, 'brute'),
(0x00000000000000000000ffffa77259c0, 'CA', 1, 18394, 'brute'),
(0x00000000000000000000ffff3ed2b408, 'FR', 1, 18393, 'brute'),
(0x00000000000000000000ffff362762d3, 'CA', 1, 18393, 'brute'),
(0x00000000000000000000ffff3d0c5c92, 'IN', 1, 18393, 'brute'),
(0x00000000000000000000ffff362515d3, 'FR', 1, 18393, 'brute'),
(0x00000000000000000000ffff9f41dbfa, 'US', 1, 18393, 'brute'),
(0x00000000000000000000ffffcebd238a, 'SG', 1, 18396, 'brute'),
(0x00000000000000000000ffffd9b6af8e, 'FR', 1, 18395, 'brute'),
(0x00000000000000000000ffff3ed2ac42, 'FR', 1, 18395, 'waf'),
(0x00000000000000000000ffffa77259c1, 'CA', 1, 18395, 'brute'),
(0x00000000000000000000ffffc7f9e650, 'US', 1, 18395, 'brute'),
(0x00000000000000000000ffffc336a7be, 'RU', 1, 18395, 'brute'),
(0x00000000000000000000ffff3d0c5c92, 'IN', 1, 18367, 'brute'),
(0x00000000000000000000ffff25bbc571, 'FI', 1, 18367, 'brute'),
(0x00000000000000000000ffff9fcb6bd4, 'US', 1, 18367, 'brute'),
(0x00000000000000000000ffff44b72b96, 'GB', 1, 18367, 'brute'),
(0x00000000000000000000ffffa747ca5d, 'SG', 1, 18367, 'brute'),
(0x00000000000000000000ffff33b2b9ec, 'FR', 1, 18367, 'brute'),
(0x00000000000000000000ffff68f890d0, 'SG', 1, 18367, 'brute'),
(0x00000000000000000000ffffb933e4f1, 'GB', 3, 18367, 'brute'),
(0x00000000000000000000ffff33b2b9ef, 'FR', 1, 18369, 'brute'),
(0x00000000000000000000ffff3344c97a, 'FR', 1, 18369, 'brute'),
(0x00000000000000000000ffffc23d1866, 'NL', 1, 18368, 'brute'),
(0x00000000000000000000ffff84ff464c, 'CL', 1, 18373, 'brute'),
(0x00000000000000000000ffff784f1190, 'CN', 1, 18373, 'brute'),
(0x00000000000000000000ffff0d4e839b, 'US', 1, 18373, 'brute'),
(0x00000000000000000000ffffc4297a5e, 'ZA', 1, 18373, 'brute'),
(0x00000000000000000000ffff8b3b4495, 'IN', 1, 18373, 'brute'),
(0x00000000000000000000ffffa5e39bad, 'DE', 1, 18373, 'brute'),
(0x00000000000000000000ffffdf196325, 'ID', 1, 18373, 'brute'),
(0x00000000000000000000ffff1b7bddc5, 'ID', 1, 18373, 'brute'),
(0x00000000000000000000ffffa7637b22, 'US', 1, 18373, 'brute'),
(0x00000000000000000000ffff02e45752, 'IT', 1, 18373, 'brute'),
(0x00000000000000000000ffff23e56871, 'US', 1, 18373, 'brute'),
(0x00000000000000000000ffff52caacd3, 'RU', 1, 18373, 'brute'),
(0x00000000000000000000ffffd061b15a, 'US', 1, 18373, 'brute'),
(0x00000000000000000000ffff6bb45fc1, 'US', 1, 18373, 'brute'),
(0x00000000000000000000ffff3ed2b904, 'FR', 1, 18373, 'brute'),
(0x00000000000000000000ffff8348ec8a, 'CL', 1, 18373, 'brute'),
(0x00000000000000000000ffff9f5930ed, 'US', 1, 18373, 'brute'),
(0x00000000000000000000ffffc0a98fa5, 'US', 1, 18373, 'brute'),
(0x00000000000000000000ffff3694e2e4, 'US', 1, 18373, 'brute'),
(0x00000000000000000000ffff80c7f8c8, 'SG', 1, 18373, 'brute'),
(0x00000000000000000000ffffbaea506a, 'BR', 2, 18373, 'brute'),
(0x00000000000000000000ffff9df5608b, 'IN', 1, 18373, 'brute'),
(0x00000000000000000000ffffa75654e3, 'DE', 1, 18373, 'brute'),
(0x00000000000000000000ffff40e12a7c, 'US', 1, 18373, 'brute'),
(0x00000000000000000000ffff40e300ea, 'US', 1, 18373, 'brute'),
(0x00000000000000000000ffff8b639c9e, 'AU', 1, 18373, 'brute'),
(0x00000000000000000000ffffc0f1974d, 'US', 1, 18373, 'brute'),
(0x00000000000000000000ffff92b9a351, 'NL', 2, 18373, 'brute'),
(0x00000000000000000000ffff2d370522, 'US', 1, 18373, 'brute'),
(0x00000000000000000000ffff9448d569, 'US', 1, 18373, 'brute'),
(0x00000000000000000000ffff68ee7498, 'US', 1, 18373, 'brute'),
(0x00000000000000000000ffff18257116, 'CA', 1, 18373, 'brute'),
(0x00000000000000000000ffff2eeb2871, 'NL', 1, 18373, 'brute'),
(0x00000000000000000000ffff05275724, 'FR', 1, 18373, 'brute'),
(0x00000000000000000000ffff23ca9d60, 'US', 2, 18373, 'brute'),
(0x00000000000000000000ffffd161afbf, 'SG', 1, 18373, 'brute'),
(0x00000000000000000000ffffa516b41d, 'US', 1, 18373, 'brute'),
(0x00000000000000000000ffff2f6baa50, 'CN', 1, 18373, 'brute'),
(0x00000000000000000000ffff84941c14, 'US', 1, 18373, 'brute'),
(0x00000000000000000000ffff3ddc37f0, 'TW', 1, 18373, 'brute'),
(0x00000000000000000000ffff4b77d7d2, 'US', 1, 18373, 'brute'),
(0x00000000000000000000ffffb9a68392, 'GB', 1, 18373, 'brute'),
(0x00000000000000000000ffff2f64c588, 'CN', 1, 18373, 'brute'),
(0x00000000000000000000ffff0587a47e, 'FR', 2, 18373, 'brute'),
(0x00000000000000000000ffffb94f7393, 'NL', 1, 18373, 'brute'),
(0x00000000000000000000ffff32c4f506, 'US', 1, 18373, 'brute'),
(0x00000000000000000000ffffb2807a9d, 'SG', 1, 18373, 'brute'),
(0x00000000000000000000ffffb280ccc0, 'DE', 1, 18373, 'brute'),
(0x00000000000000000000ffff80c762ac, 'SG', 1, 18373, 'brute'),
(0x00000000000000000000ffff45a3a985, 'US', 1, 18373, 'brute'),
(0x00000000000000000000ffff5ee7b2e2, 'UA', 1, 18373, 'brute'),
(0x00000000000000000000ffff6a0de210, 'CN', 1, 18373, 'brute'),
(0x00000000000000000000ffff7645adc7, 'VN', 1, 18373, 'brute'),
(0x00000000000000000000ffffa2f30881, 'US', 1, 18373, 'brute'),
(0x00000000000000000000ffff965f8521, 'JP', 1, 18372, 'brute'),
(0x00000000000000000000ffff23e56871, 'US', 1, 18372, 'brute'),
(0x00000000000000000000ffffd5205b47, 'FR', 1, 18372, 'brute'),
(0x00000000000000000000ffffadecc149, 'US', 1, 18372, 'brute'),
(0x00000000000000000000ffff9fcb0b04, 'CA', 1, 18372, 'brute'),
(0x00000000000000000000ffff17603c52, 'US', 3, 18369, 'brute'),
(0x00000000000000000000ffff8a4450eb, 'DE', 1, 18372, 'brute'),
(0x00000000000000000000ffffb280999f, 'US', 1, 18372, 'brute'),
(0x00000000000000000000ffffa3ac7dd0, 'GB', 1, 18372, 'brute'),
(0x00000000000000000000ffff8b3bab2e, 'GB', 1, 18372, 'brute'),
(0x00000000000000000000ffffb23e4140, 'GB', 1, 18372, 'brute'),
(0x00000000000000000000ffff80c7977b, 'SG', 1, 18372, 'brute'),
(0x00000000000000000000ffff5ee7b2e2, 'UA', 1, 18372, 'brute'),
(0x00000000000000000000ffff9df55239, 'US', 1, 18372, 'brute'),
(0x00000000000000000000ffff2e659609, 'DE', 1, 18372, 'brute'),
(0x00000000000000000000ffff33599d64, 'FR', 1, 18372, 'brute'),
(0x00000000000000000000ffff22577f62, 'US', 1, 18372, 'brute'),
(0x00000000000000000000ffff9de6ef06, 'US', 1, 18372, 'brute'),
(0x00000000000000000000ffff4273ad12, 'US', 1, 18372, 'brute'),
(0x00000000000000000000ffff29e7363b, 'TN', 1, 18372, 'brute'),
(0x00000000000000000000ffff511dd754, 'IT', 1, 18372, 'brute'),
(0x00000000000000000000ffff44b78686, 'US', 1, 18372, 'brute'),
(0x00000000000000000000ffff44b7b807, 'SG', 1, 18372, 'brute'),
(0x00000000000000000000ffffd18d2dbd, 'US', 1, 18372, 'brute'),
(0x00000000000000000000ffff3694e2e4, 'US', 1, 18372, 'brute'),
(0x00000000000000000000ffff8b3b8dc4, 'DE', 1, 18372, 'brute'),
(0x00000000000000000000ffffa5e39bad, 'DE', 1, 18372, 'brute'),
(0x00000000000000000000ffffadeca867, 'US', 1, 18372, 'brute'),
(0x00000000000000000000ffff80c76e9c, 'SG', 1, 18372, 'brute'),
(0x00000000000000000000ffffd061bc0d, 'US', 1, 18372, 'brute'),
(0x00000000000000000000ffff8a4439cf, 'US', 1, 18372, 'brute'),
(0x00000000000000000000ffff68f890d0, 'SG', 1, 18372, 'brute'),
(0x00000000000000000000ffff2f5abc4e, 'US', 1, 18372, 'brute'),
(0x00000000000000000000ffffbca63cae, 'NL', 1, 18372, 'brute'),
(0x00000000000000000000ffff8b3b9985, 'DE', 1, 18372, 'brute'),
(0x00000000000000000000ffffbaea507c, 'BR', 1, 18372, 'brute'),
(0x00000000000000000000ffff43cd0a68, 'US', 1, 18372, 'brute'),
(0x00000000000000000000ffff44b72b96, 'GB', 1, 18372, 'brute'),
(0x00000000000000000000ffffa3ac2a7b, 'GB', 1, 18372, 'brute'),
(0x00000000000000000000ffff48a7e23d, 'US', 1, 18372, 'brute'),
(0x00000000000000000000ffff224c4080, 'US', 1, 18372, 'brute'),
(0x00000000000000000000ffff2d77d40e, 'VN', 1, 18372, 'brute'),
(0x00000000000000000000ffffa2f14b9f, 'US', 1, 18372, 'brute'),
(0x00000000000000000000ffff8e5dccdd, 'US', 1, 18372, 'brute'),
(0x00000000000000000000ffff68ec2dab, 'US', 1, 18372, 'brute'),
(0x00000000000000000000ffff23b814c0, 'US', 1, 18372, 'brute'),
(0x00000000000000000000ffff2d0994dd, 'NL', 1, 18372, 'brute'),
(0x00000000000000000000ffffb23e097a, 'GB', 1, 18372, 'brute'),
(0x00000000000000000000ffff8e0407d4, 'US', 1, 18372, 'brute'),
(0x00000000000000000000ffff6730c0cb, 'VN', 1, 18372, 'brute'),
(0x00000000000000000000ffff6730c198, 'VN', 1, 18372, 'brute'),
(0x00000000000000000000ffff68f44a39, 'US', 1, 18371, 'brute'),
(0x00000000000000000000ffffa7725c32, 'CA', 1, 18370, 'brute'),
(0x00000000000000000000ffff6d64e628, 'RO', 1, 18370, 'brute'),
(0x00000000000000000000ffff33263f45, 'FR', 1, 18372, 'brute'),
(0x00000000000000000000ffff45a3a3c6, 'US', 1, 18372, 'brute'),
(0x00000000000000000000ffff53f0ba4a, 'PT', 1, 18372, 'brute'),
(0x00000000000000000000ffff9fcb6bd4, 'US', 1, 18372, 'brute'),
(0x00000000000000000000ffff422a3815, 'SG', 1, 18372, 'brute'),
(0x00000000000000000000ffff8e04d128, 'CA', 1, 18372, 'brute'),
(0x00000000000000000000ffff405a2472, 'US', 1, 18372, 'brute'),
(0x00000000000000000000ffff334ddf3e, 'FR', 1, 18372, 'brute'),
(0x00000000000000000000ffffd06d35b9, 'US', 1, 18372, 'brute'),
(0x00000000000000000000ffff784e8ed2, 'CN', 1, 18372, 'brute'),
(0x00000000000000000000ffff67930ace, 'ID', 1, 18372, 'brute'),
(0x00000000000000000000ffff7b3933cc, 'CN', 1, 18372, 'brute'),
(0x00000000000000000000ffffd07199cb, 'US', 2, 18372, 'brute'),
(0x00000000000000000000ffff8e5d6338, 'DE', 1, 18372, 'brute'),
(0x00000000000000000000ffff86d1c211, 'NL', 1, 18372, 'brute'),
(0x00000000000000000000ffff84949867, 'US', 1, 18372, 'brute'),
(0x00000000000000000000ffffb44c9236, 'CN', 1, 18372, 'brute'),
(0x00000000000000000000ffff2e65b1f1, 'DE', 1, 18372, 'brute'),
(0x00000000000000000000ffff80c79eb6, 'SG', 1, 18372, 'brute'),
(0x00000000000000000000ffff9a00a744, 'ZA', 1, 18372, 'brute'),
(0x00000000000000000000ffff8348ec8a, 'CL', 1, 18372, 'brute'),
(0x00000000000000000000ffffd071a257, 'US', 1, 18372, 'brute'),
(0x00000000000000000000ffff51aaef02, 'SE', 1, 18372, 'brute'),
(0x00000000000000000000ffffbca5fbc4, 'FR', 1, 18372, 'brute'),
(0x00000000000000000000ffff5e172ac4, 'FR', 1, 18372, 'brute'),
(0x00000000000000000000ffff6bb31344, 'US', 1, 18372, 'brute'),
(0x00000000000000000000ffffbca61245, 'NL', 1, 18372, 'brute'),
(0x00000000000000000000ffff33ff403a, 'FR', 1, 18372, 'brute'),
(0x00000000000000000000ffff3351fddb, 'US', 1, 18371, 'brute'),
(0x00000000000000000000ffff2d0994da, 'NL', 1, 18371, 'brute');

-- --------------------------------------------------------

--
-- Table structure for table `wfblocks7`
--

CREATE TABLE `wfblocks7` (
  `id` bigint(20) UNSIGNED NOT NULL,
  `type` int(10) UNSIGNED NOT NULL DEFAULT '0',
  `IP` binary(16) NOT NULL DEFAULT '\0\0\0\0\0\0\0\0\0\0\0\0\0\0\0\0',
  `blockedTime` bigint(20) NOT NULL,
  `reason` varchar(255) NOT NULL,
  `lastAttempt` int(10) UNSIGNED DEFAULT '0',
  `blockedHits` int(10) UNSIGNED DEFAULT '0',
  `expiration` bigint(20) UNSIGNED NOT NULL DEFAULT '0',
  `parameters` text
) ENGINE=MyISAM DEFAULT CHARSET=utf8;

--
-- Dumping data for table `wfblocks7`
--

INSERT INTO `wfblocks7` (`id`, `type`, `IP`, `blockedTime`, `reason`, `lastAttempt`, `blockedHits`, `expiration`, `parameters`) VALUES
(3991, 7, 0x00000000000000000000ffff7618136f, 1589157169, 'Exceeded the maximum number of login failures which is: 3. The last username they tried to sign in with was: \'events\'', 1589182030, 11444, 1590021169, NULL),
(4067, 2, 0x00000000000000000000ffff68f8e116, 1589531182, 'Blocked by Wordfence Security Network', 1589531182, 1, 1589531782, NULL),
(4068, 2, 0x00000000000000000000ffffa7474342, 1589533013, 'Blocked by Wordfence Security Network', 1589533013, 1, 1589533613, NULL),
(4069, 2, 0x00000000000000000000ffff9f5902dc, 1589535937, 'Blocked by Wordfence Security Network', 1589535937, 1, 1589536537, NULL),
(4070, 2, 0x00000000000000000000ffffc39a728c, 1589536903, 'Blocked by Wordfence Security Network', 1589536903, 1, 1589537503, NULL),
(4071, 2, 0x00000000000000000000ffff951c0889, 1589538764, 'Blocked by Wordfence Security Network', 1589538764, 1, 1589539364, NULL),
(4072, 2, 0x00000000000000000000ffffa63e506d, 1589541773, 'Blocked by Wordfence Security Network', 1589541773, 1, 1589542373, NULL),
(4073, 2, 0x00000000000000000000ffff3351fe0f, 1589541858, 'Blocked by Wordfence Security Network', 1589541858, 1, 1589542458, NULL),
(4074, 2, 0x00000000000000000000ffff68f896d5, 1589543839, 'Blocked by Wordfence Security Network', 1589543839, 1, 1589544439, NULL);

-- --------------------------------------------------------

--
-- Table structure for table `wfconfig`
--

CREATE TABLE `wfconfig` (
  `name` varchar(100) NOT NULL,
  `val` longblob,
  `autoload` enum('no','yes') NOT NULL DEFAULT 'yes'
) ENGINE=MyISAM DEFAULT CHARSET=utf8;

--
-- Dumping data for table `wfconfig`
--

INSERT INTO `wfconfig` (`name`, `val`, `autoload`) VALUES
('alertOn_update', 0x30, 'yes'),
('alertOn_scanIssues', 0x31, 'yes'),
('alertOn_throttle', 0x30, 'yes'),
('alertOn_block', 0x31, 'yes'),
('alertOn_loginLockout', 0x31, 'yes'),
('alertOn_breachLogin', 0x31, 'yes'),
('alertOn_lostPasswdForm', 0x31, 'yes'),
('alertOn_adminLogin', 0x31, 'yes'),
('alertOn_firstAdminLoginOnly', 0x30, 'yes'),
('alertOn_nonAdminLogin', 0x31, 'yes'),
('alertOn_firstNonAdminLoginOnly', 0x30, 'yes'),
('alertOn_wordfenceDeactivated', 0x31, 'yes'),
('alertOn_wafDeactivated', 0x31, 'yes'),
('liveTrafficEnabled', 0x30, 'yes'),
('advancedCommentScanning', 0x31, 'yes'),
('checkSpamIP', 0x31, 'yes'),
('spamvertizeCheck', 0x31, 'yes'),
('liveTraf_ignorePublishers', 0x31, 'yes'),
('liveTraf_displayExpandedRecords', 0x30, 'no'),
('scheduledScansEnabled', 0x31, 'yes'),
('lowResourceScansEnabled', 0x30, 'yes'),
('scansEnabled_checkGSB', 0x31, 'yes'),
('scansEnabled_checkHowGetIPs', 0x31, 'yes'),
('scansEnabled_core', 0x31, 'yes'),
('scansEnabled_themes', 0x31, 'yes'),
('scansEnabled_plugins', 0x31, 'yes'),
('scansEnabled_coreUnknown', 0x31, 'yes'),
('scansEnabled_malware', 0x31, 'yes'),
('scansEnabled_fileContents', 0x31, 'yes'),
('scansEnabled_fileContentsGSB', 0x31, 'yes'),
('scansEnabled_checkReadableConfig', 0x31, 'yes'),
('scansEnabled_suspectedFiles', 0x31, 'yes'),
('scansEnabled_posts', 0x31, 'yes'),
('scansEnabled_comments', 0x31, 'yes'),
('scansEnabled_suspiciousOptions', 0x31, 'yes'),
('scansEnabled_passwds', 0x31, 'yes'),
('scansEnabled_diskSpace', 0x31, 'yes'),
('scansEnabled_wafStatus', 0x31, 'yes'),
('scansEnabled_options', 0x31, 'yes'),
('scansEnabled_wpscan_fullPathDisclosure', 0x31, 'yes'),
('scansEnabled_wpscan_directoryListingEnabled', 0x31, 'yes'),
('scansEnabled_dns', 0x31, 'yes'),
('scansEnabled_scanImages', 0x31, 'yes'),
('scansEnabled_highSense', 0x30, 'yes'),
('scansEnabled_oldVersions', 0x31, 'yes'),
('scansEnabled_suspiciousAdminUsers', 0x31, 'yes'),
('liveActivityPauseEnabled', 0x31, 'yes'),
('firewallEnabled', 0x31, 'yes'),
('blockFakeBots', 0x31, 'yes'),
('autoBlockScanners', 0x31, 'yes'),
('loginSecurityEnabled', 0x31, 'yes'),
('loginSec_strongPasswds_enabled', 0x31, 'yes'),
('loginSec_breachPasswds_enabled', 0x31, 'yes'),
('loginSec_lockInvalidUsers', 0x30, 'yes'),
('loginSec_maskLoginErrors', 0x31, 'yes'),
('loginSec_blockAdminReg', 0x31, 'yes'),
('loginSec_disableAuthorScan', 0x31, 'yes'),
('loginSec_disableOEmbedAuthor', 0x30, 'yes'),
('loginSec_requireAdminTwoFactor', 0x30, 'yes'),
('notification_updatesNeeded', 0x31, 'yes'),
('notification_securityAlerts', 0x31, 'yes'),
('notification_promotions', 0x31, 'yes'),
('notification_blogHighlights', 0x31, 'yes'),
('notification_productUpdates', 0x31, 'yes'),
('notification_scanStatus', 0x31, 'yes'),
('other_hideWPVersion', 0x31, 'yes'),
('other_blockBadPOST', 0x30, 'yes'),
('other_scanComments', 0x31, 'yes'),
('other_pwStrengthOnUpdate', 0x31, 'yes'),
('other_WFNet', 0x31, 'yes'),
('other_scanOutside', 0x31, 'yes'),
('other_bypassLitespeedNoabort', 0x30, 'yes'),
('deleteTablesOnDeact', 0x30, 'yes'),
('autoUpdate', 0x31, 'yes'),
('startScansRemotely', 0x30, 'yes'),
('disableConfigCaching', 0x30, 'yes'),
('addCacheComment', 0x30, 'yes'),
('disableCodeExecutionUploads', 0x31, 'yes'),
('allowHTTPSCaching', 0x30, 'yes'),
('debugOn', 0x30, 'yes'),
('email_summary_enabled', 0x31, 'yes'),
('email_summary_dashboard_widget_enabled', 0x31, 'yes'),
('ssl_verify', 0x31, 'yes'),
('ajaxWatcherDisabled_front', 0x30, 'yes'),
('ajaxWatcherDisabled_admin', 0x30, 'yes'),
('wafAlertOnAttacks', 0x31, 'yes'),
('disableWAFIPBlocking', 0x30, 'yes'),
('showAdminBarMenu', 0x31, 'yes'),
('displayTopLevelOptions', 0x31, 'yes'),
('displayTopLevelBlocking', 0x30, 'yes'),
('displayTopLevelLiveTraffic', 0x30, 'yes'),
('displayAutomaticBlocks', 0x31, 'yes'),
('scan_include_extra', '', 'yes'),
('alertEmails', 0x6d6962406d69622e726f, 'yes'),
('liveTraf_ignoreUsers', '', 'yes'),
('liveTraf_ignoreIPs', '', 'yes'),
('liveTraf_ignoreUA', '', 'yes'),
('maxMem', 0x323536, 'yes'),
('scan_exclude', 0x77702d636f6e74656e742f7468656d65732f7477656e74796e696e657465656e2f7374796c652d656469746f722e6373730a77702d636f6e74656e742f706c7567696e732f6a735f636f6d706f7365722f696e636c7564652f6175746f6c6f61642f76656e646f72732f677261766974795f666f726d732e7068700a77702d636f6e74656e742f706c7567696e732f776f726470726573732d73656f2f6a732f646973742f77702d73656f2d616e616c797369732d776f726b65722d313134302e6d696e2e6a730a77702d636f6e74656e742f706c7567696e732f776f726466656e63652f6a732f6a71756572792e646174615461626c65732e6d696e2e313535333631373339312e6a730a77702d636f6e74656e742f706c7567696e732f556c74696d6174655f56435f4164646f6e732f61646d696e2f6a732f6a71756572795f63726561746976655f6c696e6b2e6a730a77702d636f6e74656e742f706c7567696e732f776f726470726573732d73656f2f61646d696e2f636f6e6669672d75692f636f6d706f6e656e74732f636c6173732d636f6d706f6e656e742d73756767657374696f6e732e7068700a77702d636f6e74656e742f706c7567696e732f6a735f636f6d706f7365722f696e636c7564652f74656d706c617465732f656469746f72732f7061727469616c732f73657474696e67735f707265736574735f706f7075702e74706c2e7068700a77702d636f6e74656e742f706c7567696e732f776f726470726573732d73656f2f6a732f646973742f77702d646174612d313132302e6d696e2e6a730a77702d636f6e74656e742f706c7567696e732f726576736c696465722f696e636c756465732f6f7065726174696f6e732e636c6173732e7068700a77702d636f6e74656e742f706c7567696e732f64657369676e7468656d65732d636f72652d66656174757265732f76697375616c2d636f6d706f7365722f6d6f64756c65732f766964656f5f6d616e616765722e7068700a77702d636f6e74656e742f706c7567696e732f776f726470726573732d73656f2f6a732f646973742f77702d73656f2d616e616c797369732d776f726b65722d313132302e6d696e2e6a730a77702d636f6e74656e742f706c7567696e732f6a735f636f6d706f7365722f696e636c7564652f6175746f6c6f61642f76632d70616765732f706167652d637573746f6d2d6373732e7068700a77702d636f6e74656e742f706c7567696e732f64657369676e7468656d65732d646f63746f722d6164646f6e2f637573746f6d2d706f73742d74797065732f64742d70726f6365647572652d706f73742d747970652e7068700a77702d636f6e74656e742f706c7567696e732f556c74696d6174655f56435f4164646f6e732f6d6f64756c65732f756c74696d6174655f6a7573745f69636f6e2e706870, 'yes'),
('scan_maxIssues', 0x31303030, 'yes'),
('scan_maxDuration', '', 'yes'),
('whitelisted', '', 'yes'),
('whitelistedServices', 0x7b7d, 'yes'),
('bannedURLs', '', 'yes'),
('maxExecutionTime', 0x30, 'yes'),
('howGetIPs', '', 'yes'),
('actUpdateInterval', 0x32, 'yes'),
('alert_maxHourly', 0x3230, 'yes'),
('loginSec_userBlacklist', 0x61646d696e0a746573740a616374697664656e74, 'yes'),
('liveTraf_maxRows', 0x32303030, 'yes'),
('liveTraf_maxAge', 0x3330, 'yes'),
('neverBlockBG', 0x6e65766572426c6f636b5665726966696564, 'yes'),
('loginSec_countFailMins', 0x323430, 'yes'),
('loginSec_lockoutMins', 0x3134343030, 'yes'),
('loginSec_strongPasswds', 0x70756273, 'yes'),
('loginSec_breachPasswds', 0x61646d696e73, 'yes'),
('loginSec_maxFailures', 0x33, 'yes'),
('loginSec_maxForgotPasswd', 0x32, 'yes'),
('maxGlobalRequests', 0x44495341424c4544, 'yes'),
('maxGlobalRequests_action', 0x7468726f74746c65, 'yes'),
('maxRequestsCrawlers', 0x44495341424c4544, 'yes'),
('maxRequestsCrawlers_action', 0x7468726f74746c65, 'yes'),
('maxRequestsHumans', 0x44495341424c4544, 'yes'),
('maxRequestsHumans_action', 0x7468726f74746c65, 'yes'),
('max404Crawlers', 0x44495341424c4544, 'yes'),
('max404Crawlers_action', 0x7468726f74746c65, 'yes'),
('max404Humans', 0x44495341424c4544, 'yes'),
('max404Humans_action', 0x7468726f74746c65, 'yes'),
('blockedTime', 0x333030, 'yes'),
('email_summary_interval', 0x7765656b6c79, 'yes'),
('email_summary_excluded_directories', 0x77702d636f6e74656e742f63616368652c77702d636f6e74656e742f77666c6f6773, 'yes'),
('allowed404s', 0x2f66617669636f6e2e69636f0a2f6170706c652d746f7563682d69636f6e2a2e706e670a2f2a4032782e706e670a2f62726f77736572636f6e6669672e786d6c, 'yes'),
('wafAlertWhitelist', '', 'yes'),
('wafAlertInterval', 0x363030, 'yes'),
('wafAlertThreshold', 0x313030, 'yes'),
('howGetIPs_trusted_proxies', '', 'yes'),
('scanType', 0x7374616e64617264, 'yes'),
('manualScanType', 0x6f6e63654461696c79, 'yes'),
('schedStartHour', 0x37, 'yes'),
('schedMode', 0x6175746f, 'yes'),
('cbl_loggedInBlocked', '', 'yes'),
('cbl_action', 0x626c6f636b, 'yes'),
('cbl_redirURL', '', 'yes'),
('cbl_bypassRedirURL', '', 'yes'),
('cbl_bypassRedirDest', '', 'yes'),
('cbl_bypassViewURL', '', 'yes'),
('loginSec_enableSeparateTwoFactor', '', 'yes'),
('blockCustomText', '', 'yes'),
('alertOn_severityLevel', 0x3235, 'yes'),
('apiKey', 0x31336130383332646164316564666164383264376238303636623464336237666332393139306138653533373730343637663339326536653531343162383364643564373865306538663239653938356233336665663337376161343866396130633535333235653131306139633631666330656635303434363337613533386436353562653731643330316535306130353435396465316538613566613865, 'yes'),
('keyType', 0x66726565, 'yes'),
('isPaid', 0x30, 'yes'),
('betaThreatDefenseFeed', 0x30, 'yes'),
('timeoffset_wf_updated', 0x31353839353432383530, 'yes'),
('cacheType', 0x64697361626c6564, 'yes'),
('detectProxyRecommendation', 0x52454d4f54455f41444452, 'no'),
('dismissAutoPrependNotice', 0x30, 'yes'),
('onboardingAttempt1', 0x6c6963656e7365, 'yes'),
('onboardingAttempt2', '', 'no'),
('onboardingAttempt3', '', 'no'),
('onboardingAttempt3Initial', 0x30, 'yes'),
('needsNewTour_dashboard', 0x30, 'yes'),
('needsNewTour_firewall', 0x30, 'yes'),
('needsNewTour_scan', 0x30, 'yes'),
('needsNewTour_blocking', 0x30, 'yes'),
('needsNewTour_livetraffic', 0x31, 'yes'),
('needsUpgradeTour_dashboard', 0x30, 'yes'),
('needsUpgradeTour_firewall', 0x30, 'yes'),
('needsUpgradeTour_scan', 0x30, 'yes'),
('needsUpgradeTour_blocking', 0x30, 'yes'),
('needsUpgradeTour_livetraffic', 0x30, 'yes'),
('supportContent', 0x[encoded data, 18630 characters], 'yes'),
('supportHash', 0x63643435383664343561336235623634383738363337616532373465393036333632303665343266373736663864343536613632303361366266396565643633, 'yes');
INSERT INTO `wfconfig` (`name`, `val`, `autoload`) VALUES
('whitelistPresets', 0x[encoded data, 22158 characters], 'yes'),
('whitelistHash', 0x62663364373664633035636166383632336362336665303163316663396533303865326632656133376238323639333764383530666465333631636465666434, 'yes'),
('touppPromptNeeded', '', 'yes'),
('touppBypassNextCheck', 0x30, 'yes'),
('autoUpdateAttempts', 0x30, 'yes'),
('previousWflogsFileList', 0x5b22636f6e6669672d73796e6365642e706870222c22636f6e6669672e706870222c2272756c65732e706870222c22636f6e6669672d7472616e7369656e742e706870222c226970732e706870222c22636f6e6669672d6c6976657761662e706870222c2261747461636b2d646174612e706870222c2274656d706c6174652e706870222c2247656f4c697465322d436f756e7472792e6d6d6462222c222e6874616363657373225d, 'yes'),
('diagnosticsWflogsRemovalHistory', 0x5b5b313538383735373439302c5b22636f6e6669672e746d702e78534431776e225d5d2c5b313538383538333839372c5b22636f6e6669672e746d702e4b6c6b634873225d5d2c5b313538363037353735322c5b22636f6e6669672e746d702e7248484b6c6f225d5d2c5b313538353737333135332c5b22636f6e6669672e746d702e754b66414530225d5d2c5b313538353732393536302c5b22636f6e6669672e746d702e5a4c32443262225d5d5d, 'yes'),
('encKey', 0x37303537616237373036363134313036, 'yes'),
('longEncKey', 0x36646339373264313637383135326663366431666535656239326363613934633537323438393461383665363130353630663933343132393232323665343963, 'yes'),
('cbl_restOfSiteBlocked', 0x31, 'yes'),
('timeoffset_wf', 0x31, 'yes'),
('lastBlockAggregation', 0x31353839343637323534, 'yes'),
('allowed404s6116Migration', 0x31, 'yes'),
('migration636_email_summary_excluded_directories', 0x31, 'no'),
('fileContentsGSB6315Migration', 0x31, 'yes'),
('config701Migration', 0x31, 'yes'),
('blocks702Migration', 0x31, 'yes'),
('geoIPVersionHash', 0x38613764626139376634313331316464613262666139386636306237376436633933306433313530353630393039383530613232623830613733326563623336, 'yes'),
('scansEnabled_geoipSupport', 0x31, 'yes'),
('config720Migration', 0x31, 'yes'),
('waf_status', 0x656e61626c6564, 'yes'),
('detectProxyNextCheck', 0x31353839373030353339, 'no'),
('detectProxyNonce', '', 'no'),
('allScansScheduled', 0x613a333a7b693a303b613a323a7b733a393a2274696d657374616d70223b693a313538393631333539393b733a343a2261726773223b613a313a7b693a303b693a313538393631333539393b7d7d693a313b613a323a7b733a393a2274696d657374616d70223b693a313538393837323739393b733a343a2261726773223b613a313a7b693a303b693a313538393837323739393b7d7d693a323b613a323a7b733a393a2274696d657374616d70223b693a313539303133313939393b733a343a2261726773223b613a313a7b693a303b693a313539303133313939393b7d7d7d, 'yes'),
('activatingIP', 0x36322e3132312e39392e323135, 'yes'),
('adminNoticeQueue', 0x613a303a7b7d, 'yes'),
('serverDNS', 0x313538393532343932343b3539393b3138382e3231352e36342e3431, 'yes'),
('wp_home_url', 0x687474703a2f2f616374697664656e742e726f, 'yes'),
('wp_site_url', 0x687474703a2f2f616374697664656e742e726f, 'yes'),
('dbVersion', 0x352e362e34372d636c6c2d6c7665, 'yes'),
('lastDashboardCheck', 0x31353839353331313831, 'yes'),
('dashboardData', 0x[encoded data, 7624 characters], 'yes'),
('noc1ScanSchedule', 0x613a333a7b693a303b693a313538393631333630303b693a313b693a313538393837323830303b693a323b693a313539303133323030303b7d, 'yes'),
('showWfCentralUI', 0x31, 'yes'),
('allowMySQLi', 0x31, 'yes'),
('dbTest', 0x613a313a7b733a353a226e6f6e6365223b733a36343a2239623338643664613630303163663235306563366264343633306666643865663464666566343466363335343931646538383462313437353666663866353139223b7d, 'no'),
('vulnerabilities_plugin', 0x[encoded data, 6524 characters], 'yes'),
('lastNotificationID', 0x31333535, 'no'),
('totalScansRun', 0x353334, 'yes'),
('wfKillRequested', 0x30, 'no'),
('currentCronKey', '', 'yes'),
('wf_scanLastStatusTime', 0x30, 'yes'),
('wf_scanRunning', '', 'yes'),
('wfPeakMemory', 0x313237393236323732, 'no'),
('wfScanStartVersion', 0x352e332e33, 'yes'),
('lowResourceScanWaitStep', '', 'yes'),
('wfStatusStartMsgs', 0x613a323a7b693a303b733a303a22223b693a313b733a303a22223b7d, 'yes'),
('wf_summaryItems', 0x613a383a7b733a31323a227363616e6e6564506f737473223b693a303b733a31353a227363616e6e6564436f6d6d656e7473223b693a303b733a31323a227363616e6e656446696c6573223b693a303b733a31343a227363616e6e6564506c7567696e73223b693a303b733a31333a227363616e6e65645468656d6573223b693a303b733a31323a227363616e6e65645573657273223b693a303b733a31313a227363616e6e656455524c73223b693a303b733a31303a226c617374557064617465223b693a313538393336303531383b7d, 'yes'),
('scanStageStatuses', 0x613a31313a7b733a31333a227370616d766572746973696e67223b613a343a7b733a363a22737461747573223b733a373a227072656d69756d223b733a373a2273746172746564223b693a303b733a383a2266696e6973686564223b693a303b733a383a226578706563746564223b693a303b7d733a343a227370616d223b613a343a7b733a363a22737461747573223b733a373a227072656d69756d223b733a373a2273746172746564223b693a303b733a383a2266696e6973686564223b693a303b733a383a226578706563746564223b693a303b7d733a393a22626c61636b6c697374223b613a343a7b733a363a22737461747573223b733a373a227072656d69756d223b733a373a2273746172746564223b693a303b733a383a2266696e6973686564223b693a303b733a383a226578706563746564223b693a303b7d733a363a22736572766572223b613a343a7b733a363a22737461747573223b733a31363a22636f6d706c6574652d7761726e696e67223b733a373a2273746172746564223b693a353b733a383a2266696e6973686564223b693a353b733a383a226578706563746564223b693a353b7d733a373a226368616e676573223b613a343a7b733a363a22737461747573223b733a31363a22636f6d706c6574652d73756363657373223b733a373a2273746172746564223b693a323b733a383a2266696e6973686564223b693a323b733a383a226578706563746564223b693a323b7d733a363a227075626c6963223b613a343a7b733a363a22737461747573223b733a31363a22636f6d706c6574652d73756363657373223b733a373a2273746172746564223b693a323b733a383a2266696e6973686564223b693a323b733a383a226578706563746564223b693a323b7d733a373a226d616c77617265223b613a343a7b733a363a22737461747573223b733a31363a22636f6d706c6574652d73756363657373223b733a373a2273746172746564223b693a323b733a383a2266696e6973686564223b693a323b733a383a226578706563746564223b693a323b7d733a373a22636f6e74656e74223b613a343a7b733a363a22737461747573223b733a31363a22636f6d706c6574652d73756363657373223b733a373a2273746172746564223b693a333b733a383a2266696e6973686564223b693a333b733a383a226578706563746564223b693a333b7d733a383a2270617373776f7264223b613a343a7b733a363a22737461747573223b733a31363a22636f6d706c6574652d73756363657373223b733a373a2273746172746564223b693a313b733a383a2266696e6973686564223b693a313b733a383a226578706563746564223b693a313b7d733a31333a2276756c6e65726162696c697479223b613a343a7b733a363a22737461747573223b733a31363a22636f6d706c6574652d7761726e696e67223b733a373a2273746172746564223b693a313b733a383a2266696e6973686564223b693a313b733a383a226578706563746564223b693a313b7d733a373a226f7074696f6e73223b613a343a7b733a363a22737461747573223b733a31363a22636f6d706c6574652d73756363657373223b733a373a2273746172746564223b693a323b733a383a2266696e6973686564223b693a323b733a383a226578706563746564223b693a323b7d7d, 'no'),
('lastScanCompleted', 0x6f6b, 'yes'),
('lastScanFailureType', '', 'yes'),
('scanTime', 0x313538393336303531382e31373436, 'yes');
INSERT INTO `wfconfig` (`name`, `val`, `autoload`) VALUES
('emailedIssuesList', 0x[encoded data, 32436 characters], 'yes'),
('autoUpdateChoice', 0x31, 'yes'),
('disclosureStates', 0x613a31393a7b733a33333a2277662d756e69666965642d676c6f62616c2d6f7074696f6e732d67656e6572616c223b623a313b733a33353a2277662d756e69666965642d676c6f62616c2d6f7074696f6e732d64617368626f617264223b623a313b733a32383a2277662d756e69666965642d7761662d6f7074696f6e732d6261736963223b623a313b733a33313a2277662d756e69666965642d7761662d6f7074696f6e732d616476616e636564223b623a313b733a33333a2277662d756e69666965642d7761662d6f7074696f6e732d6272757465666f726365223b623a313b733a33353a2277662d756e69666965642d626c6f636b696e672d6f7074696f6e732d636f756e747279223b623a313b733a32323a2277662d756e69666965642d3266612d6f7074696f6e73223b623a313b733a33333a2277662d756e69666965642d676c6f62616c2d6f7074696f6e732d6c6963656e7365223b623a313b733a34343a2277662d756e69666965642d676c6f62616c2d6f7074696f6e732d766965772d637573746f6d697a6174696f6e223b623a313b733a33313a2277662d756e69666965642d676c6f62616c2d6f7074696f6e732d616c657274223b623a313b733a33393a2277662d756e69666965642d676c6f62616c2d6f7074696f6e732d656d61696c2d73756d6d617279223b623a313b733a33353a2277662d756e69666965642d7761662d6f7074696f6e732d726174656c696d6974696e67223b623a313b733a33343a2277662d756e69666965642d7761662d6f7074696f6e732d77686974656c6973746564223b623a313b733a33353a2277662d756e69666965642d7363616e6e65722d6f7074696f6e732d7363686564756c65223b623a313b733a33323a2277662d756e69666965642d7363616e6e65722d6f7074696f6e732d6261736963223b623a313b733a33343a2277662d756e69666965642d7363616e6e65722d6f7074696f6e732d67656e6572616c223b623a313b733a33383a2277662d756e69666965642d7363616e6e65722d6f7074696f6e732d706572666f726d616e6365223b623a313b733a33333a2277662d756e69666965642d7363616e6e65722d6f7074696f6e732d637573746f6d223b623a313b733a33313a2277662d756e69666965642d6c6976652d747261666669632d6f7074696f6e73223b623a313b7d, 'yes'),
('disableCodeExecutionUploadsPHP7Migrated', 0x31, 'yes'),
('totalLoginHits', 0x3334343835, 'yes'),
('totalLogins', 0x3833, 'yes'),
('lastAdminLogin', 0x613a363a7b733a363a22757365724944223b693a313b733a383a22757365726e616d65223b733a31343a22416374697644656e7441646d696e223b733a393a2266697273744e616d65223b733a303a22223b733a383a226c6173744e616d65223b733a303a22223b733a343a2274696d65223b733a32353a224672692031357468204d617920402031313a34303a3439414d223b733a323a224950223b733a31333a2237382e39362e3234332e313338223b7d, 'yes'),
('totalAlertsSent', 0x3836, 'yes'),
('lastEmailHash', 0x313538393534323835303a6363366665636631613631366133383931386435346263616431346230396631, 'yes'),
('originalScheduledScanStart', 0x31353839333534333938, 'yes'),
('lastScheduledScanStart', 0x31353839333535373239, 'yes'),
('wf_dnsCNAME', '', 'yes'),
('wf_dnsA', 0x616374697664656e742e6d69622e726f20706f696e747320746f203138382e3231352e36342e3531, 'yes'),
('wf_dnsMX', '', 'yes'),
('wf_dnsLogged', 0x31, 'yes');
INSERT INTO `wfconfig` (`name`, `val`, `autoload`) VALUES
('malwarePrefixes', 0x[encoded data, 357508 characters]