-- Table structure for table `term_taxonomy`
--

CREATE TABLE `term_taxonomy` (
  `term_taxonomy_id` bigint(20) UNSIGNED NOT NULL,
  `term_id` bigint(20) UNSIGNED NOT NULL DEFAULT '0',
  `taxonomy` varchar(32) COLLATE utf8_unicode_ci NOT NULL DEFAULT '',
  `description` longtext COLLATE utf8_unicode_ci NOT NULL,
  `parent` bigint(20) UNSIGNED NOT NULL DEFAULT '0',
  `count` bigint(20) NOT NULL DEFAULT '0'
) ENGINE=InnoDB DEFAULT CHARSET=utf8 COLLATE=utf8_unicode_ci ROW_FORMAT=DYNAMIC;

--
-- Dumping data for table `term_taxonomy`
--

INSERT INTO `term_taxonomy` (`term_taxonomy_id`, `term_id`, `taxonomy`, `description`, `parent`, `count`) VALUES
(1, 1, 'category', '', 0, 0),
(2, 2, 'product_type', '', 0, 0),
(3, 3, 'product_type', '', 0, 0),
(4, 4, 'product_type', '', 0, 0),
(5, 5, 'product_type', '', 0, 0),
(6, 6, 'portfolio_entries', '', 0, 0),
(8, 8, 'nav_menu', '', 0, 2),
(9, 9, 'post_tag', '', 0, 0),
(10, 10, 'post_format', '', 0, 0),
(11, 11, 'post_format', '', 0, 0),
(12, 12, 'post_format', '', 0, 0),
(13, 13, 'post_format', '', 0, 0),
(14, 14, 'post_format', '', 0, 0),
(15, 15, 'post_format', '', 0, 0),
(16, 16, 'post_format', '', 0, 0),
(17, 17, 'category', '', 0, 0),
(18, 18, 'category', '', 0, 0),
(19, 19, 'post_format', '', 0, 0),
(20, 20, 'post_tag', '', 0, 0),
(21, 21, 'post_tag', '', 0, 0),
(22, 22, 'category', '', 0, 0),
(23, 23, 'post_tag', '', 0, 0),
(24, 24, 'category', '', 0, 0),
(25, 25, 'post_tag', '', 0, 0),
(26, 26, 'post_tag', '', 0, 0),
(27, 27, 'category', '', 0, 0),
(28, 28, 'post_format', '', 0, 0),
(29, 29, 'post_tag', '', 0, 0),
(30, 30, 'category', '', 0, 0),
(31, 31, 'post_tag', '', 0, 0),
(51, 51, 'portfolio_entries', '', 0, 0),
(52, 52, 'portfolio_entries', '', 0, 0),
(53, 53, 'portfolio_entries', '', 0, 0),
(54, 54, 'portfolio_entries', '', 0, 0),
(55, 55, 'portfolio_entries', '', 0, 0),
(56, 56, 'product_cat', '', 0, 0),
(57, 57, 'product_tag', '', 0, 0),
(58, 58, 'product_cat', '', 0, 0),
(59, 59, 'product_tag', '', 0, 0),
(60, 60, 'product_cat', '', 0, 0),
(61, 61, 'product_tag', '', 0, 0),
(62, 62, 'product_cat', '', 0, 0),
(63, 63, 'product_tag', '', 0, 0),
(64, 64, 'tribe_events_cat', '', 0, 0),
(65, 65, 'post_tag', '', 0, 0),
(66, 66, 'tribe_events_cat', '', 0, 0),
(67, 67, 'tribe_events_cat', '', 0, 0),
(68, 68, 'post_tag', '', 0, 0),
(69, 69, 'post_tag', '', 0, 0),
(70, 70, 'tribe_events_cat', '', 0, 0),
(71, 71, 'tribe_events_cat', '', 0, 0),
(72, 72, 'post_tag', '', 0, 0),
(73, 73, 'tribe_events_cat', '', 0, 0),
(74, 74, 'post_tag', '', 0, 0),
(75, 75, 'post_tag', '', 0, 0),
(76, 76, 'pa_color', '', 0, 0),
(77, 77, 'pa_color', '', 0, 0),
(78, 78, 'pa_color', '', 0, 0),
(79, 79, 'pa_color', '', 0, 0),
(80, 80, 'pa_size', '', 0, 0),
(81, 81, 'pa_size', '', 0, 0),
(82, 82, 'pa_size', '', 0, 0),
(83, 83, 'pa_size', '', 0, 0),
(84, 84, 'topic-tag', '', 0, 0),
(85, 85, 'topic-tag', '', 0, 0),
(86, 86, 'bp-email-type', 'A member has replied to an activity update that the recipient posted.', 0, 1),
(87, 87, 'bp-email-type', 'A member has replied to a comment on an activity update that the recipient posted.', 0, 1),
(88, 88, 'bp-email-type', 'Recipient was mentioned in an activity update.', 0, 1),
(89, 89, 'bp-email-type', 'Recipient was mentioned in a group activity update.', 0, 1),
(90, 90, 'bp-email-type', 'Recipient has registered for an account.', 0, 1),
(91, 91, 'bp-email-type', 'Recipient has registered for an account and site.', 0, 1),
(92, 92, 'bp-email-type', 'A member has sent a friend request to the recipient.', 0, 1),
(93, 93, 'bp-email-type', 'Recipient has had a friend request accepted by a member.', 0, 1),
(94, 94, 'bp-email-type', 'A group\'s details were updated.', 0, 1),
(95, 95, 'bp-email-type', 'A member has sent a group invitation to the recipient.', 0, 1),
(96, 96, 'bp-email-type', 'Recipient\'s status within a group has changed.', 0, 1),
(97, 97, 'bp-email-type', 'A member has requested permission to join a group.', 0, 1),
(98, 98, 'bp-email-type', 'Recipient has received a private message.', 0, 1),
(99, 99, 'bp-email-type', 'Recipient has changed their email address.', 0, 1),
(100, 100, 'bp-email-type', 'Recipient had requested to join a group, which was accepted.', 0, 1),
(101, 101, 'bp-email-type', 'Recipient had requested to join a group, which was rejected.', 0, 1),
(102, 102, 'nav_menu', '', 0, 66),
(103, 103, 'nav_menu', '', 0, 3),
(104, 104, 'doctor_departments', '', 0, 0),
(105, 105, 'doctor_departments', '', 0, 0),
(106, 106, 'doctor_departments', '', 0, 0),
(107, 107, 'doctor_departments', '', 0, 0),
(108, 108, 'doctor_departments', '', 0, 0),
(109, 109, 'doctor_departments', '', 0, 0),
(110, 110, 'doctor_departments', '', 0, 0),
(111, 111, 'product_visibility', '', 0, 0),
(112, 112, 'product_visibility', '', 0, 0),
(113, 113, 'product_visibility', '', 0, 0),
(114, 114, 'product_visibility', '', 0, 0),
(115, 115, 'product_visibility', '', 0, 0),
(116, 116, 'product_visibility', '', 0, 0),
(117, 117, 'product_visibility', '', 0, 0),
(118, 118, 'product_visibility', '', 0, 0),
(119, 119, 'product_visibility', '', 0, 0),
(120, 120, 'product_cat', '', 0, 0),
(121, 121, 'nav_menu', '', 0, 7),
(122, 122, 'doctor_departments', '', 0, 2),
(123, 123, 'doctor_departments', '', 0, 4),
(124, 124, 'doctor_departments', '', 0, 1),
(125, 125, 'doctor_departments', '', 0, 5),
(126, 126, 'doctor_departments', '', 0, 1),
(127, 127, 'doctor_departments', '', 0, 0),
(128, 128, 'doctor_departments', '', 0, 1),
(129, 129, 'doctor_departments', '', 0, 0),
(130, 130, 'doctor_departments', '', 0, 1),
(131, 131, 'doctor_departments', '', 0, 2),
(132, 132, 'action-group', '', 0, 0),
(133, 133, 'action-group', '', 0, 0);

-- --------------------------------------------------------

--
-- Table structure for table `usermeta`
--

CREATE TABLE `usermeta` (
  `umeta_id` bigint(20) UNSIGNED NOT NULL,
  `user_id` bigint(20) UNSIGNED NOT NULL DEFAULT '0',
  `meta_key` varchar(255) COLLATE utf8mb4_unicode_ci DEFAULT NULL,
  `meta_value` longtext COLLATE utf8mb4_unicode_ci
) ENGINE=MyISAM DEFAULT CHARSET=utf8mb4 COLLATE=utf8mb4_unicode_ci;

--
-- Dumping data for table `usermeta`
--

INSERT INTO `usermeta` (`umeta_id`, `user_id`, `meta_key`, `meta_value`) VALUES
(1, 1, 'nickname', 'ActivDent'),
(2, 1, 'first_name', ''),
(3, 1, 'last_name', ''),
(4, 1, 'description', ''),
(5, 1, 'rich_editing', 'true'),
(6, 1, 'syntax_highlighting', 'true'),
(7, 1, 'comment_shortcuts', 'false'),
(8, 1, 'admin_color', 'sunrise'),
(9, 1, 'use_ssl', '0'),
(10, 1, 'show_admin_bar_front', 'true'),
(11, 1, 'locale', ''),
(12, 1, 'capabilities', 'a:2:{s:13:\"administrator\";b:1;s:13:\"bbp_keymaster\";b:1;}'),
(13, 1, 'user_level', '10'),
(14, 1, 'dismissed_wp_pointers', 'wp496_privacy,vc_pointers_backend_editor,vc_pointers_frontend_editor,text_widget_paste_html,text_widget_custom_html,theme_editor_notice'),
(15, 1, 'show_welcome_panel', '1'),
(16, 1, 'session_tokens', 'a:1:{s:64:\"71eec041d6b7086817f28482cb70311c2519964cd949f9a6934b66d3540b309e\";a:4:{s:10:\"expiration\";i:1620377300;s:2:\"ip\";s:12:\"141.85.223.4\";s:2:\"ua\";s:115:\"Mozilla/5.0 (Windows NT 10.0; Win64; x64) AppleWebKit/537.36 (KHTML, like Gecko) Chrome/89.0.4389.128 Safari/537.36\";s:5:\"login\";i:1620204500;}}'),
(17, 1, 'dashboard_quick_press_last_post_id', '12550'),
(18, 1, 'community-events-location', 'a:1:{s:2:\"ip\";s:12:\"141.85.223.0\";}'),
(19, 1, '_woocommerce_persistent_cart_1', 'a:1:{s:4:\"cart\";a:6:{s:32:\"ebad33b3c9fa1d10327bb55f9e79e2f3\";a:9:{s:10:\"product_id\";i:4751;s:12:\"variation_id\";i:0;s:9:\"variation\";a:0:{}s:8:\"quantity\";i:2;s:10:\"line_total\";d:24;s:8:\"line_tax\";i:0;s:13:\"line_subtotal\";d:24;s:17:\"line_subtotal_tax\";i:0;s:13:\"line_tax_data\";a:2:{s:8:\"subtotal\";a:0:{}s:5:\"total\";a:0:{}}}s:32:\"a5bfc9e07964f8dddeb95fc584cd965d\";a:9:{s:10:\"product_id\";i:37;s:12:\"variation_id\";i:0;s:9:\"variation\";a:0:{}s:8:\"quantity\";i:2;s:10:\"line_total\";d:36;s:8:\"line_tax\";i:0;s:13:\"line_subtotal\";d:36;s:17:\"line_subtotal_tax\";i:0;s:13:\"line_tax_data\";a:2:{s:8:\"subtotal\";a:0:{}s:5:\"total\";a:0:{}}}s:32:\"d82c8d1619ad8176d665453cfb2e55f0\";a:9:{s:10:\"product_id\";i:53;s:12:\"variation_id\";i:0;s:9:\"variation\";a:0:{}s:8:\"quantity\";i:1;s:10:\"line_total\";d:35;s:8:\"line_tax\";i:0;s:13:\"line_subtotal\";d:35;s:17:\"line_subtotal_tax\";i:0;s:13:\"line_tax_data\";a:2:{s:8:\"subtotal\";a:0:{}s:5:\"total\";a:0:{}}}s:32:\"c16a5320fa475530d9583c34fd356ef5\";a:9:{s:10:\"product_id\";i:31;s:12:\"variation_id\";i:0;s:9:\"variation\";a:0:{}s:8:\"quantity\";i:1;s:10:\"line_total\";d:20;s:8:\"line_tax\";i:0;s:13:\"line_subtotal\";d:20;s:17:\"line_subtotal_tax\";i:0;s:13:\"line_tax_data\";a:2:{s:8:\"subtotal\";a:0:{}s:5:\"total\";a:0:{}}}s:32:\"c0c7c76d30bd3dcaefc96f40275bdc0a\";a:9:{s:10:\"product_id\";i:50;s:12:\"variation_id\";i:0;s:9:\"variation\";a:0:{}s:8:\"quantity\";i:1;s:10:\"line_total\";d:35;s:8:\"line_tax\";i:0;s:13:\"line_subtotal\";d:35;s:17:\"line_subtotal_tax\";i:0;s:13:\"line_tax_data\";a:2:{s:8:\"subtotal\";a:0:{}s:5:\"total\";a:0:{}}}s:32:\"91299a41773c667d2ee8cddc3f6eeb64\";a:9:{s:10:\"product_id\";i:4752;s:12:\"variation_id\";i:0;s:9:\"variation\";a:0:{}s:8:\"quantity\";i:1;s:10:\"line_total\";d:12;s:8:\"line_tax\";i:0;s:13:\"line_subtotal\";d:12;s:17:\"line_subtotal_tax\";i:0;s:13:\"line_tax_data\";a:2:{s:8:\"subtotal\";a:0:{}s:5:\"total\";a:0:{}}}}}'),
(20, 1, 'billing_first_name', ''),
(21, 1, 'billing_last_name', ''),
(22, 1, 'billing_company', ''),
(23, 1, 'billing_address_1', ''),
(24, 1, 'billing_address_2', ''),
(25, 1, 'billing_city', ''),
(26, 1, 'billing_postcode', ''),
(27, 1, 'billing_country', ''),
(28, 1, 'billing_state', ''),
(29, 1, 'billing_phone', ''),
(30, 1, 'billing_email', 'mib@mib.ro'),
(31, 1, 'shipping_first_name', ''),
(32, 1, 'shipping_last_name', ''),
(33, 1, 'shipping_company', ''),
(34, 1, 'shipping_address_1', ''),
(35, 1, 'shipping_address_2', ''),
(36, 1, 'shipping_city', ''),
(37, 1, 'shipping_postcode', ''),
(38, 1, 'shipping_country', ''),
(39, 1, 'shipping_state', ''),
(40, 1, 'last_update', '1580153633'),
(41, 1, 'wc_last_active', '1620172800'),
(42, 1, 'last_activity', '2020-12-07 09:57:25'),
(43, 1, 'dismissed_wootenberg_notice', '1'),
(44, 1, 'dismissed_update_notice', '1'),
(45, 1, 'dismissed_no_secure_connection_notice', '1'),
(48, 1, 'tgmpa_dismissed_notice_dental', '1'),
(49, 1, 'user-settings', 'edit_element_vcUIPanelWidth=1050&edit_element_vcUIPanelLeft=70px&edit_element_vcUIPanelTop=79px&editor=tinymce&libraryContent=browse&hidetb=1&post_dfw=off&panel_vcUIPanelWidth=650&panel_vcUIPanelLeft=933px&panel_vcUIPanelTop=74px'),
(50, 1, 'user-settings-time', '1593691246'),
(51, 1, '_yoast_wpseo_profile_updated', '1580153633'),
(81, 1, '_woocommerce_tracks_anon_id', 'woo:kGG6x+skP8FsKwMtiTS2eriH'),
(54, 1, 'nav_menu_recently_edited', '121'),
(55, 1, 'managenav-menuscolumnshidden', 'a:5:{i:0;s:11:\"link-target\";i:1;s:11:\"css-classes\";i:2;s:3:\"xfn\";i:3;s:11:\"description\";i:4;s:15:\"title-attribute\";}'),
(56, 1, 'metaboxhidden_nav-menus', 'a:16:{i:0;s:23:\"add-buddypress-nav-menu\";i:1;s:19:\"add-post-type-forum\";i:2;s:21:\"add-post-type-product\";i:3;s:27:\"add-post-type-dt_portfolios\";i:4;s:24:\"add-post-type-dt_doctors\";i:5;s:26:\"add-post-type-dt_procedure\";i:6;s:23:\"add-post-type-dt_staffs\";i:7;s:25:\"add-post-type-dt_services\";i:8;s:26:\"add-post-type-dt_customers\";i:9;s:26:\"add-post-type-tribe_events\";i:10;s:12:\"add-post_tag\";i:11;s:15:\"add-post_format\";i:12;s:15:\"add-product_cat\";i:13;s:15:\"add-product_tag\";i:14;s:21:\"add-portfolio_entries\";i:15;s:22:\"add-doctor_departments\";}'),
(57, 1, 'tribe_setDefaultNavMenuBoxes', '1'),
(61, 1, 'closedpostboxes_page', 'a:0:{}'),
(62, 1, 'metaboxhidden_page', 'a:6:{i:0;s:12:\"revisionsdiv\";i:1;s:10:\"postcustom\";i:2;s:16:\"commentstatusdiv\";i:3;s:11:\"commentsdiv\";i:4;s:7:\"slugdiv\";i:5;s:29:\"wp_statistics_editor_meta_box\";}'),
(65, 1, 'tribe-dismiss-notice', 'events-utc-timezone-2019-02-24'),
(88, 1, 'wfls-last-login', '1620204502'),
(86, 1, 'wfls-last-captcha-score', ''),
(145, 1, 'dismissed_template_files_notice', '1'),
(146, 1, 'dismissed_wc_admin_notice', '1'),
(147, 1, 'supsystic-tables-tutorial_was_showed', '1'),
(480, 1, 'metaboxhidden_post', 'a:1:{i:0;s:29:\"wp_statistics_editor_meta_box\";}'),
(476, 1, 'metaboxhidden_dashboard', 'a:35:{i:0;s:28:\"wp-statistics-summary-widget\";i:1;s:29:\"wp-statistics-browsers-widget\";i:2;s:30:\"wp-statistics-countries-widget\";i:3;s:25:\"wp-statistics-hits-widget\";i:4;s:26:\"wp-statistics-pages-widget\";i:5;s:30:\"wp-statistics-referring-widget\";i:6;s:27:\"wp-statistics-search-widget\";i:7;s:26:\"wp-statistics-words-widget\";i:8;s:33:\"wp-statistics-top-visitors-widget\";i:9;s:27:\"wp-statistics-recent-widget\";i:10;s:28:\"wp-statistics-hitsmap-widget\";i:11;s:28:\"wp-statistics-summary-widget\";i:12;s:29:\"wp-statistics-browsers-widget\";i:13;s:30:\"wp-statistics-countries-widget\";i:14;s:25:\"wp-statistics-hits-widget\";i:15;s:26:\"wp-statistics-pages-widget\";i:16;s:30:\"wp-statistics-referring-widget\";i:17;s:27:\"wp-statistics-search-widget\";i:18;s:26:\"wp-statistics-words-widget\";i:19;s:33:\"wp-statistics-top-visitors-widget\";i:20;s:27:\"wp-statistics-recent-widget\";i:21;s:28:\"wp-statistics-hitsmap-widget\";i:22;s:28:\"wp-statistics-summary-widget\";i:23;s:29:\"wp-statistics-browsers-widget\";i:24;s:30:\"wp-statistics-platforms-widget\";i:25;s:30:\"wp-statistics-countries-widget\";i:26;s:25:\"wp-statistics-hits-widget\";i:27;s:26:\"wp-statistics-pages-widget\";i:28;s:30:\"wp-statistics-referring-widget\";i:29;s:27:\"wp-statistics-search-widget\";i:30;s:26:\"wp-statistics-words-widget\";i:31;s:33:\"wp-statistics-top-visitors-widget\";i:32;s:27:\"wp-statistics-recent-widget\";i:33;s:28:\"wp-statistics-hitsmap-widget\";i:34;s:31:\"wp-statistics-useronline-widget\";}'),
(461, 2, 'yoast_notifications', 'a:1:{i:0;a:2:{s:7:\"message\";s:432:\"Yoast SEO and WooCommerce can work together a lot better by adding a helper plugin. Please install Yoast WooCommerce SEO to make your life better. <a href=\"https://yoa.st/1o0?php_version=7.1&platform=wordpress&platform_version=5.3.2&software=free&software_version=12.9.1&days_active=30plus&user_language=en_US\" aria-label=\"More information about Yoast WooCommerce SEO\" target=\"_blank\" rel=\"noopener noreferrer\">More information</a>.\";s:7:\"options\";a:10:{s:4:\"type\";s:7:\"warning\";s:2:\"id\";s:44:\"wpseo-suggested-plugin-yoast-woocommerce-seo\";s:4:\"user\";O:7:\"WP_User\":8:{s:4:\"data\";O:8:\"stdClass\":10:{s:2:\"ID\";s:1:\"2\";s:10:\"user_login\";s:15:\"KeymasterDTTeam\";s:9:\"user_pass\";s:34:\"$P$B4WoQbM6FIcp03uYrzJbsPodfvSIEh.\";s:13:\"user_nicename\";s:15:\"keymasterdtteam\";s:10:\"user_email\";s:24:\"mihai_bocioaca@yahoo.com\";s:8:\"user_url\";s:0:\"\";s:15:\"user_registered\";s:19:\"2020-01-29 15:03:54\";s:19:\"user_activation_key\";s:0:\"\";s:11:\"user_status\";s:1:\"0\";s:12:\"display_name\";s:15:\"KeymasterDTTeam\";}s:2:\"ID\";i:2;s:4:\"caps\";a:2:{s:13:\"administrator\";b:1;s:15:\"bbp_participant\";b:1;}s:7:\"cap_key\";s:12:\"capabilities\";s:5:\"roles\";a:2:{i:0;s:13:\"administrator\";i:1;s:15:\"bbp_participant\";}s:7:\"allcaps\";a:169:{s:13:\"switch_themes\";b:1;s:11:\"edit_themes\";b:1;s:16:\"activate_plugins\";b:1;s:12:\"edit_plugins\";b:1;s:10:\"edit_users\";b:1;s:10:\"edit_files\";b:1;s:14:\"manage_options\";b:1;s:17:\"moderate_comments\";b:1;s:17:\"manage_categories\";b:1;s:12:\"manage_links\";b:1;s:12:\"upload_files\";b:1;s:6:\"import\";b:1;s:15:\"unfiltered_html\";b:1;s:10:\"edit_posts\";b:1;s:17:\"edit_others_posts\";b:1;s:20:\"edit_published_posts\";b:1;s:13:\"publish_posts\";b:1;s:10:\"edit_pages\";b:1;s:4:\"read\";b:1;s:8:\"level_10\";b:1;s:7:\"level_9\";b:1;s:7:\"level_8\";b:1;s:7:\"level_7\";b:1;s:7:\"level_6\";b:1;s:7:\"level_5\";b:1;s:7:\"level_4\";b:1;s:7:\"level_3\";b:1;s:7:\"level_2\";b:1;s:7:\"level_1\";b:1;s:7:\"level_0\";b:1;s:17:\"edit_others_pages\";b:1;s:20:\"edit_published_pages\";b:1;s:13:\"publish_pages\";b:1;s:12:\"delete_pages\";b:1;s:19:\"delete_others_pages\";b:1;s:22:\"delete_published_pages\";b:1;s:12:\"delete_posts\";b:1;s:19:\"delete_others_posts\";b:1;s:22:\"delete_published_posts\";b:1;s:20:\"delete_private_posts\";b:1;s:18:\"edit_private_posts\";b:1;s:18:\"read_private_posts\";b:1;s:20:\"delete_private_pages\";b:1;s:18:\"edit_private_pages\";b:1;s:18:\"read_private_pages\";b:1;s:12:\"delete_users\";b:1;s:12:\"create_users\";b:1;s:17:\"unfiltered_upload\";b:1;s:14:\"edit_dashboard\";b:1;s:14:\"update_plugins\";b:1;s:14:\"delete_plugins\";b:1;s:15:\"install_plugins\";b:1;s:13:\"update_themes\";b:1;s:14:\"install_themes\";b:1;s:11:\"update_core\";b:1;s:10:\"list_users\";b:1;s:12:\"remove_users\";b:1;s:13:\"promote_users\";b:1;s:18:\"edit_theme_options\";b:1;s:13:\"delete_themes\";b:1;s:6:\"export\";b:1;s:25:\"read_private_tribe_events\";b:1;s:17:\"edit_tribe_events\";b:1;s:24:\"edit_others_tribe_events\";b:1;s:25:\"edit_private_tribe_events\";b:1;s:27:\"edit_published_tribe_events\";b:1;s:19:\"delete_tribe_events\";b:1;s:26:\"delete_others_tribe_events\";b:1;s:27:\"delete_private_tribe_events\";b:1;s:29:\"delete_published_tribe_events\";b:1;s:20:\"publish_tribe_events\";b:1;s:25:\"read_private_tribe_venues\";b:1;s:17:\"edit_tribe_venues\";b:1;s:24:\"edit_others_tribe_venues\";b:1;s:25:\"edit_private_tribe_venues\";b:1;s:27:\"edit_published_tribe_venues\";b:1;s:19:\"delete_tribe_venues\";b:1;s:26:\"delete_others_tribe_venues\";b:1;s:27:\"delete_private_tribe_venues\";b:1;s:29:\"delete_published_tribe_venues\";b:1;s:20:\"publish_tribe_venues\";b:1;s:29:\"read_private_tribe_organizers\";b:1;s:21:\"edit_tribe_organizers\";b:1;s:28:\"edit_others_tribe_organizers\";b:1;s:29:\"edit_private_tribe_organizers\";b:1;s:31:\"edit_published_tribe_organizers\";b:1;s:23:\"delete_tribe_organizers\";b:1;s:30:\"delete_others_tribe_organizers\";b:1;s:31:\"delete_private_tribe_organizers\";b:1;s:33:\"delete_published_tribe_organizers\";b:1;s:24:\"publish_tribe_organizers\";b:1;s:31:\"read_private_aggregator-records\";b:1;s:23:\"edit_aggregator-records\";b:1;s:30:\"edit_others_aggregator-records\";b:1;s:31:\"edit_private_aggregator-records\";b:1;s:33:\"edit_published_aggregator-records\";b:1;s:25:\"delete_aggregator-records\";b:1;s:32:\"delete_others_aggregator-records\";b:1;s:33:\"delete_private_aggregator-records\";b:1;s:35:\"delete_published_aggregator-records\";b:1;s:26:\"publish_aggregator-records\";b:1;s:18:\"manage_woocommerce\";b:1;s:24:\"view_woocommerce_reports\";b:1;s:12:\"edit_product\";b:1;s:12:\"read_product\";b:1;s:14:\"delete_product\";b:1;s:13:\"edit_products\";b:1;s:20:\"edit_others_products\";b:1;s:16:\"publish_products\";b:1;s:21:\"read_private_products\";b:1;s:15:\"delete_products\";b:1;s:23:\"delete_private_products\";b:1;s:25:\"delete_published_products\";b:1;s:22:\"delete_others_products\";b:1;s:21:\"edit_private_products\";b:1;s:23:\"edit_published_products\";b:1;s:20:\"manage_product_terms\";b:1;s:18:\"edit_product_terms\";b:1;s:20:\"delete_product_terms\";b:1;s:20:\"assign_product_terms\";b:1;s:15:\"edit_shop_order\";b:1;s:15:\"read_shop_order\";b:1;s:17:\"delete_shop_order\";b:1;s:16:\"edit_shop_orders\";b:1;s:23:\"edit_others_shop_orders\";b:1;s:19:\"publish_shop_orders\";b:1;s:24:\"read_private_shop_orders\";b:1;s:18:\"delete_shop_orders\";b:1;s:26:\"delete_private_shop_orders\";b:1;s:28:\"delete_published_shop_orders\";b:1;s:25:\"delete_others_shop_orders\";b:1;s:24:\"edit_private_shop_orders\";b:1;s:26:\"edit_published_shop_orders\";b:1;s:23:\"manage_shop_order_terms\";b:1;s:21:\"edit_shop_order_terms\";b:1;s:23:\"delete_shop_order_terms\";b:1;s:23:\"assign_shop_order_terms\";b:1;s:16:\"edit_shop_coupon\";b:1;s:16:\"read_shop_coupon\";b:1;s:18:\"delete_shop_coupon\";b:1;s:17:\"edit_shop_coupons\";b:1;s:24:\"edit_others_shop_coupons\";b:1;s:20:\"publish_shop_coupons\";b:1;s:25:\"read_private_shop_coupons\";b:1;s:19:\"delete_shop_coupons\";b:1;s:27:\"delete_private_shop_coupons\";b:1;s:29:\"delete_published_shop_coupons\";b:1;s:26:\"delete_others_shop_coupons\";b:1;s:25:\"edit_private_shop_coupons\";b:1;s:27:\"edit_published_shop_coupons\";b:1;s:24:\"manage_shop_coupon_terms\";b:1;s:22:\"edit_shop_coupon_terms\";b:1;s:24:\"delete_shop_coupon_terms\";b:1;s:24:\"assign_shop_coupon_terms\";b:1;s:20:\"wpseo_manage_options\";b:1;s:10:\"copy_posts\";b:1;s:23:\"wf2fa_activate_2fa_self\";b:1;s:25:\"wf2fa_activate_2fa_others\";b:1;s:21:\"wf2fa_manage_settings\";b:1;s:8:\"spectate\";b:1;s:11:\"participate\";b:1;s:19:\"read_private_forums\";b:1;s:14:\"publish_topics\";b:1;s:11:\"edit_topics\";b:1;s:15:\"publish_replies\";b:1;s:12:\"edit_replies\";b:1;s:17:\"assign_topic_tags\";b:1;s:13:\"administrator\";b:1;s:15:\"bbp_participant\";b:1;}s:6:\"filter\";N;s:16:\"\0WP_User\0site_id\";i:1;}s:5:\"nonce\";N;s:8:\"priority\";d:0.5;s:9:\"data_json\";a:0:{}s:13:\"dismissal_key\";N;s:12:\"capabilities\";a:1:{i:0;s:15:\"install_plugins\";}s:16:\"capability_check\";s:3:\"all\";s:14:\"yoast_branding\";b:0;}}}'),
(369, 1, 'wpseo_title', ''),
(370, 1, 'wpseo_metadesc', ''),
(371, 1, 'wpseo_noindex_author', ''),
(485, 1, 'ls-show-support-notice-timestamp', '1587732510'),
(486, 1, 'ls-store-last-viewed', '2020-05-15'),
(487, 1, 'layerslider_help_wp_pointer', '1'),
(488, 1, '_pum_dismissed_alerts', 'a:0:{}'),
(372, 1, 'wpseo_content_analysis_disable', ''),
(373, 1, 'wpseo_keyword_analysis_disable', ''),
(384, 1, 'dismissed_maxmind_license_key_notice', '1'),
(374, 1, 'facebook', ''),
(375, 1, 'instagram', ''),
(376, 1, 'linkedin', ''),
(377, 1, 'myspace', ''),
(378, 1, 'pinterest', ''),
(379, 1, 'soundcloud', ''),
(380, 1, 'tumblr', ''),
(381, 1, 'twitter', ''),
(382, 1, 'youtube', ''),
(383, 1, 'wikipedia', ''),
(473, 1, '_order_count', '0'),
(475, 1, 'wp_statistics', 'a:2:{s:13:\"dashboard_set\";s:6:\"13.0.4\";s:10:\"editor_set\";s:7:\"12.6.12\";}'),
(419, 2, 'nickname', 'KeymasterDTTeam'),
(420, 2, 'first_name', 'KeymasterDTTeam'),
(421, 2, 'last_name', ''),
(422, 2, 'description', ''),
(423, 2, 'rich_editing', 'true'),
(424, 2, 'syntax_highlighting', 'true'),
(425, 2, 'comment_shortcuts', 'false'),
(426, 2, 'admin_color', 'fresh'),
(427, 2, 'use_ssl', '0'),
(428, 2, 'show_admin_bar_front', 'true'),
(429, 2, 'locale', ''),
(430, 2, 'capabilities', 'a:2:{s:13:\"administrator\";b:1;s:15:\"bbp_participant\";b:1;}'),
(431, 2, 'user_level', '10'),
(432, 2, 'last_update', '1580310234'),
(433, 2, 'facebook', ''),
(434, 2, 'instagram', ''),
(435, 2, 'linkedin', ''),
(436, 2, 'myspace', ''),
(437, 2, 'pinterest', ''),
(438, 2, 'soundcloud', ''),
(439, 2, 'tumblr', ''),
(440, 2, 'twitter', ''),
(441, 2, 'youtube', ''),
(442, 2, 'wikipedia', ''),
(443, 2, '_yoast_wpseo_profile_updated', '1580310234'),
(444, 2, 'dismissed_wp_pointers', 'theme_editor_notice'),
(447, 2, 'wc_last_active', '1580428800'),
(449, 2, 'wfls-last-login', '1580457892'),
(446, 2, 'session_tokens', 'a:2:{s:64:\"9e240301b18334a81a2d906f971940024dc28e82ec64830ba2ac36632c50a2ea\";a:4:{s:10:\"expiration\";i:1581597957;s:2:\"ip\";s:13:\"103.81.34.237\";s:2:\"ua\";s:115:\"Mozilla/5.0 (Windows NT 10.0; Win64; x64) AppleWebKit/537.36 (KHTML, like Gecko) Chrome/79.0.3945.130 Safari/537.36\";s:5:\"login\";i:1580388357;}s:64:\"a84dec83d86fc4ef325d8a0e4df71efe678548b52f77d438a0c42a0d36ba932f\";a:4:{s:10:\"expiration\";i:1580630690;s:2:\"ip\";s:12:\"49.205.49.98\";s:2:\"ua\";s:115:\"Mozilla/5.0 (Windows NT 10.0; Win64; x64) AppleWebKit/537.36 (KHTML, like Gecko) Chrome/79.0.3945.130 Safari/537.36\";s:5:\"login\";i:1580457890;}}'),
(450, 2, '_woocommerce_tracks_anon_id', 'woo:lYUlEn/EHLiBI29NiHN4ukEn'),
(451, 2, 'dashboard_quick_press_last_post_id', '12462'),
(454, 2, 'supsystic-tables-tutorial_was_showed', '1'),
(455, 2, 'last_activity', '2020-01-31 08:19:46'),
(489, 1, 'tribe-dismiss-notice', 'events-utc-timezone-2020-02-23'),
(415, 1, 'tribe-dismiss-notice', 'events-utc-timezone'),
(492, 1, 'closedpostboxes_popup', 'a:0:{}'),
(493, 1, 'metaboxhidden_popup', 'a:1:{i:0;s:7:\"slugdiv\";}');

-- --------------------------------------------------------

--
-- Table structure for table `users`
--

CREATE TABLE `users` (
  `ID` bigint(20) UNSIGNED NOT NULL,
  `user_login` varchar(60) COLLATE utf8mb4_unicode_ci NOT NULL DEFAULT '',
  `user_pass` varchar(255) COLLATE utf8mb4_unicode_ci NOT NULL DEFAULT '',
  `user_nicename` varchar(50) COLLATE utf8mb4_unicode_ci NOT NULL DEFAULT '',
  `user_email` varchar(100) COLLATE utf8mb4_unicode_ci NOT NULL DEFAULT '',
  `user_url` varchar(100) COLLATE utf8mb4_unicode_ci NOT NULL DEFAULT '',
  `user_registered` datetime NOT NULL DEFAULT '0000-00-00 00:00:00',
  `user_activation_key` varchar(255) COLLATE utf8mb4_unicode_ci NOT NULL DEFAULT '',
  `user_status` int(11) NOT NULL DEFAULT '0',
  `display_name` varchar(250) COLLATE utf8mb4_unicode_ci NOT NULL DEFAULT ''
) ENGINE=MyISAM DEFAULT CHARSET=utf8mb4 COLLATE=utf8mb4_unicode_ci;

--
-- Dumping data for table `users`
--

INSERT INTO `users` (`ID`, `user_login`, `user_pass`, `user_nicename`, `user_email`, `user_url`, `user_registered`, `user_activation_key`, `user_status`, `display_name`) VALUES
(1, 'ActivDentAdmin', '$P$BOHpKk5bf66TJab06HD7VOp.yVz6Kd1', 'activdentadmin', 'mib@mib.ro', '', '2019-04-09 19:19:39', '', 0, 'ActivDent'),
(2, 'KeymasterDTTeam', '$P$B4WoQbM6FIcp03uYrzJbsPodfvSIEh.', 'keymasterdtteam', 'mihai_bocioaca@yahoo.com', '', '2020-01-29 15:03:54', '', 0, 'KeymasterDTTeam');

-- --------------------------------------------------------

--
-- Table structure for table `w3tc_cdn_pathmap`
--

CREATE TABLE `w3tc_cdn_pathmap` (
  `path` text COLLATE utf8mb4_unicode_520_ci NOT NULL,
  `path_hash` varchar(32) CHARACTER SET ascii NOT NULL,
  `type` tinyint(1) NOT NULL DEFAULT '0',
  `remote_id` varchar(200) CHARACTER SET ascii DEFAULT NULL
) ENGINE=MyISAM DEFAULT CHARSET=utf8mb4 COLLATE=utf8mb4_unicode_520_ci;

-- --------------------------------------------------------

--
-- Table structure for table `w3tc_cdn_queue`
--

CREATE TABLE `w3tc_cdn_queue` (
  `id` int(11) UNSIGNED NOT NULL,
  `local_path` varchar(500) COLLATE utf8mb4_unicode_520_ci NOT NULL DEFAULT '',
  `remote_path` varchar(500) COLLATE utf8mb4_unicode_520_ci NOT NULL DEFAULT '',
  `command` tinyint(1) UNSIGNED NOT NULL DEFAULT '0' COMMENT '1 - Upload, 2 - Delete, 3 - Purge',
  `last_error` varchar(150) COLLATE utf8mb4_unicode_520_ci NOT NULL DEFAULT '',
  `date` datetime NOT NULL DEFAULT '0000-00-00 00:00:00'
) ENGINE=MyISAM DEFAULT CHARSET=utf8mb4 COLLATE=utf8mb4_unicode_520_ci;

--
-- Dumping data for table `w3tc_cdn_queue`
--

INSERT INTO `w3tc_cdn_queue` (`id`, `local_path`, `remote_path`, `command`, `last_error`, `date`) VALUES
(1, '/home3/smardazm/public_html/activdent/wp-content/uploads/2019/11/Implanto-After-300x169.jpg', 'wp-content/uploads/2019/11/Implanto-After-300x169.jpg', 3, 'Empty Authorization Key.', '2019-11-28 09:55:17'),
(2, '/home3/smardazm/public_html/activdent/wp-content/uploads/2019/11/Implanto-After-1024x576.jpg', 'wp-content/uploads/2019/11/Implanto-After-1024x576.jpg', 3, 'Empty Authorization Key.', '2019-11-28 09:55:17'),
(3, '/home3/smardazm/public_html/activdent/wp-content/uploads/2019/11/Implanto-After-150x150.jpg', 'wp-content/uploads/2019/11/Implanto-After-150x150.jpg', 3, 'Empty Authorization Key.', '2019-11-28 09:55:17'),
(4, '/home3/smardazm/public_html/activdent/wp-content/uploads/2019/11/Implanto-After-150x120.jpg', 'wp-content/uploads/2019/11/Implanto-After-150x120.jpg', 3, 'Empty Authorization Key.', '2019-11-28 09:55:17'),
(5, '/home3/smardazm/public_html/activdent/wp-content/uploads/2019/11/Implanto-After-420x336.jpg', 'wp-content/uploads/2019/11/Implanto-After-420x336.jpg', 3, 'Empty Authorization Key.', '2019-11-28 09:55:17'),
(6, '/home3/smardazm/public_html/activdent/wp-content/uploads/2019/11/Implanto-After-773x520.jpg', 'wp-content/uploads/2019/11/Implanto-After-773x520.jpg', 3, 'Empty Authorization Key.', '2019-11-28 09:55:17'),
(7, '/home3/smardazm/public_html/activdent/wp-content/uploads/2019/11/Implanto-After-570x460.jpg', 'wp-content/uploads/2019/11/Implanto-After-570x460.jpg', 3, 'Empty Authorization Key.', '2019-11-28 09:55:17'),
(8, '/home3/smardazm/public_html/activdent/wp-content/uploads/2019/11/Implanto-After-746x720.jpg', 'wp-content/uploads/2019/11/Implanto-After-746x720.jpg', 3, 'Empty Authorization Key.', '2019-11-28 09:55:17'),
(9, '/home3/smardazm/public_html/activdent/wp-content/uploads/2019/11/Implanto-After-420x275.jpg', 'wp-content/uploads/2019/11/Implanto-After-420x275.jpg', 3, 'Empty Authorization Key.', '2019-11-28 09:55:17'),
(10, '/home3/smardazm/public_html/activdent/wp-content/uploads/2019/11/Implanto-After-500x500.jpg', 'wp-content/uploads/2019/11/Implanto-After-500x500.jpg', 3, 'Empty Authorization Key.', '2019-11-28 09:55:17'),
(11, '/home3/smardazm/public_html/activdent/wp-content/uploads/2019/11/Implanto-After-500x281.jpg', 'wp-content/uploads/2019/11/Implanto-After-500x281.jpg', 3, 'Empty Authorization Key.', '2019-11-28 09:55:18'),
(12, '/home3/smardazm/public_html/activdent/wp-content/uploads/2019/11/Implanto-After-100x100.jpg', 'wp-content/uploads/2019/11/Implanto-After-100x100.jpg', 3, 'Empty Authorization Key.', '2019-11-28 09:55:18'),
(13, '/home3/smardazm/public_html/activdent/wp-content/uploads/2019/11/Implanto-Before-300x169.jpg', 'wp-content/uploads/2019/11/Implanto-Before-300x169.jpg', 3, 'Empty Authorization Key.', '2019-11-28 09:55:20'),
(14, '/home3/smardazm/public_html/activdent/wp-content/uploads/2019/11/Implanto-Before-1024x576.jpg', 'wp-content/uploads/2019/11/Implanto-Before-1024x576.jpg', 3, 'Empty Authorization Key.', '2019-11-28 09:55:21'),
(15, '/home3/smardazm/public_html/activdent/wp-content/uploads/2019/11/Implanto-Before-150x150.jpg', 'wp-content/uploads/2019/11/Implanto-Before-150x150.jpg', 3, 'Empty Authorization Key.', '2019-11-28 09:55:21'),
(16, '/home3/smardazm/public_html/activdent/wp-content/uploads/2019/11/Implanto-Before-150x120.jpg', 'wp-content/uploads/2019/11/Implanto-Before-150x120.jpg', 3, 'Empty Authorization Key.', '2019-11-28 09:55:21'),
(17, '/home3/smardazm/public_html/activdent/wp-content/uploads/2019/11/Implanto-Before-420x336.jpg', 'wp-content/uploads/2019/11/Implanto-Before-420x336.jpg', 3, 'Empty Authorization Key.', '2019-11-28 09:55:21'),
(18, '/home3/smardazm/public_html/activdent/wp-content/uploads/2019/11/Implanto-Before-773x520.jpg', 'wp-content/uploads/2019/11/Implanto-Before-773x520.jpg', 3, 'Empty Authorization Key.', '2019-11-28 09:55:21'),
(19, '/home3/smardazm/public_html/activdent/wp-content/uploads/2019/11/Implanto-Before-570x460.jpg', 'wp-content/uploads/2019/11/Implanto-Before-570x460.jpg', 3, 'Empty Authorization Key.', '2019-11-28 09:55:21'),
(20, '/home3/smardazm/public_html/activdent/wp-content/uploads/2019/11/Implanto-Before-746x720.jpg', 'wp-content/uploads/2019/11/Implanto-Before-746x720.jpg', 3, 'Empty Authorization Key.', '2019-11-28 09:55:21'),
(21, '/home3/smardazm/public_html/activdent/wp-content/uploads/2019/11/Implanto-Before-420x275.jpg', 'wp-content/uploads/2019/11/Implanto-Before-420x275.jpg', 3, 'Empty Authorization Key.', '2019-11-28 09:55:21'),
(22, '/home3/smardazm/public_html/activdent/wp-content/uploads/2019/11/Implanto-Before-500x500.jpg', 'wp-content/uploads/2019/11/Implanto-Before-500x500.jpg', 3, 'Empty Authorization Key.', '2019-11-28 09:55:21'),
(23, '/home3/smardazm/public_html/activdent/wp-content/uploads/2019/11/Implanto-Before-500x281.jpg', 'wp-content/uploads/2019/11/Implanto-Before-500x281.jpg', 3, 'Empty Authorization Key.', '2019-11-28 09:55:21'),
(24, '/home3/smardazm/public_html/activdent/wp-content/uploads/2019/11/Implanto-Before-100x100.jpg', 'wp-content/uploads/2019/11/Implanto-Before-100x100.jpg', 3, 'Empty Authorization Key.', '2019-11-28 09:55:21'),
(25, '/home3/smardazm/public_html/activdent/wp-content/uploads/2019/11/MBA_4981-35_1920-300x199.jpg', 'wp-content/uploads/2019/11/MBA_4981-35_1920-300x199.jpg', 3, 'Empty Authorization Key.', '2019-11-28 14:25:16'),
(26, '/home3/smardazm/public_html/activdent/wp-content/uploads/2019/11/MBA_4981-35_1920-1024x679.jpg', 'wp-content/uploads/2019/11/MBA_4981-35_1920-1024x679.jpg', 3, 'Empty Authorization Key.', '2019-11-28 14:25:16'),
(27, '/home3/smardazm/public_html/activdent/wp-content/uploads/2019/11/MBA_4981-35_1920-150x150.jpg', 'wp-content/uploads/2019/11/MBA_4981-35_1920-150x150.jpg', 3, 'Empty Authorization Key.', '2019-11-28 14:25:16'),
(28, '/home3/smardazm/public_html/activdent/wp-content/uploads/2019/11/MBA_4981-35_1920-1536x1018.jpg', 'wp-content/uploads/2019/11/MBA_4981-35_1920-1536x1018.jpg', 3, 'Empty Authorization Key.', '2019-11-28 14:25:17'),
(29, '/home3/smardazm/public_html/activdent/wp-content/uploads/2019/11/MBA_4981-35_1920-150x120.jpg', 'wp-content/uploads/2019/11/MBA_4981-35_1920-150x120.jpg', 3, 'Empty Authorization Key.', '2019-11-28 14:25:17'),
(30, '/home3/smardazm/public_html/activdent/wp-content/uploads/2019/11/MBA_4981-35_1920-420x336.jpg', 'wp-content/uploads/2019/11/MBA_4981-35_1920-420x336.jpg', 3, 'Empty Authorization Key.', '2019-11-28 14:25:17'),
(31, '/home3/smardazm/public_html/activdent/wp-content/uploads/2019/11/MBA_4981-35_1920-773x520.jpg', 'wp-content/uploads/2019/11/MBA_4981-35_1920-773x520.jpg', 3, 'Empty Authorization Key.', '2019-11-28 14:25:17'),
(32, '/home3/smardazm/public_html/activdent/wp-content/uploads/2019/11/MBA_4981-35_1920-570x460.jpg', 'wp-content/uploads/2019/11/MBA_4981-35_1920-570x460.jpg', 3, 'Empty Authorization Key.', '2019-11-28 14:25:17'),
(33, '/home3/smardazm/public_html/activdent/wp-content/uploads/2019/11/MBA_4981-35_1920-746x770.jpg', 'wp-content/uploads/2019/11/MBA_4981-35_1920-746x770.jpg', 3, 'Empty Authorization Key.', '2019-11-28 14:25:17'),
(34, '/home3/smardazm/public_html/activdent/wp-content/uploads/2019/11/MBA_4981-35_1920-420x275.jpg', 'wp-content/uploads/2019/11/MBA_4981-35_1920-420x275.jpg', 3, 'Empty Authorization Key.', '2019-11-28 14:25:17'),
(35, '/home3/smardazm/public_html/activdent/wp-content/uploads/2019/11/MBA_4981-35_1920-500x500.jpg', 'wp-content/uploads/2019/11/MBA_4981-35_1920-500x500.jpg', 3, 'Empty Authorization Key.', '2019-11-28 14:25:17'),
(36, '/home3/smardazm/public_html/activdent/wp-content/uploads/2019/11/MBA_4981-35_1920-500x332.jpg', 'wp-content/uploads/2019/11/MBA_4981-35_1920-500x332.jpg', 3, 'Empty Authorization Key.', '2019-11-28 14:25:17'),
(37, '/home3/smardazm/public_html/activdent/wp-content/uploads/2019/11/MBA_4981-35_1920-100x100.jpg', 'wp-content/uploads/2019/11/MBA_4981-35_1920-100x100.jpg', 3, 'Empty Authorization Key.', '2019-11-28 14:25:17'),
(38, '/home3/smardazm/public_html/activdent/wp-content/uploads/2019/11/MBA_4982-36_1920-300x115.jpg', 'wp-content/uploads/2019/11/MBA_4982-36_1920-300x115.jpg', 3, 'Empty Authorization Key.', '2019-11-28 14:35:21'),
(39, '/home3/smardazm/public_html/activdent/wp-content/uploads/2019/11/MBA_4982-36_1920-1024x392.jpg', 'wp-content/uploads/2019/11/MBA_4982-36_1920-1024x392.jpg', 3, 'Empty Authorization Key.', '2019-11-28 14:35:21'),
(40, '/home3/smardazm/public_html/activdent/wp-content/uploads/2019/11/MBA_4982-36_1920-150x150.jpg', 'wp-content/uploads/2019/11/MBA_4982-36_1920-150x150.jpg', 3, 'Empty Authorization Key.', '2019-11-28 14:35:21'),
(41, '/home3/smardazm/public_html/activdent/wp-content/uploads/2019/11/MBA_4982-36_1920-1536x588.jpg', 'wp-content/uploads/2019/11/MBA_4982-36_1920-1536x588.jpg', 3, 'Empty Authorization Key.', '2019-11-28 14:35:21'),
(42, '/home3/smardazm/public_html/activdent/wp-content/uploads/2019/11/MBA_4982-36_1920-150x120.jpg', 'wp-content/uploads/2019/11/MBA_4982-36_1920-150x120.jpg', 3, 'Empty Authorization Key.', '2019-11-28 14:35:21'),
(43, '/home3/smardazm/public_html/activdent/wp-content/uploads/2019/11/MBA_4982-36_1920-420x336.jpg', 'wp-content/uploads/2019/11/MBA_4982-36_1920-420x336.jpg', 3, 'Empty Authorization Key.', '2019-11-28 14:35:21'),
(44, '/home3/smardazm/public_html/activdent/wp-content/uploads/2019/11/MBA_4982-36_1920-773x520.jpg', 'wp-content/uploads/2019/11/MBA_4982-36_1920-773x520.jpg', 3, 'Empty Authorization Key.', '2019-11-28 14:35:21'),
(45, '/home3/smardazm/public_html/activdent/wp-content/uploads/2019/11/MBA_4982-36_1920-570x460.jpg', 'wp-content/uploads/2019/11/MBA_4982-36_1920-570x460.jpg', 3, 'Empty Authorization Key.', '2019-11-28 14:35:21'),
(46, '/home3/smardazm/public_html/activdent/wp-content/uploads/2019/11/MBA_4982-36_1920-746x735.jpg', 'wp-content/uploads/2019/11/MBA_4982-36_1920-746x735.jpg', 3, 'Empty Authorization Key.', '2019-11-28 14:35:21'),
(47, '/home3/smardazm/public_html/activdent/wp-content/uploads/2019/11/MBA_4982-36_1920-420x275.jpg', 'wp-content/uploads/2019/11/MBA_4982-36_1920-420x275.jpg', 3, 'Empty Authorization Key.', '2019-11-28 14:35:21'),
(48, '/home3/smardazm/public_html/activdent/wp-content/uploads/2019/11/MBA_4982-36_1920-500x500.jpg', 'wp-content/uploads/2019/11/MBA_4982-36_1920-500x500.jpg', 3, 'Empty Authorization Key.', '2019-11-28 14:35:21'),
(49, '/home3/smardazm/public_html/activdent/wp-content/uploads/2019/11/MBA_4982-36_1920-500x191.jpg', 'wp-content/uploads/2019/11/MBA_4982-36_1920-500x191.jpg', 3, 'Empty Authorization Key.', '2019-11-28 14:35:21'),
(50, '/home3/smardazm/public_html/activdent/wp-content/uploads/2019/11/MBA_4982-36_1920-100x100.jpg', 'wp-content/uploads/2019/11/MBA_4982-36_1920-100x100.jpg', 3, 'Empty Authorization Key.', '2019-11-28 14:35:21'),
(51, '/home3/smardazm/public_html/activdent/wp-content/uploads/2019/12/2019-12-10-ActivDent.mp4', 'wp-content/uploads/2019/12/2019-12-10-ActivDent.mp4', 3, 'Empty Authorization Key.', '2019-12-10 13:05:51'),
(52, '/home3/smardazm/public_html/activdent/wp-content/uploads/2020/01/head-300x48.jpg', 'wp-content/uploads/2020/01/head-300x48.jpg', 3, 'Empty Authorization Key.', '2020-01-24 15:08:25'),
(53, '/home3/smardazm/public_html/activdent/wp-content/uploads/2020/01/head-150x150.jpg', 'wp-content/uploads/2020/01/head-150x150.jpg', 3, 'Empty Authorization Key.', '2020-01-24 15:08:25'),
(54, '/home3/smardazm/public_html/activdent/wp-content/uploads/2020/01/head-150x120.jpg', 'wp-content/uploads/2020/01/head-150x120.jpg', 3, 'Empty Authorization Key.', '2020-01-24 15:08:25'),
(55, '/home3/smardazm/public_html/activdent/wp-content/uploads/2020/01/head-420x151.jpg', 'wp-content/uploads/2020/01/head-420x151.jpg', 3, 'Empty Authorization Key.', '2020-01-24 15:08:25'),
(56, '/home3/smardazm/public_html/activdent/wp-content/uploads/2020/01/head-773x151.jpg', 'wp-content/uploads/2020/01/head-773x151.jpg', 3, 'Empty Authorization Key.', '2020-01-24 15:08:25'),
(57, '/home3/smardazm/public_html/activdent/wp-content/uploads/2020/01/head-570x151.jpg', 'wp-content/uploads/2020/01/head-570x151.jpg', 3, 'Empty Authorization Key.', '2020-01-24 15:08:25'),
(58, '/home3/smardazm/public_html/activdent/wp-content/uploads/2020/01/head-746x151.jpg', 'wp-content/uploads/2020/01/head-746x151.jpg', 3, 'Empty Authorization Key.', '2020-01-24 15:08:25'),
(59, '/home3/smardazm/public_html/activdent/wp-content/uploads/2020/01/head-500x151.jpg', 'wp-content/uploads/2020/01/head-500x151.jpg', 3, 'Empty Authorization Key.', '2020-01-24 15:08:25'),
(60, '/home3/smardazm/public_html/activdent/wp-content/uploads/2020/01/head-500x80.jpg', 'wp-content/uploads/2020/01/head-500x80.jpg', 3, 'Empty Authorization Key.', '2020-01-24 15:08:25'),
(61, '/home3/smardazm/public_html/activdent/wp-content/uploads/2020/01/head-100x100.jpg', 'wp-content/uploads/2020/01/head-100x100.jpg', 3, 'Empty Authorization Key.', '2020-01-24 15:08:25'),
(62, '/home3/smardazm/public_html/activdent/wp-content/uploads/2020/01/GTC_before-scaled.jpg', 'wp-content/uploads/2020/01/GTC_before-scaled.jpg', 3, 'Empty Authorization Key.', '2020-01-27 16:26:52'),
(63, '/home3/smardazm/public_html/activdent/wp-content/uploads/2020/01/GTC_before-300x157.jpg', 'wp-content/uploads/2020/01/GTC_before-300x157.jpg', 3, 'Empty Authorization Key.', '2020-01-27 16:26:52'),
(64, '/home3/smardazm/public_html/activdent/wp-content/uploads/2020/01/GTC_before-1024x536.jpg', 'wp-content/uploads/2020/01/GTC_before-1024x536.jpg', 3, 'Empty Authorization Key.', '2020-01-27 16:26:52'),
(65, '/home3/smardazm/public_html/activdent/wp-content/uploads/2020/01/GTC_before-150x150.jpg', 'wp-content/uploads/2020/01/GTC_before-150x150.jpg', 3, 'Empty Authorization Key.', '2020-01-27 16:26:52'),
(66, '/home3/smardazm/public_html/activdent/wp-content/uploads/2020/01/GTC_before-1536x805.jpg', 'wp-content/uploads/2020/01/GTC_before-1536x805.jpg', 3, 'Empty Authorization Key.', '2020-01-27 16:26:53'),
(67, '/home3/smardazm/public_html/activdent/wp-content/uploads/2020/01/GTC_before-2048x1073.jpg', 'wp-content/uploads/2020/01/GTC_before-2048x1073.jpg', 3, 'Empty Authorization Key.', '2020-01-27 16:26:53'),
(68, '/home3/smardazm/public_html/activdent/wp-content/uploads/2020/01/GTC_before-150x120.jpg', 'wp-content/uploads/2020/01/GTC_before-150x120.jpg', 3, 'Empty Authorization Key.', '2020-01-27 16:26:54'),
(69, '/home3/smardazm/public_html/activdent/wp-content/uploads/2020/01/GTC_before-420x336.jpg', 'wp-content/uploads/2020/01/GTC_before-420x336.jpg', 3, 'Empty Authorization Key.', '2020-01-27 16:26:54'),
(70, '/home3/smardazm/public_html/activdent/wp-content/uploads/2020/01/GTC_before-773x520.jpg', 'wp-content/uploads/2020/01/GTC_before-773x520.jpg', 3, 'Empty Authorization Key.', '2020-01-27 16:26:54'),
(71, '/home3/smardazm/public_html/activdent/wp-content/uploads/2020/01/GTC_before-570x460.jpg', 'wp-content/uploads/2020/01/GTC_before-570x460.jpg', 3, 'Empty Authorization Key.', '2020-01-27 16:26:55'),
(72, '/home3/smardazm/public_html/activdent/wp-content/uploads/2020/01/GTC_before-746x770.jpg', 'wp-content/uploads/2020/01/GTC_before-746x770.jpg', 3, 'Empty Authorization Key.', '2020-01-27 16:26:55'),
(73, '/home3/smardazm/public_html/activdent/wp-content/uploads/2020/01/GTC_before-420x275.jpg', 'wp-content/uploads/2020/01/GTC_before-420x275.jpg', 3, 'Empty Authorization Key.', '2020-01-27 16:26:56'),
(74, '/home3/smardazm/public_html/activdent/wp-content/uploads/2020/01/GTC_before-500x500.jpg', 'wp-content/uploads/2020/01/GTC_before-500x500.jpg', 3, 'Empty Authorization Key.', '2020-01-27 16:26:56'),
(75, '/home3/smardazm/public_html/activdent/wp-content/uploads/2020/01/GTC_before-500x262.jpg', 'wp-content/uploads/2020/01/GTC_before-500x262.jpg', 3, 'Empty Authorization Key.', '2020-01-27 16:26:56'),
(76, '/home3/smardazm/public_html/activdent/wp-content/uploads/2020/01/GTC_before-100x100.jpg', 'wp-content/uploads/2020/01/GTC_before-100x100.jpg', 3, 'Empty Authorization Key.', '2020-01-27 16:26:56'),
(77, '/home3/smardazm/public_html/activdent/wp-content/uploads/2020/01/GTC_after-scaled.jpg', 'wp-content/uploads/2020/01/GTC_after-scaled.jpg', 3, 'Empty Authorization Key.', '2020-01-27 16:27:06'),
(78, '/home3/smardazm/public_html/activdent/wp-content/uploads/2020/01/GTC_after-300x157.jpg', 'wp-content/uploads/2020/01/GTC_after-300x157.jpg', 3, 'Empty Authorization Key.', '2020-01-27 16:27:06'),
(79, '/home3/smardazm/public_html/activdent/wp-content/uploads/2020/01/GTC_after-1024x536.jpg', 'wp-content/uploads/2020/01/GTC_after-1024x536.jpg', 3, 'Empty Authorization Key.', '2020-01-27 16:27:06'),
(80, '/home3/smardazm/public_html/activdent/wp-content/uploads/2020/01/GTC_after-150x150.jpg', 'wp-content/uploads/2020/01/GTC_after-150x150.jpg', 3, 'Empty Authorization Key.', '2020-01-27 16:27:06'),
(81, '/home3/smardazm/public_html/activdent/wp-content/uploads/2020/01/GTC_after-1536x805.jpg', 'wp-content/uploads/2020/01/GTC_after-1536x805.jpg', 3, 'Empty Authorization Key.', '2020-01-27 16:27:07'),
(82, '/home3/smardazm/public_html/activdent/wp-content/uploads/2020/01/GTC_after-2048x1073.jpg', 'wp-content/uploads/2020/01/GTC_after-2048x1073.jpg', 3, 'Empty Authorization Key.', '2020-01-27 16:27:07'),
(83, '/home3/smardazm/public_html/activdent/wp-content/uploads/2020/01/GTC_after-150x120.jpg', 'wp-content/uploads/2020/01/GTC_after-150x120.jpg', 3, 'Empty Authorization Key.', '2020-01-27 16:27:07'),
(84, '/home3/smardazm/public_html/activdent/wp-content/uploads/2020/01/GTC_after-420x336.jpg', 'wp-content/uploads/2020/01/GTC_after-420x336.jpg', 3, 'Empty Authorization Key.', '2020-01-27 16:27:07'),
(85, '/home3/smardazm/public_html/activdent/wp-content/uploads/2020/01/GTC_after-773x520.jpg', 'wp-content/uploads/2020/01/GTC_after-773x520.jpg', 3, 'Empty Authorization Key.', '2020-01-27 16:27:07'),
(86, '/home3/smardazm/public_html/activdent/wp-content/uploads/2020/01/GTC_after-570x460.jpg', 'wp-content/uploads/2020/01/GTC_after-570x460.jpg', 3, 'Empty Authorization Key.', '2020-01-27 16:27:08'),
(87, '/home3/smardazm/public_html/activdent/wp-content/uploads/2020/01/GTC_after-746x770.jpg', 'wp-content/uploads/2020/01/GTC_after-746x770.jpg', 3, 'Empty Authorization Key.', '2020-01-27 16:27:08'),
(88, '/home3/smardazm/public_html/activdent/wp-content/uploads/2020/01/GTC_after-420x275.jpg', 'wp-content/uploads/2020/01/GTC_after-420x275.jpg', 3, 'Empty Authorization Key.', '2020-01-27 16:27:08'),
(89, '/home3/smardazm/public_html/activdent/wp-content/uploads/2020/01/GTC_after-500x500.jpg', 'wp-content/uploads/2020/01/GTC_after-500x500.jpg', 3, 'Empty Authorization Key.', '2020-01-27 16:27:08'),
(90, '/home3/smardazm/public_html/activdent/wp-content/uploads/2020/01/GTC_after-500x262.jpg', 'wp-content/uploads/2020/01/GTC_after-500x262.jpg', 3, 'Empty Authorization Key.', '2020-01-27 16:27:08'),
(91, '/home3/smardazm/public_html/activdent/wp-content/uploads/2020/01/GTC_after-100x100.jpg', 'wp-content/uploads/2020/01/GTC_after-100x100.jpg', 3, 'Empty Authorization Key.', '2020-01-27 16:27:08'),
(92, '/home2/mihneadent/public_html/wp-content/uploads/2020/01/Multipurpose-Before-After-Slider.zip', 'wp-content/uploads/2020/01/Multipurpose-Before-After-Slider.zip', 3, 'Empty Authorization Key.', '2020-01-27 22:14:56'),
(93, '/home2/mihneadent/public_html/wp-content/uploads/2020/05/Aparat-nebulizare-ulv-fogger-h05_-300x300.jpg', 'wp-content/uploads/2020/05/Aparat-nebulizare-ulv-fogger-h05_-300x300.jpg', 3, 'Empty Authorization Key.', '2020-05-15 15:05:09'),
(94, '/home2/mihneadent/public_html/wp-content/uploads/2020/05/Aparat-nebulizare-ulv-fogger-h05_-150x150.jpg', 'wp-content/uploads/2020/05/Aparat-nebulizare-ulv-fogger-h05_-150x150.jpg', 3, 'Empty Authorization Key.', '2020-05-15 15:05:09'),
(95, '/home2/mihneadent/public_html/wp-content/uploads/2020/05/Aparat-nebulizare-ulv-fogger-h05_-150x120.jpg', 'wp-content/uploads/2020/05/Aparat-nebulizare-ulv-fogger-h05_-150x120.jpg', 3, 'Empty Authorization Key.', '2020-05-15 15:05:09'),
(96, '/home2/mihneadent/public_html/wp-content/uploads/2020/05/Aparat-nebulizare-ulv-fogger-h05_-420x336.jpg', 'wp-content/uploads/2020/05/Aparat-nebulizare-ulv-fogger-h05_-420x336.jpg', 3, 'Empty Authorization Key.', '2020-05-15 15:05:09'),
(97, '/home2/mihneadent/public_html/wp-content/uploads/2020/05/Aparat-nebulizare-ulv-fogger-h05_-420x275.jpg', 'wp-content/uploads/2020/05/Aparat-nebulizare-ulv-fogger-h05_-420x275.jpg', 3, 'Empty Authorization Key.', '2020-05-15 15:05:09'),
(98, '/home2/mihneadent/public_html/wp-content/uploads/2020/05/Aparat-nebulizare-ulv-fogger-h05_-100x100.jpg', 'wp-content/uploads/2020/05/Aparat-nebulizare-ulv-fogger-h05_-100x100.jpg', 3, 'Empty Authorization Key.', '2020-05-15 15:05:09'),
(99, '/home2/mihneadent/public_html/wp-content/uploads/2020/05/boneta-unica-folosinta-300x300.jpg', 'wp-content/uploads/2020/05/boneta-unica-folosinta-300x300.jpg', 3, 'Empty Authorization Key.', '2020-05-15 15:05:12'),
(100, '/home2/mihneadent/public_html/wp-content/uploads/2020/05/boneta-unica-folosinta-150x150.jpg', 'wp-content/uploads/2020/05/boneta-unica-folosinta-150x150.jpg', 3, 'Empty Authorization Key.', '2020-05-15 15:05:12'),
(101, '/home2/mihneadent/public_html/wp-content/uploads/2020/05/boneta-unica-folosinta-150x120.jpg', 'wp-content/uploads/2020/05/boneta-unica-folosinta-150x120.jpg', 3, 'Empty Authorization Key.', '2020-05-15 15:05:12'),
(102, '/home2/mihneadent/public_html/wp-content/uploads/2020/05/boneta-unica-folosinta-420x336.jpg', 'wp-content/uploads/2020/05/boneta-unica-folosinta-420x336.jpg', 3, 'Empty Authorization Key.', '2020-05-15 15:05:12'),
(103, '/home2/mihneadent/public_html/wp-content/uploads/2020/05/boneta-unica-folosinta-773x520.jpg', 'wp-content/uploads/2020/05/boneta-unica-folosinta-773x520.jpg', 3, 'Empty Authorization Key.', '2020-05-15 15:05:12'),
(104, '/home2/mihneadent/public_html/wp-content/uploads/2020/05/boneta-unica-folosinta-570x460.jpg', 'wp-content/uploads/2020/05/boneta-unica-folosinta-570x460.jpg', 3, 'Empty Authorization Key.', '2020-05-15 15:05:12'),
(105, '/home2/mihneadent/public_html/wp-content/uploads/2020/05/boneta-unica-folosinta-746x770.jpg', 'wp-content/uploads/2020/05/boneta-unica-folosinta-746x770.jpg', 3, 'Empty Authorization Key.', '2020-05-15 15:05:12'),
(106, '/home2/mihneadent/public_html/wp-content/uploads/2020/05/boneta-unica-folosinta-420x275.jpg', 'wp-content/uploads/2020/05/boneta-unica-folosinta-420x275.jpg', 3, 'Empty Authorization Key.', '2020-05-15 15:05:12'),
(107, '/home2/mihneadent/public_html/wp-content/uploads/2020/05/boneta-unica-folosinta-500x500.jpg', 'wp-content/uploads/2020/05/boneta-unica-folosinta-500x500.jpg', 3, 'Empty Authorization Key.', '2020-05-15 15:05:12'),
(108, '/home2/mihneadent/public_html/wp-content/uploads/2020/05/boneta-unica-folosinta-100x100.jpg', 'wp-content/uploads/2020/05/boneta-unica-folosinta-100x100.jpg', 3, 'Empty Authorization Key.', '2020-05-15 15:05:12'),
(109, '/home2/mihneadent/public_html/wp-content/uploads/2020/05/CIZME-PVC-ECHIPAMENT-ANTI-COVID-300x300.jpg', 'wp-content/uploads/2020/05/CIZME-PVC-ECHIPAMENT-ANTI-COVID-300x300.jpg', 3, 'Empty Authorization Key.', '2020-05-15 15:05:15'),
(110, '/home2/mihneadent/public_html/wp-content/uploads/2020/05/CIZME-PVC-ECHIPAMENT-ANTI-COVID-150x150.jpg', 'wp-content/uploads/2020/05/CIZME-PVC-ECHIPAMENT-ANTI-COVID-150x150.jpg', 3, 'Empty Authorization Key.', '2020-05-15 15:05:15'),
(111, '/home2/mihneadent/public_html/wp-content/uploads/2020/05/CIZME-PVC-ECHIPAMENT-ANTI-COVID-150x120.jpg', 'wp-content/uploads/2020/05/CIZME-PVC-ECHIPAMENT-ANTI-COVID-150x120.jpg', 3, 'Empty Authorization Key.', '2020-05-15 15:05:15'),
(112, '/home2/mihneadent/public_html/wp-content/uploads/2020/05/CIZME-PVC-ECHIPAMENT-ANTI-COVID-420x336.jpg', 'wp-content/uploads/2020/05/CIZME-PVC-ECHIPAMENT-ANTI-COVID-420x336.jpg', 3, 'Empty Authorization Key.', '2020-05-15 15:05:15'),
(113, '/home2/mihneadent/public_html/wp-content/uploads/2020/05/CIZME-PVC-ECHIPAMENT-ANTI-COVID-576x520.jpg', 'wp-content/uploads/2020/05/CIZME-PVC-ECHIPAMENT-ANTI-COVID-576x520.jpg', 3, 'Empty Authorization Key.', '2020-05-15 15:05:15'),
(114, '/home2/mihneadent/public_html/wp-content/uploads/2020/05/CIZME-PVC-ECHIPAMENT-ANTI-COVID-570x460.jpg', 'wp-content/uploads/2020/05/CIZME-PVC-ECHIPAMENT-ANTI-COVID-570x460.jpg', 3, 'Empty Authorization Key.', '2020-05-15 15:05:15'),
(115, '/home2/mihneadent/public_html/wp-content/uploads/2020/05/CIZME-PVC-ECHIPAMENT-ANTI-COVID-420x275.jpg', 'wp-content/uploads/2020/05/CIZME-PVC-ECHIPAMENT-ANTI-COVID-420x275.jpg', 3, 'Empty Authorization Key.', '2020-05-15 15:05:15'),
(116, '/home2/mihneadent/public_html/wp-content/uploads/2020/05/CIZME-PVC-ECHIPAMENT-ANTI-COVID-500x500.jpg', 'wp-content/uploads/2020/05/CIZME-PVC-ECHIPAMENT-ANTI-COVID-500x500.jpg', 3, 'Empty Authorization Key.', '2020-05-15 15:05:15'),
(117, '/home2/mihneadent/public_html/wp-content/uploads/2020/05/CIZME-PVC-ECHIPAMENT-ANTI-COVID-100x100.jpg', 'wp-content/uploads/2020/05/CIZME-PVC-ECHIPAMENT-ANTI-COVID-100x100.jpg', 3, 'Empty Authorization Key.', '2020-05-15 15:05:15'),
(118, '/home2/mihneadent/public_html/wp-content/uploads/2020/05/combinezon-anti-covid19-247x300.jpg', 'wp-content/uploads/2020/05/combinezon-anti-covid19-247x300.jpg', 3, 'Empty Authorization Key.', '2020-05-15 15:05:18'),
(119, '/home2/mihneadent/public_html/wp-content/uploads/2020/05/combinezon-anti-covid19-150x150.jpg', 'wp-content/uploads/2020/05/combinezon-anti-covid19-150x150.jpg', 3, 'Empty Authorization Key.', '2020-05-15 15:05:18'),
(120, '/home2/mihneadent/public_html/wp-content/uploads/2020/05/combinezon-anti-covid19-150x120.jpg', 'wp-content/uploads/2020/05/combinezon-anti-covid19-150x120.jpg', 3, 'Empty Authorization Key.', '2020-05-15 15:05:18'),
(121, '/home2/mihneadent/public_html/wp-content/uploads/2020/05/combinezon-anti-covid19-300x336.jpg', 'wp-content/uploads/2020/05/combinezon-anti-covid19-300x336.jpg', 3, 'Empty Authorization Key.', '2020-05-15 15:05:18'),
(122, '/home2/mihneadent/public_html/wp-content/uploads/2020/05/combinezon-anti-covid19-300x275.jpg', 'wp-content/uploads/2020/05/combinezon-anti-covid19-300x275.jpg', 3, 'Empty Authorization Key.', '2020-05-15 15:05:18'),
(123, '/home2/mihneadent/public_html/wp-content/uploads/2020/05/combinezon-anti-covid19-100x100.jpg', 'wp-content/uploads/2020/05/combinezon-anti-covid19-100x100.jpg', 3, 'Empty Authorization Key.', '2020-05-15 15:05:18'),
(124, '/home2/mihneadent/public_html/wp-content/uploads/2020/05/Echipament-protectie-anti-covid19-masca-militara-cu-filtru-300x154.jpg', 'wp-content/uploads/2020/05/Echipament-protectie-anti-covid19-masca-militara-cu-filtru-300x154.jpg', 3, 'Empty Authorization Key.', '2020-05-15 15:05:20'),
(125, '/home2/mihneadent/public_html/wp-content/uploads/2020/05/Echipament-protectie-anti-covid19-masca-militara-cu-filtru-1024x524.jpg', 'wp-content/uploads/2020/05/Echipament-protectie-anti-covid19-masca-militara-cu-filtru-1024x524.jpg', 3, 'Empty Authorization Key.', '2020-05-15 15:05:20'),
(126, '/home2/mihneadent/public_html/wp-content/uploads/2020/05/Echipament-protectie-anti-covid19-masca-militara-cu-filtru-150x150.jpg', 'wp-content/uploads/2020/05/Echipament-protectie-anti-covid19-masca-militara-cu-filtru-150x150.jpg', 3, 'Empty Authorization Key.', '2020-05-15 15:05:20'),
(127, '/home2/mihneadent/public_html/wp-content/uploads/2020/05/Echipament-protectie-anti-covid19-masca-militara-cu-filtru-1536x786.jpg', 'wp-content/uploads/2020/05/Echipament-protectie-anti-covid19-masca-militara-cu-filtru-1536x786.jpg', 3, 'Empty Authorization Key.', '2020-05-15 15:05:21'),
(128, '/home2/mihneadent/public_html/wp-content/uploads/2020/05/Echipament-protectie-anti-covid19-masca-militara-cu-filtru-150x120.jpg', 'wp-content/uploads/2020/05/Echipament-protectie-anti-covid19-masca-militara-cu-filtru-150x120.jpg', 3, 'Empty Authorization Key.', '2020-05-15 15:05:21'),
(129, '/home2/mihneadent/public_html/wp-content/uploads/2020/05/Echipament-protectie-anti-covid19-masca-militara-cu-filtru-420x336.jpg', 'wp-content/uploads/2020/05/Echipament-protectie-anti-covid19-masca-militara-cu-filtru-420x336.jpg', 3, 'Empty Authorization Key.', '2020-05-15 15:05:21'),
(130, '/home2/mihneadent/public_html/wp-content/uploads/2020/05/Echipament-protectie-anti-covid19-masca-militara-cu-filtru-773x520.jpg', 'wp-content/uploads/2020/05/Echipament-protectie-anti-covid19-masca-militara-cu-filtru-773x520.jpg', 3, 'Empty Authorization Key.', '2020-05-15 15:05:21'),
(131, '/home2/mihneadent/public_html/wp-content/uploads/2020/05/Echipament-protectie-anti-covid19-masca-militara-cu-filtru-570x460.jpg', 'wp-content/uploads/2020/05/Echipament-protectie-anti-covid19-masca-militara-cu-filtru-570x460.jpg', 3, 'Empty Authorization Key.', '2020-05-15 15:05:21'),
(132, '/home2/mihneadent/public_html/wp-content/uploads/2020/05/Echipament-protectie-anti-covid19-masca-militara-cu-filtru-746x770.jpg', 'wp-content/uploads/2020/05/Echipament-protectie-anti-covid19-masca-militara-cu-filtru-746x770.jpg', 3, 'Empty Authorization Key.', '2020-05-15 15:05:21'),
(133, '/home2/mihneadent/public_html/wp-content/uploads/2020/05/Echipament-protectie-anti-covid19-masca-militara-cu-filtru-420x275.jpg', 'wp-content/uploads/2020/05/Echipament-protectie-anti-covid19-masca-militara-cu-filtru-420x275.jpg', 3, 'Empty Authorization Key.', '2020-05-15 15:05:21'),
(134, '/home2/mihneadent/public_html/wp-content/uploads/2020/05/Echipament-protectie-anti-covid19-masca-militara-cu-filtru-500x500.jpg', 'wp-content/uploads/2020/05/Echipament-protectie-anti-covid19-masca-militara-cu-filtru-500x500.jpg', 3, 'Empty Authorization Key.', '2020-05-15 15:05:21'),
(135, '/home2/mihneadent/public_html/wp-content/uploads/2020/05/Echipament-protectie-anti-covid19-masca-militara-cu-filtru-500x256.jpg', 'wp-content/uploads/2020/05/Echipament-protectie-anti-covid19-masca-militara-cu-filtru-500x256.jpg', 3, 'Empty Authorization Key.', '2020-05-15 15:05:21'),
(136, '/home2/mihneadent/public_html/wp-content/uploads/2020/05/Echipament-protectie-anti-covid19-masca-militara-cu-filtru-100x100.jpg', 'wp-content/uploads/2020/05/Echipament-protectie-anti-covid19-masca-militara-cu-filtru-100x100.jpg', 3, 'Empty Authorization Key.', '2020-05-15 15:05:21'),
(137, '/home2/mihneadent/public_html/wp-content/uploads/2020/05/halat-impermeabil-300x300.jpg', 'wp-content/uploads/2020/05/halat-impermeabil-300x300.jpg', 3, 'Empty Authorization Key.', '2020-05-15 15:05:24'),
(138, '/home2/mihneadent/public_html/wp-content/uploads/2020/05/halat-impermeabil-150x150.jpg', 'wp-content/uploads/2020/05/halat-impermeabil-150x150.jpg', 3, 'Empty Authorization Key.', '2020-05-15 15:05:24'),
(139, '/home2/mihneadent/public_html/wp-content/uploads/2020/05/halat-impermeabil-150x120.jpg', 'wp-content/uploads/2020/05/halat-impermeabil-150x120.jpg', 3, 'Empty Authorization Key.', '2020-05-15 15:05:24'),
(140, '/home2/mihneadent/public_html/wp-content/uploads/2020/05/halat-impermeabil-420x336.jpg', 'wp-content/uploads/2020/05/halat-impermeabil-420x336.jpg', 3, 'Empty Authorization Key.', '2020-05-15 15:05:24'),
(141, '/home2/mihneadent/public_html/wp-content/uploads/2020/05/halat-impermeabil-640x520.jpg', 'wp-content/uploads/2020/05/halat-impermeabil-640x520.jpg', 3, 'Empty Authorization Key.', '2020-05-15 15:05:24'),
(142, '/home2/mihneadent/public_html/wp-content/uploads/2020/05/halat-impermeabil-570x460.jpg', 'wp-content/uploads/2020/05/halat-impermeabil-570x460.jpg', 3, 'Empty Authorization Key.', '2020-05-15 15:05:24'),
(143, '/home2/mihneadent/public_html/wp-content/uploads/2020/05/halat-impermeabil-420x275.jpg', 'wp-content/uploads/2020/05/halat-impermeabil-420x275.jpg', 3, 'Empty Authorization Key.', '2020-05-15 15:05:24'),
(144, '/home2/mihneadent/public_html/wp-content/uploads/2020/05/halat-impermeabil-500x500.jpg', 'wp-content/uploads/2020/05/halat-impermeabil-500x500.jpg', 3, 'Empty Authorization Key.', '2020-05-15 15:05:24'),
(145, '/home2/mihneadent/public_html/wp-content/uploads/2020/05/halat-impermeabil-100x100.jpg', 'wp-content/uploads/2020/05/halat-impermeabil-100x100.jpg', 3, 'Empty Authorization Key.', '2020-05-15 15:05:24'),
(146, '/home2/mihneadent/public_html/wp-content/uploads/2020/05/halat-unica-folosinta-300x300.jpg', 'wp-content/uploads/2020/05/halat-unica-folosinta-300x300.jpg', 3, 'Empty Authorization Key.', '2020-05-15 15:05:27'),
(147, '/home2/mihneadent/public_html/wp-content/uploads/2020/05/halat-unica-folosinta-150x150.jpg', 'wp-content/uploads/2020/05/halat-unica-folosinta-150x150.jpg', 3, 'Empty Authorization Key.', '2020-05-15 15:05:27'),
(148, '/home2/mihneadent/public_html/wp-content/uploads/2020/05/halat-unica-folosinta-150x120.jpg', 'wp-content/uploads/2020/05/halat-unica-folosinta-150x120.jpg', 3, 'Empty Authorization Key.', '2020-05-15 15:05:27'),
(149, '/home2/mihneadent/public_html/wp-content/uploads/2020/05/halat-unica-folosinta-420x336.jpg', 'wp-content/uploads/2020/05/halat-unica-folosinta-420x336.jpg', 3, 'Empty Authorization Key.', '2020-05-15 15:05:27'),
(150, '/home2/mihneadent/public_html/wp-content/uploads/2020/05/halat-unica-folosinta-420x275.jpg', 'wp-content/uploads/2020/05/halat-unica-folosinta-420x275.jpg', 3, 'Empty Authorization Key.', '2020-05-15 15:05:27'),
(151, '/home2/mihneadent/public_html/wp-content/uploads/2020/05/halat-unica-folosinta-100x100.jpg', 'wp-content/uploads/2020/05/halat-unica-folosinta-100x100.jpg', 3, 'Empty Authorization Key.', '2020-05-15 15:05:27'),
(152, '/home2/mihneadent/public_html/wp-content/uploads/2020/05/lampa-UV-cu-ozon-300x300.jpg', 'wp-content/uploads/2020/05/lampa-UV-cu-ozon-300x300.jpg', 3, 'Empty Authorization Key.', '2020-05-15 15:05:30'),
(153, '/home2/mihneadent/public_html/wp-content/uploads/2020/05/lampa-UV-cu-ozon-150x150.jpg', 'wp-content/uploads/2020/05/lampa-UV-cu-ozon-150x150.jpg', 3, 'Empty Authorization Key.', '2020-05-15 15:05:30'),
(154, '/home2/mihneadent/public_html/wp-content/uploads/2020/05/lampa-UV-cu-ozon-150x120.jpg', 'wp-content/uploads/2020/05/lampa-UV-cu-ozon-150x120.jpg', 3, 'Empty Authorization Key.', '2020-05-15 15:05:30'),
(155, '/home2/mihneadent/public_html/wp-content/uploads/2020/05/lampa-UV-cu-ozon-420x336.jpg', 'wp-content/uploads/2020/05/lampa-UV-cu-ozon-420x336.jpg', 3, 'Empty Authorization Key.', '2020-05-15 15:05:30'),
(156, '/home2/mihneadent/public_html/wp-content/uploads/2020/05/lampa-UV-cu-ozon-420x275.jpg', 'wp-content/uploads/2020/05/lampa-UV-cu-ozon-420x275.jpg', 3, 'Empty Authorization Key.', '2020-05-15 15:05:30'),
(157, '/home2/mihneadent/public_html/wp-content/uploads/2020/05/lampa-UV-cu-ozon-100x100.jpg', 'wp-content/uploads/2020/05/lampa-UV-cu-ozon-100x100.jpg', 3, 'Empty Authorization Key.', '2020-05-15 15:05:30'),
(158, '/home2/mihneadent/public_html/wp-content/uploads/2020/05/masca-FFP2-CU-OCHELARI-1-247x300.jpg', 'wp-content/uploads/2020/05/masca-FFP2-CU-OCHELARI-1-247x300.jpg', 3, 'Empty Authorization Key.', '2020-05-15 15:05:33'),
(159, '/home2/mihneadent/public_html/wp-content/uploads/2020/05/masca-FFP2-CU-OCHELARI-1-150x150.jpg', 'wp-content/uploads/2020/05/masca-FFP2-CU-OCHELARI-1-150x150.jpg', 3, 'Empty Authorization Key.', '2020-05-15 15:05:33'),
(160, '/home2/mihneadent/public_html/wp-content/uploads/2020/05/masca-FFP2-CU-OCHELARI-1-150x120.jpg', 'wp-content/uploads/2020/05/masca-FFP2-CU-OCHELARI-1-150x120.jpg', 3, 'Empty Authorization Key.', '2020-05-15 15:05:33'),
(161, '/home2/mihneadent/public_html/wp-content/uploads/2020/05/masca-FFP2-CU-OCHELARI-1-300x336.jpg', 'wp-content/uploads/2020/05/masca-FFP2-CU-OCHELARI-1-300x336.jpg', 3, 'Empty Authorization Key.', '2020-05-15 15:05:33'),
(162, '/home2/mihneadent/public_html/wp-content/uploads/2020/05/masca-FFP2-CU-OCHELARI-1-300x275.jpg', 'wp-content/uploads/2020/05/masca-FFP2-CU-OCHELARI-1-300x275.jpg', 3, 'Empty Authorization Key.', '2020-05-15 15:05:33'),
(163, '/home2/mihneadent/public_html/wp-content/uploads/2020/05/masca-FFP2-CU-OCHELARI-1-100x100.jpg', 'wp-content/uploads/2020/05/masca-FFP2-CU-OCHELARI-1-100x100.jpg', 3, 'Empty Authorization Key.', '2020-05-15 15:05:33'),
(164, '/home2/mihneadent/public_html/wp-content/uploads/2020/05/masca-FFP3-CU-OCHELARI-1-247x300.jpg', 'wp-content/uploads/2020/05/masca-FFP3-CU-OCHELARI-1-247x300.jpg', 3, 'Empty Authorization Key.', '2020-05-15 15:05:36'),
(165, '/home2/mihneadent/public_html/wp-content/uploads/2020/05/masca-FFP3-CU-OCHELARI-1-150x150.jpg', 'wp-content/uploads/2020/05/masca-FFP3-CU-OCHELARI-1-150x150.jpg', 3, 'Empty Authorization Key.', '2020-05-15 15:05:36'),
(166, '/home2/mihneadent/public_html/wp-content/uploads/2020/05/masca-FFP3-CU-OCHELARI-1-150x120.jpg', 'wp-content/uploads/2020/05/masca-FFP3-CU-OCHELARI-1-150x120.jpg', 3, 'Empty Authorization Key.', '2020-05-15 15:05:36'),
(167, '/home2/mihneadent/public_html/wp-content/uploads/2020/05/masca-FFP3-CU-OCHELARI-1-300x336.jpg', 'wp-content/uploads/2020/05/masca-FFP3-CU-OCHELARI-1-300x336.jpg', 3, 'Empty Authorization Key.', '2020-05-15 15:05:36'),
(168, '/home2/mihneadent/public_html/wp-content/uploads/2020/05/masca-FFP3-CU-OCHELARI-1-300x275.jpg', 'wp-content/uploads/2020/05/masca-FFP3-CU-OCHELARI-1-300x275.jpg', 3, 'Empty Authorization Key.', '2020-05-15 15:05:36'),
(169, '/home2/mihneadent/public_html/wp-content/uploads/2020/05/masca-FFP3-CU-OCHELARI-1-100x100.jpg', 'wp-content/uploads/2020/05/masca-FFP3-CU-OCHELARI-1-100x100.jpg', 3, 'Empty Authorization Key.', '2020-05-15 15:05:36'),
(170, '/home2/mihneadent/public_html/wp-content/uploads/2020/05/masca-KN95-150x150.jpg', 'wp-content/uploads/2020/05/masca-KN95-150x150.jpg', 3, 'Empty Authorization Key.', '2020-05-15 15:05:39'),
(171, '/home2/mihneadent/public_html/wp-content/uploads/2020/05/masca-KN95-150x120.jpg', 'wp-content/uploads/2020/05/masca-KN95-150x120.jpg', 3, 'Empty Authorization Key.', '2020-05-15 15:05:39'),
(172, '/home2/mihneadent/public_html/wp-content/uploads/2020/05/masca-KN95-100x100.jpg', 'wp-content/uploads/2020/05/masca-KN95-100x100.jpg', 3, 'Empty Authorization Key.', '2020-05-15 15:05:39'),
(173, '/home2/mihneadent/public_html/wp-content/uploads/2020/05/OCHELARI-DE-PROTECTIE-247x300.jpg', 'wp-content/uploads/2020/05/OCHELARI-DE-PROTECTIE-247x300.jpg', 3, 'Empty Authorization Key.', '2020-05-15 15:05:42'),
(174, '/home2/mihneadent/public_html/wp-content/uploads/2020/05/OCHELARI-DE-PROTECTIE-150x150.jpg', 'wp-content/uploads/2020/05/OCHELARI-DE-PROTECTIE-150x150.jpg', 3, 'Empty Authorization Key.', '2020-05-15 15:05:42'),
(175, '/home2/mihneadent/public_html/wp-content/uploads/2020/05/OCHELARI-DE-PROTECTIE-150x120.jpg', 'wp-content/uploads/2020/05/OCHELARI-DE-PROTECTIE-150x120.jpg', 3, 'Empty Authorization Key.', '2020-05-15 15:05:42'),
(176, '/home2/mihneadent/public_html/wp-content/uploads/2020/05/OCHELARI-DE-PROTECTIE-300x336.jpg', 'wp-content/uploads/2020/05/OCHELARI-DE-PROTECTIE-300x336.jpg', 3, 'Empty Authorization Key.', '2020-05-15 15:05:42'),
(177, '/home2/mihneadent/public_html/wp-content/uploads/2020/05/OCHELARI-DE-PROTECTIE-300x275.jpg', 'wp-content/uploads/2020/05/OCHELARI-DE-PROTECTIE-300x275.jpg', 3, 'Empty Authorization Key.', '2020-05-15 15:05:42'),
(178, '/home2/mihneadent/public_html/wp-content/uploads/2020/05/OCHELARI-DE-PROTECTIE-100x100.jpg', 'wp-content/uploads/2020/05/OCHELARI-DE-PROTECTIE-100x100.jpg', 3, 'Empty Authorization Key.', '2020-05-15 15:05:42'),
(179, '/home2/mihneadent/public_html/wp-content/uploads/2020/05/OCHELARI-GOGGLES-247x300.jpg', 'wp-content/uploads/2020/05/OCHELARI-GOGGLES-247x300.jpg', 3, 'Empty Authorization Key.', '2020-05-15 15:05:45'),
(180, '/home2/mihneadent/public_html/wp-content/uploads/2020/05/OCHELARI-GOGGLES-150x150.jpg', 'wp-content/uploads/2020/05/OCHELARI-GOGGLES-150x150.jpg', 3, 'Empty Authorization Key.', '2020-05-15 15:05:45'),
(181, '/home2/mihneadent/public_html/wp-content/uploads/2020/05/OCHELARI-GOGGLES-150x120.jpg', 'wp-content/uploads/2020/05/OCHELARI-GOGGLES-150x120.jpg', 3, 'Empty Authorization Key.', '2020-05-15 15:05:45'),
(182, '/home2/mihneadent/public_html/wp-content/uploads/2020/05/OCHELARI-GOGGLES-300x336.jpg', 'wp-content/uploads/2020/05/OCHELARI-GOGGLES-300x336.jpg', 3, 'Empty Authorization Key.', '2020-05-15 15:05:45'),
(183, '/home2/mihneadent/public_html/wp-content/uploads/2020/05/OCHELARI-GOGGLES-300x275.jpg', 'wp-content/uploads/2020/05/OCHELARI-GOGGLES-300x275.jpg', 3, 'Empty Authorization Key.', '2020-05-15 15:05:45'),
(184, '/home2/mihneadent/public_html/wp-content/uploads/2020/05/OCHELARI-GOGGLES-100x100.jpg', 'wp-content/uploads/2020/05/OCHELARI-GOGGLES-100x100.jpg', 3, 'Empty Authorization Key.', '2020-05-15 15:05:45'),
(185, '/home2/mihneadent/public_html/wp-content/uploads/2020/05/SEMIMASCA-PROTECTIE-247x300.jpg', 'wp-content/uploads/2020/05/SEMIMASCA-PROTECTIE-247x300.jpg', 3, 'Empty Authorization Key.', '2020-05-15 15:05:48'),
(186, '/home2/mihneadent/public_html/wp-content/uploads/2020/05/SEMIMASCA-PROTECTIE-150x150.jpg', 'wp-content/uploads/2020/05/SEMIMASCA-PROTECTIE-150x150.jpg', 3, 'Empty Authorization Key.', '2020-05-15 15:05:48'),
(187, '/home2/mihneadent/public_html/wp-content/uploads/2020/05/SEMIMASCA-PROTECTIE-150x120.jpg', 'wp-content/uploads/2020/05/SEMIMASCA-PROTECTIE-150x120.jpg', 3, 'Empty Authorization Key.', '2020-05-15 15:05:48'),
(188, '/home2/mihneadent/public_html/wp-content/uploads/2020/05/SEMIMASCA-PROTECTIE-300x336.jpg', 'wp-content/uploads/2020/05/SEMIMASCA-PROTECTIE-300x336.jpg', 3, 'Empty Authorization Key.', '2020-05-15 15:05:48'),
(189, '/home2/mihneadent/public_html/wp-content/uploads/2020/05/SEMIMASCA-PROTECTIE-300x275.jpg', 'wp-content/uploads/2020/05/SEMIMASCA-PROTECTIE-300x275.jpg', 3, 'Empty Authorization Key.', '2020-05-15 15:05:48'),
(190, '/home2/mihneadent/public_html/wp-content/uploads/2020/05/SEMIMASCA-PROTECTIE-100x100.jpg', 'wp-content/uploads/2020/05/SEMIMASCA-PROTECTIE-100x100.jpg', 3, 'Empty Authorization Key.', '2020-05-15 15:05:48'),
(191, '/home2/mihneadent/public_html/wp-content/uploads/2020/05/Termomentru-fara-contact-300x300.jpg', 'wp-content/uploads/2020/05/Termomentru-fara-contact-300x300.jpg', 3, 'Empty Authorization Key.', '2020-05-15 15:05:51'),
(192, '/home2/mihneadent/public_html/wp-content/uploads/2020/05/Termomentru-fara-contact-150x150.jpg', 'wp-content/uploads/2020/05/Termomentru-fara-contact-150x150.jpg', 3, 'Empty Authorization Key.', '2020-05-15 15:05:51'),
(193, '/home2/mihneadent/public_html/wp-content/uploads/2020/05/Termomentru-fara-contact-150x120.jpg', 'wp-content/uploads/2020/05/Termomentru-fara-contact-150x120.jpg', 3, 'Empty Authorization Key.', '2020-05-15 15:05:51'),
(194, '/home2/mihneadent/public_html/wp-content/uploads/2020/05/Termomentru-fara-contact-420x336.jpg', 'wp-content/uploads/2020/05/Termomentru-fara-contact-420x336.jpg', 3, 'Empty Authorization Key.', '2020-05-15 15:05:51'),
(195, '/home2/mihneadent/public_html/wp-content/uploads/2020/05/Termomentru-fara-contact-773x520.jpg', 'wp-content/uploads/2020/05/Termomentru-fara-contact-773x520.jpg', 3, 'Empty Authorization Key.', '2020-05-15 15:05:51'),
(196, '/home2/mihneadent/public_html/wp-content/uploads/2020/05/Termomentru-fara-contact-570x460.jpg', 'wp-content/uploads/2020/05/Termomentru-fara-contact-570x460.jpg', 3, 'Empty Authorization Key.', '2020-05-15 15:05:51'),
(197, '/home2/mihneadent/public_html/wp-content/uploads/2020/05/Termomentru-fara-contact-746x770.jpg', 'wp-content/uploads/2020/05/Termomentru-fara-contact-746x770.jpg', 3, 'Empty Authorization Key.', '2020-05-15 15:05:52'),
(198, '/home2/mihneadent/public_html/wp-content/uploads/2020/05/Termomentru-fara-contact-420x275.jpg', 'wp-content/uploads/2020/05/Termomentru-fara-contact-420x275.jpg', 3, 'Empty Authorization Key.', '2020-05-15 15:05:52'),
(199, '/home2/mihneadent/public_html/wp-content/uploads/2020/05/Termomentru-fara-contact-500x500.jpg', 'wp-content/uploads/2020/05/Termomentru-fara-contact-500x500.jpg', 3, 'Empty Authorization Key.', '2020-05-15 15:05:52'),
(200, '/home2/mihneadent/public_html/wp-content/uploads/2020/05/Termomentru-fara-contact-100x100.jpg', 'wp-content/uploads/2020/05/Termomentru-fara-contact-100x100.jpg', 3, 'Empty Authorization Key.', '2020-05-15 15:05:52'),
(201, '/home2/mihneadent/public_html/wp-content/uploads/2020/05/viziera-247x300.jpg', 'wp-content/uploads/2020/05/viziera-247x300.jpg', 3, 'Empty Authorization Key.', '2020-05-15 15:05:57'),
(202, '/home2/mihneadent/public_html/wp-content/uploads/2020/05/viziera-150x150.jpg', 'wp-content/uploads/2020/05/viziera-150x150.jpg', 3, 'Empty Authorization Key.', '2020-05-15 15:05:57'),
(203, '/home2/mihneadent/public_html/wp-content/uploads/2020/05/viziera-150x120.jpg', 'wp-content/uploads/2020/05/viziera-150x120.jpg', 3, 'Empty Authorization Key.', '2020-05-15 15:05:57'),
(204, '/home2/mihneadent/public_html/wp-content/uploads/2020/05/viziera-300x336.jpg', 'wp-content/uploads/2020/05/viziera-300x336.jpg', 3, 'Empty Authorization Key.', '2020-05-15 15:05:57'),
(205, '/home2/mihneadent/public_html/wp-content/uploads/2020/05/viziera-300x275.jpg', 'wp-content/uploads/2020/05/viziera-300x275.jpg', 3, 'Empty Authorization Key.', '2020-05-15 15:05:57'),
(206, '/home2/mihneadent/public_html/wp-content/uploads/2020/05/viziera-100x100.jpg', 'wp-content/uploads/2020/05/viziera-100x100.jpg', 3, 'Empty Authorization Key.', '2020-05-15 15:05:57'),
(207, '/home2/mihneadent/public_html/wp-content/uploads/2020/05/EchipaActivDentCOV2-300x146.jpg', 'wp-content/uploads/2020/05/EchipaActivDentCOV2-300x146.jpg', 3, 'Empty Authorization Key.', '2020-05-20 15:54:28'),
(208, '/home2/mihneadent/public_html/wp-content/uploads/2020/05/EchipaActivDentCOV2-1024x499.jpg', 'wp-content/uploads/2020/05/EchipaActivDentCOV2-1024x499.jpg', 3, 'Empty Authorization Key.', '2020-05-20 15:54:28'),
(209, '/home2/mihneadent/public_html/wp-content/uploads/2020/05/EchipaActivDentCOV2-150x150.jpg', 'wp-content/uploads/2020/05/EchipaActivDentCOV2-150x150.jpg', 3, 'Empty Authorization Key.', '2020-05-20 15:54:28'),
(210, '/home2/mihneadent/public_html/wp-content/uploads/2020/05/EchipaActivDentCOV2-1536x749.jpg', 'wp-content/uploads/2020/05/EchipaActivDentCOV2-1536x749.jpg', 3, 'Empty Authorization Key.', '2020-05-20 15:54:28'),
(211, '/home2/mihneadent/public_html/wp-content/uploads/2020/05/EchipaActivDentCOV2-150x120.jpg', 'wp-content/uploads/2020/05/EchipaActivDentCOV2-150x120.jpg', 3, 'Empty Authorization Key.', '2020-05-20 15:54:28'),
(212, '/home2/mihneadent/public_html/wp-content/uploads/2020/05/EchipaActivDentCOV2-420x336.jpg', 'wp-content/uploads/2020/05/EchipaActivDentCOV2-420x336.jpg', 3, 'Empty Authorization Key.', '2020-05-20 15:54:28'),
(213, '/home2/mihneadent/public_html/wp-content/uploads/2020/05/EchipaActivDentCOV2-773x520.jpg', 'wp-content/uploads/2020/05/EchipaActivDentCOV2-773x520.jpg', 3, 'Empty Authorization Key.', '2020-05-20 15:54:29'),
(214, '/home2/mihneadent/public_html/wp-content/uploads/2020/05/EchipaActivDentCOV2-570x460.jpg', 'wp-content/uploads/2020/05/EchipaActivDentCOV2-570x460.jpg', 3, 'Empty Authorization Key.', '2020-05-20 15:54:29'),
(215, '/home2/mihneadent/public_html/wp-content/uploads/2020/05/EchipaActivDentCOV2-746x770.jpg', 'wp-content/uploads/2020/05/EchipaActivDentCOV2-746x770.jpg', 3, 'Empty Authorization Key.', '2020-05-20 15:54:29'),
(216, '/home2/mihneadent/public_html/wp-content/uploads/2020/05/EchipaActivDentCOV2-420x275.jpg', 'wp-content/uploads/2020/05/EchipaActivDentCOV2-420x275.jpg', 3, 'Empty Authorization Key.', '2020-05-20 15:54:29'),
(217, '/home2/mihneadent/public_html/wp-content/uploads/2020/05/EchipaActivDentCOV2-500x500.jpg', 'wp-content/uploads/2020/05/EchipaActivDentCOV2-500x500.jpg', 3, 'Empty Authorization Key.', '2020-05-20 15:54:29'),
(218, '/home2/mihneadent/public_html/wp-content/uploads/2020/05/EchipaActivDentCOV2-500x244.jpg', 'wp-content/uploads/2020/05/EchipaActivDentCOV2-500x244.jpg', 3, 'Empty Authorization Key.', '2020-05-20 15:54:29'),
(219, '/home2/mihneadent/public_html/wp-content/uploads/2020/05/EchipaActivDentCOV2-100x100.jpg', 'wp-content/uploads/2020/05/EchipaActivDentCOV2-100x100.jpg', 3, 'Empty Authorization Key.', '2020-05-20 15:54:29');

-- --------------------------------------------------------

--
-- Table structure for table `wc_admin_notes`
--

CREATE TABLE `wc_admin_notes` (
  `note_id` bigint(20) UNSIGNED NOT NULL,
  `name` varchar(255) COLLATE utf8mb4_unicode_520_ci NOT NULL,
  `type` varchar(20) COLLATE utf8mb4_unicode_520_ci NOT NULL,
  `locale` varchar(20) COLLATE utf8mb4_unicode_520_ci NOT NULL,
  `title` longtext COLLATE utf8mb4_unicode_520_ci NOT NULL,
  `content` longtext COLLATE utf8mb4_unicode_520_ci NOT NULL,
  `icon` varchar(200) COLLATE utf8mb4_unicode_520_ci NOT NULL DEFAULT 'info',
  `content_data` longtext COLLATE utf8mb4_unicode_520_ci,
  `status` varchar(200) COLLATE utf8mb4_unicode_520_ci NOT NULL,
  `source` varchar(200) COLLATE utf8mb4_unicode_520_ci NOT NULL,
  `date_created` datetime NOT NULL DEFAULT '0000-00-00 00:00:00',
  `date_reminder` datetime DEFAULT NULL,
  `is_snoozable` tinyint(1) NOT NULL DEFAULT '0',
  `layout` varchar(20) COLLATE utf8mb4_unicode_520_ci NOT NULL DEFAULT '',
  `image` varchar(200) COLLATE utf8mb4_unicode_520_ci DEFAULT NULL,
  `is_deleted` tinyint(1) NOT NULL DEFAULT '0'
) ENGINE=MyISAM DEFAULT CHARSET=utf8mb4 COLLATE=utf8mb4_unicode_520_ci;

--
-- Dumping data for table `wc_admin_notes`
--

INSERT INTO `wc_admin_notes` (`note_id`, `name`, `type`, `locale`, `title`, `content`, `icon`, `content_data`, `status`, `source`, `date_created`, `date_reminder`, `is_snoozable`, `layout`, `image`, `is_deleted`) VALUES
(1, 'wc-admin-historical-data', 'update', 'en_US', 'WooCommerce Admin: Historical Analytics Data', 'To view your historical analytics data, you must process your existing orders and customers.', 'info', '{}', 'unactioned', 'woocommerce-admin', '2020-03-14 15:17:49', NULL, 0, '', NULL, 0),
(3, 'wc-admin-wc-helper-connection', 'info', 'en_US', 'Connect to WooCommerce.com', 'Connect to get important product notifications and updates.', 'info', '{}', 'unactioned', 'woocommerce-admin', '2020-03-14 15:17:50', NULL, 0, '', NULL, 0),
(4, 'wc-admin-add-first-product', 'info', 'en_US', 'Add your first product', 'Grow your revenue by adding products to your store. Add products manually, import from a sheet, or migrate from another platform.', 'product', '{}', 'unactioned', 'woocommerce-admin', '2020-03-14 15:17:52', NULL, 0, '', NULL, 0),
(5, 'wc-update-db-reminder', 'update', 'en_US', 'WooCommerce database update required', 'WooCommerce has been updated! To keep things running smoothly, we have to update your database to the newest version. The database update process runs in the background and may take a little while, so please be patient. Advanced users can alternatively update via <a href=\"https://github.com/woocommerce/woocommerce/wiki/Upgrading-the-database-using-WP-CLI\">WP CLI</a>.', 'info', '{}', 'unactioned', 'woocommerce-core', '2020-03-14 15:21:07', NULL, 0, 'plain', NULL, 0),
(6, 'wc-admin-mobile-app', 'info', 'en_US', 'Install Woo mobile app', 'Install the WooCommerce mobile app to manage orders, receive sales notifications, and view key metrics — wherever you are.', 'phone', '{}', 'unactioned', 'woocommerce-admin', '2020-03-16 15:19:02', NULL, 0, '', NULL, 0),
(7, 'wc-admin-onboarding-email-marketing', 'info', 'en_US', 'Tips, product updates, and inspiration', 'We\'re here for you — get tips, product updates, and inspiration straight to your mailbox.', 'mail', '{}', 'unactioned', 'woocommerce-admin', '2020-03-16 15:19:02', NULL, 0, '', NULL, 0),
(11, 'wc-admin-marketing-intro', 'info', 'en_US', 'Connect with your audience', 'Grow your customer base and increase your sales with marketing tools built for WooCommerce.', 'speaker', '{}', 'unactioned', 'woocommerce-admin', '2020-07-02 15:24:26', NULL, 0, '', NULL, 0),
(9, 'wc-admin-usage-tracking-opt-in', 'info', 'en_US', 'Help WooCommerce improve with usage tracking', 'Gathering usage data allows us to improve WooCommerce. Your store will be considered as we evaluate new features, judge the quality of an update, or determine if an improvement makes sense. You can always visit the <a href=\"http://activdent.ro/wp-admin/admin.php?page=wc-settings&#038;tab=advanced&#038;section=woocommerce_com\" target=\"_blank\">Settings</a> and choose to stop sharing data. <a href=\"https://woocommerce.com/usage-tracking\" target=\"_blank\">Read more</a> about what data we collect.', 'info', '{}', 'unactioned', 'woocommerce-admin', '2020-03-21 15:39:05', NULL, 0, '', NULL, 0),
(12, 'wc-admin-store-notice-giving-feedback-2', 'info', 'en_US', 'Give feedback', 'Now that you’ve chosen us as a partner, our goal is to make sure we\'re providing the right tools to meet your needs. We\'re looking forward to having your feedback on the store setup experience so we can improve it in the future.', 'info', '{}', 'unactioned', 'woocommerce-admin', '2020-07-17 15:21:30', NULL, 0, 'plain', '', 0),
(13, 'wc-admin-real-time-order-alerts', 'info', 'en_US', 'Get real-time order alerts anywhere', 'Get notifications about store activity, including new orders and product reviews directly on your mobile devices with the Woo app.', 'info', '{}', 'unactioned', 'woocommerce-admin', '2020-08-13 15:19:41', NULL, 0, 'plain', '', 0),
(14, 'wc-admin-insight-first-sale', 'survey', 'en_US', 'Did you know?', 'A WooCommerce powered store needs on average 31 days to get the first sale. You\'re on the right track! Do you find this type of insight useful?', 'info', '{}', 'unactioned', 'woocommerce-admin', '2020-12-07 15:18:11', NULL, 0, 'plain', '', 0),
(15, 'ecomm-need-help-setting-up-your-store', 'info', 'en_US', 'Need help setting up your Store?', 'Schedule a free 30-min <a href=\"https://wordpress.com/support/concierge-support/\">quick start session</a> and get help from our specialists. We’re happy to walk through setup steps, show you around the WordPress.com dashboard, troubleshoot any issues you may have, and help you the find the features you need to accomplish your goals for your site.', 'info', '{}', 'pending', 'woocommerce.com', '2020-12-07 15:18:12', NULL, 0, 'plain', '', 0),
(16, 'woocommerce-services', 'info', 'en_US', 'WooCommerce Shipping & Tax', 'WooCommerce Shipping &amp; Tax helps get your store “ready to sell” as quickly as possible. You create your products. We take care of tax calculation, payment processing, and shipping label printing! Learn more about the extension that you just installed.', 'info', '{}', 'pending', 'woocommerce.com', '2020-12-07 15:18:12', NULL, 0, 'plain', '', 0),
(17, 'ecomm-unique-shopping-experience', 'info', 'en_US', 'For a shopping experience as unique as your customers', 'Product Add-Ons allow your customers to personalize products while they’re shopping on your online store. No more follow-up email requests—customers get what they want, before they’re done checking out. Learn more about this extension that comes included in your plan.', 'info', '{}', 'pending', 'woocommerce.com', '2020-12-07 15:18:12', NULL, 0, 'plain', '', 0),
(18, 'wcpay-promo-2020-11', 'marketing', 'en_US', 'Manage subscriber payments from your store\'s dashboard', 'Securely accept cards and manage transactions right from your dashboard with <a href=\"https://woocommerce.com/payments/?utm_medium=notification&amp;utm_source=product&amp;utm_campaign=wcpay_ctrl20\" target=\"_blank\">WooCommerce Payments</a>  – now supporting <a href=\"https://woocommerce.com/products/woocommerce-subscriptions/?utm_medium=notification&amp;utm_source=product&amp;utm_campaign=wcpay_ctrl20\" target=\"_blank\">WooCommerce Subscriptions</a>! <br /><br /><em>By clicking \"Install now,\" you agree to our <a href=\"https://wordpress.com/tos/?utm_medium=notification&amp;utm_source=product&amp;utm_campaign=wcpay_ctrl20\" target=\"_blank\">Terms of Service</a>.</em>', 'info', '{}', 'pending', 'woocommerce.com', '2020-12-07 15:18:12', NULL, 0, 'plain', '', 0),
(20, 'wcpay-promo-2020-12', 'marketing', 'en_US', 'Get 50% off transaction fees with WooCommerce Payments', 'Keep more of your hard-earned cash by adding <a href=\"https://woocommerce.com/payments/?utm_medium=notification&amp;utm_source=product&amp;utm_campaign=wcpay_exp20\" target=\"_blank\">WooCommerce Payments</a> to your store. Lock in a discounted rate of 1.5% + $0.15 for $25,000 of payments (or three months, whichever comes first). Limited time offer – don’t miss out! <br /><br /><em>By clicking \"Install now,\" you agree to our promotional <a href=\"https://woocommerce.com/terms-conditions/woocommerce-payments-promotion/?utm_medium=notification&amp;utm_source=product&amp;utm_campaign=wcpay_exp20\" target=\"_blank\">Terms of Service</a>.</em>', 'info', '{}', 'pending', 'woocommerce.com', '2020-12-10 15:19:12', NULL, 0, 'plain', '', 0),
(19, 'wcpay-subscriptions-2020-11', 'marketing', 'en_US', 'Manage subscriber payments from your store\'s dashboard', 'Securely accept cards and manage transactions right from your dashboard with <a href=\"https://woocommerce.com/payments/?utm_medium=notification&amp;utm_source=product&amp;utm_campaign=wcpay_ctrl20\" target=\"_blank\">WooCommerce Payments</a>  – now supporting <a href=\"https://woocommerce.com/products/woocommerce-subscriptions/?utm_medium=notification&amp;utm_source=product&amp;utm_campaign=wcpay_ctrl20\" target=\"_blank\">WooCommerce Subscriptions</a>! <br /><br /><em>By clicking \"Install now,\" you agree to our <a href=\"https://wordpress.com/tos/?utm_medium=notification&amp;utm_source=product&amp;utm_campaign=wcpay_ctrl20\" target=\"_blank\">Terms of Service</a>.</em>', 'info', '{}', 'pending', 'woocommerce.com', '2020-12-07 15:18:12', NULL, 0, 'plain', '', 0),
(21, 'wcpay-subscriptions-2020-12', 'marketing', 'en_US', 'Manage payments from your store\'s dashboard', 'Securely accept cards and manage transactions right from your dashboard with <a href=\"https://woocommerce.com/payments/?utm_medium=notification&amp;utm_source=product&amp;utm_campaign=wcpay_ctrl20\" target=\"_blank\">WooCommerce Payments</a>! Zero setup fees or monthly fees. Just pay-as-you-go, starting at just 2.9% + $0.30 per transaction for U.S.-issued cards. <br /><br /><em>By clicking \"Install now,\" you agree to our <a href=\"https://wordpress.com/tos/?utm_medium=notification&amp;utm_source=product&amp;utm_campaign=wcpay_ctrl20\" target=\"_blank\">Terms of Service</a>.</em>', 'info', '{}', 'pending', 'woocommerce.com', '2020-12-10 15:19:12', NULL, 0, 'plain', '', 0),
(22, 'wc-admin-home-screen-feedback', 'info', 'en_US', 'Help us improve the WooCommerce Home screen', 'We\'d love your input to shape the future of the WooCommerce Home screen together. Feel free to share any feedback, ideas or suggestions that you have.', 'info', '{}', 'unactioned', 'woocommerce-admin', '2020-12-19 15:19:41', NULL, 0, 'plain', '', 0),
(23, 'your-first-product', 'info', 'en_US', 'Your first product', 'That\'s huge! You\'re well on your way to building a successful online store — now it’s time to think about how you\'ll fulfill your orders.<br /><br />Read our shipping guide to learn best practices and options for putting together your shipping strategy. And for WooCommerce stores in the United States, you can print discounted shipping labels via USPS with <a href=\"https://href.li/?https://woocommerce.com/shipping\" target=\"_blank\">WooCommerce Shipping</a>.', 'info', '{}', 'pending', 'woocommerce.com', '2021-01-26 15:23:21', NULL, 0, 'plain', '', 0),
(24, 'wc-admin-getting-started-in-ecommerce', 'info', 'en_US', 'Getting Started in eCommerce - webinar', 'We want to make eCommerce and this process of getting started as easy as possible for you. Watch this webinar to get tips on how to have our store up and running in a breeze.', 'info', '{}', 'pending', 'woocommerce.com', '2021-01-27 15:20:39', NULL, 0, 'plain', '', 0),
(25, 'wc-admin-performance-on-mobile', 'info', 'en_US', 'Track your store performance on mobile', 'Monitor your sales and high performing products with the Woo app.', 'info', '{}', 'unactioned', 'woocommerce-admin', '2021-02-09 15:18:52', NULL, 0, 'plain', '', 0),
(26, 'facebook_pixel_api_2021', 'marketing', 'en_US', 'Improve the performance of your Facebook ads', 'Enable Facebook Pixel and Conversions API through the latest version of Facebook for WooCommerce for improved performance and measurement of your Facebook ad campaigns.', 'info', '{}', 'pending', 'woocommerce.com', '2021-02-12 15:26:39', NULL, 0, 'plain', '', 0),
(27, 'facebook_ec_2021', 'marketing', 'en_US', 'Sync your product catalog with Facebook to help boost sales', 'A single click adds all products to your Facebook Business Page shop. Product changes are automatically synced, with the flexibility to control which products are listed.', 'info', '{}', 'pending', 'woocommerce.com', '2021-02-12 15:26:39', NULL, 0, 'plain', '', 0),
(28, 'wc-square-apple-pay-boost-sales', 'marketing', 'en_US', 'Boost sales with Apple Pay', 'Now that you accept Apple Pay® with Square you can increase conversion rates by letting your customers know that Apple Pay® is available. Here’s a marketing guide to help you get started.', 'info', '{}', 'pending', 'woocommerce.com', '2021-02-12 15:26:39', NULL, 0, 'plain', '', 0),
(29, 'wc-square-apple-pay-grow-your-business', 'marketing', 'en_US', 'Grow your business with Square and Apple Pay ', 'Now more than ever, shoppers want a fast, simple, and secure online checkout experience. Increase conversion rates by letting your customers know that you now accept Apple Pay®.', 'info', '{}', 'pending', 'woocommerce.com', '2021-02-12 15:26:39', NULL, 0, 'plain', '', 0),
(30, 'wc-admin-optimizing-the-checkout-flow', 'info', 'en_US', 'Optimizing the checkout flow', 'It\'s crucial to get your store\'s checkout as smooth as possible to avoid losing sales. Let\'s take a look at how you can optimize the checkout experience for your shoppers.', 'info', '{}', 'pending', 'woocommerce.com', '2021-02-17 15:50:05', NULL, 0, 'plain', '', 0),
(31, 'wc-admin-first-five-things-to-customize', 'info', 'en_US', 'The first 5 things to customize in your store', 'Deciding what to start with first is tricky. To help you properly prioritize, we\'ve put together this short list of the first few things you should customize in WooCommerce.', 'info', '{}', 'pending', 'woocommerce.com', '2021-02-17 15:50:05', NULL, 0, 'plain', '', 0),
(32, 'wc-admin-effortless-payments-by-mollie', 'info', 'en_US', 'Effortless payments by Mollie', 'Offer global and local payment methods, get onboarded in minutes and supported in your language – try it now!', 'info', '{}', 'pending', 'woocommerce.com', '2021-02-20 15:18:39', NULL, 0, 'plain', '', 0),
(33, 'wcpay-apple-pay-boost-sales', 'marketing', 'en_US', 'Boost sales with Apple Pay', 'Now that you accept Apple Pay® with WooCommerce Payments you can increase conversion rates by letting your customers know that Apple Pay® is available. Here’s a marketing guide to help you get started.', 'info', '{}', 'pending', 'woocommerce.com', '2021-03-20 15:22:43', NULL, 0, 'plain', '', 0),
(34, 'wcpay-apple-pay-grow-your-business', 'marketing', 'en_US', 'Grow your business with WooCommerce Payments and Apple Pay', 'Now more than ever, shoppers want a fast, simple, and secure online checkout experience. Increase conversion rates by letting your customers know that you now accept Apple Pay®.', 'info', '{}', 'pending', 'woocommerce.com', '2021-03-20 15:22:43', NULL, 0, 'plain', '', 0),
(35, 'wcpay-apple-pay-is-now-available', 'marketing', 'en_US', 'Apple Pay is now available with WooCommerce Payments!', 'Increase your conversion rate by offering a fast and secure checkout with <a href=\"https://woocommerce.com/apple-pay/?utm_source=inbox&amp;utm_medium=product&amp;utm_campaign=wcpay_applepay\" target=\"_blank\">Apple Pay</a>®. It’s free to get started with <a href=\"https://woocommerce.com/payments/?utm_source=inbox&amp;utm_medium=product&amp;utm_campaign=wcpay_applepay\" target=\"_blank\">WooCommerce Payments</a>.', 'info', '{}', 'pending', 'woocommerce.com', '2021-03-31 15:21:42', NULL, 0, 'plain', '', 0),
(36, 'paypal_ppcp_gtm_2021', 'marketing', 'en_US', 'Offer more options with the new PayPal', 'Get the latest PayPal extension for a full suite of payment methods with extensive currency and country coverage.', 'info', '{}', 'pending', 'woocommerce.com', '2021-04-01 15:17:56', NULL, 0, 'plain', '', 0),
(37, 'wc-payments-qualitative-feedback', 'info', 'en_US', 'WooCommerce Payments setup - let us know what you think', 'Congrats on enabling WooCommerce Payments for your store. Please share your feedback in this 2 minute survey to help us improve the setup process.', 'info', '{}', 'pending', 'woocommerce.com', '2021-04-16 15:25:47', NULL, 0, 'plain', '', 0);

-- --------------------------------------------------------

--
-- Table structure for table `wc_admin_note_actions`
--

CREATE TABLE `wc_admin_note_actions` (
  `action_id` bigint(20) UNSIGNED NOT NULL,
  `note_id` bigint(20) UNSIGNED NOT NULL,
  `name` varchar(255) COLLATE utf8mb4_unicode_520_ci NOT NULL,
  `label` varchar(255) COLLATE utf8mb4_unicode_520_ci NOT NULL,
  `query` longtext COLLATE utf8mb4_unicode_520_ci NOT NULL,
  `status` varchar(255) COLLATE utf8mb4_unicode_520_ci NOT NULL,
  `is_primary` tinyint(1) NOT NULL DEFAULT '0',
  `actioned_text` varchar(255) COLLATE utf8mb4_unicode_520_ci NOT NULL
) ENGINE=MyISAM DEFAULT CHARSET=utf8mb4 COLLATE=utf8mb4_unicode_520_ci;

--
-- Dumping data for table `wc_admin_note_actions`
--

INSERT INTO `wc_admin_note_actions` (`action_id`, `note_id`, `name`, `label`, `query`, `status`, `is_primary`, `actioned_text`) VALUES
(1, 1, 'get-started', 'Get Started', '?page=wc-admin&path=/analytics/settings&import=true', 'actioned', 1, ''),
(22, 13, 'learn-more', 'Learn more', 'https://woocommerce.com/mobile/?utm_source=inbox', 'actioned', 0, ''),
(3, 3, 'connect', 'Connect', '?page=wc-addons&section=helper', 'actioned', 0, ''),
(4, 4, 'add-a-product', 'Add a product', 'http://activdent.ro/wp-admin/post-new.php?post_type=product', 'actioned', 1, ''),
(1675, 5, 'update-db_run', 'Update WooCommerce Database', 'https://activdent.ro/wp-admin/index.php?do_update_woocommerce=true&wc_db_update_nonce=191fa54c2d', 'unactioned', 1, ''),
(11, 6, 'learn-more', 'Learn more', 'https://woocommerce.com/mobile/', 'actioned', 0, ''),
(12, 7, 'yes-please', 'Yes please!', 'https://woocommerce.us8.list-manage.com/subscribe/post?u=2c1434dc56f9506bf3c3ecd21&amp;id=13860df971&amp;SIGNUPPAGE=plugin', 'actioned', 0, ''),
(17, 11, 'open-marketing-hub', 'Open marketing hub', 'http://activdent.ro/wp-admin/admin.php?page=wc-admin&path=/marketing', 'actioned', 0, ''),
(19, 12, 'share-feedback', 'Share feedback', 'https://automattic.survey.fm/new-onboarding-survey', 'actioned', 0, ''),
(15, 9, 'tracking-opt-in', 'Activate usage tracking', '', 'actioned', 1, ''),
(26, 14, 'affirm-insight-first-sale', 'Yes', '', 'actioned', 0, 'Thanks for your feedback'),
(27, 14, 'deny-insight-first-sale', 'No', '', 'actioned', 0, 'Thanks for your feedback'),
(1655, 15, 'set-up-concierge', 'Schedule free session', 'https://wordpress.com/me/concierge', 'actioned', 1, ''),
(1656, 16, 'learn-more', 'Learn more', 'https://docs.woocommerce.com/document/woocommerce-shipping-and-tax/?utm_source=inbox', 'unactioned', 1, ''),
(1657, 17, 'learn-more-ecomm-unique-shopping-experience', 'Learn more', 'https://docs.woocommerce.com/document/product-add-ons/?utm_source=inbox', 'actioned', 1, ''),
(705, 18, 'install-now', 'Install now', 'admin.php?page=wc-admin&action=setup-woocommerce-payments', 'actioned', 1, ''),
(706, 19, 'install-now', 'Install now', 'admin.php?page=wc-admin&action=setup-woocommerce-payments', 'actioned', 1, ''),
(707, 20, 'install-now', 'Install now', 'admin.php?page=wc-admin&action=setup-woocommerce-payments', 'actioned', 1, ''),
(708, 21, 'install-now', 'Install now', 'admin.php?page=wc-admin&action=setup-woocommerce-payments', 'actioned', 1, ''),
(106, 22, 'home-screen-feedback-share-feedback', 'Share feedback', 'https://automattic.survey.fm/home-screen-survey', 'actioned', 0, ''),
(1676, 5, 'update-db_learn-more', 'Learn more about updates', 'https://docs.woocommerce.com/document/how-to-update-woocommerce/', 'unactioned', 0, ''),
(1659, 23, 'learn-more', 'Learn more', 'https://woocommerce.com/posts/ecommerce-shipping-solutions-guide/?utm_source=inbox', 'actioned', 1, ''),
(1658, 24, 'watch-the-webinar', 'Watch the webinar', 'https://youtu.be/V_2XtCOyZ7o', 'actioned', 1, ''),
(507, 25, 'learn-more', 'Learn more', 'https://woocommerce.com/mobile/?utm_source=inbox', 'actioned', 0, ''),
(1653, 26, 'upgrade_now_facebook_pixel_api', 'Upgrade now', 'plugin-install.php?tab=plugin-information&plugin=&section=changelog', 'actioned', 1, ''),
(1654, 27, 'learn_more_facebook_ec', 'Learn more', 'https://woocommerce.com/products/facebook/', 'unactioned', 1, ''),
(1660, 28, 'boost-sales-marketing-guide', 'See marketing guide', 'https://developer.apple.com/apple-pay/marketing/?utm_source=inbox&utm_campaign=square-boost-sales', 'actioned', 1, ''),
(1661, 29, 'grow-your-business-marketing-guide', 'See marketing guide', 'https://developer.apple.com/apple-pay/marketing/?utm_source=inbox&utm_campaign=square-grow-your-business', 'actioned', 1, ''),
(1666, 30, 'optimizing-the-checkout-flow', 'Learn more', 'https://woocommerce.com/posts/optimizing-woocommerce-checkout?utm_source=inbox', 'actioned', 1, ''),
(1667, 31, 'learn-more', 'Learn more', 'https://woocommerce.com/posts/first-things-customize-woocommerce/?utm_source=inbox', 'unactioned', 1, ''),
(859, 32, 'install-mollie', 'Install Mollie', 'https://wordpress.org/plugins/mollie-payments-for-woocommerce/', 'actioned', 1, ''),
(1664, 33, 'boost-sales-marketing-guide', 'See marketing guide', 'https://developer.apple.com/apple-pay/marketing/?utm_source=inbox&utm_campaign=wcpay-boost-sales', 'actioned', 1, ''),
(1665, 34, 'grow-your-business-marketing-guide', 'See marketing guide', 'https://developer.apple.com/apple-pay/marketing/?utm_source=inbox&utm_campaign=wcpay-grow-your-business', 'actioned', 1, ''),
(1662, 35, 'add-apple-pay', 'Add Apple Pay', '/admin.php?page=wc-settings&tab=checkout&section=woocommerce_payments', 'actioned', 1, ''),
(1663, 35, 'learn-more', 'Learn more', 'https://docs.woocommerce.com/document/payments/apple-pay/?utm_source=inbox&utm_medium=product&utm_campaign=wcpay_applepay', 'actioned', 1, ''),
(1652, 36, 'open_wc_paypal_payments_product_page', 'Learn more', 'https://woocommerce.com/products/woocommerce-paypal-payments/', 'actioned', 1, ''),
(1668, 37, 'qualitative-feedback-from-new-users', 'Share feedback', 'https://automattic.survey.fm/wc-pay-new', 'actioned', 1, '');

-- --------------------------------------------------------

--
-- Table structure for table `wc_category_lookup`
--

CREATE TABLE `wc_category_lookup` (
  `category_tree_id` bigint(20) UNSIGNED NOT NULL,
  `category_id` bigint(20) UNSIGNED NOT NULL
) ENGINE=MyISAM DEFAULT CHARSET=utf8mb4 COLLATE=utf8mb4_unicode_520_ci;

--
-- Dumping data for table `wc_category_lookup`
--

INSERT INTO `wc_category_lookup` (`category_tree_id`, `category_id`) VALUES
(56, 56),
(58, 58),
(60, 60),
(62, 62),
(120, 120);

-- --------------------------------------------------------

--
-- Table structure for table `wc_customer_lookup`
--

CREATE TABLE `wc_customer_lookup` (
  `customer_id` bigint(20) UNSIGNED NOT NULL,
  `user_id` bigint(20) UNSIGNED DEFAULT NULL,
  `username` varchar(60) COLLATE utf8mb4_unicode_520_ci NOT NULL DEFAULT '',
  `first_name` varchar(255) COLLATE utf8mb4_unicode_520_ci NOT NULL,
  `last_name` varchar(255) COLLATE utf8mb4_unicode_520_ci NOT NULL,
  `email` varchar(100) COLLATE utf8mb4_unicode_520_ci DEFAULT NULL,
  `date_last_active` timestamp NULL DEFAULT NULL,
  `date_registered` timestamp NULL DEFAULT NULL,
  `country` char(2) COLLATE utf8mb4_unicode_520_ci NOT NULL DEFAULT '',
  `postcode` varchar(20) COLLATE utf8mb4_unicode_520_ci NOT NULL DEFAULT '',
  `city` varchar(100) COLLATE utf8mb4_unicode_520_ci NOT NULL DEFAULT '',
  `state` varchar(100) COLLATE utf8mb4_unicode_520_ci NOT NULL DEFAULT ''
) ENGINE=MyISAM DEFAULT CHARSET=utf8mb4 COLLATE=utf8mb4_unicode_520_ci;

-- --------------------------------------------------------

--
-- Table structure for table `wc_download_log`
--

CREATE TABLE `wc_download_log` (
  `download_log_id` bigint(20) UNSIGNED NOT NULL,
  `timestamp` datetime NOT NULL,
  `permission_id` bigint(20) UNSIGNED NOT NULL,
  `user_id` bigint(20) UNSIGNED DEFAULT NULL,
  `user_ip_address` varchar(100) COLLATE utf8mb4_unicode_520_ci DEFAULT ''
) ENGINE=MyISAM DEFAULT CHARSET=utf8mb4 COLLATE=utf8mb4_unicode_520_ci;

-- --------------------------------------------------------

--
-- Table structure for table `wc_order_coupon_lookup`
--

CREATE TABLE `wc_order_coupon_lookup` (
  `order_id` bigint(20) UNSIGNED NOT NULL,
  `coupon_id` bigint(20) NOT NULL,
  `date_created` datetime NOT NULL DEFAULT '0000-00-00 00:00:00',
  `discount_amount` double NOT NULL DEFAULT '0'
) ENGINE=MyISAM DEFAULT CHARSET=utf8mb4 COLLATE=utf8mb4_unicode_520_ci;

-- --------------------------------------------------------

--
-- Table structure for table `wc_order_product_lookup`
--

CREATE TABLE `wc_order_product_lookup` (
  `order_item_id` bigint(20) UNSIGNED NOT NULL,
  `order_id` bigint(20) UNSIGNED NOT NULL,
  `product_id` bigint(20) UNSIGNED NOT NULL,
  `variation_id` bigint(20) UNSIGNED NOT NULL,
  `customer_id` bigint(20) UNSIGNED DEFAULT NULL,
  `date_created` datetime NOT NULL DEFAULT '0000-00-00 00:00:00',
  `product_qty` int(11) NOT NULL,
  `product_net_revenue` double NOT NULL DEFAULT '0',
  `product_gross_revenue` double NOT NULL DEFAULT '0',
  `coupon_amount` double NOT NULL DEFAULT '0',
  `tax_amount` double NOT NULL DEFAULT '0',
  `shipping_amount` double NOT NULL DEFAULT '0',
  `shipping_tax_amount` double NOT NULL DEFAULT '0'
) ENGINE=MyISAM DEFAULT CHARSET=utf8mb4 COLLATE=utf8mb4_unicode_520_ci;

-- --------------------------------------------------------

--
-- Table structure for table `wc_order_stats`
--

CREATE TABLE `wc_order_stats` (
  `order_id` bigint(20) UNSIGNED NOT NULL,
  `parent_id` bigint(20) UNSIGNED NOT NULL DEFAULT '0',
  `date_created` datetime NOT NULL DEFAULT '0000-00-00 00:00:00',
  `date_created_gmt` datetime NOT NULL DEFAULT '0000-00-00 00:00:00',
  `num_items_sold` int(11) NOT NULL DEFAULT '0',
  `total_sales` double NOT NULL DEFAULT '0',
  `tax_total` double NOT NULL DEFAULT '0',
  `shipping_total` double NOT NULL DEFAULT '0',
  `net_total` double NOT NULL DEFAULT '0',
  `returning_customer` tinyint(1) DEFAULT NULL,
  `status` varchar(200) COLLATE utf8mb4_unicode_520_ci NOT NULL,
  `customer_id` bigint(20) UNSIGNED NOT NULL
) ENGINE=MyISAM DEFAULT CHARSET=utf8mb4 COLLATE=utf8mb4_unicode_520_ci;

-- --------------------------------------------------------

--
-- Table structure for table `wc_order_tax_lookup`
--

CREATE TABLE `wc_order_tax_lookup` (
  `order_id` bigint(20) UNSIGNED NOT NULL,
  `tax_rate_id` bigint(20) UNSIGNED NOT NULL,
  `date_created` datetime NOT NULL DEFAULT '0000-00-00 00:00:00',
  `shipping_tax` double NOT NULL DEFAULT '0',
  `order_tax` double NOT NULL DEFAULT '0',
  `total_tax` double NOT NULL DEFAULT '0'
) ENGINE=MyISAM DEFAULT CHARSET=utf8mb4 COLLATE=utf8mb4_unicode_520_ci;

-- --------------------------------------------------------

--
-- Table structure for table `wc_product_meta_lookup`
--

CREATE TABLE `wc_product_meta_lookup` (
  `product_id` bigint(20) NOT NULL,
  `sku` varchar(100) COLLATE utf8mb4_unicode_520_ci DEFAULT '',
  `virtual` tinyint(1) DEFAULT '0',
  `downloadable` tinyint(1) DEFAULT '0',
  `min_price` decimal(19,4) DEFAULT NULL,
  `max_price` decimal(19,4) DEFAULT NULL,
  `onsale` tinyint(1) DEFAULT '0',
  `stock_quantity` double DEFAULT NULL,
  `stock_status` varchar(100) COLLATE utf8mb4_unicode_520_ci DEFAULT 'instock',
  `rating_count` bigint(20) DEFAULT '0',
  `average_rating` decimal(3,2) DEFAULT '0.00',
  `total_sales` bigint(20) DEFAULT '0',
  `tax_status` varchar(100) COLLATE utf8mb4_unicode_520_ci DEFAULT 'taxable',
  `tax_class` varchar(100) COLLATE utf8mb4_unicode_520_ci DEFAULT ''
) ENGINE=MyISAM DEFAULT CHARSET=utf8mb4 COLLATE=utf8mb4_unicode_520_ci;

--
-- Dumping data for table `wc_product_meta_lookup`
--

INSERT INTO `wc_product_meta_lookup` (`product_id`, `sku`, `virtual`, `downloadable`, `min_price`, `max_price`, `onsale`, `stock_quantity`, `stock_status`, `rating_count`, `average_rating`, `total_sales`, `tax_status`, `tax_class`) VALUES
(4748, '', 0, 0, 18.0000, 18.0000, 1, 4, 'instock', 0, 0.00, 1, 'taxable', ''),
(4749, '', 0, 0, 20.0000, 20.0000, 0, NULL, 'instock', 0, 0.00, 0, 'taxable', ''),
(22, '', 0, 0, 14.0000, 15.0000, 0, NULL, 'instock', 0, 0.00, 0, 'taxable', ''),
(31, '', 0, 0, 20.0000, 20.0000, 0, NULL, 'instock', 0, 0.00, 0, 'taxable', ''),
(34, '', 0, 0, 20.0000, 20.0000, 0, NULL, 'instock', 0, 0.00, 0, 'taxable', ''),
(37, '', 0, 0, 18.0000, 18.0000, 0, NULL, 'instock', 0, 0.00, 1, 'taxable', ''),
(40, '', 0, 0, 14.0000, 15.0000, 0, NULL, 'instock', 0, 0.00, 0, 'taxable', ''),
(47, '', 0, 0, 35.0000, 35.0000, 0, NULL, 'instock', 0, 0.00, 0, 'taxable', ''),
(50, '', 0, 0, 35.0000, 35.0000, 0, NULL, 'instock', 0, 0.00, 0, 'taxable', ''),
(53, '', 0, 0, 35.0000, 35.0000, 0, NULL, 'instock', 0, 0.00, 0, 'taxable', ''),
(56, '', 0, 0, 35.0000, 35.0000, 0, NULL, 'instock', 0, 0.00, 0, 'taxable', ''),
(4750, '', 0, 0, 35.0000, 35.0000, 0, NULL, 'outofstock', 0, 0.00, 0, 'taxable', ''),
(67, '', 0, 0, 15.0000, 15.0000, 0, NULL, 'instock', 0, 0.00, 0, 'taxable', ''),
(4751, '', 0, 0, 12.0000, 12.0000, 1, NULL, 'instock', 0, 0.00, 2, 'taxable', ''),
(4752, '', 0, 0, 12.0000, 12.0000, 1, NULL, 'instock', 0, 0.00, 0, 'taxable', ''),
(76, '', 0, 0, 0.0000, 0.0000, 0, NULL, 'instock', 0, 0.00, 0, 'taxable', ''),
(133, '', 0, 0, 15.0000, 15.0000, 0, NULL, 'instock', 0, NULL, NULL, NULL, NULL),
(134, '', 0, 0, 14.0000, 14.0000, 0, NULL, 'instock', 0, NULL, NULL, NULL, NULL),
(135, '', 0, 0, 15.0000, 15.0000, 0, NULL, 'instock', 0, NULL, NULL, NULL, NULL),
(136, '', 0, 0, 14.0000, 14.0000, 0, NULL, 'instock', 0, NULL, NULL, NULL, NULL),
(5356, '', 0, 0, 15.0000, 15.0000, 0, NULL, 'instock', 0, 0.00, 0, 'taxable', 'parent'),
(5357, '', 0, 0, 14.0000, 14.0000, 0, NULL, 'instock', 0, 0.00, 0, 'taxable', 'parent'),
(5358, '', 0, 0, 15.0000, 15.0000, 0, NULL, 'instock', 0, 0.00, 0, 'taxable', 'parent'),
(5359, '', 0, 0, 14.0000, 14.0000, 0, NULL, 'instock', 0, 0.00, 0, 'taxable', 'parent');

-- --------------------------------------------------------

--
-- Table structure for table `wc_reserved_stock`
--

CREATE TABLE `wc_reserved_stock` (
  `order_id` bigint(20) NOT NULL,
  `product_id` bigint(20) NOT NULL,
  `stock_quantity` double NOT NULL DEFAULT '0',
  `timestamp` datetime NOT NULL DEFAULT '0000-00-00 00:00:00',
  `expires` datetime NOT NULL DEFAULT '0000-00-00 00:00:00'
) ENGINE=MyISAM DEFAULT CHARSET=utf8mb4 COLLATE=utf8mb4_unicode_520_ci;

-- --------------------------------------------------------

--
-- Table structure for table `wc_tax_rate_classes`
--

CREATE TABLE `wc_tax_rate_classes` (
  `tax_rate_class_id` bigint(20) UNSIGNED NOT NULL,
  `name` varchar(200) COLLATE utf8mb4_unicode_520_ci NOT NULL DEFAULT '',
  `slug` varchar(200) COLLATE utf8mb4_unicode_520_ci NOT NULL DEFAULT ''
) ENGINE=MyISAM DEFAULT CHARSET=utf8mb4 COLLATE=utf8mb4_unicode_520_ci;

--
-- Dumping data for table `wc_tax_rate_classes`
--

INSERT INTO `wc_tax_rate_classes` (`tax_rate_class_id`, `name`, `slug`) VALUES
(1, 'Reduced rate', 'reduced-rate'),
(2, 'Zero rate', 'zero-rate');

-- --------------------------------------------------------

--
-- Table structure for table `wc_webhooks`
--

CREATE TABLE `wc_webhooks` (
  `webhook_id` bigint(20) UNSIGNED NOT NULL,
  `status` varchar(200) COLLATE utf8mb4_unicode_520_ci NOT NULL,
  `name` text COLLATE utf8mb4_unicode_520_ci NOT NULL,
  `user_id` bigint(20) UNSIGNED NOT NULL,
  `delivery_url` text COLLATE utf8mb4_unicode_520_ci NOT NULL,
  `secret` text COLLATE utf8mb4_unicode_520_ci NOT NULL,
  `topic` varchar(200) COLLATE utf8mb4_unicode_520_ci NOT NULL,
  `date_created` datetime NOT NULL DEFAULT '0000-00-00 00:00:00',
  `date_created_gmt` datetime NOT NULL DEFAULT '0000-00-00 00:00:00',
  `date_modified` datetime NOT NULL DEFAULT '0000-00-00 00:00:00',
  `date_modified_gmt` datetime NOT NULL DEFAULT '0000-00-00 00:00:00',
  `api_version` smallint(4) NOT NULL,
  `failure_count` smallint(10) NOT NULL DEFAULT '0',
  `pending_delivery` tinyint(1) NOT NULL DEFAULT '0'
) ENGINE=MyISAM DEFAULT CHARSET=utf8mb4 COLLATE=utf8mb4_unicode_520_ci;

-- --------------------------------------------------------

--
-- Table structure for table `wfblockediplog`
--

CREATE TABLE `wfblockediplog` (
  `IP` binary(16) NOT NULL DEFAULT '\0\0\0\0\0\0\0\0\0\0\0\0\0\0\0\0',
  `countryCode` varchar(2) NOT NULL,
  `blockCount` int(10) UNSIGNED NOT NULL DEFAULT '0',
  `unixday` int(10) UNSIGNED NOT NULL,
  `blockType` varchar(50) NOT NULL DEFAULT 'generic'
) ENGINE=MyISAM DEFAULT CHARSET=utf8;

--
-- Dumping data for table `wfblockediplog`
--

INSERT INTO `wfblockediplog` (`IP`, `countryCode`, `blockCount`, `unixday`, `blockType`) VALUES
(0x00000000000000000000ffff5eb6bee6, 'IR', 1, 18722, 'brute'),
(0x00000000000000000000ffff3697b8c3, 'SG', 2, 18722, 'brute'),
(0x00000000000000000000ffff59eebaf3, 'CZ', 1, 18722, 'brute'),
(0x00000000000000000000ffffcbb72a6a, 'JP', 1, 18722, 'brute'),
(0x00000000000000000000ffff3f8dfbeb, 'US', 1, 18724, 'brute'),
(0x00000000000000000000ffffd5e85742, 'NL', 1, 18724, 'brute'),
(0x00000000000000000000ffff28757c7e, 'US', 1, 18724, 'brute'),
(0x00000000000000000000ffff8b3b93da, 'DE', 1, 18724, 'brute'),
(0x00000000000000000000ffff2d98b70c, 'ES', 1, 18724, 'brute'),
(0x00000000000000000000ffff2443651a, 'ID', 1, 18724, 'brute'),
(0x00000000000000000000ffff55808e1a, 'PL', 1, 18724, 'brute'),
(0x00000000000000000000ffff058748b8, 'FR', 1, 18722, 'brute'),
(0x00000000000000000000ffffc3160843, 'PT', 1, 18722, 'brute'),
(0x00000000000000000000ffff6743eb77, 'AU', 1, 18722, 'brute'),
(0x00000000000000000000ffffbaea5084, 'BR', 1, 18722, 'brute'),
(0x00000000000000000000ffff5b7959bd, 'FR', 1, 18722, 'brute'),
(0x00000000000000000000ffffb99c439c, 'GB', 1, 18722, 'brute'),
(0x00000000000000000000ffff976a232c, 'FR', 1, 18722, 'brute'),
(0x00000000000000000000ffff03418c5d, 'DE', 1, 18729, 'brute'),
(0x00000000000000000000ffffbca5f67d, 'FR', 1, 18729, 'brute'),
(0x00000000000000000000ffffc0f1fddc, 'US', 1, 18729, 'brute'),
(0x00000000000000000000ffffb44cb914, 'CN', 1, 18729, 'brute'),
(0x00000000000000000000ffff344014fc, 'AU', 2, 18730, 'brute'),
(0x00000000000000000000ffff2d535be4, 'SE', 1, 18730, 'brute'),
(0x00000000000000000000ffff12e549cf, 'BR', 2, 18730, 'brute'),
(0x00000000000000000000ffffa5e8294e, 'GB', 1, 18730, 'brute'),
(0x00000000000000000000ffffb9b769f4, 'IT', 1, 18730, 'brute'),
(0x00000000000000000000ffffb9f4d4dc, 'AT', 1, 18730, 'brute'),
(0x00000000000000000000ffff603e770b, 'CN', 1, 18730, 'brute'),
(0x00000000000000000000ffff0de949d4, 'IN', 1, 18730, 'brute'),
(0x00000000000000000000ffff0de949d4, 'IN', 1, 18730, 'manual'),
(0x00000000000000000000ffff42374c11, 'US', 1, 18730, 'brute'),
(0x00000000000000000000ffffb9dc6581, 'DE', 1, 18730, 'brute'),
(0x00000000000000000000ffffb213932c, 'IT', 1, 18730, 'brute'),
(0x00000000000000000000ffffb9bfcfb8, 'IL', 1, 18730, 'brute'),
(0x00000000000000000000ffff29b908ae, 'ZA', 1, 18730, 'brute'),
(0x00000000000000000000ffff5e142b2e, 'AZ', 1, 18730, 'brute'),
(0x00000000000000000000ffffc3cea9c4, 'GB', 1, 18724, 'brute'),
(0x00000000000000000000ffffb9dc64fc, 'DE', 1, 18724, 'brute'),
(0x00000000000000000000ffff591f3905, 'NL', 1, 18724, 'brute'),
(0x00000000000000000000ffff2d0cdffc, 'NO', 1, 18724, 'brute'),
(0x00000000000000000000ffffd58851b9, 'DE', 1, 18724, 'brute'),
(0x00000000000000000000ffff05275724, 'FR', 1, 18724, 'brute'),
(0x00000000000000000000ffff67032e5c, 'ID', 1, 18723, 'brute'),
(0x00000000000000000000ffff566a6714, 'SE', 1, 18723, 'brute'),
(0x00000000000000000000ffff5e827273, 'DE', 1, 18745, 'brute'),
(0x00000000000000000000ffffb280c957, 'DE', 1, 18745, 'brute'),
(0x00000000000000000000ffff2443651a, 'ID', 1, 18729, 'brute'),
(0x00000000000000000000ffffc26e5499, 'FI', 1, 18729, 'brute'),
(0x00000000000000000000ffff6829b82f, 'JP', 1, 18729, 'brute'),
(0x00000000000000000000ffffd992526b, 'GB', 2, 18729, 'brute'),
(0x00000000000000000000ffff0de46839, 'SG', 2, 18729, 'brute'),
(0x00000000000000000000ffffc1097185, 'GB', 1, 18729, 'brute'),
(0x00000000000000000000ffff23b49379, 'FR', 1, 18729, 'manual'),
(0x00000000000000000000ffff23b49379, 'FR', 1, 18729, 'brute'),
(0x00000000000000000000ffff12e549cf, 'BR', 1, 18729, 'manual'),
(0x00000000000000000000ffff12e549cf, 'BR', 1, 18729, 'brute'),
(0x00000000000000000000ffff36b2b62e, 'JP', 1, 18729, 'manual'),
(0x00000000000000000000ffff36b2b62e, 'JP', 1, 18729, 'brute'),
(0x00000000000000000000ffff342a4fde, 'US', 1, 18729, 'manual'),
(0x00000000000000000000ffffb9cee1f4, 'NO', 1, 18728, 'brute'),
(0x00000000000000000000ffffb933cad6, 'IR', 1, 18728, 'brute'),
(0x00000000000000000000ffff05b43e34, 'DE', 1, 18728, 'brute'),
(0x00000000000000000000ffffb4fa1c22, 'ID', 1, 18728, 'brute'),
(0x00000000000000000000ffff7cd9f566, 'MY', 1, 18729, 'brute'),
(0x00000000000000000000ffff2578839b, 'DK', 1, 18729, 'brute'),
(0x00000000000000000000ffff29b9088c, 'ZA', 1, 18729, 'brute'),
(0x00000000000000000000ffff6bb448ed, 'US', 1, 18729, 'brute'),
(0x00000000000000000000ffffa5169341, 'US', 1, 18729, 'brute'),
(0x00000000000000000000ffffb9dc66f0, 'DE', 1, 18729, 'brute'),
(0x00000000000000000000ffffc27fac65, 'NL', 1, 18729, 'brute'),
(0x00000000000000000000ffff342a4fde, 'US', 1, 18729, 'brute'),
(0x00000000000000000000ffff674dcf96, 'ID', 1, 18723, 'brute'),
(0x00000000000000000000ffffc60ce35a, 'US', 1, 18723, 'brute'),
(0x00000000000000000000ffff4d518bdc, 'IE', 1, 18722, 'brute'),
(0x00000000000000000000ffff12e09ad3, 'US', 1, 18722, 'brute'),
(0x00000000000000000000ffff9fcbb052, 'US', 1, 18722, 'brute'),
(0x00000000000000000000ffff6743eb09, 'AU', 1, 18722, 'brute'),
(0x00000000000000000000ffffadd4dbdf, 'DE', 1, 18722, 'brute'),
(0x00000000000000000000ffff526615f9, 'IT', 1, 18722, 'brute'),
(0x00000000000000000000ffff5fd822e1, 'FI', 1, 18722, 'brute'),
(0x00000000000000000000ffff339f3b57, 'FR', 1, 18722, 'brute'),
(0x00000000000000000000ffff2692053d, 'US', 1, 18723, 'brute'),
(0x00000000000000000000ffff225e9aed, 'US', 1, 18723, 'brute'),
(0x00000000000000000000ffffb92e7942, 'US', 1, 18723, 'brute'),
(0x00000000000000000000ffffa0fb0458, 'JP', 1, 18723, 'brute'),
(0x00000000000000000000ffffb9dc6512, 'DE', 1, 18723, 'brute'),
(0x00000000000000000000ffff2d99a084, 'NL', 1, 18723, 'brute'),
(0x00000000000000000000ffff50fbdb6f, 'US', 1, 18723, 'brute'),
(0x00000000000000000000ffffc27fac65, 'NL', 1, 18723, 'brute'),
(0x00000000000000000000ffff7a74f84a, 'TW', 1, 18723, 'brute'),
(0x00000000000000000000ffffb28036ef, 'SG', 1, 18723, 'brute'),
(0x00000000000000000000ffffc6c774cd, 'US', 1, 18723, 'brute'),
(0x00000000000000000000ffffd99252f3, 'GB', 1, 18723, 'brute'),
(0x00000000000000000000ffffde7ca8d4, 'ID', 1, 18723, 'brute'),
(0x00000000000000000000ffffb931144b, 'FR', 1, 18723, 'brute'),
(0x00000000000000000000ffff023a2eec, 'DK', 1, 18731, 'brute'),
(0x00000000000000000000ffffc138fc94, 'IE', 1, 18731, 'brute'),
(0x00000000000000000000ffff50f61f04, 'LV', 1, 18731, 'brute'),
(0x00000000000000000000ffff7c9e0cca, 'VN', 1, 18731, 'brute'),
(0x00000000000000000000ffffadd4dbdf, 'DE', 1, 18731, 'brute'),
(0x00000000000000000000ffff9f41db8e, 'US', 1, 18730, 'brute'),
(0x00000000000000000000ffffb9dc6606, 'DE', 1, 18730, 'brute'),
(0x00000000000000000000ffff45c5b985, 'US', 1, 18730, 'waf'),
(0x00000000000000000000ffffd3149aa7, 'TW', 1, 18730, 'brute'),
(0x00000000000000000000ffff25bb5b07, 'FR', 1, 18730, 'brute'),
(0x00000000000000000000ffff2be4f597, 'MY', 1, 18730, 'brute'),
(0x00000000000000000000ffff33fe319c, 'FR', 1, 18744, 'brute'),
(0x00000000000000000000ffff6bb4ecea, 'US', 1, 18744, 'brute'),
(0x00000000000000000000ffff29b90891, 'ZA', 1, 18744, 'brute'),
(0x00000000000000000000ffff176f9f2e, 'US', 1, 18744, 'brute'),
(0x00000000000000000000ffff68f8b324, 'US', 1, 18744, 'brute'),
(0x00000000000000000000ffff4025340c, 'US', 1, 18744, 'brute'),
(0x00000000000000000000ffff6829b82f, 'JP', 1, 18744, 'brute'),
(0x00000000000000000000ffff5b94a802, 'BG', 1, 18744, 'brute'),
(0x00000000000000000000ffff6bb467b9, 'US', 1, 18744, 'brute'),
(0x00000000000000000000ffff7dd4dd16, 'VN', 1, 18744, 'brute'),
(0x00000000000000000000ffff67cd8cb4, 'IN', 1, 18744, 'brute'),
(0x00000000000000000000ffff6bb45d3a, 'US', 1, 18744, 'brute'),
(0x00000000000000000000ffff2be770f3, 'MN', 1, 18744, 'brute'),
(0x00000000000000000000ffff1b4839a9, 'VN', 1, 18744, 'brute'),
(0x00000000000000000000ffffa099fbed, 'NL', 1, 18744, 'brute'),
(0x00000000000000000000ffff676f1e28, 'ID', 1, 18744, 'brute'),
(0x00000000000000000000ffff6d18909b, 'FR', 1, 18744, 'brute'),
(0x00000000000000000000ffff86d193cb, 'IN', 1, 18742, 'brute'),
(0x00000000000000000000ffffa747d055, 'SG', 1, 18742, 'brute'),
(0x00000000000000000000ffffc862f56c, 'BR', 1, 18742, 'brute'),
(0x00000000000000000000ffff965fb026, 'JP', 1, 18738, 'brute'),
(0x00000000000000000000ffff6ba1b10a, 'US', 1, 18738, 'brute'),
(0x00000000000000000000ffffa2f19589, 'US', 1, 18738, 'brute'),
(0x00000000000000000000ffff23e731bd, 'US', 1, 18738, 'brute'),
(0x00000000000000000000ffffb999c525, 'RU', 5, 18738, 'brute'),
(0x00000000000000000000ffffc59c4ac0, 'ET', 1, 18738, 'brute'),
(0x00000000000000000000ffff67535135, 'IN', 1, 18738, 'brute'),
(0x00000000000000000000ffff2e651cd4, 'GB', 1, 18738, 'brute'),
(0x00000000000000000000ffff67032e5c, 'ID', 1, 18738, 'brute'),
(0x00000000000000000000ffffbe6bb137, 'CL', 1, 18738, 'brute'),
(0x00000000000000000000ffffb6a06082, 'BD', 1, 18738, 'brute'),
(0x00000000000000000000ffff4a282fee, 'US', 1, 18738, 'brute'),
(0x00000000000000000000ffff9f4141aa, 'US', 1, 18738, 'brute'),
(0x00000000000000000000ffff9df525cb, 'GB', 1, 18739, 'brute'),
(0x00000000000000000000ffffb6b0dee8, 'PK', 1, 18739, 'brute'),
(0x00000000000000000000ffff3b17c9be, 'KR', 1, 18739, 'brute'),
(0x00000000000000000000ffff1b324d5f, 'AU', 1, 18739, 'brute'),
(0x00000000000000000000ffff5ef7b127, 'FR', 1, 18738, 'brute'),
(0x00000000000000000000ffff9de60244, 'US', 1, 18738, 'brute'),
(0x00000000000000000000ffff2f4a11e1, 'JP', 1, 18737, 'brute'),
(0x00000000000000000000ffff6747ff64, 'ID', 1, 18737, 'brute'),
(0x00000000000000000000ffff33840420, 'GB', 2, 18737, 'brute'),
(0x00000000000000000000ffffa2d7d16e, 'US', 4, 18737, 'brute'),
(0x00000000000000000000ffff05659c14, 'RU', 1, 18737, 'brute'),
(0x00000000000000000000ffffc0f1c31e, 'US', 1, 18737, 'brute'),
(0x00000000000000000000ffffac60b135, 'CA', 1, 18737, 'brute'),
(0x00000000000000000000ffff9df5f066, 'US', 1, 18737, 'brute'),
(0x00000000000000000000ffff52df542c, 'ES', 1, 18737, 'brute'),
(0x00000000000000000000ffff23c6190c, 'BR', 1, 18737, 'brute'),
(0x00000000000000000000ffffc0f1ae72, 'US', 1, 18737, 'brute'),
(0x00000000000000000000ffffb9709f16, 'HU', 1, 18737, 'brute'),
(0x00000000000000000000ffffb9f4d4dc, 'AT', 1, 18737, 'brute'),
(0x00000000000000000000ffff7c9eb7b8, 'ID', 1, 18737, 'brute'),
(0x00000000000000000000ffff9df55406, 'US', 1, 18737, 'brute'),
(0x00000000000000000000ffffae7f7079, 'US', 1, 18737, 'brute'),
(0x00000000000000000000ffff224eaf71, 'BE', 1, 18737, 'brute'),
(0x00000000000000000000ffff2d9cb828, 'IR', 1, 18737, 'brute'),
(0x00000000000000000000ffffa2d64064, 'US', 1, 18737, 'brute'),
(0x00000000000000000000ffff80c7dacb, 'SG', 1, 18737, 'brute'),
(0x00000000000000000000ffff23b49379, 'FR', 22, 18737, 'brute'),
(0x00000000000000000000ffff53611704, 'DE', 1, 18723, 'brute'),
(0x00000000000000000000ffff34a3df7e, 'SG', 1, 18723, 'brute'),
(0x00000000000000000000ffff5bcec878, 'UA', 1, 18723, 'brute'),
(0x00000000000000000000ffff8a4406e7, 'US', 1, 18723, 'brute'),
(0x00000000000000000000ffffbfeab09e, 'BR', 1, 18723, 'brute'),
(0x00000000000000000000ffff3626fc3d, 'FR', 1, 18723, 'brute'),
(0x00000000000000000000ffff05b43e04, 'DE', 1, 18723, 'brute'),
(0x00000000000000000000ffff6d6c8867, 'GB', 2, 18723, 'brute'),
(0x00000000000000000000ffff59f9416c, 'DE', 1, 18722, 'brute'),
(0x00000000000000000000ffff3df446f8, 'HK', 1, 18722, 'brute'),
(0x00000000000000000000ffff5fd8f664, 'FI', 1, 18722, 'brute'),
(0x00000000000000000000ffffa7564bd8, 'DE', 1, 18722, 'brute'),
(0x00000000000000000000ffff5cdf593c, 'LU', 1, 18722, 'brute'),
(0x00000000000000000000ffffa5e38d27, 'DE', 1, 18748, 'brute'),
(0x00000000000000000000ffffa123c0c4, 'DE', 1, 18748, 'brute'),
(0x00000000000000000000ffff8b3b3b4b, 'IN', 1, 18748, 'brute'),
(0x00000000000000000000ffffcff4ea34, 'US', 1, 18748, 'brute'),
(0x00000000000000000000ffffb92e7883, 'US', 1, 18748, 'brute'),
(0x00000000000000000000ffff5ccc813c, 'US', 1, 18748, 'brute'),
(0x00000000000000000000ffff1b324d5f, 'AU', 1, 18748, 'brute'),
(0x00000000000000000000ffffd3f356d2, 'KR', 1, 18748, 'brute'),
(0x00000000000000000000ffff689582c6, 'US', 1, 18748, 'brute'),
(0x00000000000000000000ffffa3ac7b51, 'FR', 1, 18748, 'brute'),
(0x00000000000000000000ffff8a79aa8d, 'CL', 1, 18748, 'brute'),
(0x00000000000000000000ffff94484165, 'US', 1, 18748, 'brute'),
(0x00000000000000000000ffffa2d642b2, 'US', 1, 18748, 'brute'),
(0x00000000000000000000ffff90d9b786, 'CA', 1, 18748, 'brute'),
(0x00000000000000000000ffffbca645f2, 'NL', 2, 18748, 'brute'),
(0x00000000000000000000ffff74cbf900, 'DE', 1, 18748, 'brute'),
(0x00000000000000000000ffff9df54938, 'NL', 1, 18748, 'brute'),
(0x00000000000000000000ffffa2d697bd, 'US', 1, 18748, 'brute'),
(0x00000000000000000000ffff05bd92b0, 'DE', 1, 18748, 'brute'),
(0x00000000000000000000ffff12c24970, 'DE', 1, 18748, 'brute'),
(0x00000000000000000000ffffb280b4a2, 'US', 1, 18748, 'brute'),
(0x00000000000000000000ffffbca6d6d5, 'SG', 1, 18732, 'brute'),
(0x00000000000000000000ffff904c711b, 'DE', 1, 18732, 'brute'),
(0x00000000000000000000ffffa2d6726f, 'US', 1, 18732, 'brute'),
(0x00000000000000000000ffff6747ff64, 'ID', 1, 18732, 'brute'),
(0x00000000000000000000ffffa4843a38, 'FR', 1, 18732, 'brute'),
(0x00000000000000000000ffff2f708710, 'CN', 1, 18730, 'brute'),
(0x00000000000000000000ffffaf2d8620, 'AU', 1, 18730, 'brute'),
(0x00000000000000000000ffff54f7322a, 'NO', 1, 18730, 'brute'),
(0x00000000000000000000ffff334f9fb0, 'SG', 1, 18730, 'brute'),
(0x00000000000000000000ffff5013b1f2, 'IT', 1, 18730, 'brute'),
(0x00000000000000000000ffffd8b18d0f, 'US', 1, 18730, 'brute'),
(0x00000000000000000000ffffb9a9e9e3, 'GB', 1, 18729, 'brute'),
(0x00000000000000000000ffff36b0bc33, 'US', 1, 18729, 'manual'),
(0x00000000000000000000ffff36b0bc33, 'US', 1, 18729, 'brute'),
(0x00000000000000000000ffff0de55399, 'SG', 1, 18730, 'brute'),
(0x00000000000000000000ffff40e33a91, 'US', 1, 18730, 'brute'),
(0x00000000000000000000ffffb9a9e9f8, 'GB', 1, 18730, 'brute'),
(0x00000000000000000000ffff2f4a11e1, 'JP', 1, 18730, 'brute'),
(0x00000000000000000000ffff3e669444, 'SE', 1, 18732, 'brute'),
(0x00000000000000000000ffff2d85c08c, 'IS', 1, 18732, 'brute'),
(0x00000000000000000000ffff5d72eba8, 'GB', 1, 18732, 'brute'),
(0x00000000000000000000ffff550a3868, 'HR', 1, 18732, 'brute'),
(0x00000000000000000000ffff330f923d, 'FR', 1, 18732, 'waf'),
(0x00000000000000000000ffff894ace50, 'FR', 1, 18731, 'brute'),
(0x00000000000000000000ffff23b79c15, 'CA', 1, 18731, 'brute'),
(0x00000000000000000000ffff05b43e34, 'DE', 1, 18731, 'brute'),
(0x00000000000000000000ffff481d4dd3, 'US', 1, 18731, 'brute'),
(0x00000000000000000000ffff330f923d, 'FR', 1, 18731, 'waf'),
(0x00000000000000000000ffff252e7273, 'BG', 1, 18731, 'brute'),
(0x00000000000000000000ffffac6252a6, 'CA', 1, 18731, 'brute'),
(0x00000000000000000000ffff9de67241, 'DE', 1, 18742, 'brute'),
(0x00000000000000000000ffffa2d672f2, 'US', 1, 18722, 'brute'),
(0x00000000000000000000ffff5d72eba8, 'GB', 1, 18722, 'brute'),
(0x00000000000000000000ffffa7564533, 'DE', 1, 18722, 'brute'),
(0x00000000000000000000ffff05fdce8c, 'PL', 1, 18722, 'brute'),
(0x00000000000000000000ffff6ead867d, 'AU', 2, 18725, 'brute'),
(0x00000000000000000000ffffcebde7c4, 'US', 1, 18742, 'brute'),
(0x00000000000000000000ffff6883a920, 'US', 1, 18742, 'brute'),
(0x00000000000000000000ffff6757ae07, 'IN', 1, 18742, 'brute'),
(0x00000000000000000000ffff34a7d95e, 'US', 1, 18742, 'brute'),
(0x00000000000000000000ffff05bd92b0, 'DE', 1, 18742, 'brute'),
(0x00000000000000000000ffff239a5f2e, 'IN', 1, 18742, 'brute'),
(0x00000000000000000000ffffdd790cfa, 'VN', 1, 18742, 'brute'),
(0x00000000000000000000ffff86d1d8de, 'US', 1, 18742, 'brute'),
(0x00000000000000000000ffff23e917e4, 'BE', 1, 18741, 'brute'),
(0x00000000000000000000ffff9258ec4f, 'CA', 1, 18741, 'brute'),
(0x00000000000000000000ffffc3a172e7, 'RU', 1, 18741, 'brute'),
(0x00000000000000000000ffff8494a52b, 'US', 1, 18741, 'brute'),
(0x00000000000000000000ffffa29026e9, 'US', 1, 18731, 'brute'),
(0x00000000000000000000ffff7aa96942, 'IN', 1, 18731, 'brute'),
(0x00000000000000000000ffff894a4cb5, 'FR', 2, 18743, 'brute'),
(0x00000000000000000000ffff365cd05d, 'US', 1, 18743, 'brute'),
(0x00000000000000000000ffff4273ad12, 'US', 1, 18743, 'brute'),
(0x00000000000000000000ffff965fb026, 'JP', 1, 18743, 'brute'),
(0x00000000000000000000ffffa747d055, 'SG', 1, 18743, 'brute'),
(0x00000000000000000000ffffb9f78a8b, 'TR', 1, 18742, 'brute'),
(0x00000000000000000000ffff8e04c4e6, 'CA', 1, 18742, 'brute'),
(0x00000000000000000000ffff67081958, 'MY', 1, 18742, 'brute'),
(0x00000000000000000000ffff68f812ef, 'DE', 1, 18742, 'brute'),
(0x00000000000000000000ffff3eabba28, 'DE', 1, 18741, 'brute'),
(0x00000000000000000000ffff6ee88f0a, 'AU', 1, 18741, 'brute'),
(0x00000000000000000000ffff4e9d2899, 'IR', 1, 18741, 'brute'),
(0x00000000000000000000ffffa2ddb90a, 'US', 1, 18741, 'brute'),
(0x00000000000000000000ffffc3cc10f0, 'NO', 1, 18741, 'brute'),
(0x00000000000000000000ffffa123c0c4, 'DE', 1, 18741, 'brute'),
(0x00000000000000000000ffff2d77d45d, 'VN', 1, 18737, 'brute'),
(0x00000000000000000000ffffa7ac662e, 'DE', 1, 18742, 'brute'),
(0x00000000000000000000ffff5d7256e2, 'GB', 1, 18742, 'brute'),
(0x00000000000000000000ffff2e2dbb31, 'TR', 1, 18741, 'brute'),
(0x00000000000000000000ffffc862f56c, 'BR', 1, 18741, 'brute'),
(0x00000000000000000000ffff05659cc1, 'RU', 1, 18741, 'brute'),
(0x00000000000000000000ffff8d55d8e7, 'RO', 1, 18741, 'brute'),
(0x00000000000000000000ffff33840420, 'GB', 1, 18741, 'brute'),
(0x00000000000000000000ffff5ccc88b7, 'US', 1, 18741, 'brute'),
(0x00000000000000000000ffff67124e6c, 'ID', 1, 18741, 'brute'),
(0x00000000000000000000ffffc6ccf0f6, 'US', 1, 18741, 'waf'),
(0x00000000000000000000ffffc23febbd, 'GR', 1, 18741, 'brute'),
(0x00000000000000000000ffff86d1c23f, 'NL', 1, 18731, 'brute'),
(0x00000000000000000000ffffa200ed44, 'US', 1, 18731, 'brute'),
(0x00000000000000000000ffff6b963be4, 'US', 1, 18743, 'waf'),
(0x00000000000000000000ffff23bc7791, 'US', 1, 18738, 'brute'),
(0x00000000000000000000ffffb23ec217, 'NL', 1, 18738, 'brute'),
(0x00000000000000000000ffffaf2c0985, 'CN', 3, 18738, 'waf'),
(0x00000000000000000000ffffc862f56c, 'BR', 1, 18738, 'brute'),
(0x00000000000000000000ffffb280de60, 'SG', 1, 18738, 'brute'),
(0x00000000000000000000ffff7a74f84a, 'TW', 1, 18738, 'brute'),
(0x00000000000000000000ffff2d775495, 'VN', 1, 18738, 'brute'),
(0x00000000000000000000ffff9de6f7d5, 'SG', 1, 18731, 'brute'),
(0x00000000000000000000ffff2d85c08c, 'IS', 1, 18729, 'brute'),
(0x00000000000000000000ffff0d7cdef2, 'KR', 1, 18729, 'manual'),
(0x00000000000000000000ffff0d7cdef2, 'KR', 1, 18729, 'brute'),
(0x00000000000000000000ffffc60cd8a6, 'US', 2, 18731, 'brute'),
(0x00000000000000000000ffffb6328471, 'SG', 2, 18731, 'brute'),
(0x00000000000000000000ffff2f4a11e1, 'JP', 1, 18748, 'brute'),
(0x00000000000000000000ffffb28033a2, 'SG', 1, 18748, 'brute'),
(0x00000000000000000000ffff23bc7791, 'US', 1, 18748, 'brute'),
(0x00000000000000000000ffff5d54739e, 'BY', 1, 18748, 'brute'),
(0x00000000000000000000ffff23f0eaef, 'SG', 1, 18748, 'brute'),
(0x00000000000000000000ffff45c5b983, 'US', 1, 18722, 'brute'),
(0x00000000000000000000ffff52661b94, 'NO', 1, 18722, 'brute'),
(0x00000000000000000000ffff33519824, 'US', 1, 18722, 'brute'),
(0x00000000000000000000ffff43de9cf3, 'US', 1, 18730, 'brute'),
(0x00000000000000000000ffff5113d684, 'GB', 1, 18730, 'brute'),
(0x00000000000000000000ffff3344705e, 'FR', 1, 18729, 'brute'),
(0x00000000000000000000ffff6fe6968b, 'CN', 1, 18741, 'brute'),
(0x00000000000000000000ffffa2d7d16e, 'US', 1, 18741, 'brute'),
(0x00000000000000000000ffffb933cad6, 'IR', 1, 18741, 'brute'),
(0x00000000000000000000ffff5d716fc1, 'GB', 1, 18741, 'brute'),
(0x00000000000000000000ffff676f1e28, 'ID', 1, 18740, 'brute'),
(0x00000000000000000000ffff68ec781f, 'US', 1, 18740, 'brute'),
(0x00000000000000000000ffffc60cfa08, 'US', 1, 18740, 'brute'),
(0x00000000000000000000ffff67fed169, 'HK', 1, 18740, 'brute'),
(0x00000000000000000000ffff9df54938, 'NL', 1, 18740, 'brute'),
(0x00000000000000000000ffff9e45fe69, 'CA', 1, 18740, 'brute'),
(0x00000000000000000000ffff08d292a1, 'CN', 1, 18740, 'brute'),
(0x00000000000000000000ffffbd147d1a, 'BR', 1, 18740, 'brute'),
(0x00000000000000000000ffff8a44864e, 'GB', 1, 18740, 'brute'),
(0x00000000000000000000ffff12884887, 'SG', 22, 18740, 'brute'),
(0x00000000000000000000ffffc647ee16, 'US', 2, 18731, 'brute'),
(0x00000000000000000000ffffb8a82e51, 'US', 1, 18731, 'brute'),
(0x00000000000000000000ffff614a18c8, 'US', 1, 18731, 'brute'),
(0x00000000000000000000ffff03194390, 'AU', 1, 18728, 'brute'),
(0x00000000000000000000ffff05275724, 'FR', 1, 18728, 'brute'),
(0x00000000000000000000ffffb0ebd89b, 'TR', 1, 18728, 'brute'),
(0x00000000000000000000ffffb2eee65d, 'DE', 2, 18728, 'brute'),
(0x00000000000000000000ffff8e0402d4, 'US', 1, 18728, 'brute'),
(0x00000000000000000000ffffa2904259, 'US', 1, 18728, 'brute'),
(0x00000000000000000000ffff0de46839, 'SG', 1, 18728, 'manual'),
(0x00000000000000000000ffff22d169de, 'US', 1, 18728, 'manual'),
(0x00000000000000000000ffff344014fc, 'AU', 1, 18728, 'brute'),
(0x00000000000000000000ffff344014fc, 'AU', 1, 18728, 'manual'),
(0x00000000000000000000ffff0de46839, 'SG', 1, 18728, 'brute'),
(0x00000000000000000000ffff3e6d1008, 'RU', 2, 18725, 'brute'),
(0x00000000000000000000ffff3ed271e4, 'FR', 1, 18725, 'manual'),
(0x00000000000000000000ffff22d169de, 'US', 1, 18728, 'brute'),
(0x00000000000000000000ffffb9b769f4, 'IT', 1, 18728, 'brute'),
(0x00000000000000000000ffff23b73cbc, 'CA', 1, 18728, 'manual'),
(0x00000000000000000000ffff6b9634c4, 'US', 1, 18743, 'waf'),
(0x00000000000000000000ffffb9aa7219, 'DE', 1, 18729, 'brute'),
(0x00000000000000000000ffff5d72eaf2, 'GB', 1, 18746, 'brute'),
(0x00000000000000000000ffff5b86fe52, 'FR', 1, 18746, 'brute'),
(0x00000000000000000000ffff5ee6d093, 'CH', 1, 18746, 'brute'),
(0x00000000000000000000ffffc636785d, 'US', 1, 18743, 'brute'),
(0x00000000000000000000ffff3ed271e4, 'FR', 1, 18725, 'brute'),
(0x00000000000000000000ffffd06d0eda, 'SG', 1, 18725, 'manual'),
(0x00000000000000000000ffffd06d0eda, 'SG', 1, 18725, 'brute'),
(0x00000000000000000000ffff2578dd94, 'SK', 1, 18725, 'brute'),
(0x00000000000000000000ffffb75aad5f, 'TH', 1, 18743, 'brute'),
(0x00000000000000000000ffff5113d70f, 'GB', 1, 18742, 'brute'),
(0x00000000000000000000ffff91ff15be, 'RU', 3, 18741, 'waf'),
(0x00000000000000000000ffff40cab84d, 'US', 1, 18741, 'brute'),
(0x00000000000000000000ffff28494dc1, 'CN', 1, 18741, 'brute'),
(0x00000000000000000000ffff29b908f4, 'ZA', 1, 18741, 'brute'),
(0x00000000000000000000ffff81e23004, 'HK', 1, 18741, 'brute'),
(0x00000000000000000000ffff25bb8472, 'FR', 1, 18740, 'brute'),
(0x00000000000000000000ffffc227a46c, 'GB', 1, 18740, 'brute'),
(0x00000000000000000000ffff362596d1, 'FR', 1, 18740, 'brute'),
(0x00000000000000000000ffff6b963be6, 'US', 1, 18740, 'waf'),
(0x00000000000000000000ffffb9020604, 'IT', 1, 18740, 'brute'),
(0x00000000000000000000ffffa2d69470, 'US', 1, 18740, 'brute'),
(0x00000000000000000000ffff9fcb156a, 'CA', 1, 18740, 'brute'),
(0x00000000000000000000ffff5fb3e7b0, 'GB', 1, 18740, 'brute'),
(0x00000000000000000000ffff5b7952a3, 'FR', 3, 18740, 'waf'),
(0x00000000000000000000ffff9fcb252b, 'CA', 1, 18740, 'brute'),
(0x00000000000000000000ffff0de8600f, 'IN', 22, 18740, 'brute'),
(0x00000000000000000000ffff9448d3b1, 'SG', 1, 18740, 'brute'),
(0x00000000000000000000ffffb93d9a10, 'GB', 1, 18740, 'brute'),
(0x00000000000000000000ffff894a4cb5, 'FR', 2, 18740, 'waf'),
(0x00000000000000000000ffff178140cb, 'US', 1, 18746, 'brute'),
(0x00000000000000000000ffff905b65d1, 'DE', 1, 18746, 'brute'),
(0x00000000000000000000ffffb93d9a23, 'GB', 1, 18748, 'brute'),
(0x00000000000000000000ffff5b86e683, 'FR', 1, 18748, 'brute'),
(0x00000000000000000000ffff9f4141aa, 'US', 1, 18748, 'brute'),
(0x00000000000000000000ffff23c9b16b, 'TW', 1, 18743, 'brute'),
(0x00000000000000000000ffff5e17db27, 'FR', 1, 18743, 'brute'),
(0x00000000000000000000ffff9f599db1, 'US', 1, 18743, 'brute'),
(0x00000000000000000000ffff23dfa739, 'US', 1, 18743, 'brute'),
(0x00000000000000000000ffffc02a7417, 'NL', 1, 18743, 'brute'),
(0x00000000000000000000ffffcff4ea34, 'US', 1, 18743, 'brute'),
(0x00000000000000000000ffff2501cdd1, 'NL', 10, 18743, 'waf'),
(0x00000000000000000000ffff33442cdf, 'FR', 1, 18743, 'brute'),
(0x00000000000000000000ffffb9bf7c99, 'SC', 1, 18743, 'brute'),
(0x00000000000000000000ffff34410fc4, 'AU', 1, 18729, 'manual'),
(0x00000000000000000000ffff34410fc4, 'AU', 1, 18729, 'brute'),
(0x00000000000000000000ffff0dd11c68, 'KR', 2, 18729, 'manual'),
(0x00000000000000000000ffff0dd11c68, 'KR', 2, 18729, 'brute'),
(0x00000000000000000000ffff22ec12c5, 'US', 1, 18729, 'manual'),
(0x00000000000000000000ffff22ec12c5, 'US', 1, 18729, 'brute'),
(0x00000000000000000000ffff59eebfcb, 'GB', 1, 18728, 'brute'),
(0x00000000000000000000ffffc0407014, 'US', 1, 18728, 'brute'),
(0x00000000000000000000ffffb28036ef, 'SG', 1, 18728, 'brute'),
(0x00000000000000000000ffff689582c6, 'US', 1, 18728, 'brute'),
(0x00000000000000000000ffffb9b2c35d, 'DE', 1, 18726, 'brute'),
(0x00000000000000000000ffffba407223, 'CL', 1, 18725, 'manual'),
(0x00000000000000000000ffffba407223, 'CL', 1, 18725, 'brute'),
(0x00000000000000000000ffff2578951e, 'NO', 1, 18725, 'brute'),
(0x00000000000000000000ffff86d193cb, 'IN', 1, 18725, 'manual'),
(0x00000000000000000000ffff86d193cb, 'IN', 1, 18725, 'brute'),
(0x00000000000000000000ffff12c2c4ca, 'DE', 21, 18724, 'brute'),
(0x00000000000000000000ffff515cc876, 'GB', 1, 18724, 'brute'),
(0x00000000000000000000ffff9fcb46a9, 'US', 2, 18724, 'brute'),
(0x00000000000000000000ffffb9dc64fd, 'DE', 1, 18724, 'brute'),
(0x00000000000000000000ffffc7f9e6af, 'US', 1, 18724, 'brute'),
(0x00000000000000000000ffff6b16d89a, 'US', 1, 18724, 'manual'),
(0x00000000000000000000ffff6b16d89a, 'US', 1, 18724, 'brute'),
(0x00000000000000000000ffffd80af9fe, 'IN', 1, 18723, 'brute'),
(0x00000000000000000000ffffa747d055, 'SG', 1, 18723, 'brute'),
(0x00000000000000000000ffff23aa25a4, 'US', 1, 18723, 'brute'),
(0x00000000000000000000ffffb95898c6, 'IR', 1, 18723, 'brute'),
(0x00000000000000000000ffffc3ce6b0a, 'ES', 1, 18723, 'brute'),
(0x00000000000000000000ffff023b867a, 'DE', 1, 18723, 'brute'),
(0x00000000000000000000ffff8b3bec2e, 'SG', 1, 18728, 'brute'),
(0x00000000000000000000ffffa184160f, 'PE', 1, 18728, 'brute'),
(0x00000000000000000000ffffa2d6ae78, 'US', 1, 18728, 'brute'),
(0x00000000000000000000ffff2241de70, 'CH', 1, 18728, 'brute'),
(0x00000000000000000000ffff8ac56222, 'US', 1, 18728, 'brute'),
(0x00000000000000000000ffffc4f039a4, 'DE', 1, 18728, 'brute'),
(0x00000000000000000000ffff515cc876, 'GB', 1, 18728, 'brute'),
(0x00000000000000000000ffffc223e91f, 'GB', 1, 18728, 'brute'),
(0x00000000000000000000ffff23b73cbc, 'CA', 1, 18728, 'brute'),
(0x00000000000000000000ffff05bc5413, 'RU', 24, 18728, 'waf'),
(0x00000000000000000000ffffb9b0dd60, 'LV', 1, 18727, 'brute'),
(0x00000000000000000000ffffa5e7216c, 'GB', 1, 18728, 'brute'),
(0x00000000000000000000ffff030073ff, 'SG', 3, 18728, 'brute'),
(0x00000000000000000000ffff23b49379, 'FR', 1, 18727, 'manual'),
(0x00000000000000000000ffff23b49379, 'FR', 1, 18727, 'brute'),
(0x00000000000000000000ffffc26e729c, 'PL', 1, 18726, 'brute'),
(0x00000000000000000000ffffc3a172e7, 'RU', 1, 18726, 'brute'),
(0x00000000000000000000ffff0fcf2d0e, 'IN', 1, 18726, 'brute'),
(0x00000000000000000000ffff43cd3d20, 'US', 1, 18726, 'brute'),
(0x00000000000000000000ffffc0b982aa, 'US', 1, 18726, 'brute'),
(0x00000000000000000000ffffbca5f67d, 'FR', 1, 18726, 'brute'),
(0x00000000000000000000ffff9fcbb052, 'US', 1, 18726, 'brute'),
(0x00000000000000000000ffff52df542c, 'ES', 1, 18726, 'brute'),
(0x00000000000000000000ffff6b16d89a, 'US', 1, 18726, 'brute'),
(0x00000000000000000000ffff9859a38c, 'DE', 1, 18726, 'brute'),
(0x00000000000000000000ffff68f812ef, 'DE', 1, 18726, 'brute'),
(0x00000000000000000000ffff743e66f7, 'CN', 1, 18726, 'brute'),
(0x00000000000000000000ffff8ac56222, 'US', 2, 18726, 'brute'),
(0x00000000000000000000ffff4510f965, 'US', 1, 18726, 'brute'),
(0x00000000000000000000ffffa76344e2, 'SG', 1, 18726, 'brute'),
(0x00000000000000000000ffff33840420, 'GB', 3, 18726, 'brute'),
(0x00000000000000000000ffff6d5ea455, 'IR', 118, 18750, 'waf'),
(0x00000000000000000000ffffcebdece6, 'US', 1, 18750, 'brute'),
(0x00000000000000000000ffffc1bd4bde, 'GB', 1, 18750, 'brute'),
(0x00000000000000000000ffffd430558e, 'GB', 1, 18750, 'brute'),
(0x00000000000000000000ffff3344705e, 'FR', 1, 18750, 'brute'),
(0x00000000000000000000ffffd3f356d2, 'KR', 1, 18750, 'brute'),
(0x00000000000000000000ffff2240da66, 'KR', 1, 18750, 'brute'),
(0x00000000000000000000ffff4f85afec, 'RU', 1, 18746, 'brute'),
(0x00000000000000000000ffffbb116a18, 'BR', 1, 18746, 'brute'),
(0x00000000000000000000ffff4101cf02, 'IN', 1, 18746, 'brute'),
(0x00000000000000000000ffffac69b1e0, 'AU', 1, 18746, 'brute'),
(0x00000000000000000000ffff453731a9, 'US', 1, 18746, 'brute'),
(0x00000000000000000000ffff95388e01, 'CA', 1, 18737, 'brute'),
(0x00000000000000000000ffffbc82a264, 'UZ', 1, 18737, 'brute'),
(0x00000000000000000000ffffb8abf4e7, 'US', 1, 18737, 'brute'),
(0x00000000000000000000ffff4a282fee, 'US', 1, 18736, 'brute'),
(0x00000000000000000000ffffb28036ef, 'SG', 1, 18736, 'brute'),
(0x00000000000000000000ffff29b908e1, 'ZA', 1, 18736, 'brute'),
(0x00000000000000000000ffff94484165, 'US', 1, 18742, 'brute'),
(0x00000000000000000000ffff55808f0e, 'PL', 1, 18742, 'brute'),
(0x00000000000000000000ffffbca65ec6, 'NL', 1, 18742, 'brute'),
(0x00000000000000000000ffff23f01632, 'BE', 1, 18742, 'brute'),
(0x00000000000000000000ffff2d207d3d, 'SG', 1, 18742, 'brute'),
(0x00000000000000000000ffffcfb4e0f2, 'DE', 1, 18742, 'brute'),
(0x00000000000000000000ffff894a4cb5, 'FR', 5, 18742, 'brute'),
(0x00000000000000000000ffff771234b1, 'IN', 1, 18748, 'brute'),
(0x00000000000000000000ffff05bda07e, 'DE', 1, 18748, 'brute'),
(0x00000000000000000000ffffa2f173d8, 'US', 1, 18748, 'brute'),
(0x00000000000000000000ffffd06d087e, 'SG', 1, 18748, 'brute'),
(0x00000000000000000000ffffa5e3c919, 'US', 1, 18748, 'brute'),
(0x00000000000000000000ffffa2f15e8a, 'US', 1, 18726, 'brute'),
(0x00000000000000000000ffff6bb4eb69, 'US', 1, 18726, 'brute'),
(0x00000000000000000000ffffb2804c60, 'US', 1, 18741, 'brute'),
(0x00000000000000000000ffffc0b982aa, 'US', 1, 18748, 'brute'),
(0x00000000000000000000ffff8b639404, 'AU', 1, 18741, 'brute'),
(0x00000000000000000000ffff94484165, 'US', 1, 18741, 'brute'),
(0x00000000000000000000ffff6792b0b0, 'IN', 1, 18740, 'brute'),
(0x00000000000000000000ffffc0407014, 'US', 1, 18740, 'brute'),
(0x00000000000000000000ffff67f1cd01, 'ID', 1, 18740, 'brute'),
(0x00000000000000000000ffffb0ebd89b, 'TR', 1, 18740, 'brute'),
(0x00000000000000000000ffffb974a0cf, 'IR', 1, 18723, 'brute'),
(0x00000000000000000000ffffb6173302, 'ID', 1, 18743, 'brute'),
(0x00000000000000000000ffff59ee4968, 'DE', 1, 18741, 'brute'),
(0x00000000000000000000ffffb92e7942, 'US', 1, 18741, 'brute'),
(0x00000000000000000000ffffc60ce21e, 'US', 1, 18741, 'brute'),
(0x00000000000000000000ffff25789e1c, 'FR', 1, 18726, 'brute'),
(0x00000000000000000000ffff5c7213f7, 'IR', 1, 18749, 'brute'),
(0x00000000000000000000ffffb6b0dee8, 'PK', 1, 18749, 'brute'),
(0x00000000000000000000ffff23cba18d, 'US', 1, 18749, 'brute'),
(0x00000000000000000000ffff2443651a, 'ID', 1, 18749, 'brute'),
(0x00000000000000000000ffffa2f15e8a, 'US', 1, 18746, 'brute'),
(0x00000000000000000000ffff44b72fdc, 'GB', 1, 18745, 'brute'),
(0x00000000000000000000ffff052d7d4e, 'EE', 1, 18745, 'brute'),
(0x00000000000000000000ffff36265bf5, 'FR', 1, 18745, 'brute'),
(0x00000000000000000000ffff3498850e, 'US', 2, 18745, 'brute'),
(0x00000000000000000000ffffcf880c2e, 'AU', 1, 18745, 'brute'),
(0x00000000000000000000ffffcb069573, 'ID', 1, 18745, 'brute'),
(0x00000000000000000000ffffb9d4a902, 'DK', 6, 18745, 'waf'),
(0x00000000000000000000ffff2d8d5423, 'RU', 1, 18745, 'brute'),
(0x00000000000000000000ffffb9dc64ff, 'DE', 1, 18728, 'brute'),
(0x00000000000000000000ffff2d85c0cc, 'IS', 1, 18728, 'brute'),
(0x00000000000000000000ffff030073ff, 'SG', 1, 18728, 'manual'),
(0x00000000000000000000ffff2578dd94, 'SK', 1, 18728, 'brute'),
(0x00000000000000000000ffff54112a83, 'FR', 1, 18727, 'brute'),
(0x00000000000000000000ffff7221135a, 'TW', 1, 18749, 'brute'),
(0x00000000000000000000ffff2d82975a, 'RU', 3, 18749, 'waf'),
(0x00000000000000000000ffff050942cb, 'DE', 1, 18745, 'brute'),
(0x00000000000000000000ffff86d19dc6, 'IN', 1, 18749, 'brute'),
(0x00000000000000000000ffffb280e623, 'CA', 1, 18746, 'brute'),
(0x00000000000000000000ffff33d235a0, 'FR', 1, 18746, 'brute'),
(0x00000000000000000000ffffc3ce6b1e, 'ES', 2, 18727, 'brute'),
(0x00000000000000000000ffff2d9aff44, 'GB', 1, 18727, 'brute'),
(0x00000000000000000000ffff227d5149, 'US', 1, 18727, 'brute'),
(0x00000000000000000000ffffb9119652, 'GB', 1, 18727, 'brute'),
(0x00000000000000000000ffff0de46839, 'SG', 1, 18727, 'manual'),
(0x00000000000000000000ffff0de46839, 'SG', 1, 18727, 'brute'),
(0x00000000000000000000ffff2d98b774, 'ES', 1, 18727, 'brute'),
(0x00000000000000000000ffff2ee8f98a, 'DE', 1, 18727, 'brute'),
(0x00000000000000000000ffff343cbd73, 'CA', 1, 18727, 'manual'),
(0x00000000000000000000ffff343cbd73, 'CA', 1, 18727, 'brute'),
(0x00000000000000000000ffff33b2b646, 'FR', 1, 18727, 'brute'),
(0x00000000000000000000ffff1f0dbc8c, 'ES', 1, 18727, 'brute'),
(0x00000000000000000000ffff67158e0c, 'CN', 2205, 18727, 'brute'),
(0x00000000000000000000ffff8d626794, 'RS', 1, 18727, 'brute'),
(0x00000000000000000000ffff56690974, 'RO', 2, 18727, 'brute'),
(0x00000000000000000000ffffd98ac544, 'IT', 1, 18726, 'brute'),
(0x00000000000000000000ffff34f741bf, 'US', 2, 18726, 'brute'),
(0x00000000000000000000ffff5b794f10, 'FR', 1, 18726, 'waf'),
(0x00000000000000000000ffff056589c3, 'GB', 1, 18726, 'brute'),
(0x00000000000000000000ffffb9dc6607, 'DE', 1, 18726, 'brute'),
(0x00000000000000000000ffff2e697831, 'FR', 3, 18726, 'waf'),
(0x00000000000000000000ffff05b43e25, 'DE', 1, 18726, 'brute'),
(0x00000000000000000000ffff5d716f64, 'GB', 3, 18726, 'brute'),
(0x00000000000000000000ffff55d6851e, 'DE', 1, 18726, 'brute'),
(0x00000000000000000000ffffb280d351, 'SG', 1, 18726, 'brute'),
(0x00000000000000000000ffffa2907518, 'US', 1, 18726, 'brute'),
(0x00000000000000000000ffff2f645f7f, 'CN', 1, 18726, 'brute'),
(0x00000000000000000000ffffcec46e27, 'US', 1, 18726, 'brute'),
(0x00000000000000000000ffffa2f14648, 'US', 1, 18726, 'brute'),
(0x00000000000000000000ffff668279b3, 'ZA', 1, 18726, 'brute'),
(0x00000000000000000000ffff59eebfcb, 'GB', 1, 18726, 'brute'),
(0x00000000000000000000ffffb495f0f3, 'IN', 1, 18726, 'brute'),
(0x00000000000000000000ffff05b43e67, 'DE', 1, 18726, 'brute'),
(0x00000000000000000000ffffb9ec2ad6, 'SE', 1, 18726, 'brute'),
(0x00000000000000000000ffffb9dc66fa, 'DE', 1, 18725, 'brute'),
(0x00000000000000000000ffff2eb615f8, 'DE', 1, 18725, 'brute'),
(0x00000000000000000000ffffb9a9e9e3, 'GB', 1, 18725, 'brute'),
(0x00000000000000000000ffffb9dc46c9, 'DE', 1, 18725, 'brute'),
(0x00000000000000000000ffff2578955c, 'NO', 1, 18725, 'brute'),
(0x00000000000000000000ffff05fdce8c, 'PL', 1, 18725, 'brute'),
(0x00000000000000000000ffff5b7952a3, 'FR', 3, 18725, 'waf'),
(0x00000000000000000000ffff8b1cdb54, 'FR', 2, 18725, 'brute'),
(0x00000000000000000000ffffb495f0f3, 'IN', 1, 18724, 'manual'),
(0x00000000000000000000ffffb495f0f3, 'IN', 1, 18724, 'brute'),
(0x00000000000000000000ffff2d77d5e1, 'VN', 2, 18724, 'brute'),
(0x00000000000000000000ffff515ccb3a, 'GB', 1, 18724, 'brute'),
(0x00000000000000000000ffffd3149aa7, 'TW', 1, 18724, 'manual'),
(0x00000000000000000000ffffd3149aa7, 'TW', 1, 18724, 'brute'),
(0x00000000000000000000ffff675ae92b, 'VN', 1, 18723, 'brute'),
(0x00000000000000000000ffffc27fac50, 'NL', 1, 18723, 'brute'),
(0x00000000000000000000ffff3df446f8, 'HK', 1, 18746, 'brute'),
(0x00000000000000000000ffffc0a3d2dd, 'US', 1, 18723, 'brute'),
(0x00000000000000000000ffff9b5e92c4, 'US', 1, 18723, 'brute'),
(0x00000000000000000000ffffc0f1ae72, 'US', 1, 18723, 'brute'),
(0x00000000000000000000ffffc1e20ccc, 'RO', 1, 18723, 'brute'),
(0x00000000000000000000ffff59231d5f, 'GB', 1, 18723, 'brute'),
(0x00000000000000000000ffff0fce4e71, 'IN', 1, 18723, 'brute'),
(0x00000000000000000000ffff9c369486, 'IT', 1, 18723, 'brute'),
(0x00000000000000000000ffff23c4eb80, 'US', 1, 18723, 'brute'),
(0x00000000000000000000ffffc3cea9c4, 'GB', 1, 18723, 'brute'),
(0x00000000000000000000ffffc6bb1e26, 'US', 1, 18723, 'brute'),
(0x00000000000000000000ffff2d98b7bc, 'ES', 1, 18723, 'brute'),
(0x00000000000000000000ffff2d535be4, 'SE', 1, 18722, 'brute'),
(0x00000000000000000000ffffc27fac65, 'NL', 1, 18722, 'brute'),
(0x00000000000000000000ffff2249d311, 'US', 1, 18722, 'brute'),
(0x00000000000000000000ffff2578cca4, 'FR', 1, 18722, 'brute'),
(0x00000000000000000000ffff23b57014, 'FR', 17, 18722, 'brute'),
(0x00000000000000000000ffffb2804c60, 'US', 1, 18722, 'brute'),
(0x00000000000000000000ffff6bb467b9, 'US', 1, 18722, 'brute'),
(0x00000000000000000000ffff23c6c301, 'SG', 1, 18722, 'brute'),
(0x00000000000000000000ffff12d07e34, 'US', 1, 18724, 'brute'),
(0x00000000000000000000ffff59eeb1fc, 'NL', 1, 18724, 'brute'),
(0x00000000000000000000ffffa123a10d, 'GB', 1, 18724, 'manual'),
(0x00000000000000000000ffffa123a10d, 'GB', 1, 18724, 'brute'),
(0x00000000000000000000ffffb6173302, 'ID', 2, 18724, 'brute'),
(0x00000000000000000000ffff2578dd94, 'SK', 1, 18724, 'brute'),
(0x00000000000000000000ffffa200ed44, 'US', 1, 18724, 'brute'),
(0x00000000000000000000ffffc38cd7bb, 'GB', 1, 18722, 'brute'),
(0x00000000000000000000ffff7a724c94, 'CN', 1, 18722, 'brute'),
(0x00000000000000000000ffff8d62fca3, 'GB', 1, 18722, 'brute'),
(0x00000000000000000000ffffb9dc64f9, 'DE', 1, 18722, 'brute'),
(0x00000000000000000000ffff23edb9b1, 'US', 1, 18722, 'brute'),
(0x00000000000000000000ffffc4f0397c, 'DE', 1, 18722, 'brute'),
(0x00000000000000000000ffff22e69c43, 'US', 1, 18727, 'manual'),
(0x00000000000000000000ffff22e69c43, 'US', 2, 18727, 'brute'),
(0x00000000000000000000ffff12ddcef7, 'US', 2, 18727, 'manual'),
(0x00000000000000000000ffff12ddcef7, 'US', 2, 18727, 'brute'),
(0x00000000000000000000ffff0599ea44, 'US', 1, 18727, 'brute'),
(0x00000000000000000000ffff6bb4ecea, 'US', 1, 18749, 'brute'),
(0x00000000000000000000ffffc27158b4, 'IT', 1, 18749, 'brute'),
(0x00000000000000000000ffff03084402, 'GB', 21, 18751, 'manual'),
(0x00000000000000000000ffff03084402, 'GB', 1, 18751, 'brute'),
(0x00000000000000000000ffffa3ac21e4, 'FR', 1, 18751, 'brute'),
(0x00000000000000000000ffff59eebfcb, 'GB', 2, 18724, 'brute'),
(0x00000000000000000000ffff6b963fae, 'US', 1, 18724, 'brute'),
(0x00000000000000000000ffffa2904259, 'US', 1, 18724, 'brute'),
(0x00000000000000000000ffffd992526b, 'GB', 1, 18724, 'brute'),
(0x00000000000000000000ffff5ccc88b7, 'US', 1, 18740, 'brute'),
(0x00000000000000000000ffff9de67241, 'DE', 1, 18745, 'brute'),
(0x00000000000000000000ffff0dea65b8, 'IN', 1, 18745, 'brute'),
(0x00000000000000000000ffff80c7f024, 'SG', 1, 18745, 'brute'),
(0x00000000000000000000ffff33671fee, 'FR', 1, 18745, 'brute'),
(0x00000000000000000000ffffd17e0baa, 'US', 1, 18745, 'brute'),
(0x00000000000000000000ffff4004a1e9, 'US', 1, 18745, 'brute'),
(0x00000000000000000000ffff877de9bd, 'FR', 1, 18745, 'brute'),
(0x00000000000000000000ffffb90881bc, 'TR', 1, 18745, 'brute'),
(0x00000000000000000000ffffac681dbc, 'US', 1, 18745, 'brute'),
(0x00000000000000000000ffffcebd2daa, 'SG', 1, 18745, 'brute'),
(0x00000000000000000000ffff9448d7e5, 'SG', 1, 18745, 'brute'),
(0x00000000000000000000ffffa2f19589, 'US', 1, 18745, 'brute'),
(0x00000000000000000000ffff6bbd1ee6, 'US', 1, 18745, 'brute'),
(0x00000000000000000000ffffb94186af, 'NL', 1, 18745, 'brute'),
(0x00000000000000000000ffff45a3ed13, 'US', 1, 18745, 'brute'),
(0x00000000000000000000ffff05bdb189, 'DE', 2, 18745, 'brute'),
(0x00000000000000000000ffff965f221a, 'JP', 2, 18745, 'brute'),
(0x00000000000000000000ffff9de68dab, 'US', 1, 18744, 'brute'),
(0x00000000000000000000ffffd509d96b, 'ES', 1, 18744, 'brute'),
(0x00000000000000000000ffffd4811a49, 'FR', 1, 18744, 'brute'),
(0x00000000000000000000ffff6797910a, 'US', 1, 18744, 'brute'),
(0x00000000000000000000ffff6bb46847, 'US', 1, 18748, 'brute'),
(0x00000000000000000000ffff5e142b2e, 'AZ', 1, 18748, 'brute'),
(0x00000000000000000000ffff6b9634c5, 'US', 1, 18747, 'waf'),
(0x00000000000000000000ffff6829b82f, 'JP', 1, 18740, 'brute'),
(0x00000000000000000000ffffb99c439c, 'GB', 1, 18740, 'brute'),
(0x00000000000000000000ffff339f3b57, 'FR', 1, 18748, 'brute'),
(0x00000000000000000000ffff3f8dfbed, 'US', 1, 18748, 'waf'),
(0x00000000000000000000ffff22446146, 'US', 1, 18739, 'brute'),
(0x00000000000000000000ffff80c7d4c2, 'SG', 1, 18739, 'brute'),
(0x00000000000000000000ffff5b790768, 'FR', 1, 18739, 'waf'),
(0x00000000000000000000ffffb2804ce9, 'US', 1, 18740, 'brute'),
(0x00000000000000000000ffff8b3bec2e, 'SG', 1, 18740, 'brute'),
(0x00000000000000000000ffff80c7f9d5, 'SG', 1, 18740, 'brute'),
(0x00000000000000000000ffff33ff5053, 'FR', 1, 18739, 'brute'),
(0x00000000000000000000ffff5b86fe52, 'FR', 1, 18739, 'brute'),
(0x00000000000000000000ffff688312d4, 'US', 1, 18739, 'brute'),
(0x00000000000000000000ffffb9709f16, 'HU', 1, 18739, 'brute'),
(0x00000000000000000000ffffc0a3f837, 'US', 1, 18738, 'brute'),
(0x00000000000000000000ffff8b3b3d90, 'IN', 1, 18738, 'brute'),
(0x00000000000000000000ffff5fd81a39, 'FI', 1, 18738, 'brute'),
(0x00000000000000000000ffff95388e01, 'CA', 1, 18738, 'brute'),
(0x00000000000000000000ffff965f6e71, 'VN', 1, 18738, 'brute'),
(0x00000000000000000000ffffc6c774cd, 'US', 1, 18738, 'brute'),
(0x00000000000000000000ffff675aebe4, 'VN', 1, 18739, 'brute'),
(0x00000000000000000000ffff23e03064, 'US', 1, 18739, 'brute'),
(0x00000000000000000000ffff2e651cd4, 'GB', 1, 18739, 'brute'),
(0x00000000000000000000ffffbca6f7aa, 'SG', 1, 18739, 'brute'),
(0x00000000000000000000ffff334f9c64, 'SG', 1, 18739, 'brute'),
(0x00000000000000000000ffff8b639420, 'AU', 1, 18739, 'brute'),
(0x00000000000000000000ffff334f9fb0, 'SG', 1, 18739, 'brute'),
(0x00000000000000000000ffff6ee88f03, 'AU', 1, 18739, 'brute'),
(0x00000000000000000000ffff81d3add7, 'CN', 1, 18739, 'brute'),
(0x00000000000000000000ffff52c405c2, 'NL', 1, 18739, 'brute'),
(0x00000000000000000000ffffc3024cf6, 'RU', 5, 18739, 'brute'),
(0x00000000000000000000ffff8b3b3a74, 'IN', 1, 18738, 'brute'),
(0x00000000000000000000ffff6743eb41, 'AU', 1, 18738, 'brute'),
(0x00000000000000000000ffff894ace50, 'FR', 1, 18738, 'brute'),
(0x00000000000000000000ffffa7634ea4, 'SG', 1, 18738, 'brute'),
(0x00000000000000000000ffff45c5b984, 'US', 1, 18738, 'waf'),
(0x00000000000000000000ffff8ac953ab, 'DE', 1, 18738, 'brute'),
(0x00000000000000000000ffff81929108, 'US', 1, 18738, 'brute'),
(0x00000000000000000000ffff9fcb46a9, 'US', 2, 18738, 'brute'),
(0x00000000000000000000ffffa2d6a25a, 'US', 1, 18738, 'brute'),
(0x00000000000000000000ffff8b639420, 'AU', 1, 18738, 'brute'),
(0x00000000000000000000ffffb93d9a23, 'GB', 1, 18737, 'brute'),
(0x00000000000000000000ffffadd4dcc9, 'DE', 1, 18737, 'brute'),
(0x00000000000000000000ffffd06d0eda, 'SG', 1, 18737, 'brute'),
(0x00000000000000000000ffff5ef7b127, 'FR', 1, 18737, 'brute'),
(0x00000000000000000000ffffadf9236c, 'DE', 1, 18737, 'brute'),
(0x00000000000000000000ffff23e5880e, 'TW', 1, 18737, 'brute'),
(0x00000000000000000000ffff95382d32, 'CA', 1, 18737, 'brute'),
(0x00000000000000000000ffff3344705e, 'FR', 1, 18737, 'brute'),
(0x00000000000000000000ffffa099fbed, 'NL', 1, 18737, 'brute'),
(0x00000000000000000000ffff34410fc4, 'AU', 21, 18737, 'brute'),
(0x00000000000000000000ffffc61b4552, 'CA', 1, 18737, 'brute'),
(0x00000000000000000000ffffc3a172e7, 'RU', 1, 18737, 'brute'),
(0x00000000000000000000ffffb9b77a8f, 'BY', 1, 18737, 'brute'),
(0x00000000000000000000ffff68ec781f, 'US', 1, 18737, 'brute'),
(0x00000000000000000000ffffb6b0dee8, 'PK', 1, 18737, 'brute'),
(0x00000000000000000000ffff36b2b62e, 'JP', 22, 18735, 'brute'),
(0x00000000000000000000ffff6b9634c6, 'US', 1, 18735, 'waf'),
(0x00000000000000000000ffffc1462d90, 'FR', 1, 18735, 'brute'),
(0x00000000000000000000ffff614a0640, 'US', 2, 18731, 'brute'),
(0x00000000000000000000ffff6bb47a3a, 'US', 2, 18731, 'brute'),
(0x00000000000000000000ffffc647ef18, 'US', 2, 18731, 'brute'),
(0x00000000000000000000ffff6bb46f0d, 'US', 2, 18731, 'brute'),
(0x00000000000000000000ffff323ed0a7, 'US', 2, 18731, 'brute'),
(0x00000000000000000000ffff48a7be1d, 'US', 2, 18731, 'brute'),
(0x00000000000000000000ffff323fc558, 'US', 4, 18731, 'brute'),
(0x00000000000000000000ffffc647ef1e, 'US', 2, 18731, 'brute'),
(0x00000000000000000000ffff70c448bc, 'IN', 1, 18737, 'brute'),
(0x00000000000000000000ffff268465d8, 'US', 1, 18737, 'brute'),
(0x00000000000000000000ffff8ac56222, 'US', 1, 18736, 'brute'),
(0x00000000000000000000ffff603e770b, 'CN', 1, 18736, 'brute'),
(0x00000000000000000000ffffa2d6726f, 'US', 1, 18736, 'brute'),
(0x00000000000000000000ffffc6367865, 'US', 1, 18736, 'brute'),
(0x00000000000000000000ffff6792b0b0, 'IN', 1, 18736, 'brute'),
(0x00000000000000000000ffffa20cce0a, 'US', 1, 18736, 'brute'),
(0x00000000000000000000ffff4b77d7d2, 'US', 2, 18736, 'brute'),
(0x00000000000000000000ffffa123c206, 'DE', 1, 18736, 'brute'),
(0x00000000000000000000ffffa45ab5c4, 'DE', 1, 18736, 'brute'),
(0x00000000000000000000ffff6deaa030, 'FR', 1, 18736, 'brute'),
(0x00000000000000000000ffffa2d63670, 'US', 1, 18736, 'brute'),
(0x00000000000000000000ffffa2d6a25a, 'US', 1, 18736, 'brute'),
(0x00000000000000000000ffff86d1432d, 'US', 1, 18736, 'brute'),
(0x00000000000000000000ffff9f598096, 'US', 1, 18736, 'brute'),
(0x00000000000000000000ffff481d4dd3, 'US', 1, 18740, 'brute'),
(0x00000000000000000000ffffc3a172e7, 'RU', 1, 18739, 'brute'),
(0x00000000000000000000ffff1b4839a9, 'VN', 1, 18739, 'brute'),
(0x00000000000000000000ffffa2f18819, 'US', 1, 18739, 'brute'),
(0x00000000000000000000ffffc0f1ae72, 'US', 1, 18739, 'brute'),
(0x00000000000000000000ffffd430558e, 'GB', 2, 18739, 'brute'),
(0x00000000000000000000ffffc7bccb25, 'US', 1, 18739, 'brute'),
(0x00000000000000000000ffffd061bcd1, 'US', 1, 18739, 'brute'),
(0x00000000000000000000ffff2be4f597, 'MY', 1, 18739, 'brute'),
(0x00000000000000000000ffff4ebad230, 'TR', 1, 18739, 'brute'),
(0x00000000000000000000ffffbb3288d2, 'BR', 1, 18739, 'brute'),
(0x00000000000000000000ffffd59a022a, 'AZ', 1, 18739, 'brute'),
(0x00000000000000000000ffff0ea2921f, 'VN', 1, 18739, 'brute'),
(0x00000000000000000000ffff51d7c631, 'TR', 1, 18739, 'brute'),
(0x00000000000000000000ffffbd7243c3, 'BR', 1, 18739, 'brute'),
(0x00000000000000000000ffff7c9eb7b8, 'ID', 1, 18740, 'brute'),
(0x00000000000000000000ffffa290e8e0, 'US', 1, 18751, 'brute'),
(0x00000000000000000000ffff4025340c, 'US', 1, 18751, 'brute'),
(0x00000000000000000000ffff6b9634c5, 'US', 1, 18750, 'waf'),
(0x00000000000000000000ffff2443651a, 'ID', 1, 18750, 'brute'),
(0x00000000000000000000ffffd509d96b, 'ES', 1, 18733, 'brute'),
(0x00000000000000000000ffffa161816d, 'DE', 1, 18733, 'brute'),
(0x00000000000000000000ffff80c77a36, 'SG', 1, 18733, 'manual'),
(0x00000000000000000000ffff80c77a36, 'SG', 1, 18733, 'brute'),
(0x00000000000000000000ffff6747ff64, 'ID', 2, 18733, 'brute'),
(0x00000000000000000000ffffb9bf7c99, 'SC', 1, 18735, 'brute'),
(0x00000000000000000000ffff2240da66, 'KR', 1, 18735, 'brute'),
(0x00000000000000000000ffff29b908dc, 'ZA', 1, 18735, 'brute'),
(0x00000000000000000000ffff80c715e6, 'IN', 1, 18729, 'brute'),
(0x00000000000000000000ffff3353d7ad, 'FR', 1, 18729, 'brute'),
(0x00000000000000000000ffff81d3add7, 'CN', 1, 18729, 'brute'),
(0x00000000000000000000ffffc26e72b4, 'PL', 1, 18729, 'brute'),
(0x00000000000000000000ffff5d716f64, 'GB', 3, 18729, 'brute'),
(0x00000000000000000000ffff68f448f8, 'US', 1, 18729, 'brute'),
(0x00000000000000000000ffffc3ce6b0a, 'ES', 2, 18729, 'brute'),
(0x00000000000000000000ffff2f6ac986, 'CN', 1, 18733, 'brute'),
(0x00000000000000000000ffff3353d7ad, 'FR', 2, 18733, 'brute'),
(0x00000000000000000000ffff6d46643b, 'AT', 1, 18733, 'brute'),
(0x00000000000000000000ffff80c77a36, 'SG', 1, 18732, 'brute'),
(0x00000000000000000000ffff676d6512, 'HK', 1, 18732, 'brute'),
(0x00000000000000000000ffff3ed271e4, 'FR', 1, 18732, 'brute'),
(0x00000000000000000000ffffb93d9a10, 'GB', 1, 18732, 'brute'),
(0x00000000000000000000ffff668dcc91, 'TN', 1, 18732, 'brute'),
(0x00000000000000000000ffffb4fa8304, 'ID', 2, 18732, 'brute'),
(0x00000000000000000000ffff451ee165, 'US', 2, 18735, 'waf'),
(0x00000000000000000000ffff9df56a99, 'IN', 1, 18734, 'brute'),
(0x00000000000000000000ffff9e45f878, 'CA', 1, 18734, 'brute'),
(0x00000000000000000000ffffb495f0f3, 'IN', 1, 18734, 'brute'),
(0x00000000000000000000ffff9e45f878, 'CA', 1, 18733, 'brute'),
(0x00000000000000000000ffff40e33a91, 'US', 1, 18733, 'brute'),
(0x00000000000000000000ffff23e15e5f, 'US', 1, 18733, 'brute'),
(0x00000000000000000000ffff905b65d1, 'DE', 1, 18733, 'brute'),
(0x00000000000000000000ffff36267132, 'FR', 1, 18733, 'brute'),
(0x00000000000000000000ffff29b908e1, 'ZA', 1, 18733, 'brute'),
(0x00000000000000000000ffff7643f832, 'IN', 1, 18733, 'brute'),
(0x00000000000000000000ffffc7f9e699, 'US', 1, 18733, 'brute'),
(0x00000000000000000000ffff323f5c45, 'US', 4, 18731, 'brute'),
(0x00000000000000000000ffff3e8c006c, 'DE', 2, 18731, 'brute'),
(0x00000000000000000000ffffc647ef27, 'US', 2, 18731, 'brute'),
(0x00000000000000000000ffff68ec781f, 'US', 1, 18730, 'brute'),
(0x00000000000000000000ffff29b9088c, 'ZA', 1, 18730, 'brute'),
(0x00000000000000000000ffff5c7213f7, 'IR', 1, 18730, 'brute'),
(0x00000000000000000000ffff54113ee7, 'ES', 1, 18730, 'brute'),
(0x00000000000000000000ffff2e20e63c, 'GB', 1, 18730, 'brute'),
(0x00000000000000000000ffffd06d0986, 'SG', 1, 18730, 'brute'),
(0x00000000000000000000ffffa516f227, 'SG', 1, 18730, 'brute'),
(0x00000000000000000000ffffc2246c4c, 'DE', 1, 18730, 'brute'),
(0x00000000000000000000ffff6b9634c5, 'US', 1, 18732, 'waf'),
(0x00000000000000000000ffffb9dc6517, 'DE', 1, 18732, 'brute'),
(0x00000000000000000000ffff36267132, 'FR', 1, 18732, 'brute'),
(0x00000000000000000000ffff857d22f2, 'JP', 1, 18732, 'brute'),
(0x00000000000000000000ffffc10970fc, 'CZ', 1, 18731, 'brute'),
(0x00000000000000000000ffffb9dc650b, 'DE', 1, 18731, 'brute'),
(0x00000000000000000000ffff2578d9c4, 'DE', 1, 18731, 'brute'),
(0x00000000000000000000ffff5266165b, 'NO', 1, 18731, 'brute'),
(0x00000000000000000000ffffb9f4d43b, 'AT', 1, 18731, 'brute'),
(0x00000000000000000000ffffd98adba4, 'IT', 1, 18731, 'brute'),
(0x00000000000000000000ffff023b867a, 'DE', 1, 18739, 'brute'),
(0x00000000000000000000ffffac6252a6, 'CA', 1, 18739, 'brute'),
(0x00000000000000000000ffff252e7273, 'BG', 1, 18739, 'brute'),
(0x00000000000000000000ffffc931cd3c, 'BR', 1, 18736, 'manual'),
(0x00000000000000000000ffffc931cd3c, 'BR', 1, 18736, 'brute'),
(0x00000000000000000000ffffb9dc6708, 'DE', 1, 18736, 'brute'),
(0x00000000000000000000ffff5be8bc35, 'RU', 1, 18735, 'brute'),
(0x00000000000000000000ffff3f8dfbed, 'US', 1, 18735, 'waf'),
(0x00000000000000000000ffffadd0f62b, 'US', 1, 18735, 'waf'),
(0x00000000000000000000ffff5b794f10, 'FR', 1, 18734, 'waf'),
(0x00000000000000000000ffffa747ca5d, 'SG', 1, 18734, 'brute'),
(0x00000000000000000000ffff9e45fb7d, 'CA', 1, 18734, 'brute'),
(0x00000000000000000000ffff81d5cb3b, 'US', 1, 18734, 'brute'),
(0x00000000000000000000ffff68dbfaa6, 'US', 1, 18734, 'brute'),
(0x00000000000000000000ffffd17e07cd, 'US', 1, 18734, 'brute'),
(0x00000000000000000000ffffcc0cf822, 'US', 1, 18734, 'brute'),
(0x00000000000000000000ffff951c6370, 'US', 14, 18734, 'brute'),
(0x00000000000000000000ffff2d99a084, 'NL', 1, 18734, 'brute'),
(0x00000000000000000000ffffc662348f, 'US', 1, 18734, 'brute');

-- --------------------------------------------------------

--
-- Table structure for table `wfblocks7`
--

CREATE TABLE `wfblocks7` (
  `id` bigint(20) UNSIGNED NOT NULL,
  `type` int(10) UNSIGNED NOT NULL DEFAULT '0',
  `IP` binary(16) NOT NULL DEFAULT '\0\0\0\0\0\0\0\0\0\0\0\0\0\0\0\0',
  `blockedTime` bigint(20) NOT NULL,
  `reason` varchar(255) NOT NULL,
  `lastAttempt` int(10) UNSIGNED DEFAULT '0',
  `blockedHits` int(10) UNSIGNED DEFAULT '0',
  `expiration` bigint(20) UNSIGNED NOT NULL DEFAULT '0',
  `parameters` text
) ENGINE=MyISAM DEFAULT CHARSET=utf8;

--
-- Dumping data for table `wfblocks7`
--

INSERT INTO `wfblocks7` (`id`, `type`, `IP`, `blockedTime`, `reason`, `lastAttempt`, `blockedHits`, `expiration`, `parameters`) VALUES
(20397, 7, 0x00000000000000000000ffff34ff9f37, 1619651109, 'Exceeded the maximum number of login failures which is: 3. The last username they tried to sign in with was: \'wpengine\'', 1619651109, 1, 1620515109, NULL);

-- --------------------------------------------------------

--
-- Table structure for table `wfconfig`
--

CREATE TABLE `wfconfig` (
  `name` varchar(100) NOT NULL,
  `val` longblob,
  `autoload` enum('no','yes') NOT NULL DEFAULT 'yes'
) ENGINE=MyISAM DEFAULT CHARSET=utf8;

--
-- Dumping data for table `wfconfig`
--

INSERT INTO `wfconfig` (`name`, `val`, `autoload`) VALUES
('alertOn_update', 0x30, 'yes'),
('alertOn_scanIssues', 0x31, 'yes'),
('alertOn_throttle', 0x30, 'yes'),
('alertOn_block', 0x31, 'yes'),
('alertOn_loginLockout', 0x31, 'yes'),
('alertOn_breachLogin', 0x31, 'yes'),
('alertOn_lostPasswdForm', 0x31, 'yes'),
('alertOn_adminLogin', 0x31, 'yes'),
('alertOn_firstAdminLoginOnly', 0x30, 'yes'),
('alertOn_nonAdminLogin', 0x31, 'yes'),
('alertOn_firstNonAdminLoginOnly', 0x30, 'yes'),
('alertOn_wordfenceDeactivated', 0x31, 'yes'),
('alertOn_wafDeactivated', 0x31, 'yes'),
('liveTrafficEnabled', 0x30, 'yes'),
('advancedCommentScanning', 0x31, 'yes'),
('checkSpamIP', 0x31, 'yes'),
('spamvertizeCheck', 0x31, 'yes'),
('liveTraf_ignorePublishers', 0x31, 'yes'),
('liveTraf_displayExpandedRecords', 0x30, 'no'),
('scheduledScansEnabled', 0x31, 'yes'),
('lowResourceScansEnabled', 0x30, 'yes'),
('scansEnabled_checkGSB', 0x31, 'yes'),
('scansEnabled_checkHowGetIPs', 0x31, 'yes'),
('scansEnabled_core', 0x31, 'yes'),
('scansEnabled_themes', 0x31, 'yes'),
('scansEnabled_plugins', 0x31, 'yes'),
('scansEnabled_coreUnknown', 0x31, 'yes'),
('scansEnabled_malware', 0x31, 'yes'),
('scansEnabled_fileContents', 0x31, 'yes'),
('scansEnabled_fileContentsGSB', 0x31, 'yes'),
('scansEnabled_checkReadableConfig', 0x31, 'yes'),
('scansEnabled_suspectedFiles', 0x31, 'yes'),
('scansEnabled_posts', 0x31, 'yes'),
('scansEnabled_comments', 0x31, 'yes'),
('scansEnabled_suspiciousOptions', 0x31, 'yes'),
('scansEnabled_passwds', 0x31, 'yes'),
('scansEnabled_diskSpace', 0x31, 'yes'),
('scansEnabled_wafStatus', 0x31, 'yes'),
('scansEnabled_options', 0x31, 'yes'),
('scansEnabled_wpscan_fullPathDisclosure', 0x31, 'yes'),
('scansEnabled_wpscan_directoryListingEnabled', 0x31, 'yes'),
('scansEnabled_dns', 0x31, 'yes'),
('scansEnabled_scanImages', 0x31, 'yes'),
('scansEnabled_highSense', 0x30, 'yes'),
('scansEnabled_oldVersions', 0x31, 'yes'),
('scansEnabled_suspiciousAdminUsers', 0x31, 'yes'),
('liveActivityPauseEnabled', 0x31, 'yes'),
('firewallEnabled', 0x31, 'yes'),
('blockFakeBots', 0x31, 'yes'),
('autoBlockScanners', 0x31, 'yes'),
('loginSecurityEnabled', 0x31, 'yes'),
('loginSec_strongPasswds_enabled', 0x31, 'yes'),
('loginSec_breachPasswds_enabled', 0x31, 'yes'),
('loginSec_lockInvalidUsers', 0x30, 'yes'),
('loginSec_maskLoginErrors', 0x31, 'yes'),
('loginSec_blockAdminReg', 0x31, 'yes'),
('loginSec_disableAuthorScan', 0x31, 'yes'),
('loginSec_disableOEmbedAuthor', 0x30, 'yes'),
('loginSec_requireAdminTwoFactor', 0x30, 'yes'),
('notification_updatesNeeded', 0x31, 'yes'),
('notification_securityAlerts', 0x31, 'yes'),
('notification_promotions', 0x31, 'yes'),
('notification_blogHighlights', 0x31, 'yes'),
('notification_productUpdates', 0x31, 'yes'),
('notification_scanStatus', 0x31, 'yes'),
('other_hideWPVersion', 0x31, 'yes'),
('other_blockBadPOST', 0x30, 'yes'),
('other_scanComments', 0x31, 'yes'),
('other_pwStrengthOnUpdate', 0x31, 'yes'),
('other_WFNet', 0x31, 'yes'),
('other_scanOutside', 0x31, 'yes'),
('other_bypassLitespeedNoabort', 0x30, 'yes'),
('deleteTablesOnDeact', 0x30, 'yes'),
('autoUpdate', 0x31, 'yes'),
('startScansRemotely', 0x30, 'yes'),
('disableConfigCaching', 0x30, 'yes'),
('addCacheComment', 0x30, 'yes'),
('disableCodeExecutionUploads', 0x31, 'yes'),
('allowHTTPSCaching', 0x30, 'yes'),
('debugOn', 0x30, 'yes'),
('email_summary_enabled', 0x31, 'yes'),
('email_summary_dashboard_widget_enabled', 0x31, 'yes'),
('ssl_verify', 0x31, 'yes'),
('ajaxWatcherDisabled_front', 0x30, 'yes'),
('ajaxWatcherDisabled_admin', 0x30, 'yes'),
('wafAlertOnAttacks', 0x31, 'yes'),
('disableWAFIPBlocking', 0x30, 'yes'),
('showAdminBarMenu', 0x31, 'yes'),
('displayTopLevelOptions', 0x31, 'yes'),
('displayTopLevelBlocking', 0x30, 'yes'),
('displayTopLevelLiveTraffic', 0x30, 'yes'),
('displayAutomaticBlocks', 0x31, 'yes'),
('scan_include_extra', '', 'yes'),
('alertEmails', 0x6d6962406d69622e726f, 'yes'),
('liveTraf_ignoreUsers', '', 'yes'),
('liveTraf_ignoreIPs', '', 'yes'),
('liveTraf_ignoreUA', '', 'yes'),
('maxMem', 0x323536, 'yes'),
('scan_exclude', 0x77702d636f6e74656e742f7468656d65732f7477656e74796e696e657465656e2f7374796c652d656469746f722e6373730a77702d636f6e74656e742f706c7567696e732f6a735f636f6d706f7365722f696e636c7564652f6175746f6c6f61642f76656e646f72732f677261766974795f666f726d732e7068700a77702d636f6e74656e742f706c7567696e732f776f726470726573732d73656f2f6a732f646973742f77702d73656f2d616e616c797369732d776f726b65722d313134302e6d696e2e6a730a77702d636f6e74656e742f706c7567696e732f776f726466656e63652f6a732f6a71756572792e646174615461626c65732e6d696e2e313535333631373339312e6a730a77702d636f6e74656e742f706c7567696e732f556c74696d6174655f56435f4164646f6e732f61646d696e2f6a732f6a71756572795f63726561746976655f6c696e6b2e6a730a77702d636f6e74656e742f706c7567696e732f776f726470726573732d73656f2f61646d696e2f636f6e6669672d75692f636f6d706f6e656e74732f636c6173732d636f6d706f6e656e742d73756767657374696f6e732e7068700a77702d636f6e74656e742f706c7567696e732f6a735f636f6d706f7365722f696e636c7564652f74656d706c617465732f656469746f72732f7061727469616c732f73657474696e67735f707265736574735f706f7075702e74706c2e7068700a77702d636f6e74656e742f706c7567696e732f776f726470726573732d73656f2f6a732f646973742f77702d646174612d313132302e6d696e2e6a730a77702d636f6e74656e742f706c7567696e732f726576736c696465722f696e636c756465732f6f7065726174696f6e732e636c6173732e7068700a77702d636f6e74656e742f706c7567696e732f64657369676e7468656d65732d636f72652d66656174757265732f76697375616c2d636f6d706f7365722f6d6f64756c65732f766964656f5f6d616e616765722e7068700a77702d636f6e74656e742f706c7567696e732f776f726470726573732d73656f2f6a732f646973742f77702d73656f2d616e616c797369732d776f726b65722d313132302e6d696e2e6a730a77702d636f6e74656e742f706c7567696e732f6a735f636f6d706f7365722f696e636c7564652f6175746f6c6f61642f76632d70616765732f706167652d637573746f6d2d6373732e7068700a77702d636f6e74656e742f706c7567696e732f64657369676e7468656d65732d646f63746f722d6164646f6e2f637573746f6d2d706f73742d74797065732f64742d70726f6365647572652d706f73742d747970652e7068700a77702d636f6e74656e742f706c7567696e732f556c74696d6174655f56435f4164646f6e732f6d6f64756c65732f756c74696d6174655f6a7573745f69636f6e2e706870, 'yes'),
('scan_maxIssues', 0x31303030, 'yes'),
('scan_maxDuration', '', 'yes'),
('whitelisted', '', 'yes'),
('whitelistedServices', 0x7b7d, 'yes'),
('bannedURLs', '', 'yes'),
('maxExecutionTime', 0x30, 'yes'),
('howGetIPs', '', 'yes'),
('actUpdateInterval', 0x32, 'yes'),
('alert_maxHourly', 0x3230, 'yes'),
('loginSec_userBlacklist', 0x61646d696e0a746573740a616374697664656e74, 'yes'),
('liveTraf_maxRows', 0x32303030, 'yes'),
('liveTraf_maxAge', 0x3330, 'yes'),
('neverBlockBG', 0x6e65766572426c6f636b5665726966696564, 'yes'),
('loginSec_countFailMins', 0x323430, 'yes'),
('loginSec_lockoutMins', 0x3134343030, 'yes'),
('loginSec_strongPasswds', 0x70756273, 'yes'),
('loginSec_breachPasswds', 0x61646d696e73, 'yes'),
('loginSec_maxFailures', 0x33, 'yes'),
('loginSec_maxForgotPasswd', 0x32, 'yes'),
('maxGlobalRequests', 0x44495341424c4544, 'yes'),
('maxGlobalRequests_action', 0x7468726f74746c65, 'yes'),
('maxRequestsCrawlers', 0x44495341424c4544, 'yes'),
('maxRequestsCrawlers_action', 0x7468726f74746c65, 'yes'),
('maxRequestsHumans', 0x44495341424c4544, 'yes'),
('maxRequestsHumans_action', 0x7468726f74746c65, 'yes'),
('max404Crawlers', 0x44495341424c4544, 'yes'),
('max404Crawlers_action', 0x7468726f74746c65, 'yes'),
('max404Humans', 0x44495341424c4544, 'yes'),
('max404Humans_action', 0x7468726f74746c65, 'yes'),
('blockedTime', 0x333030, 'yes'),
('email_summary_interval', 0x7765656b6c79, 'yes'),
('email_summary_excluded_directories', 0x77702d636f6e74656e742f63616368652c77702d636f6e74656e742f77666c6f6773, 'yes'),
('allowed404s', 0x2f66617669636f6e2e69636f0a2f6170706c652d746f7563682d69636f6e2a2e706e670a2f2a4032782e706e670a2f62726f77736572636f6e6669672e786d6c, 'yes'),
('wafAlertWhitelist', '', 'yes'),
('wafAlertInterval', 0x363030, 'yes'),
('wafAlertThreshold', 0x313030, 'yes'),
('howGetIPs_trusted_proxies', '', 'yes'),
('scanType', 0x7374616e64617264, 'yes'),
('manualScanType', 0x6f6e63654461696c79, 'yes'),
('schedStartHour', 0x37, 'yes'),
('schedMode', 0x6175746f, 'yes'),
('cbl_loggedInBlocked', '', 'yes'),
('cbl_action', 0x626c6f636b, 'yes'),
('cbl_redirURL', '', 'yes'),
('cbl_bypassRedirURL', '', 'yes'),
('cbl_bypassRedirDest', '', 'yes'),
('cbl_bypassViewURL', '', 'yes'),
('loginSec_enableSeparateTwoFactor', '', 'yes'),
('blockCustomText', '', 'yes'),
('alertOn_severityLevel', 0x3235, 'yes'),
('apiKey', 0x31336130383332646164316564666164383264376238303636623464336237666332393139306138653533373730343637663339326536653531343162383364643564373865306538663239653938356233336665663337376161343866396130633535333235653131306139633631666330656635303434363337613533386436353562653731643330316535306130353435396465316538613566613865, 'yes'),
('keyType', 0x66726565, 'yes'),
('isPaid', 0x30, 'yes'),
('betaThreatDefenseFeed', 0x30, 'yes'),
('timeoffset_wf_updated', 0x31363230323034353031, 'yes'),
('cacheType', 0x64697361626c6564, 'yes'),
('detectProxyRecommendation', 0x52454d4f54455f41444452, 'no'),
('dismissAutoPrependNotice', 0x30, 'yes'),
('onboardingAttempt1', 0x6c6963656e7365, 'yes'),
('onboardingAttempt2', '', 'no'),
('onboardingAttempt3', '', 'no'),
('onboardingAttempt3Initial', 0x30, 'yes'),
('needsNewTour_dashboard', 0x30, 'yes'),
('needsNewTour_firewall', 0x30, 'yes'),
('needsNewTour_scan', 0x30, 'yes'),
('needsNewTour_blocking', 0x30, 'yes'),
('needsNewTour_livetraffic', 0x31, 'yes'),
('needsUpgradeTour_dashboard', 0x30, 'yes'),
('needsUpgradeTour_firewall', 0x30, 'yes'),
('needsUpgradeTour_scan', 0x30, 'yes'),
('needsUpgradeTour_blocking', 0x30, 'yes'),
('needsUpgradeTour_livetraffic', 0x30, 'yes'),
('supportContent', 0x[encoded data, 19190 characters], 'yes'),
('supportHash', 0x64643162663933326265316630653662653734616530613230386461383739656336633863343763636239363237313761303161373936616236633534343633, 'yes');
INSERT INTO `wfconfig` (`name`, `val`, `autoload`) VALUES
('whitelistPresets', 0x[encoded data, 22158 characters], 'yes'),
('whitelistHash', 0x62663364373664633035636166383632336362336665303163316663396533303865326632656133376238323639333764383530666465333631636465666434, 'yes'),
('touppPromptNeeded', 0x31, 'yes'),
('touppBypassNextCheck', 0x30, 'yes'),
('autoUpdateAttempts', 0x30, 'yes'),
('previousWflogsFileList', 0x5b22636f6e6669672d73796e6365642e706870222c22636f6e6669672e706870222c2272756c65732e706870222c22636f6e6669672d7472616e7369656e742e706870222c226970732e706870222c22636f6e6669672d6c6976657761662e706870222c2261747461636b2d646174612e706870222c2274656d706c6174652e706870222c2247656f4c697465322d436f756e7472792e6d6d6462222c222e6874616363657373225d, 'yes'),
('diagnosticsWflogsRemovalHistory', 0x5b5b313631323535383031342c5b22636f6e6669672e746d702e35314443754a225d5d2c5b313631313939383531362c5b22636f6e6669672e746d702e7a4d796d7431225d5d2c5b313631303438343738302c5b22636f6e6669672e746d702e6e576e466f72222c22636f6e6669672e746d702e614d6f306772225d5d2c5b313539383630343134382c5b22636f6e6669672e746d702e4571764f7276225d5d2c5b313539373734303137392c5b22636f6e6669672e746d702e6e6173594231225d5d5d, 'yes'),
('encKey', 0x66323036313637333837623432663639, 'yes'),
('longEncKey', 0x63373237653336346637393065323834353466376563333232623763376534333064646261626561363162373061373962363931313363343764316262353034, 'yes'),
('cbl_restOfSiteBlocked', 0x31, 'yes'),
('timeoffset_wf', 0x31, 'yes'),
('lastBlockAggregation', 0x31363230323035353832, 'yes'),
('allowed404s6116Migration', 0x31, 'yes'),
('migration636_email_summary_excluded_directories', 0x31, 'no'),
('fileContentsGSB6315Migration', 0x31, 'yes'),
('config701Migration', 0x31, 'yes'),
('blocks702Migration', 0x31, 'yes'),
('geoIPVersionHash', 0x65356565363961346462316533313863326131363638383733613866353037343031326162623938353266353539366665336665616138633037646163333334, 'yes'),
('scansEnabled_geoipSupport', 0x31, 'yes'),
('config720Migration', 0x31, 'yes'),
('waf_status', 0x656e61626c6564, 'yes'),
('detectProxyNextCheck', 0x31363230323835383137, 'no'),
('detectProxyNonce', '', 'no'),
('allScansScheduled', 0x613a323a7b693a303b613a323a7b733a393a2274696d657374616d70223b693a313632303435383339393b733a343a2261726773223b613a313a7b693a303b693a313632303435383339393b7d7d693a313b613a323a7b733a393a2274696d657374616d70223b693a313632303731373539393b733a343a2261726773223b613a313a7b693a303b693a313632303731373539393b7d7d7d, 'yes'),
('activatingIP', 0x36322e3132312e39392e323135, 'yes'),
('adminNoticeQueue', 0x613a303a7b7d, 'yes'),
('serverDNS', 0x313632303133343632343b3539393b3138382e3231352e36342e3431, 'yes'),
('wp_home_url', 0x68747470733a2f2f616374697664656e742e726f, 'yes'),
('wp_site_url', 0x68747470733a2f2f616374697664656e742e726f, 'yes'),
('dbVersion', 0x352e362e34392d636c6c2d6c7665, 'yes'),
('lastDashboardCheck', 0x31363230323035353831, 'yes'),
('dashboardData', 0x[encoded data, 7680 characters], 'yes'),
('noc1ScanSchedule', 0x613a323a7b693a303b693a313632303435383430303b693a313b693a313632303731373630303b7d, 'yes'),
('showWfCentralUI', 0x31, 'yes'),
('allowMySQLi', 0x31, 'yes'),
('dbTest', 0x613a313a7b733a353a226e6f6e6365223b733a36343a2239356263656265663563666664376661663661376534386164633232316231653161636665306436373432373833613564373362623163613139643734363333223b7d, 'no'),
('vulnerabilities_plugin', 0x[encoded data, 8368 characters], 'yes'),
('lastNotificationID', 0x32353831, 'no'),
('totalScansRun', 0x31303039, 'yes'),
('wfKillRequested', 0x30, 'no'),
('currentCronKey', '', 'yes'),
('wf_scanLastStatusTime', 0x30, 'yes'),
('wf_scanRunning', '', 'yes'),
('wfPeakMemory', 0x313430353039313834, 'no'),
('wfScanStartVersion', 0x352e342e35, 'yes'),
('lowResourceScanWaitStep', '', 'yes'),
('wfStatusStartMsgs', 0x613a323a7b693a303b733a303a22223b693a313b733a303a22223b7d, 'yes'),
('wf_summaryItems', 0x613a383a7b733a31323a227363616e6e6564506f737473223b693a303b733a31353a227363616e6e6564436f6d6d656e7473223b693a303b733a31323a227363616e6e656446696c6573223b693a303b733a31343a227363616e6e6564506c7567696e73223b693a303b733a31333a227363616e6e65645468656d6573223b693a303b733a31323a227363616e6e65645573657273223b693a303b733a31313a227363616e6e656455524c73223b693a303b733a31303a226c617374557064617465223b693a313632303230353538393b7d, 'yes'),
('scanStageStatuses', 0x613a31313a7b733a31333a227370616d766572746973696e67223b613a343a7b733a363a22737461747573223b733a373a227072656d69756d223b733a373a2273746172746564223b693a303b733a383a2266696e6973686564223b693a303b733a383a226578706563746564223b693a303b7d733a343a227370616d223b613a343a7b733a363a22737461747573223b733a373a227072656d69756d223b733a373a2273746172746564223b693a303b733a383a2266696e6973686564223b693a303b733a383a226578706563746564223b693a303b7d733a393a22626c61636b6c697374223b613a343a7b733a363a22737461747573223b733a373a227072656d69756d223b733a373a2273746172746564223b693a303b733a383a2266696e6973686564223b693a303b733a383a226578706563746564223b693a303b7d733a363a22736572766572223b613a343a7b733a363a22737461747573223b733a31363a22636f6d706c6574652d7761726e696e67223b733a373a2273746172746564223b693a353b733a383a2266696e6973686564223b693a353b733a383a226578706563746564223b693a353b7d733a373a226368616e676573223b613a343a7b733a363a22737461747573223b733a31363a22636f6d706c6574652d73756363657373223b733a373a2273746172746564223b693a323b733a383a2266696e6973686564223b693a323b733a383a226578706563746564223b693a323b7d733a363a227075626c6963223b613a343a7b733a363a22737461747573223b733a31363a22636f6d706c6574652d73756363657373223b733a373a2273746172746564223b693a323b733a383a2266696e6973686564223b693a323b733a383a226578706563746564223b693a323b7d733a373a226d616c77617265223b613a343a7b733a363a22737461747573223b733a31363a22636f6d706c6574652d73756363657373223b733a373a2273746172746564223b693a323b733a383a2266696e6973686564223b693a323b733a383a226578706563746564223b693a323b7d733a373a22636f6e74656e74223b613a343a7b733a363a22737461747573223b733a31363a22636f6d706c6574652d73756363657373223b733a373a2273746172746564223b693a333b733a383a2266696e6973686564223b693a333b733a383a226578706563746564223b693a333b7d733a383a2270617373776f7264223b613a343a7b733a363a22737461747573223b733a31363a22636f6d706c6574652d73756363657373223b733a373a2273746172746564223b693a313b733a383a2266696e6973686564223b693a313b733a383a226578706563746564223b693a313b7d733a31333a2276756c6e65726162696c697479223b613a343a7b733a363a22737461747573223b733a31363a22636f6d706c6574652d7761726e696e67223b733a373a2273746172746564223b693a313b733a383a2266696e6973686564223b693a313b733a383a226578706563746564223b693a313b7d733a373a226f7074696f6e73223b613a343a7b733a363a22737461747573223b733a31363a22636f6d706c6574652d73756363657373223b733a373a2273746172746564223b693a323b733a383a2266696e6973686564223b693a323b733a383a226578706563746564223b693a323b7d7d, 'no'),
('lastScanCompleted', 0x6f6b, 'yes'),
('lastScanFailureType', '', 'yes'),
('scanTime', 0x313632303230353538392e34383239, 'yes');
INSERT INTO `wfconfig` (`name`, `val`, `autoload`) VALUES
('emailedIssuesList', 0x[encoded data, 75876 characters], 'yes');
INSERT INTO `wfconfig` (`name`, `val`, `autoload`) VALUES
('autoUpdateChoice', 0x31, 'yes'),
('disclosureStates', 0x613a31393a7b733a33333a2277662d756e69666965642d676c6f62616c2d6f7074696f6e732d67656e6572616c223b623a313b733a33353a2277662d756e69666965642d676c6f62616c2d6f7074696f6e732d64617368626f617264223b623a313b733a32383a2277662d756e69666965642d7761662d6f7074696f6e732d6261736963223b623a313b733a33313a2277662d756e69666965642d7761662d6f7074696f6e732d616476616e636564223b623a313b733a33333a2277662d756e69666965642d7761662d6f7074696f6e732d6272757465666f726365223b623a313b733a33353a2277662d756e69666965642d626c6f636b696e672d6f7074696f6e732d636f756e747279223b623a313b733a32323a2277662d756e69666965642d3266612d6f7074696f6e73223b623a313b733a33333a2277662d756e69666965642d676c6f62616c2d6f7074696f6e732d6c6963656e7365223b623a313b733a34343a2277662d756e69666965642d676c6f62616c2d6f7074696f6e732d766965772d637573746f6d697a6174696f6e223b623a313b733a33313a2277662d756e69666965642d676c6f62616c2d6f7074696f6e732d616c657274223b623a313b733a33393a2277662d756e69666965642d676c6f62616c2d6f7074696f6e732d656d61696c2d73756d6d617279223b623a313b733a33353a2277662d756e69666965642d7761662d6f7074696f6e732d726174656c696d6974696e67223b623a313b733a33343a2277662d756e69666965642d7761662d6f7074696f6e732d77686974656c6973746564223b623a313b733a33353a2277662d756e69666965642d7363616e6e65722d6f7074696f6e732d7363686564756c65223b623a313b733a33323a2277662d756e69666965642d7363616e6e65722d6f7074696f6e732d6261736963223b623a313b733a33343a2277662d756e69666965642d7363616e6e65722d6f7074696f6e732d67656e6572616c223b623a313b733a33383a2277662d756e69666965642d7363616e6e65722d6f7074696f6e732d706572666f726d616e6365223b623a313b733a33333a2277662d756e69666965642d7363616e6e65722d6f7074696f6e732d637573746f6d223b623a313b733a33313a2277662d756e69666965642d6c6976652d747261666669632d6f7074696f6e73223b623a313b7d, 'yes'),
('disableCodeExecutionUploadsPHP7Migrated', 0x31, 'yes'),
('totalLoginHits', 0x313536323434, 'yes'),
('totalLogins', 0x3933, 'yes'),
('lastAdminLogin', 0x613a363a7b733a363a22757365724944223b693a313b733a383a22757365726e616d65223b733a31343a22416374697644656e7441646d696e223b733a393a2266697273744e616d65223b733a303a22223b733a383a226c6173744e616d65223b733a303a22223b733a343a2274696d65223b733a32343a2257656420357468204d617920402030383a34383a3230414d223b733a323a224950223b733a31323a223134312e38352e3232332e34223b7d, 'yes'),
('totalAlertsSent', 0x313136, 'yes'),
('lastEmailHash', 0x313632303230343530313a6431653061636530636434353430656466316431343062613334663663653662, 'yes'),
('originalScheduledScanStart', 0x31363230313939313939, 'yes'),
('lastScheduledScanStart', 0x31363230323030343338, 'yes'),
('wf_dnsCNAME', '', 'yes'),
('wf_dnsA', 0x616374697664656e742e6d69622e726f20706f696e747320746f203138382e3231352e36342e3531, 'yes'),
('wf_dnsMX', '', 'yes'),
('wf_dnsLogged', 0x31, 'yes');
INSERT INTO `wfconfig` (`name`, `val`, `autoload`) VALUES
('malwarePrefixes', 0x[encoded data, 210120 characters]